[INFO] fetching crate tatara-build-remote 0.2.826...
[INFO] testing tatara-build-remote-0.2.826 against 1.99.0-beta.8+cargoflags=--release for beta-release-1.100-2
[INFO] extracting crate tatara-build-remote 0.2.826 into /workspace/builds/worker-3-tc1/source
[INFO] started tweaking crates.io crate tatara-build-remote 0.2.826
[INFO] removed 0 missing tests
[INFO] finished tweaking crates.io crate tatara-build-remote 0.2.826
[INFO] tweaked toml for crates.io crate tatara-build-remote 0.2.826 written to /workspace/builds/worker-3-tc1/source/Cargo.toml
[INFO] validating manifest of crates.io crate tatara-build-remote 0.2.826 on toolchain 1.99.0-beta.8
[INFO] running `Command { std: CARGO_HOME="/workspace/cargo-home" RUSTUP_HOME="/workspace/rustup-home" "/workspace/cargo-home/bin/cargo" "+1.99.0-beta.8" "metadata" "--manifest-path" "Cargo.toml" "--no-deps", kill_on_drop: false }`
[INFO] crate crates.io crate tatara-build-remote 0.2.826 already has a lockfile, it will not be regenerated
[INFO] running `Command { std: CARGO_HOME="/workspace/cargo-home" RUSTUP_HOME="/workspace/rustup-home" "/workspace/cargo-home/bin/cargo" "+1.99.0-beta.8" "fetch" "--manifest-path" "Cargo.toml", kill_on_drop: false }`
[INFO] [stderr]  Downloading crates ...
[INFO] [stderr]   Downloaded log v0.4.30
[INFO] running `Command { std: "docker" "create" "-v" "/var/lib/crater-agent-workspace/builds/worker-3-tc1/source:/opt/rustwide/workdir:ro,Z" "-v" "/var/lib/crater-agent-workspace/builds/worker-3-tc1/target:/opt/rustwide/target:rw,Z" "-v" "/var/lib/crater-agent-workspace/cargo-home:/opt/rustwide/cargo-home:ro,Z" "-v" "/var/lib/crater-agent-workspace/rustup-home:/opt/rustwide/rustup-home:ro,Z" "-m" "1610612736" "--network" "none" "ghcr.io/rust-lang/crates-build-env/linux@sha256:77db811e55d90add9212f6832c23229e3de5f1c1f9905e8cb07319ea15df73ac" "sleep" "infinity", kill_on_drop: false }`
[INFO] [stdout] 7dfad0747a0ae787fec0fa28eaf115d3e84fc24d0b85e1de24f6509f2cf9f434
[INFO] running `Command { std: "docker" "start" "7dfad0747a0ae787fec0fa28eaf115d3e84fc24d0b85e1de24f6509f2cf9f434", kill_on_drop: false }`
[INFO] running `Command { std: "docker" "inspect" "7dfad0747a0ae787fec0fa28eaf115d3e84fc24d0b85e1de24f6509f2cf9f434", kill_on_drop: false }`
[INFO] running `Command { std: "docker" "exec" "-e" "SOURCE_DIR=/opt/rustwide/workdir" "-e" "CARGO_HOME=/opt/rustwide/cargo-home" "-e" "RUSTUP_HOME=/opt/rustwide/rustup-home" "-e" "CARGO_TARGET_DIR=/opt/rustwide/target" "-w" "/opt/rustwide/workdir" "--user" "0:0" "7dfad0747a0ae787fec0fa28eaf115d3e84fc24d0b85e1de24f6509f2cf9f434" "/opt/rustwide/cargo-home/bin/cargo" "+1.99.0-beta.8" "metadata" "--no-deps" "--format-version=1", kill_on_drop: false }`
[INFO] running `Command { std: "docker" "inspect" "7dfad0747a0ae787fec0fa28eaf115d3e84fc24d0b85e1de24f6509f2cf9f434", kill_on_drop: false }`
[INFO] running `Command { std: "docker" "exec" "-e" "SOURCE_DIR=/opt/rustwide/workdir" "-e" "CARGO_HOME=/opt/rustwide/cargo-home" "-e" "RUSTUP_HOME=/opt/rustwide/rustup-home" "-e" "CARGO_TARGET_DIR=/opt/rustwide/target" "-e" "CARGO_INCREMENTAL=0" "-e" "RUST_BACKTRACE=full" "-e" "RUSTFLAGS=--cap-lints=warn" "-e" "RUSTDOCFLAGS=--cap-lints=warn" "-w" "/opt/rustwide/workdir" "--user" "0:0" "7dfad0747a0ae787fec0fa28eaf115d3e84fc24d0b85e1de24f6509f2cf9f434" "/opt/rustwide/cargo-home/bin/cargo" "+1.99.0-beta.8" "build" "--frozen" "--message-format=json" "--release", kill_on_drop: false }`
[INFO] [stderr]    Compiling syn v2.0.117
[INFO] [stderr]    Compiling serde v1.0.228
[INFO] [stderr]    Compiling thiserror v1.0.69
[INFO] [stderr]    Compiling memchr v2.8.1
[INFO] [stderr]    Compiling serde_json v1.0.150
[INFO] [stderr]    Compiling tracing-attributes v0.1.31
[INFO] [stderr]    Compiling serde_derive v1.0.228
[INFO] [stderr]    Compiling thiserror-impl v1.0.69
[INFO] [stderr]    Compiling tracing v0.1.44
[INFO] [stderr]    Compiling tatara-build-remote v0.2.826 (/opt/rustwide/workdir)
[INFO] [stderr]     Finished `release` profile [optimized] target(s) in 11.17s
[INFO] running `Command { std: "docker" "inspect" "7dfad0747a0ae787fec0fa28eaf115d3e84fc24d0b85e1de24f6509f2cf9f434", kill_on_drop: false }`
[INFO] running `Command { std: "docker" "exec" "-e" "SOURCE_DIR=/opt/rustwide/workdir" "-e" "CARGO_HOME=/opt/rustwide/cargo-home" "-e" "RUSTUP_HOME=/opt/rustwide/rustup-home" "-e" "CARGO_TARGET_DIR=/opt/rustwide/target" "-e" "CARGO_INCREMENTAL=0" "-e" "RUST_BACKTRACE=full" "-e" "RUSTFLAGS=--cap-lints=warn" "-e" "RUSTDOCFLAGS=--cap-lints=warn" "-w" "/opt/rustwide/workdir" "--user" "0:0" "7dfad0747a0ae787fec0fa28eaf115d3e84fc24d0b85e1de24f6509f2cf9f434" "/opt/rustwide/cargo-home/bin/cargo" "+1.99.0-beta.8" "test" "--frozen" "--no-run" "--message-format=json" "--release", kill_on_drop: false }`
[INFO] [stderr]    Compiling libc v0.2.186
[INFO] [stderr]    Compiling getrandom v0.4.2
[INFO] [stderr]    Compiling bitflags v2.11.1
[INFO] [stderr]    Compiling fastrand v2.4.1
[INFO] [stderr]    Compiling rustix v1.1.4
[INFO] [stderr]    Compiling tempfile v3.27.0
[INFO] [stderr]    Compiling tatara-build-remote v0.2.826 (/opt/rustwide/workdir)
[INFO] [stderr]     Finished `release` profile [optimized] target(s) in 5.80s
[INFO] running `Command { std: "docker" "inspect" "7dfad0747a0ae787fec0fa28eaf115d3e84fc24d0b85e1de24f6509f2cf9f434", kill_on_drop: false }`
[INFO] running `Command { std: "docker" "exec" "-e" "SOURCE_DIR=/opt/rustwide/workdir" "-e" "CARGO_HOME=/opt/rustwide/cargo-home" "-e" "RUSTUP_HOME=/opt/rustwide/rustup-home" "-e" "CARGO_TARGET_DIR=/opt/rustwide/target" "-e" "CARGO_INCREMENTAL=0" "-e" "RUST_BACKTRACE=full" "-e" "RUSTFLAGS=--cap-lints=warn" "-e" "RUSTDOCFLAGS=--cap-lints=warn" "-w" "/opt/rustwide/workdir" "--user" "0:0" "7dfad0747a0ae787fec0fa28eaf115d3e84fc24d0b85e1de24f6509f2cf9f434" "/opt/rustwide/cargo-home/bin/cargo" "+1.99.0-beta.8" "test" "--frozen" "--release", kill_on_drop: false }`
[INFO] [stderr]     Finished `release` profile [optimized] target(s) in 0.06s
[INFO] [stderr]      Running unittests src/lib.rs (/opt/rustwide/target/release/deps/tatara_build_remote-06fa9103c15581db)
[INFO] [stdout] 
[INFO] [stdout] running 13 tests
[INFO] [stdout] test tests::local_only_has_no_remote ... ok
[INFO] [stdout] test tests::local_only_to_layered_has_one_transport ... ok
[INFO] [stdout] test tests::build_ref_json_round_trip ... ok
[INFO] [stdout] test tests::empty_chain_to_layered_has_no_transports ... ok
[INFO] [stdout] test transports::tests::attic_transport_holds_cache_name ... ok
[INFO] [stdout] test transports::tests::ssh_ng_scheme_passes_through ... ok
[INFO] [stdout] test tests::remote_only_refuses_local ... ok
[INFO] [stdout] test tests::remote_only_to_layered_has_one_transport ... ok
[INFO] [stdout] test tests::quero_lol_to_layered_builds_three_transports ... ok
[INFO] [stdout] test transports::tests::ssh_scheme_normalized_to_ng ... ok
[INFO] [stdout] test tests::quero_lol_preset_is_full_chain ... ok
[INFO] [stdout] test transports::tests::attic_rejects_flake_ref ... ok
[INFO] [stdout] test transports::tests::store_path_already_in_store_is_returned_unchanged ... FAILED
[INFO] [stdout] 
[INFO] [stdout] failures:
[INFO] [stdout] 
[INFO] [stdout] ---- transports::tests::store_path_already_in_store_is_returned_unchanged stdout ----
[INFO] [stdout] 
[INFO] [stdout] thread 'transports::tests::store_path_already_in_store_is_returned_unchanged' (580) panicked at src/transports.rs:286:31:
[INFO] [stdout] local fetch of existing path: Local("nix CLI not on PATH")
[INFO] [stdout] stack backtrace:
[INFO] [stdout]    0:     0x5f3a27be7b41 - <<std[70759c8f55707aa4]::sys::backtrace::BacktraceLock>::print::DisplayBacktrace as core[df12db4294e9bfd3]::fmt::Display>::fmt
[INFO] [stdout]    1:     0x5f3a27bfca4a - core[df12db4294e9bfd3]::fmt::write
[INFO] [stdout]    2:     0x5f3a27bec50c - <alloc[2182bb758b4b3781]::vec::Vec<u8> as core[df12db4294e9bfd3]::io::write::Write>::write_fmt
[INFO] [stdout]    3:     0x5f3a27bc29a6 - std[70759c8f55707aa4]::panicking::default_hook::{closure#0}
[INFO] [stdout]    4:     0x5f3a27bdf9a9 - std[70759c8f55707aa4]::panicking::default_hook
[INFO] [stdout]    5:     0x5f3a27b7a6c0 - test[9d35eded1c95d3be]::test_main_inner::<test[9d35eded1c95d3be]::test_main_static::{closure#0}>::{closure#0}
[INFO] [stdout]    6:     0x5f3a27bdfb62 - std[70759c8f55707aa4]::panicking::panic_with_hook
[INFO] [stdout]    7:     0x5f3a27bc2a52 - std[70759c8f55707aa4]::panicking::panic_handler::{closure#0}
[INFO] [stdout]    8:     0x5f3a27bbb6b9 - std[70759c8f55707aa4]::sys::backtrace::__rust_end_short_backtrace::<std[70759c8f55707aa4]::panicking::panic_handler::{closure#0}, !>
[INFO] [stdout]    9:     0x5f3a27bc364d - __rustc[8fa7c3cbc660c2b3]::rust_begin_unwind
[INFO] [stdout]   10:     0x5f3a27bfd17c - core[df12db4294e9bfd3]::panicking::panic_fmt
[INFO] [stdout]   11:     0x5f3a27bfcf52 - core[df12db4294e9bfd3]::result::unwrap_failed
[INFO] [stdout]   12:     0x5f3a27b63801 - tatara_build_remote[c4899f2ff800f7cb]::transports::tests::store_path_already_in_store_is_returned_unchanged
[INFO] [stdout]   13:     0x5f3a27b5aad9 - <tatara_build_remote[c4899f2ff800f7cb]::transports::tests::store_path_already_in_store_is_returned_unchanged::{closure#0} as core[df12db4294e9bfd3]::ops::function::FnOnce<()>>::call_once
[INFO] [stdout]   14:     0x5f3a27b6d9ab - test[9d35eded1c95d3be]::__rust_begin_short_backtrace::<core[df12db4294e9bfd3]::result::Result<(), alloc[2182bb758b4b3781]::string::String>, fn() -> core[df12db4294e9bfd3]::result::Result<(), alloc[2182bb758b4b3781]::string::String>>
[INFO] [stdout]   15:     0x5f3a27b7b015 - test[9d35eded1c95d3be]::run_test::{closure#0}
[INFO] [stdout]   16:     0x5f3a27b748d4 - std[70759c8f55707aa4]::sys::backtrace::__rust_begin_short_backtrace::<test[9d35eded1c95d3be]::run_test::{closure#1}, ()>
[INFO] [stdout]   17:     0x5f3a27b7e172 - <std[70759c8f55707aa4]::thread::lifecycle::spawn_unchecked<test[9d35eded1c95d3be]::run_test::{closure#1}, ()>::{closure#1} as core[df12db4294e9bfd3]::ops::function::FnOnce<()>>::call_once::{shim:vtable#0}
[INFO] [stdout]   18:     0x5f3a27be7229 - <std[70759c8f55707aa4]::sys::thread::unix::Thread>::new::thread_start
[INFO] [stdout]   19:     0x7a143eca3dfa - <unknown>
[INFO] [stdout]   20:     0x7a143ed373d4 - clone
[INFO] [stdout]   21:                0x0 - <unknown>
[INFO] [stdout] 
[INFO] [stdout] 
[INFO] [stdout] failures:
[INFO] [stdout]     transports::tests::store_path_already_in_store_is_returned_unchanged
[INFO] [stdout] 
[INFO] [stdout] test result: FAILED. 12 passed; 1 failed; 0 ignored; 0 measured; 0 filtered out; finished in 0.01s
[INFO] [stdout] 
[INFO] [stderr] error: test failed, to rerun pass `--lib`
[INFO] running `Command { std: "docker" "inspect" "7dfad0747a0ae787fec0fa28eaf115d3e84fc24d0b85e1de24f6509f2cf9f434", kill_on_drop: false }`
[INFO] running `Command { std: "docker" "rm" "-f" "7dfad0747a0ae787fec0fa28eaf115d3e84fc24d0b85e1de24f6509f2cf9f434", kill_on_drop: false }`
[INFO] [stdout] 7dfad0747a0ae787fec0fa28eaf115d3e84fc24d0b85e1de24f6509f2cf9f434
