[INFO] fetching crate taskgun 0.8.2...
[INFO] testing taskgun-0.8.2 against 1.99.0-beta.8+cargoflags=--release for beta-release-1.100-2
[INFO] extracting crate taskgun 0.8.2 into /workspace/builds/worker-3-tc1/source
[INFO] started tweaking crates.io crate taskgun 0.8.2
[INFO] removed 0 missing tests
[INFO] finished tweaking crates.io crate taskgun 0.8.2
[INFO] tweaked toml for crates.io crate taskgun 0.8.2 written to /workspace/builds/worker-3-tc1/source/Cargo.toml
[INFO] validating manifest of crates.io crate taskgun 0.8.2 on toolchain 1.99.0-beta.8
[INFO] running `Command { std: CARGO_HOME="/workspace/cargo-home" RUSTUP_HOME="/workspace/rustup-home" "/workspace/cargo-home/bin/cargo" "+1.99.0-beta.8" "metadata" "--manifest-path" "Cargo.toml" "--no-deps", kill_on_drop: false }`
[INFO] crate crates.io crate taskgun 0.8.2 already has a lockfile, it will not be regenerated
[INFO] running `Command { std: CARGO_HOME="/workspace/cargo-home" RUSTUP_HOME="/workspace/rustup-home" "/workspace/cargo-home/bin/cargo" "+1.99.0-beta.8" "fetch" "--manifest-path" "Cargo.toml", kill_on_drop: false }`
[INFO] [stderr]     Updating crates.io index
[INFO] [stderr]  Downloading crates ...
[INFO] [stderr]   Downloaded normpath v1.5.0
[INFO] [stderr]   Downloaded assert_cmd v2.1.2
[INFO] [stderr]   Downloaded dbus v0.9.10
[INFO] [stderr]   Downloaded opener v0.7.2
[INFO] [stderr]   Downloaded zune-jpeg v0.5.13
[INFO] running `Command { std: "docker" "create" "-v" "/var/lib/crater-agent-workspace/builds/worker-3-tc1/source:/opt/rustwide/workdir:ro,Z" "-v" "/var/lib/crater-agent-workspace/builds/worker-3-tc1/target:/opt/rustwide/target:rw,Z" "-v" "/var/lib/crater-agent-workspace/cargo-home:/opt/rustwide/cargo-home:ro,Z" "-v" "/var/lib/crater-agent-workspace/rustup-home:/opt/rustwide/rustup-home:ro,Z" "-m" "1610612736" "--network" "none" "ghcr.io/rust-lang/crates-build-env/linux@sha256:77db811e55d90add9212f6832c23229e3de5f1c1f9905e8cb07319ea15df73ac" "sleep" "infinity", kill_on_drop: false }`
[INFO] [stdout] fa1ade44f588927781fe745a08cc098391c1689746799c8b88019b775c03bb92
[INFO] running `Command { std: "docker" "start" "fa1ade44f588927781fe745a08cc098391c1689746799c8b88019b775c03bb92", kill_on_drop: false }`
[INFO] running `Command { std: "docker" "inspect" "fa1ade44f588927781fe745a08cc098391c1689746799c8b88019b775c03bb92", kill_on_drop: false }`
[INFO] running `Command { std: "docker" "exec" "-e" "SOURCE_DIR=/opt/rustwide/workdir" "-e" "CARGO_HOME=/opt/rustwide/cargo-home" "-e" "RUSTUP_HOME=/opt/rustwide/rustup-home" "-e" "CARGO_TARGET_DIR=/opt/rustwide/target" "-w" "/opt/rustwide/workdir" "--user" "0:0" "fa1ade44f588927781fe745a08cc098391c1689746799c8b88019b775c03bb92" "/opt/rustwide/cargo-home/bin/cargo" "+1.99.0-beta.8" "metadata" "--no-deps" "--format-version=1", kill_on_drop: false }`
[INFO] running `Command { std: "docker" "inspect" "fa1ade44f588927781fe745a08cc098391c1689746799c8b88019b775c03bb92", kill_on_drop: false }`
[INFO] running `Command { std: "docker" "exec" "-e" "SOURCE_DIR=/opt/rustwide/workdir" "-e" "CARGO_HOME=/opt/rustwide/cargo-home" "-e" "RUSTUP_HOME=/opt/rustwide/rustup-home" "-e" "CARGO_TARGET_DIR=/opt/rustwide/target" "-e" "CARGO_INCREMENTAL=0" "-e" "RUST_BACKTRACE=full" "-e" "RUSTFLAGS=--cap-lints=warn" "-e" "RUSTDOCFLAGS=--cap-lints=warn" "-w" "/opt/rustwide/workdir" "--user" "0:0" "fa1ade44f588927781fe745a08cc098391c1689746799c8b88019b775c03bb92" "/opt/rustwide/cargo-home/bin/cargo" "+1.99.0-beta.8" "build" "--frozen" "--message-format=json" "--release", kill_on_drop: false }`
[INFO] [stderr]    Compiling simd-adler32 v0.3.8
[INFO] [stderr]    Compiling rustix v1.1.4
[INFO] [stderr]    Compiling num-traits v0.2.19
[INFO] [stderr]    Compiling linux-raw-sys v0.12.1
[INFO] [stderr]    Compiling serde_core v1.0.228
[INFO] [stderr]    Compiling pxfm v0.1.28
[INFO] [stderr]    Compiling regex-automata v0.4.14
[INFO] [stderr]    Compiling clap_builder v4.5.60
[INFO] [stderr]    Compiling parking_lot_core v0.9.12
[INFO] [stderr]    Compiling x11rb-protocol v0.13.2
[INFO] [stderr]    Compiling byteorder-lite v0.1.0
[INFO] [stderr]    Compiling bytemuck v1.25.0
[INFO] [stderr]    Compiling clap_derive v4.5.55
[INFO] [stderr]    Compiling term_size v0.3.2
[INFO] [stderr]    Compiling miniz_oxide v0.8.9
[INFO] [stderr]    Compiling fdeflate v0.3.7
[INFO] [stderr]    Compiling parking_lot v0.12.5
[INFO] [stderr]    Compiling flate2 v1.1.9
[INFO] [stderr]    Compiling png v0.18.1
[INFO] [stderr]    Compiling chrono v0.4.44
[INFO] [stderr]    Compiling bstr v1.12.1
[INFO] [stderr]    Compiling opener v0.7.2
[INFO] [stderr]    Compiling moxcms v0.8.1
[INFO] [stderr]    Compiling clap v4.5.60
[INFO] [stderr]    Compiling clap_complete v4.5.66
[INFO] [stderr]    Compiling serde_json v1.0.149
[INFO] [stderr]    Compiling gethostname v1.1.0
[INFO] [stderr]    Compiling x11rb v0.13.2
[INFO] [stderr]    Compiling image v0.25.10
[INFO] [stderr]    Compiling arboard v3.6.1
[INFO] [stderr]    Compiling taskgun v0.8.2 (/opt/rustwide/workdir)
[INFO] [stderr]     Finished `release` profile [optimized] target(s) in 1m 18s
[INFO] running `Command { std: "docker" "inspect" "fa1ade44f588927781fe745a08cc098391c1689746799c8b88019b775c03bb92", kill_on_drop: false }`
[INFO] running `Command { std: "docker" "exec" "-e" "SOURCE_DIR=/opt/rustwide/workdir" "-e" "CARGO_HOME=/opt/rustwide/cargo-home" "-e" "RUSTUP_HOME=/opt/rustwide/rustup-home" "-e" "CARGO_TARGET_DIR=/opt/rustwide/target" "-e" "CARGO_INCREMENTAL=0" "-e" "RUST_BACKTRACE=full" "-e" "RUSTFLAGS=--cap-lints=warn" "-e" "RUSTDOCFLAGS=--cap-lints=warn" "-w" "/opt/rustwide/workdir" "--user" "0:0" "fa1ade44f588927781fe745a08cc098391c1689746799c8b88019b775c03bb92" "/opt/rustwide/cargo-home/bin/cargo" "+1.99.0-beta.8" "test" "--frozen" "--no-run" "--message-format=json" "--release", kill_on_drop: false }`
[INFO] [stderr]    Compiling aho-corasick v1.1.4
[INFO] [stderr]    Compiling rustix v1.1.4
[INFO] [stderr]    Compiling float-cmp v0.10.0
[INFO] [stderr]    Compiling normalize-line-endings v0.3.0
[INFO] [stderr]    Compiling assert_cmd v2.1.2
[INFO] [stderr]    Compiling getrandom v0.4.2
[INFO] [stderr]    Compiling wait-timeout v0.2.1
[INFO] [stderr]    Compiling fastrand v2.3.0
[INFO] [stderr]    Compiling regex-automata v0.4.14
[INFO] [stderr]    Compiling gethostname v1.1.0
[INFO] [stderr]    Compiling tempfile v3.26.0
[INFO] [stderr]    Compiling x11rb v0.13.2
[INFO] [stderr]    Compiling arboard v3.6.1
[INFO] [stderr]    Compiling bstr v1.12.1
[INFO] [stderr]    Compiling regex v1.12.3
[INFO] [stderr]    Compiling predicates v3.1.4
[INFO] [stderr]    Compiling opener v0.7.2
[INFO] [stderr]    Compiling taskgun v0.8.2 (/opt/rustwide/workdir)
[INFO] [stdout] warning: use of deprecated associated function `assert_cmd::Command::cargo_bin`: incompatible with a custom cargo build-dir, see instead `cargo::cargo_bin_cmd!`
[INFO] [stdout]   --> tests/create_test.rs:64:28
[INFO] [stdout]    |
[INFO] [stdout] 64 |     let mut cmd = Command::cargo_bin("taskgun").unwrap();
[INFO] [stdout]    |                            ^^^^^^^^^
[INFO] [stdout]    |
[INFO] [stdout]    = note: `#[warn(deprecated)]` on by default
[INFO] [stdout] 
[INFO] [stdout] 
[INFO] [stdout] warning: use of deprecated associated function `assert_cmd::Command::cargo_bin`: incompatible with a custom cargo build-dir, see instead `cargo::cargo_bin_cmd!`
[INFO] [stdout]   --> tests/create_test.rs:91:28
[INFO] [stdout]    |
[INFO] [stdout] 91 |     let mut cmd = Command::cargo_bin("taskgun").unwrap();
[INFO] [stdout]    |                            ^^^^^^^^^
[INFO] [stdout] 
[INFO] [stdout] 
[INFO] [stdout] warning: use of deprecated associated function `assert_cmd::Command::cargo_bin`: incompatible with a custom cargo build-dir, see instead `cargo::cargo_bin_cmd!`
[INFO] [stdout]    --> tests/create_test.rs:118:28
[INFO] [stdout]     |
[INFO] [stdout] 118 |     let mut cmd = Command::cargo_bin("taskgun").unwrap();
[INFO] [stdout]     |                            ^^^^^^^^^
[INFO] [stdout] 
[INFO] [stdout] 
[INFO] [stdout] warning: use of deprecated associated function `assert_cmd::Command::cargo_bin`: incompatible with a custom cargo build-dir, see instead `cargo::cargo_bin_cmd!`
[INFO] [stdout]    --> tests/create_test.rs:147:28
[INFO] [stdout]     |
[INFO] [stdout] 147 |     let mut cmd = Command::cargo_bin("taskgun").unwrap();
[INFO] [stdout]     |                            ^^^^^^^^^
[INFO] [stdout] 
[INFO] [stdout] 
[INFO] [stdout] warning: use of deprecated associated function `assert_cmd::Command::cargo_bin`: incompatible with a custom cargo build-dir, see instead `cargo::cargo_bin_cmd!`
[INFO] [stdout]  --> tests/main_test.rs:5:28
[INFO] [stdout]   |
[INFO] [stdout] 5 |     let mut cmd = Command::cargo_bin("taskgun").unwrap();
[INFO] [stdout]   |                            ^^^^^^^^^
[INFO] [stdout]   |
[INFO] [stdout]   = note: `#[warn(deprecated)]` on by default
[INFO] [stdout] 
[INFO] [stdout] 
[INFO] [stdout] warning: use of deprecated associated function `assert_cmd::Command::cargo_bin`: incompatible with a custom cargo build-dir, see instead `cargo::cargo_bin_cmd!`
[INFO] [stdout]    --> tests/create_test.rs:176:28
[INFO] [stdout]     |
[INFO] [stdout] 176 |     let mut cmd = Command::cargo_bin("taskgun").unwrap();
[INFO] [stdout]     |                            ^^^^^^^^^
[INFO] [stdout] 
[INFO] [stdout] 
[INFO] [stdout] warning: use of deprecated associated function `assert_cmd::Command::cargo_bin`: incompatible with a custom cargo build-dir, see instead `cargo::cargo_bin_cmd!`
[INFO] [stdout]    --> tests/create_test.rs:205:28
[INFO] [stdout]     |
[INFO] [stdout] 205 |     let mut cmd = Command::cargo_bin("taskgun").unwrap();
[INFO] [stdout]     |                            ^^^^^^^^^
[INFO] [stdout] 
[INFO] [stdout] 
[INFO] [stdout] warning: use of deprecated associated function `assert_cmd::Command::cargo_bin`: incompatible with a custom cargo build-dir, see instead `cargo::cargo_bin_cmd!`
[INFO] [stdout]    --> tests/create_test.rs:232:28
[INFO] [stdout]     |
[INFO] [stdout] 232 |     let mut cmd = Command::cargo_bin("taskgun").unwrap();
[INFO] [stdout]     |                            ^^^^^^^^^
[INFO] [stdout] 
[INFO] [stdout] 
[INFO] [stdout] warning: use of deprecated associated function `assert_cmd::Command::cargo_bin`: incompatible with a custom cargo build-dir, see instead `cargo::cargo_bin_cmd!`
[INFO] [stdout]    --> tests/create_test.rs:263:28
[INFO] [stdout]     |
[INFO] [stdout] 263 |     let mut cmd = Command::cargo_bin("taskgun").unwrap();
[INFO] [stdout]     |                            ^^^^^^^^^
[INFO] [stdout] 
[INFO] [stdout] 
[INFO] [stdout] warning: use of deprecated associated function `assert_cmd::Command::cargo_bin`: incompatible with a custom cargo build-dir, see instead `cargo::cargo_bin_cmd!`
[INFO] [stdout]   --> tests/main_test.rs:16:28
[INFO] [stdout]    |
[INFO] [stdout] 16 |     let mut cmd = Command::cargo_bin("taskgun").unwrap();
[INFO] [stdout]    |                            ^^^^^^^^^
[INFO] [stdout] 
[INFO] [stdout] 
[INFO] [stdout] warning: use of deprecated associated function `assert_cmd::Command::cargo_bin`: incompatible with a custom cargo build-dir, see instead `cargo::cargo_bin_cmd!`
[INFO] [stdout]    --> tests/create_test.rs:292:28
[INFO] [stdout]     |
[INFO] [stdout] 292 |     let mut cmd = Command::cargo_bin("taskgun").unwrap();
[INFO] [stdout]     |                            ^^^^^^^^^
[INFO] [stdout] 
[INFO] [stdout] 
[INFO] [stdout] warning: use of deprecated associated function `assert_cmd::Command::cargo_bin`: incompatible with a custom cargo build-dir, see instead `cargo::cargo_bin_cmd!`
[INFO] [stdout]    --> tests/create_test.rs:312:28
[INFO] [stdout]     |
[INFO] [stdout] 312 |     let mut cmd = Command::cargo_bin("taskgun").unwrap();
[INFO] [stdout]     |                            ^^^^^^^^^
[INFO] [stdout] 
[INFO] [stdout] 
[INFO] [stdout] warning: use of deprecated associated function `assert_cmd::Command::cargo_bin`: incompatible with a custom cargo build-dir, see instead `cargo::cargo_bin_cmd!`
[INFO] [stdout]   --> tests/main_test.rs:26:28
[INFO] [stdout]    |
[INFO] [stdout] 26 |     let mut cmd = Command::cargo_bin("taskgun").unwrap();
[INFO] [stdout]    |                            ^^^^^^^^^
[INFO] [stdout] 
[INFO] [stdout] 
[INFO] [stdout] warning: use of deprecated associated function `assert_cmd::Command::cargo_bin`: incompatible with a custom cargo build-dir, see instead `cargo::cargo_bin_cmd!`
[INFO] [stdout]   --> tests/main_test.rs:36:28
[INFO] [stdout]    |
[INFO] [stdout] 36 |     let mut cmd = Command::cargo_bin("taskgun").unwrap();
[INFO] [stdout]    |                            ^^^^^^^^^
[INFO] [stdout] 
[INFO] [stdout] 
[INFO] [stdout] warning: use of deprecated associated function `assert_cmd::Command::cargo_bin`: incompatible with a custom cargo build-dir, see instead `cargo::cargo_bin_cmd!`
[INFO] [stdout]   --> tests/main_test.rs:46:28
[INFO] [stdout]    |
[INFO] [stdout] 46 |     let mut cmd = Command::cargo_bin("taskgun").unwrap();
[INFO] [stdout]    |                            ^^^^^^^^^
[INFO] [stdout] 
[INFO] [stdout] 
[INFO] [stdout] warning: use of deprecated associated function `assert_cmd::Command::cargo_bin`: incompatible with a custom cargo build-dir, see instead `cargo::cargo_bin_cmd!`
[INFO] [stdout]   --> tests/main_test.rs:56:28
[INFO] [stdout]    |
[INFO] [stdout] 56 |     let mut cmd = Command::cargo_bin("taskgun").unwrap();
[INFO] [stdout]    |                            ^^^^^^^^^
[INFO] [stdout] 
[INFO] [stdout] 
[INFO] [stdout] warning: use of deprecated associated function `assert_cmd::Command::cargo_bin`: incompatible with a custom cargo build-dir, see instead `cargo::cargo_bin_cmd!`
[INFO] [stdout]   --> tests/main_test.rs:65:28
[INFO] [stdout]    |
[INFO] [stdout] 65 |     let mut cmd = Command::cargo_bin("taskgun").unwrap();
[INFO] [stdout]    |                            ^^^^^^^^^
[INFO] [stdout] 
[INFO] [stdout] 
[INFO] [stdout] warning: use of deprecated associated function `assert_cmd::Command::cargo_bin`: incompatible with a custom cargo build-dir, see instead `cargo::cargo_bin_cmd!`
[INFO] [stdout]   --> tests/main_test.rs:79:28
[INFO] [stdout]    |
[INFO] [stdout] 79 |     let mut cmd = Command::cargo_bin("taskgun").unwrap();
[INFO] [stdout]    |                            ^^^^^^^^^
[INFO] [stdout] 
[INFO] [stdout] 
[INFO] [stdout] warning: use of deprecated associated function `assert_cmd::Command::cargo_bin`: incompatible with a custom cargo build-dir, see instead `cargo::cargo_bin_cmd!`
[INFO] [stdout]   --> tests/main_test.rs:92:28
[INFO] [stdout]    |
[INFO] [stdout] 92 |     let mut cmd = Command::cargo_bin("taskgun").unwrap();
[INFO] [stdout]    |                            ^^^^^^^^^
[INFO] [stdout] 
[INFO] [stdout] 
[INFO] [stdout] warning: use of deprecated associated function `assert_cmd::Command::cargo_bin`: incompatible with a custom cargo build-dir, see instead `cargo::cargo_bin_cmd!`
[INFO] [stdout]    --> tests/main_test.rs:100:28
[INFO] [stdout]     |
[INFO] [stdout] 100 |     let mut cmd = Command::cargo_bin("taskgun").unwrap();
[INFO] [stdout]     |                            ^^^^^^^^^
[INFO] [stdout] 
[INFO] [stdout] 
[INFO] [stdout] warning: field `temp_dir` is never read
[INFO] [stdout]  --> tests/create_test.rs:9:5
[INFO] [stdout]   |
[INFO] [stdout] 8 | struct TestEnv {
[INFO] [stdout]   |        ------- field in this struct
[INFO] [stdout] 9 |     temp_dir: TempDir,
[INFO] [stdout]   |     ^^^^^^^^
[INFO] [stdout]   |
[INFO] [stdout]   = note: `#[warn(dead_code)]` (part of `#[warn(unused)]`) on by default
[INFO] [stdout] 
[INFO] [stdout] 
[INFO] [stdout] warning: use of deprecated associated function `assert_cmd::Command::cargo_bin`: incompatible with a custom cargo build-dir, see instead `cargo::cargo_bin_cmd!`
[INFO] [stdout]    --> tests/search_test.rs:118:28
[INFO] [stdout]     |
[INFO] [stdout] 118 |     let mut cmd = Command::cargo_bin("taskgun").unwrap();
[INFO] [stdout]     |                            ^^^^^^^^^
[INFO] [stdout]     |
[INFO] [stdout]     = note: `#[warn(deprecated)]` on by default
[INFO] [stdout] 
[INFO] [stdout] 
[INFO] [stdout] warning: use of deprecated associated function `assert_cmd::Command::cargo_bin`: incompatible with a custom cargo build-dir, see instead `cargo::cargo_bin_cmd!`
[INFO] [stdout]    --> tests/search_test.rs:149:28
[INFO] [stdout]     |
[INFO] [stdout] 149 |     let mut cmd = Command::cargo_bin("taskgun").unwrap();
[INFO] [stdout]     |                            ^^^^^^^^^
[INFO] [stdout] 
[INFO] [stdout] 
[INFO] [stdout] warning: use of deprecated associated function `assert_cmd::Command::cargo_bin`: incompatible with a custom cargo build-dir, see instead `cargo::cargo_bin_cmd!`
[INFO] [stdout]    --> tests/search_test.rs:175:28
[INFO] [stdout]     |
[INFO] [stdout] 175 |     let mut cmd = Command::cargo_bin("taskgun").unwrap();
[INFO] [stdout]     |                            ^^^^^^^^^
[INFO] [stdout] 
[INFO] [stdout] 
[INFO] [stdout] warning: use of deprecated associated function `assert_cmd::Command::cargo_bin`: incompatible with a custom cargo build-dir, see instead `cargo::cargo_bin_cmd!`
[INFO] [stdout]    --> tests/plan_test.rs:108:28
[INFO] [stdout]     |
[INFO] [stdout] 108 |     let mut cmd = Command::cargo_bin("taskgun").unwrap();
[INFO] [stdout]     |                            ^^^^^^^^^
[INFO] [stdout]     |
[INFO] [stdout]     = note: `#[warn(deprecated)]` on by default
[INFO] [stdout] 
[INFO] [stdout] 
[INFO] [stdout] warning: use of deprecated associated function `assert_cmd::Command::cargo_bin`: incompatible with a custom cargo build-dir, see instead `cargo::cargo_bin_cmd!`
[INFO] [stdout]    --> tests/search_test.rs:206:28
[INFO] [stdout]     |
[INFO] [stdout] 206 |     let mut cmd = Command::cargo_bin("taskgun").unwrap();
[INFO] [stdout]     |                            ^^^^^^^^^
[INFO] [stdout] 
[INFO] [stdout] 
[INFO] [stdout] warning: use of deprecated associated function `assert_cmd::Command::cargo_bin`: incompatible with a custom cargo build-dir, see instead `cargo::cargo_bin_cmd!`
[INFO] [stdout]    --> tests/search_test.rs:242:28
[INFO] [stdout]     |
[INFO] [stdout] 242 |     let mut cmd = Command::cargo_bin("taskgun").unwrap();
[INFO] [stdout]     |                            ^^^^^^^^^
[INFO] [stdout] 
[INFO] [stdout] 
[INFO] [stdout] warning: use of deprecated associated function `assert_cmd::Command::cargo_bin`: incompatible with a custom cargo build-dir, see instead `cargo::cargo_bin_cmd!`
[INFO] [stdout]    --> tests/search_test.rs:267:28
[INFO] [stdout]     |
[INFO] [stdout] 267 |     let mut cmd = Command::cargo_bin("taskgun").unwrap();
[INFO] [stdout]     |                            ^^^^^^^^^
[INFO] [stdout] 
[INFO] [stdout] 
[INFO] [stdout] warning: use of deprecated associated function `assert_cmd::Command::cargo_bin`: incompatible with a custom cargo build-dir, see instead `cargo::cargo_bin_cmd!`
[INFO] [stdout]    --> tests/search_test.rs:298:28
[INFO] [stdout]     |
[INFO] [stdout] 298 |     let mut cmd = Command::cargo_bin("taskgun").unwrap();
[INFO] [stdout]     |                            ^^^^^^^^^
[INFO] [stdout] 
[INFO] [stdout] 
[INFO] [stdout] warning: use of deprecated associated function `assert_cmd::Command::cargo_bin`: incompatible with a custom cargo build-dir, see instead `cargo::cargo_bin_cmd!`
[INFO] [stdout]    --> tests/plan_test.rs:139:28
[INFO] [stdout]     |
[INFO] [stdout] 139 |     let mut cmd = Command::cargo_bin("taskgun").unwrap();
[INFO] [stdout]     |                            ^^^^^^^^^
[INFO] [stdout] 
[INFO] [stdout] 
[INFO] [stdout] warning: use of deprecated associated function `assert_cmd::Command::cargo_bin`: incompatible with a custom cargo build-dir, see instead `cargo::cargo_bin_cmd!`
[INFO] [stdout]    --> tests/search_test.rs:324:28
[INFO] [stdout]     |
[INFO] [stdout] 324 |     let mut cmd = Command::cargo_bin("taskgun").unwrap();
[INFO] [stdout]     |                            ^^^^^^^^^
[INFO] [stdout] 
[INFO] [stdout] 
[INFO] [stdout] warning: use of deprecated associated function `assert_cmd::Command::cargo_bin`: incompatible with a custom cargo build-dir, see instead `cargo::cargo_bin_cmd!`
[INFO] [stdout]    --> tests/plan_test.rs:152:28
[INFO] [stdout]     |
[INFO] [stdout] 152 |     let mut cmd = Command::cargo_bin("taskgun").unwrap();
[INFO] [stdout]     |                            ^^^^^^^^^
[INFO] [stdout] 
[INFO] [stdout] 
[INFO] [stdout] warning: use of deprecated associated function `assert_cmd::Command::cargo_bin`: incompatible with a custom cargo build-dir, see instead `cargo::cargo_bin_cmd!`
[INFO] [stdout]    --> tests/plan_test.rs:183:28
[INFO] [stdout]     |
[INFO] [stdout] 183 |     let mut cmd = Command::cargo_bin("taskgun").unwrap();
[INFO] [stdout]     |                            ^^^^^^^^^
[INFO] [stdout] 
[INFO] [stdout] 
[INFO] [stdout] warning: use of deprecated associated function `assert_cmd::Command::cargo_bin`: incompatible with a custom cargo build-dir, see instead `cargo::cargo_bin_cmd!`
[INFO] [stdout]    --> tests/search_test.rs:354:28
[INFO] [stdout]     |
[INFO] [stdout] 354 |     let mut cmd = Command::cargo_bin("taskgun").unwrap();
[INFO] [stdout]     |                            ^^^^^^^^^
[INFO] [stdout] 
[INFO] [stdout] 
[INFO] [stdout] warning: use of deprecated associated function `assert_cmd::Command::cargo_bin`: incompatible with a custom cargo build-dir, see instead `cargo::cargo_bin_cmd!`
[INFO] [stdout]   --> tests/add_open_test.rs:36:32
[INFO] [stdout]    |
[INFO] [stdout] 36 |         let mut cmd = Command::cargo_bin("taskgun").expect("Failed to find taskgun binary");
[INFO] [stdout]    |                                ^^^^^^^^^
[INFO] [stdout]    |
[INFO] [stdout]    = note: `#[warn(deprecated)]` on by default
[INFO] [stdout] 
[INFO] [stdout] 
[INFO] [stdout] warning: use of deprecated associated function `assert_cmd::Command::cargo_bin`: incompatible with a custom cargo build-dir, see instead `cargo::cargo_bin_cmd!`
[INFO] [stdout]    --> tests/plan_test.rs:206:28
[INFO] [stdout]     |
[INFO] [stdout] 206 |     let mut cmd = Command::cargo_bin("taskgun").unwrap();
[INFO] [stdout]     |                            ^^^^^^^^^
[INFO] [stdout] 
[INFO] [stdout] 
[INFO] [stdout] warning: use of deprecated associated function `assert_cmd::Command::cargo_bin`: incompatible with a custom cargo build-dir, see instead `cargo::cargo_bin_cmd!`
[INFO] [stdout]    --> tests/search_test.rs:382:28
[INFO] [stdout]     |
[INFO] [stdout] 382 |     let mut cmd = Command::cargo_bin("taskgun").unwrap();
[INFO] [stdout]     |                            ^^^^^^^^^
[INFO] [stdout] 
[INFO] [stdout] 
[INFO] [stdout] warning: use of deprecated associated function `assert_cmd::Command::cargo_bin`: incompatible with a custom cargo build-dir, see instead `cargo::cargo_bin_cmd!`
[INFO] [stdout]   --> tests/add_open_test.rs:51:28
[INFO] [stdout]    |
[INFO] [stdout] 51 |     let mut cmd = Command::cargo_bin("taskgun").expect("Failed to find taskgun binary");
[INFO] [stdout]    |                            ^^^^^^^^^
[INFO] [stdout] 
[INFO] [stdout] 
[INFO] [stdout] warning: use of deprecated associated function `assert_cmd::Command::cargo_bin`: incompatible with a custom cargo build-dir, see instead `cargo::cargo_bin_cmd!`
[INFO] [stdout]   --> tests/add_open_test.rs:88:28
[INFO] [stdout]    |
[INFO] [stdout] 88 |     let mut cmd = Command::cargo_bin("taskgun").expect("Failed to find taskgun binary");
[INFO] [stdout]    |                            ^^^^^^^^^
[INFO] [stdout] 
[INFO] [stdout] 
[INFO] [stdout] warning: use of deprecated associated function `assert_cmd::Command::cargo_bin`: incompatible with a custom cargo build-dir, see instead `cargo::cargo_bin_cmd!`
[INFO] [stdout]    --> tests/search_test.rs:407:28
[INFO] [stdout]     |
[INFO] [stdout] 407 |     let mut cmd = Command::cargo_bin("taskgun").unwrap();
[INFO] [stdout]     |                            ^^^^^^^^^
[INFO] [stdout] 
[INFO] [stdout] 
[INFO] [stdout] warning: use of deprecated associated function `assert_cmd::Command::cargo_bin`: incompatible with a custom cargo build-dir, see instead `cargo::cargo_bin_cmd!`
[INFO] [stdout]    --> tests/search_test.rs:438:28
[INFO] [stdout]     |
[INFO] [stdout] 438 |     let mut cmd = Command::cargo_bin("taskgun").unwrap();
[INFO] [stdout]     |                            ^^^^^^^^^
[INFO] [stdout] 
[INFO] [stdout] 
[INFO] [stdout] warning: use of deprecated associated function `assert_cmd::Command::cargo_bin`: incompatible with a custom cargo build-dir, see instead `cargo::cargo_bin_cmd!`
[INFO] [stdout]    --> tests/search_test.rs:461:28
[INFO] [stdout]     |
[INFO] [stdout] 461 |     let mut cmd = Command::cargo_bin("taskgun").unwrap();
[INFO] [stdout]     |                            ^^^^^^^^^
[INFO] [stdout] 
[INFO] [stdout] 
[INFO] [stdout] warning: use of deprecated associated function `assert_cmd::Command::cargo_bin`: incompatible with a custom cargo build-dir, see instead `cargo::cargo_bin_cmd!`
[INFO] [stdout]    --> tests/search_test.rs:478:28
[INFO] [stdout]     |
[INFO] [stdout] 478 |     let mut cmd = Command::cargo_bin("taskgun").unwrap();
[INFO] [stdout]     |                            ^^^^^^^^^
[INFO] [stdout] 
[INFO] [stdout] 
[INFO] [stdout] warning: field `temp_dir` is never read
[INFO] [stdout]  --> tests/plan_test.rs:9:5
[INFO] [stdout]   |
[INFO] [stdout] 8 | struct TestEnv {
[INFO] [stdout]   |        ------- field in this struct
[INFO] [stdout] 9 |     temp_dir: TempDir,
[INFO] [stdout]   |     ^^^^^^^^
[INFO] [stdout]   |
[INFO] [stdout]   = note: `#[warn(dead_code)]` (part of `#[warn(unused)]`) on by default
[INFO] [stdout] 
[INFO] [stdout] 
[INFO] [stdout] warning: field `temp_dir` is never read
[INFO] [stdout]   --> tests/search_test.rs:10:5
[INFO] [stdout]    |
[INFO] [stdout]  9 | struct TestEnv {
[INFO] [stdout]    |        ------- field in this struct
[INFO] [stdout] 10 |     temp_dir: TempDir,
[INFO] [stdout]    |     ^^^^^^^^
[INFO] [stdout]    |
[INFO] [stdout]    = note: `#[warn(dead_code)]` (part of `#[warn(unused)]`) on by default
[INFO] [stdout] 
[INFO] [stdout] 
[INFO] [stdout] warning: field `temp_dir` is never read
[INFO] [stdout]   --> src/taskwarrior.rs:57:9
[INFO] [stdout]    |
[INFO] [stdout] 56 |     struct TestEnv {
[INFO] [stdout]    |            ------- field in this struct
[INFO] [stdout] 57 |         temp_dir: TempDir,
[INFO] [stdout]    |         ^^^^^^^^
[INFO] [stdout]    |
[INFO] [stdout]    = note: `#[warn(dead_code)]` (part of `#[warn(unused)]`) on by default
[INFO] [stdout] 
[INFO] [stdout] 
[INFO] [stdout] warning: method `task_env` is never used
[INFO] [stdout]   --> src/taskwarrior.rs:82:12
[INFO] [stdout]    |
[INFO] [stdout] 62 |     impl TestEnv {
[INFO] [stdout]    |     ------------ method in this implementation
[INFO] [stdout] ...
[INFO] [stdout] 82 |         fn task_env(&self) -> Vec<(String, String)> {
[INFO] [stdout]    |            ^^^^^^^^
[INFO] [stdout] 
[INFO] [stdout] 
[INFO] [stderr]     Finished `release` profile [optimized] target(s) in 30.91s
[INFO] running `Command { std: "docker" "inspect" "fa1ade44f588927781fe745a08cc098391c1689746799c8b88019b775c03bb92", kill_on_drop: false }`
[INFO] running `Command { std: "docker" "exec" "-e" "SOURCE_DIR=/opt/rustwide/workdir" "-e" "CARGO_HOME=/opt/rustwide/cargo-home" "-e" "RUSTUP_HOME=/opt/rustwide/rustup-home" "-e" "CARGO_TARGET_DIR=/opt/rustwide/target" "-e" "CARGO_INCREMENTAL=0" "-e" "RUST_BACKTRACE=full" "-e" "RUSTFLAGS=--cap-lints=warn" "-e" "RUSTDOCFLAGS=--cap-lints=warn" "-w" "/opt/rustwide/workdir" "--user" "0:0" "fa1ade44f588927781fe745a08cc098391c1689746799c8b88019b775c03bb92" "/opt/rustwide/cargo-home/bin/cargo" "+1.99.0-beta.8" "test" "--frozen" "--release", kill_on_drop: false }`
[INFO] [stderr] warning: use of deprecated associated function `assert_cmd::Command::cargo_bin`: incompatible with a custom cargo build-dir, see instead `cargo::cargo_bin_cmd!`
[INFO] [stderr]   --> tests/add_open_test.rs:36:32
[INFO] [stderr]    |
[INFO] [stderr] 36 |         let mut cmd = Command::cargo_bin("taskgun").expect("Failed to find taskgun binary");
[INFO] [stderr]    |                                ^^^^^^^^^
[INFO] [stderr]    |
[INFO] [stderr]    = note: `#[warn(deprecated)]` on by default
[INFO] [stderr] 
[INFO] [stderr] warning: use of deprecated associated function `assert_cmd::Command::cargo_bin`: incompatible with a custom cargo build-dir, see instead `cargo::cargo_bin_cmd!`
[INFO] [stderr]   --> tests/add_open_test.rs:51:28
[INFO] [stderr]    |
[INFO] [stderr] 51 |     let mut cmd = Command::cargo_bin("taskgun").expect("Failed to find taskgun binary");
[INFO] [stderr]    |                            ^^^^^^^^^
[INFO] [stderr] 
[INFO] [stderr] warning: use of deprecated associated function `assert_cmd::Command::cargo_bin`: incompatible with a custom cargo build-dir, see instead `cargo::cargo_bin_cmd!`
[INFO] [stderr]   --> tests/add_open_test.rs:88:28
[INFO] [stderr]    |
[INFO] [stderr] 88 |     let mut cmd = Command::cargo_bin("taskgun").expect("Failed to find taskgun binary");
[INFO] [stderr]    |                            ^^^^^^^^^
[INFO] [stderr] 
[INFO] [stderr] warning: use of deprecated associated function `assert_cmd::Command::cargo_bin`: incompatible with a custom cargo build-dir, see instead `cargo::cargo_bin_cmd!`
[INFO] [stderr]  --> tests/main_test.rs:5:28
[INFO] [stderr]   |
[INFO] [stderr] 5 |     let mut cmd = Command::cargo_bin("taskgun").unwrap();
[INFO] [stderr]   |                            ^^^^^^^^^
[INFO] [stderr]   |
[INFO] [stderr]   = note: `#[warn(deprecated)]` on by default
[INFO] [stderr] 
[INFO] [stderr] warning: use of deprecated associated function `assert_cmd::Command::cargo_bin`: incompatible with a custom cargo build-dir, see instead `cargo::cargo_bin_cmd!`
[INFO] [stderr]   --> tests/main_test.rs:16:28
[INFO] [stderr]    |
[INFO] [stderr] 16 |     let mut cmd = Command::cargo_bin("taskgun").unwrap();
[INFO] [stderr]    |                            ^^^^^^^^^
[INFO] [stderr] 
[INFO] [stderr] warning: use of deprecated associated function `assert_cmd::Command::cargo_bin`: incompatible with a custom cargo build-dir, see instead `cargo::cargo_bin_cmd!`
[INFO] [stderr]   --> tests/main_test.rs:26:28
[INFO] [stderr]    |
[INFO] [stderr] 26 |     let mut cmd = Command::cargo_bin("taskgun").unwrap();
[INFO] [stderr]    |                            ^^^^^^^^^
[INFO] [stderr] 
[INFO] [stderr] warning: use of deprecated associated function `assert_cmd::Command::cargo_bin`: incompatible with a custom cargo build-dir, see instead `cargo::cargo_bin_cmd!`
[INFO] [stderr]   --> tests/main_test.rs:36:28
[INFO] [stderr]    |
[INFO] [stderr] 36 |     let mut cmd = Command::cargo_bin("taskgun").unwrap();
[INFO] [stderr]    |                            ^^^^^^^^^
[INFO] [stderr] 
[INFO] [stderr] warning: use of deprecated associated function `assert_cmd::Command::cargo_bin`: incompatible with a custom cargo build-dir, see instead `cargo::cargo_bin_cmd!`
[INFO] [stderr]   --> tests/main_test.rs:46:28
[INFO] [stderr]    |
[INFO] [stderr] 46 |     let mut cmd = Command::cargo_bin("taskgun").unwrap();
[INFO] [stderr]    |                            ^^^^^^^^^
[INFO] [stderr] 
[INFO] [stderr] warning: use of deprecated associated function `assert_cmd::Command::cargo_bin`: incompatible with a custom cargo build-dir, see instead `cargo::cargo_bin_cmd!`
[INFO] [stderr]   --> tests/main_test.rs:56:28
[INFO] [stderr]    |
[INFO] [stderr] 56 |     let mut cmd = Command::cargo_bin("taskgun").unwrap();
[INFO] [stderr]    |                            ^^^^^^^^^
[INFO] [stderr] 
[INFO] [stderr] warning: use of deprecated associated function `assert_cmd::Command::cargo_bin`: incompatible with a custom cargo build-dir, see instead `cargo::cargo_bin_cmd!`
[INFO] [stderr]   --> tests/main_test.rs:65:28
[INFO] [stderr]    |
[INFO] [stderr] 65 |     let mut cmd = Command::cargo_bin("taskgun").unwrap();
[INFO] [stderr]    |                            ^^^^^^^^^
[INFO] [stderr] 
[INFO] [stderr] warning: use of deprecated associated function `assert_cmd::Command::cargo_bin`: incompatible with a custom cargo build-dir, see instead `cargo::cargo_bin_cmd!`
[INFO] [stderr]   --> tests/main_test.rs:79:28
[INFO] [stderr]    |
[INFO] [stderr] 79 |     let mut cmd = Command::cargo_bin("taskgun").unwrap();
[INFO] [stderr]    |                            ^^^^^^^^^
[INFO] [stderr] 
[INFO] [stderr] warning: use of deprecated associated function `assert_cmd::Command::cargo_bin`: incompatible with a custom cargo build-dir, see instead `cargo::cargo_bin_cmd!`
[INFO] [stderr]   --> tests/main_test.rs:92:28
[INFO] [stderr]    |
[INFO] [stderr] 92 |     let mut cmd = Command::cargo_bin("taskgun").unwrap();
[INFO] [stderr]    |                            ^^^^^^^^^
[INFO] [stderr] 
[INFO] [stderr] warning: use of deprecated associated function `assert_cmd::Command::cargo_bin`: incompatible with a custom cargo build-dir, see instead `cargo::cargo_bin_cmd!`
[INFO] [stderr]    --> tests/main_test.rs:100:28
[INFO] [stderr]     |
[INFO] [stderr] 100 |     let mut cmd = Command::cargo_bin("taskgun").unwrap();
[INFO] [stderr]     |                            ^^^^^^^^^
[INFO] [stderr] 
[INFO] [stderr] warning: field `temp_dir` is never read
[INFO] [stderr]   --> src/taskwarrior.rs:57:9
[INFO] [stderr]    |
[INFO] [stderr] 56 |     struct TestEnv {
[INFO] [stderr]    |            ------- field in this struct
[INFO] [stderr] 57 |         temp_dir: TempDir,
[INFO] [stderr]    |         ^^^^^^^^
[INFO] [stderr]    |
[INFO] [stderr]    = note: `#[warn(dead_code)]` (part of `#[warn(unused)]`) on by default
[INFO] [stderr] 
[INFO] [stderr] warning: method `task_env` is never used
[INFO] [stderr]   --> src/taskwarrior.rs:82:12
[INFO] [stderr]    |
[INFO] [stderr] 62 |     impl TestEnv {
[INFO] [stderr]    |     ------------ method in this implementation
[INFO] [stderr] ...
[INFO] [stderr] 82 |         fn task_env(&self) -> Vec<(String, String)> {
[INFO] [stderr]    |            ^^^^^^^^
[INFO] [stderr] 
[INFO] [stderr] warning: use of deprecated associated function `assert_cmd::Command::cargo_bin`: incompatible with a custom cargo build-dir, see instead `cargo::cargo_bin_cmd!`
[INFO] [stderr]    --> tests/search_test.rs:118:28
[INFO] [stderr]     |
[INFO] [stderr] 118 |     let mut cmd = Command::cargo_bin("taskgun").unwrap();
[INFO] [stderr]     |                            ^^^^^^^^^
[INFO] [stderr]     |
[INFO] [stderr]     = note: `#[warn(deprecated)]` on by default
[INFO] [stderr] 
[INFO] [stderr] warning: use of deprecated associated function `assert_cmd::Command::cargo_bin`: incompatible with a custom cargo build-dir, see instead `cargo::cargo_bin_cmd!`
[INFO] [stderr]    --> tests/search_test.rs:149:28
[INFO] [stderr]     |
[INFO] [stderr] 149 |     let mut cmd = Command::cargo_bin("taskgun").unwrap();
[INFO] [stderr]     |                            ^^^^^^^^^
[INFO] [stderr] 
[INFO] [stderr] warning: use of deprecated associated function `assert_cmd::Command::cargo_bin`: incompatible with a custom cargo build-dir, see instead `cargo::cargo_bin_cmd!`
[INFO] [stderr]    --> tests/search_test.rs:175:28
[INFO] [stderr]     |
[INFO] [stderr] 175 |     let mut cmd = Command::cargo_bin("taskgun").unwrap();
[INFO] [stderr]     |                            ^^^^^^^^^
[INFO] [stderr] 
[INFO] [stderr] warning: use of deprecated associated function `assert_cmd::Command::cargo_bin`: incompatible with a custom cargo build-dir, see instead `cargo::cargo_bin_cmd!`
[INFO] [stderr]    --> tests/search_test.rs:206:28
[INFO] [stderr]     |
[INFO] [stderr] 206 |     let mut cmd = Command::cargo_bin("taskgun").unwrap();
[INFO] [stderr]     |                            ^^^^^^^^^
[INFO] [stderr] 
[INFO] [stderr] warning: use of deprecated associated function `assert_cmd::Command::cargo_bin`: incompatible with a custom cargo build-dir, see instead `cargo::cargo_bin_cmd!`
[INFO] [stderr]    --> tests/search_test.rs:242:28
[INFO] [stderr]     |
[INFO] [stderr] 242 |     let mut cmd = Command::cargo_bin("taskgun").unwrap();
[INFO] [stderr]     |                            ^^^^^^^^^
[INFO] [stderr] 
[INFO] [stderr] warning: use of deprecated associated function `assert_cmd::Command::cargo_bin`: incompatible with a custom cargo build-dir, see instead `cargo::cargo_bin_cmd!`
[INFO] [stderr]    --> tests/search_test.rs:267:28
[INFO] [stderr]     |
[INFO] [stderr] 267 |     let mut cmd = Command::cargo_bin("taskgun").unwrap();
[INFO] [stderr]     |                            ^^^^^^^^^
[INFO] [stderr] 
[INFO] [stderr] warning: use of deprecated associated function `assert_cmd::Command::cargo_bin`: incompatible with a custom cargo build-dir, see instead `cargo::cargo_bin_cmd!`
[INFO] [stderr]    --> tests/search_test.rs:298:28
[INFO] [stderr]     |
[INFO] [stderr] 298 |     let mut cmd = Command::cargo_bin("taskgun").unwrap();
[INFO] [stderr]     |                            ^^^^^^^^^
[INFO] [stderr] 
[INFO] [stderr] warning: use of deprecated associated function `assert_cmd::Command::cargo_bin`: incompatible with a custom cargo build-dir, see instead `cargo::cargo_bin_cmd!`
[INFO] [stderr]    --> tests/search_test.rs:324:28
[INFO] [stderr]     |
[INFO] [stderr] 324 |     let mut cmd = Command::cargo_bin("taskgun").unwrap();
[INFO] [stderr]     |                            ^^^^^^^^^
[INFO] [stderr] 
[INFO] [stderr] warning: use of deprecated associated function `assert_cmd::Command::cargo_bin`: incompatible with a custom cargo build-dir, see instead `cargo::cargo_bin_cmd!`
[INFO] [stderr]    --> tests/search_test.rs:354:28
[INFO] [stderr]     |
[INFO] [stderr] 354 |     let mut cmd = Command::cargo_bin("taskgun").unwrap();
[INFO] [stderr]     |                            ^^^^^^^^^
[INFO] [stderr] 
[INFO] [stderr] warning: use of deprecated associated function `assert_cmd::Command::cargo_bin`: incompatible with a custom cargo build-dir, see instead `cargo::cargo_bin_cmd!`
[INFO] [stderr]    --> tests/search_test.rs:382:28
[INFO] [stderr]     |
[INFO] [stderr] 382 |     let mut cmd = Command::cargo_bin("taskgun").unwrap();
[INFO] [stderr]     |                            ^^^^^^^^^
[INFO] [stderr] 
[INFO] [stderr] warning: use of deprecated associated function `assert_cmd::Command::cargo_bin`: incompatible with a custom cargo build-dir, see instead `cargo::cargo_bin_cmd!`
[INFO] [stderr]    --> tests/search_test.rs:407:28
[INFO] [stderr]     |
[INFO] [stderr] 407 |     let mut cmd = Command::cargo_bin("taskgun").unwrap();
[INFO] [stderr]     |                            ^^^^^^^^^
[INFO] [stderr] 
[INFO] [stderr] warning: use of deprecated associated function `assert_cmd::Command::cargo_bin`: incompatible with a custom cargo build-dir, see instead `cargo::cargo_bin_cmd!`
[INFO] [stderr]    --> tests/search_test.rs:438:28
[INFO] [stderr]     |
[INFO] [stderr] 438 |     let mut cmd = Command::cargo_bin("taskgun").unwrap();
[INFO] [stderr]     |                            ^^^^^^^^^
[INFO] [stderr] 
[INFO] [stderr] warning: use of deprecated associated function `assert_cmd::Command::cargo_bin`: incompatible with a custom cargo build-dir, see instead `cargo::cargo_bin_cmd!`
[INFO] [stderr]    --> tests/search_test.rs:461:28
[INFO] [stderr]     |
[INFO] [stderr] 461 |     let mut cmd = Command::cargo_bin("taskgun").unwrap();
[INFO] [stderr]     |                            ^^^^^^^^^
[INFO] [stderr] 
[INFO] [stderr] warning: use of deprecated associated function `assert_cmd::Command::cargo_bin`: incompatible with a custom cargo build-dir, see instead `cargo::cargo_bin_cmd!`
[INFO] [stderr]    --> tests/search_test.rs:478:28
[INFO] [stderr]     |
[INFO] [stderr] 478 |     let mut cmd = Command::cargo_bin("taskgun").unwrap();
[INFO] [stderr]     |                            ^^^^^^^^^
[INFO] [stderr] 
[INFO] [stderr] warning: field `temp_dir` is never read
[INFO] [stderr]   --> tests/search_test.rs:10:5
[INFO] [stderr]    |
[INFO] [stderr]  9 | struct TestEnv {
[INFO] [stderr]    |        ------- field in this struct
[INFO] [stderr] 10 |     temp_dir: TempDir,
[INFO] [stderr]    |     ^^^^^^^^
[INFO] [stderr]    |
[INFO] [stderr]    = note: `#[warn(dead_code)]` (part of `#[warn(unused)]`) on by default
[INFO] [stderr] 
[INFO] [stderr] warning: use of deprecated associated function `assert_cmd::Command::cargo_bin`: incompatible with a custom cargo build-dir, see instead `cargo::cargo_bin_cmd!`
[INFO] [stderr]   --> tests/create_test.rs:64:28
[INFO] [stderr]    |
[INFO] [stderr] 64 |     let mut cmd = Command::cargo_bin("taskgun").unwrap();
[INFO] [stderr]    |                            ^^^^^^^^^
[INFO] [stderr]    |
[INFO] [stderr]    = note: `#[warn(deprecated)]` on by default
[INFO] [stderr] 
[INFO] [stderr] warning: use of deprecated associated function `assert_cmd::Command::cargo_bin`: incompatible with a custom cargo build-dir, see instead `cargo::cargo_bin_cmd!`
[INFO] [stderr]   --> tests/create_test.rs:91:28
[INFO] [stderr]    |
[INFO] [stderr] 91 |     let mut cmd = Command::cargo_bin("taskgun").unwrap();
[INFO] [stderr]    |                            ^^^^^^^^^
[INFO] [stderr] 
[INFO] [stderr] warning: use of deprecated associated function `assert_cmd::Command::cargo_bin`: incompatible with a custom cargo build-dir, see instead `cargo::cargo_bin_cmd!`
[INFO] [stderr]    --> tests/create_test.rs:118:28
[INFO] [stderr]     |
[INFO] [stderr] 118 |     let mut cmd = Command::cargo_bin("taskgun").unwrap();
[INFO] [stderr]     |                            ^^^^^^^^^
[INFO] [stderr] 
[INFO] [stderr] warning: use of deprecated associated function `assert_cmd::Command::cargo_bin`: incompatible with a custom cargo build-dir, see instead `cargo::cargo_bin_cmd!`
[INFO] [stderr]    --> tests/create_test.rs:147:28
[INFO] [stderr]     |
[INFO] [stderr] 147 |     let mut cmd = Command::cargo_bin("taskgun").unwrap();
[INFO] [stderr]     |                            ^^^^^^^^^
[INFO] [stderr] 
[INFO] [stderr] warning: use of deprecated associated function `assert_cmd::Command::cargo_bin`: incompatible with a custom cargo build-dir, see instead `cargo::cargo_bin_cmd!`
[INFO] [stderr]    --> tests/create_test.rs:176:28
[INFO] [stderr]     |
[INFO] [stderr] 176 |     let mut cmd = Command::cargo_bin("taskgun").unwrap();
[INFO] [stderr]     |                            ^^^^^^^^^
[INFO] [stderr] 
[INFO] [stderr] warning: use of deprecated associated function `assert_cmd::Command::cargo_bin`: incompatible with a custom cargo build-dir, see instead `cargo::cargo_bin_cmd!`
[INFO] [stderr]    --> tests/create_test.rs:205:28
[INFO] [stderr]     |
[INFO] [stderr] 205 |     let mut cmd = Command::cargo_bin("taskgun").unwrap();
[INFO] [stderr]     |                            ^^^^^^^^^
[INFO] [stderr] 
[INFO] [stderr] warning: use of deprecated associated function `assert_cmd::Command::cargo_bin`: incompatible with a custom cargo build-dir, see instead `cargo::cargo_bin_cmd!`
[INFO] [stderr]    --> tests/create_test.rs:232:28
[INFO] [stderr]     |
[INFO] [stderr] 232 |     let mut cmd = Command::cargo_bin("taskgun").unwrap();
[INFO] [stderr]     |                            ^^^^^^^^^
[INFO] [stderr] 
[INFO] [stderr] warning: use of deprecated associated function `assert_cmd::Command::cargo_bin`: incompatible with a custom cargo build-dir, see instead `cargo::cargo_bin_cmd!`
[INFO] [stderr]    --> tests/create_test.rs:263:28
[INFO] [stderr]     |
[INFO] [stderr] 263 |     let mut cmd = Command::cargo_bin("taskgun").unwrap();
[INFO] [stderr]     |                            ^^^^^^^^^
[INFO] [stderr] 
[INFO] [stderr] warning: use of deprecated associated function `assert_cmd::Command::cargo_bin`: incompatible with a custom cargo build-dir, see instead `cargo::cargo_bin_cmd!`
[INFO] [stderr]    --> tests/create_test.rs:292:28
[INFO] [stderr]     |
[INFO] [stderr] 292 |     let mut cmd = Command::cargo_bin("taskgun").unwrap();
[INFO] [stderr]     |                            ^^^^^^^^^
[INFO] [stderr] 
[INFO] [stderr] warning: use of deprecated associated function `assert_cmd::Command::cargo_bin`: incompatible with a custom cargo build-dir, see instead `cargo::cargo_bin_cmd!`
[INFO] [stderr]    --> tests/create_test.rs:312:28
[INFO] [stderr]     |
[INFO] [stderr] 312 |     let mut cmd = Command::cargo_bin("taskgun").unwrap();
[INFO] [stderr]     |                            ^^^^^^^^^
[INFO] [stderr] 
[INFO] [stderr] warning: field `temp_dir` is never read
[INFO] [stderr]  --> tests/create_test.rs:9:5
[INFO] [stderr]   |
[INFO] [stderr] 8 | struct TestEnv {
[INFO] [stderr]   |        ------- field in this struct
[INFO] [stderr] 9 |     temp_dir: TempDir,
[INFO] [stderr]   |     ^^^^^^^^
[INFO] [stderr]   |
[INFO] [stderr]   = note: `#[warn(dead_code)]` (part of `#[warn(unused)]`) on by default
[INFO] [stderr] 
[INFO] [stderr] warning: use of deprecated associated function `assert_cmd::Command::cargo_bin`: incompatible with a custom cargo build-dir, see instead `cargo::cargo_bin_cmd!`
[INFO] [stderr]    --> tests/plan_test.rs:108:28
[INFO] [stderr]     |
[INFO] [stderr] 108 |     let mut cmd = Command::cargo_bin("taskgun").unwrap();
[INFO] [stderr]     |                            ^^^^^^^^^
[INFO] [stderr]     |
[INFO] [stderr]     = note: `#[warn(deprecated)]` on by default
[INFO] [stderr] 
[INFO] [stderr] warning: use of deprecated associated function `assert_cmd::Command::cargo_bin`: incompatible with a custom cargo build-dir, see instead `cargo::cargo_bin_cmd!`
[INFO] [stderr]    --> tests/plan_test.rs:139:28
[INFO] [stderr]     |
[INFO] [stderr] 139 |     let mut cmd = Command::cargo_bin("taskgun").unwrap();
[INFO] [stderr]     |                            ^^^^^^^^^
[INFO] [stderr] 
[INFO] [stderr] warning: use of deprecated associated function `assert_cmd::Command::cargo_bin`: incompatible with a custom cargo build-dir, see instead `cargo::cargo_bin_cmd!`
[INFO] [stderr]    --> tests/plan_test.rs:152:28
[INFO] [stderr]     |
[INFO] [stderr] 152 |     let mut cmd = Command::cargo_bin("taskgun").unwrap();
[INFO] [stderr]     |                            ^^^^^^^^^
[INFO] [stderr] 
[INFO] [stderr] warning: use of deprecated associated function `assert_cmd::Command::cargo_bin`: incompatible with a custom cargo build-dir, see instead `cargo::cargo_bin_cmd!`
[INFO] [stderr]    --> tests/plan_test.rs:183:28
[INFO] [stderr]     |
[INFO] [stderr] 183 |     let mut cmd = Command::cargo_bin("taskgun").unwrap();
[INFO] [stderr]     |                            ^^^^^^^^^
[INFO] [stderr] 
[INFO] [stderr] warning: use of deprecated associated function `assert_cmd::Command::cargo_bin`: incompatible with a custom cargo build-dir, see instead `cargo::cargo_bin_cmd!`
[INFO] [stderr]    --> tests/plan_test.rs:206:28
[INFO] [stderr]     |
[INFO] [stderr] 206 |     let mut cmd = Command::cargo_bin("taskgun").unwrap();
[INFO] [stderr]     |                            ^^^^^^^^^
[INFO] [stderr] 
[INFO] [stderr] warning: field `temp_dir` is never read
[INFO] [stderr]  --> tests/plan_test.rs:9:5
[INFO] [stderr]   |
[INFO] [stderr] 8 | struct TestEnv {
[INFO] [stderr]   |        ------- field in this struct
[INFO] [stderr] 9 |     temp_dir: TempDir,
[INFO] [stderr]   |     ^^^^^^^^
[INFO] [stderr]   |
[INFO] [stderr]   = note: `#[warn(dead_code)]` (part of `#[warn(unused)]`) on by default
[INFO] [stderr] 
[INFO] [stderr] warning: `taskgun` (test "add_open_test") generated 3 warnings
[INFO] [stderr] warning: `taskgun` (test "main_test") generated 10 warnings
[INFO] [stderr] warning: `taskgun` (bin "taskgun" test) generated 2 warnings
[INFO] [stderr] warning: `taskgun` (test "search_test") generated 15 warnings
[INFO] [stderr] warning: `taskgun` (test "create_test") generated 11 warnings
[INFO] [stderr] warning: `taskgun` (test "plan_test") generated 6 warnings
[INFO] [stderr]     Finished `release` profile [optimized] target(s) in 0.12s
[INFO] [stderr]      Running unittests src/main.rs (/opt/rustwide/target/release/deps/taskgun-67536a3d0f21eaa5)
[INFO] [stdout] 
[INFO] [stdout] running 96 tests
[INFO] [stdout] test commands::create::tests::test_duration_parse ... ok
[INFO] [stdout] test commands::create::tests::test_generate_task_names_hierarchical ... ok
[INFO] [stdout] test commands::create::tests::test_generate_task_names_complex_hierarchy ... ok
[INFO] [stdout] test commands::done::tests::test_done_args ... ok
[INFO] [stdout] test commands::create::tests::test_format_relative_days ... ok
[INFO] [stdout] test commands::create::tests::test_format_for_taskwarrior ... ok
[INFO] [stdout] test commands::due::tests::test_build_week_filter ... ok
[INFO] [stdout] test commands::due::tests::test_parse_pattern_1d ... ok
[INFO] [stdout] test commands::create::tests::test_task_name_edge_cases ... ok
[INFO] [stdout] test commands::due::tests::test_parse_pattern_2d ... ok
[INFO] [stdout] test commands::due::tests::test_parse_pattern_2m ... ok
[INFO] [stdout] test commands::due::tests::test_parse_pattern_2w ... ok
[INFO] [stdout] test commands::due::tests::test_parse_pattern_7d ... ok
[INFO] [stdout] test commands::due::tests::test_count_tasks ... ok
[INFO] [stdout] test commands::create::tests::test_task_name_format ... ok
[INFO] [stdout] test commands::create::tests::test_generate_task_names_invalid ... ok
[INFO] [stdout] test commands::due::tests::test_parse_pattern_case_insensitive ... ok
[INFO] [stdout] test commands::due::tests::test_describe_pattern ... ok
[INFO] [stdout] test commands::due::tests::test_parse_pattern_1m ... ok
[INFO] [stdout] test commands::due::tests::test_parse_pattern_d1 ... ok
[INFO] [stdout] test commands::due::tests::test_parse_pattern_d2 ... ok
[INFO] [stdout] test commands::due::tests::test_parse_pattern_m1 ... ok
[INFO] [stdout] test commands::due::tests::test_parse_pattern_m2 ... ok
[INFO] [stdout] test commands::due::tests::test_parse_pattern_w1 ... ok
[INFO] [stdout] test commands::open::tests::test_open_args ... ok
[INFO] [stdout] test commands::due::tests::test_parse_pattern_w2 ... ok
[INFO] [stdout] test commands::due::tests::test_parse_pattern_1w ... ok
[INFO] [stdout] test commands::link::tests::test_link_args_id_only ... ok
[INFO] [stdout] test commands::create::tests::test_generate_task_names_simple ... ok
[INFO] [stdout] test commands::due::tests::test_parse_pattern_d3 ... ok
[INFO] [stdout] test commands::due::tests::test_parse_pattern_invalid ... ok
[INFO] [stdout] test commands::link::tests::test_link_args_task_parts_only ... ok
[INFO] [stdout] test commands::plan::tests::test_extract_task_id_valid_line ... ok
[INFO] [stdout] test commands::create::tests::test_generate_task_names_large_count ... ok
[INFO] [stdout] test commands::plan::tests::test_plan_args_without_command ... ok
[INFO] [stdout] test commands::plan::tests::test_strip_ansi ... ok
[INFO] [stdout] test commands::due::tests::test_build_day_filter ... ok
[INFO] [stdout] test commands::create::tests::test_parse_subsections ... ok
[INFO] [stdout] test commands::plan::tests::test_count_tasks ... ok
[INFO] [stdout] test commands::plan::tests::test_extract_task_id_empty_line ... ok
[INFO] [stdout] test commands::plan::tests::test_extract_task_id_header_line ... ok
[INFO] [stdout] test commands::plan::tests::test_extract_task_id_separator_line ... ok
[INFO] [stdout] test commands::plan::tests::test_extract_task_id_with_ansi_codes ... ok
[INFO] [stdout] test commands::plan::tests::test_plan_args_with_command ... ok
[INFO] [stdout] test commands::search::tests::test_extract_task_id_separator_line ... ok
[INFO] [stdout] test commands::search::tests::test_count_tasks ... ok
[INFO] [stdout] test commands::search::tests::test_extract_task_id_header_line ... ok
[INFO] [stdout] test commands::search::tests::test_extract_task_id_non_numeric ... ok
[INFO] [stdout] test commands::search::tests::test_extract_task_id_empty_line ... ok
[INFO] [stdout] test commands::search::tests::test_print_with_sequence_breaks_sequential_ids ... ok
[INFO] [stdout] test commands::search::tests::test_print_with_sequence_breaks_large_gap ... ok
[INFO] [stdout] test commands::search::tests::test_search_args_defaults ... ok
[INFO] [stdout] test commands::search::tests::test_search_args_with_regex ... ok
[INFO] [stdout] test commands::search::tests::test_extract_task_id_valid_line ... ok
[INFO] [stdout] test commands::search::tests::test_extract_task_id_with_whitespace ... ok
[INFO] [stdout] test commands::search::tests::test_print_with_sequence_breaks_single_task ... ok
[INFO] [stdout] test commands::search::tests::test_strip_ansi ... ok
[INFO] [stdout] test commands::search::tests::test_sort_order_enum_values ... ok
[INFO] [stdout] test commands::search::tests::test_extract_task_id_whitespace_only ... ok
[INFO] [stdout] test commands::search::tests::test_extract_task_id_with_ansi_codes ... ok
[INFO] [stdout] test commands::search::tests::test_print_with_sequence_breaks_empty_output ... ok
[INFO] [stdout] test scheduling::tests::test_day_mode_scheduling ... ok
[INFO] [stdout] test scheduling::tests::test_minute_mode_scheduling ... ok
[INFO] [stdout] test skip::tests::test_is_day_name ... ok
[INFO] [stdout] test scheduling::tests::test_hour_mode_chains_from_resolved_times ... ok
[INFO] [stdout] test scheduling::tests::test_hour_mode_with_skip_time_range ... ok
[INFO] [stdout] test commands::search::tests::test_print_with_sequence_breaks_non_sequential_ids ... ok
[INFO] [stdout] test scheduling::tests::test_multiple_skip_rules ... ok
[INFO] [stdout] test scheduling::tests::test_skip_weekends_day_mode ... ok
[INFO] [stdout] test commands::create::tests::test_duration_parse_edge_cases ... ok
[INFO] [stdout] test scheduling::tests::test_minute_mode_with_skip_time_range ... ok
[INFO] [stdout] test commands::create::tests::test_duration_parse_invalid ... ok
[INFO] [stdout] test skip::tests::test_parse_days ... ok
[INFO] [stdout] test commands::due::tests::test_build_month_filter ... ok
[INFO] [stdout] test skip::tests::test_parse_days_whitespace ... ok
[INFO] [stdout] test skip::tests::test_parse_time_range_variants ... ok
[INFO] [stdout] test skip::tests::test_parse_skip_arg_direct ... ok
[INFO] [stdout] test commands::create::tests::test_parse_subsections_edge_cases ... ok
[INFO] [stdout] test skip::tests::test_parse_skip_arg_preset ... ok
[INFO] [stdout] test skip::tests::test_load_from_taskrc_missing ... ok
[INFO] [stdout] test skip::tests::test_parse_days_empty ... ok
[INFO] [stdout] test skip::tests::test_parse_time_range_invalid ... ok
[INFO] [stdout] test skip::tests::test_parse_skip_value ... ok
[INFO] [stdout] test commands::create::tests::test_parse_subsections_invalid ... ok
[INFO] [stdout] test skip::tests::test_parse_time_range ... ok
[INFO] [stdout] test skip::tests::test_parse_skip_value_invalid ... ok
[INFO] [stdout] test skip::tests::test_presets_defaults ... ok
[INFO] [stdout] test skip::tests::test_parse_day_all_variants ... ok
[INFO] [stdout] test skip::tests::test_parse_day_invalid ... ok
[INFO] [stdout] test skip::tests::test_skip_preset_get ... ok
[INFO] [stdout] test skip::tests::test_parse_days_duplicates ... ok
[INFO] [stdout] test tests::test_is_date_pattern ... ok
[INFO] [stdout] test taskwarrior::tests::test_add_task_with_due_date ... ok
[INFO] [stdout] test taskwarrior::tests::test_add_task_with_timestamp ... ok
[INFO] [stdout] test taskwarrior::tests::test_check_taskwarrior ... ok
[INFO] [stdout] test taskwarrior::tests::test_add_task_simple ... ok
[INFO] [stdout] 
[INFO] [stdout] test result: ok. 96 passed; 0 failed; 0 ignored; 0 measured; 0 filtered out; finished in 0.04s
[INFO] [stdout] 
[INFO] [stderr]      Running tests/add_open_test.rs (/opt/rustwide/target/release/deps/add_open_test-dfa1ba0134d0bb08)
[INFO] [stdout] 
[INFO] [stdout] running 5 tests
[INFO] [stdout] test test_open_command_help ... ok
[INFO] [stdout] test test_link_command_help ... ok
[INFO] [stdout] test test_link_command_no_args ... FAILED
[INFO] [stdout] test test_link_command_mutually_exclusive ... FAILED
[INFO] [stdout] test test_open_command_task_not_found ... FAILED
[INFO] [stdout] 
[INFO] [stdout] failures:
[INFO] [stdout] 
[INFO] [stdout] ---- test_link_command_no_args stdout ----
[INFO] [stdout] 
[INFO] [stdout] thread 'test_link_command_no_args' (1610) panicked at /rustc/dfb0accb7f508ae8be965d8629557221c889dd98/library/core/src/ops/function.rs:250:5:
[INFO] [stdout] Unexpected stderr, failed var.contains(Provide either a task description or -i <id>)
[INFO] [stdout] ├── var: Error: Taskwarrior must be installed to use taskgun
[INFO] [stdout] │   
[INFO] [stdout] │   Caused by:
[INFO] [stdout] │       0: Failed to execute 'task --version'. Is Taskwarrior installed?
[INFO] [stdout] │       1: No such file or directory (os error 2)
[INFO] [stdout] │   
[INFO] [stdout] │   Stack backtrace:
[INFO] [stdout] │      0: <core::io::error::Error as anyhow::context::ext::StdError>::ext_context::<&str>
[INFO] [stdout] │      1: taskgun::taskwarrior::check_taskwarrior
[INFO] [stdout] │      2: taskgun::commands::link::execute
[INFO] [stdout] │      3: taskgun::main
[INFO] [stdout] │      4: std::sys::backtrace::__rust_begin_short_backtrace::<fn() -> core::result::Result<(), anyhow::Error>, core::result::Result<(), anyhow::Error>>
[INFO] [stdout] │      5: std::rt::lang_start::<core::result::Result<(), anyhow::Error>>::{closure#0}
[INFO] [stdout] │      6: std::rt::lang_start_internal
[INFO] [stdout] │      7: main
[INFO] [stdout] │      8: <unknown>
[INFO] [stdout] │      9: __libc_start_main
[INFO] [stdout] │     10: _start
[INFO] [stdout] └── var as str: Error: Taskwarrior must be installed to use taskgun
[INFO] [stdout]     
[INFO] [stdout]     Caused by:
[INFO] [stdout]         0: Failed to execute 'task --version'. Is Taskwarrior installed?
[INFO] [stdout]         1: No such file or directory (os error 2)
[INFO] [stdout]     
[INFO] [stdout]     Stack backtrace:
[INFO] [stdout]        0: <core::io::error::Error as anyhow::context::ext::StdError>::ext_context::<&str>
[INFO] [stdout]        1: taskgun::taskwarrior::check_taskwarrior
[INFO] [stdout]        2: taskgun::commands::link::execute
[INFO] [stdout]        3: taskgun::main
[INFO] [stdout]        4: std::sys::backtrace::__rust_begin_short_backtrace::<fn() -> core::result::Result<(), anyhow::Error>, core::result::Result<(), anyhow::Error>>
[INFO] [stdout]        5: std::rt::lang_start::<core::result::Result<(), anyhow::Error>>::{closure#0}
[INFO] [stdout]        6: std::rt::lang_start_internal
[INFO] [stdout]        7: main
[INFO] [stdout]        8: <unknown>
[INFO] [stdout]        9: __libc_start_main
[INFO] [stdout]       10: _start
[INFO] [stdout] 
[INFO] [stdout] command=`TASKDATA="/tmp/.tmp10eUI8/task_data" TASKRC="/tmp/.tmp10eUI8/taskrc" "/opt/rustwide/target/release/taskgun" "link"`
[INFO] [stdout] code=1
[INFO] [stdout] stdout=""
[INFO] [stdout] stderr=```
[INFO] [stdout] Error: Taskwarrior must be installed to use taskgun
[INFO] [stdout] 
[INFO] [stdout] Caused by:
[INFO] [stdout]     0: Failed to execute \'task --version\'. Is Taskwarrior installed?
[INFO] [stdout]     1: No such file or directory (os error 2)
[INFO] [stdout] 
[INFO] [stdout] Stack backtrace:
[INFO] [stdout]    0: <core::io::error::Error as anyhow::context::ext::StdError>::ext_context::<&str>
[INFO] [stdout]    1: taskgun::taskwarrior::check_taskwarrior
[INFO] [stdout]    2: taskgun::commands::link::execute
[INFO] [stdout]    3: taskgun::main
[INFO] [stdout]    4: std::sys::backtrace::__rust_begin_short_backtrace::<fn() -> core::result::Result<(), anyhow::Error>, core::result::Result<(), anyhow::Error>>
[INFO] [stdout]    5: std::rt::lang_start::<core::result::Result<(), anyhow::Error>>::{closure#0}
[INFO] [stdout]    6: std::rt::lang_start_internal
[INFO] [stdout]    7: main
[INFO] [stdout]    8: <unknown>
[INFO] [stdout]    9: __libc_start_main
[INFO] [stdout]   10: _start
[INFO] [stdout] ```
[INFO] [stdout] 
[INFO] [stdout] 
[INFO] [stdout] stack backtrace:
[INFO] [stdout]    0:     0x5dac16e64f91 - <<std[70759c8f55707aa4]::sys::backtrace::BacktraceLock>::print::DisplayBacktrace as core[df12db4294e9bfd3]::fmt::Display>::fmt
[INFO] [stdout]    1:     0x5dac16e7bcba - core[df12db4294e9bfd3]::fmt::write
[INFO] [stdout]    2:     0x5dac16e6aa9c - <alloc[2182bb758b4b3781]::vec::Vec<u8> as core[df12db4294e9bfd3]::io::write::Write>::write_fmt
[INFO] [stdout]    3:     0x5dac16e3f6c6 - std[70759c8f55707aa4]::panicking::default_hook::{closure#0}
[INFO] [stdout]    4:     0x5dac16e5cc09 - std[70759c8f55707aa4]::panicking::default_hook
[INFO] [stdout]    5:     0x5dac16de7b20 - test[9d35eded1c95d3be]::test_main_inner::<test[9d35eded1c95d3be]::test_main_static::{closure#0}>::{closure#0}
[INFO] [stdout]    6:     0x5dac16e5cdc2 - std[70759c8f55707aa4]::panicking::panic_with_hook
[INFO] [stdout]    7:     0x5dac16e3f772 - std[70759c8f55707aa4]::panicking::panic_handler::{closure#0}
[INFO] [stdout]    8:     0x5dac16e383d9 - std[70759c8f55707aa4]::sys::backtrace::__rust_end_short_backtrace::<std[70759c8f55707aa4]::panicking::panic_handler::{closure#0}, !>
[INFO] [stdout]    9:     0x5dac16e4036d - __rustc[8fa7c3cbc660c2b3]::rust_begin_unwind
[INFO] [stdout]   10:     0x5dac16e7c46c - core[df12db4294e9bfd3]::panicking::panic_fmt
[INFO] [stdout]   11:     0x5dac16dd79e4 - <assert_cmd[a6682c3b57dc8ee3]::assert::AssertError>::panic::<assert_cmd[a6682c3b57dc8ee3]::assert::Assert>
[INFO] [stdout]   12:     0x5dac16dda645 - <add_open_test[6abda5c1910e00e1]::test_link_command_no_args::{closure#0} as core[df12db4294e9bfd3]::ops::function::FnOnce<()>>::call_once
[INFO] [stdout]   13:     0x5dac16ddae0b - test[9d35eded1c95d3be]::__rust_begin_short_backtrace::<core[df12db4294e9bfd3]::result::Result<(), alloc[2182bb758b4b3781]::string::String>, fn() -> core[df12db4294e9bfd3]::result::Result<(), alloc[2182bb758b4b3781]::string::String>>
[INFO] [stdout]   14:     0x5dac16de8475 - test[9d35eded1c95d3be]::run_test::{closure#0}
[INFO] [stdout]   15:     0x5dac16de1d34 - std[70759c8f55707aa4]::sys::backtrace::__rust_begin_short_backtrace::<test[9d35eded1c95d3be]::run_test::{closure#1}, ()>
[INFO] [stdout]   16:     0x5dac16deb5d2 - <std[70759c8f55707aa4]::thread::lifecycle::spawn_unchecked<test[9d35eded1c95d3be]::run_test::{closure#1}, ()>::{closure#1} as core[df12db4294e9bfd3]::ops::function::FnOnce<()>>::call_once::{shim:vtable#0}
[INFO] [stdout]   17:     0x5dac16e645f9 - <std[70759c8f55707aa4]::sys::thread::unix::Thread>::new::thread_start
[INFO] [stdout]   18:     0x7fc7cb08edfa - <unknown>
[INFO] [stdout]   19:     0x7fc7cb1223d4 - clone
[INFO] [stdout]   20:                0x0 - <unknown>
[INFO] [stdout] 
[INFO] [stdout] ---- test_link_command_mutually_exclusive stdout ----
[INFO] [stdout] 
[INFO] [stdout] thread 'test_link_command_mutually_exclusive' (1609) panicked at /rustc/dfb0accb7f508ae8be965d8629557221c889dd98/library/core/src/ops/function.rs:250:5:
[INFO] [stdout] Unexpected stderr, failed var.contains(Cannot use -i/--id together with a task description)
[INFO] [stdout] ├── var: Error: Taskwarrior must be installed to use taskgun
[INFO] [stdout] │   
[INFO] [stdout] │   Caused by:
[INFO] [stdout] │       0: Failed to execute 'task --version'. Is Taskwarrior installed?
[INFO] [stdout] │       1: No such file or directory (os error 2)
[INFO] [stdout] │   
[INFO] [stdout] │   Stack backtrace:
[INFO] [stdout] │      0: <core::io::error::Error as anyhow::context::ext::StdError>::ext_context::<&str>
[INFO] [stdout] │      1: taskgun::taskwarrior::check_taskwarrior
[INFO] [stdout] │      2: taskgun::commands::link::execute
[INFO] [stdout] │      3: taskgun::main
[INFO] [stdout] │      4: std::sys::backtrace::__rust_begin_short_backtrace::<fn() -> core::result::Result<(), anyhow::Error>, core::result::Result<(), anyhow::Error>>
[INFO] [stdout] │      5: std::rt::lang_start::<core::result::Result<(), anyhow::Error>>::{closure#0}
[INFO] [stdout] │      6: std::rt::lang_start_internal
[INFO] [stdout] │      7: main
[INFO] [stdout] │      8: <unknown>
[INFO] [stdout] │      9: __libc_start_main
[INFO] [stdout] │     10: _start
[INFO] [stdout] └── var as str: Error: Taskwarrior must be installed to use taskgun
[INFO] [stdout]     
[INFO] [stdout]     Caused by:
[INFO] [stdout]         0: Failed to execute 'task --version'. Is Taskwarrior installed?
[INFO] [stdout]         1: No such file or directory (os error 2)
[INFO] [stdout]     
[INFO] [stdout]     Stack backtrace:
[INFO] [stdout]        0: <core::io::error::Error as anyhow::context::ext::StdError>::ext_context::<&str>
[INFO] [stdout]        1: taskgun::taskwarrior::check_taskwarrior
[INFO] [stdout]        2: taskgun::commands::link::execute
[INFO] [stdout]        3: taskgun::main
[INFO] [stdout]        4: std::sys::backtrace::__rust_begin_short_backtrace::<fn() -> core::result::Result<(), anyhow::Error>, core::result::Result<(), anyhow::Error>>
[INFO] [stdout]        5: std::rt::lang_start::<core::result::Result<(), anyhow::Error>>::{closure#0}
[INFO] [stdout]        6: std::rt::lang_start_internal
[INFO] [stdout]        7: main
[INFO] [stdout]        8: <unknown>
[INFO] [stdout]        9: __libc_start_main
[INFO] [stdout]       10: _start
[INFO] [stdout] 
[INFO] [stdout] command=`TASKDATA="/tmp/.tmpKXjp1I/task_data" TASKRC="/tmp/.tmpKXjp1I/taskrc" "/opt/rustwide/target/release/taskgun" "link" "-i" "5" "some task"`
[INFO] [stdout] code=1
[INFO] [stdout] stdout=""
[INFO] [stdout] stderr=```
[INFO] [stdout] Error: Taskwarrior must be installed to use taskgun
[INFO] [stdout] 
[INFO] [stdout] Caused by:
[INFO] [stdout]     0: Failed to execute \'task --version\'. Is Taskwarrior installed?
[INFO] [stdout]     1: No such file or directory (os error 2)
[INFO] [stdout] 
[INFO] [stdout] Stack backtrace:
[INFO] [stdout]    0: <core::io::error::Error as anyhow::context::ext::StdError>::ext_context::<&str>
[INFO] [stdout]    1: taskgun::taskwarrior::check_taskwarrior
[INFO] [stdout]    2: taskgun::commands::link::execute
[INFO] [stdout]    3: taskgun::main
[INFO] [stdout]    4: std::sys::backtrace::__rust_begin_short_backtrace::<fn() -> core::result::Result<(), anyhow::Error>, core::result::Result<(), anyhow::Error>>
[INFO] [stdout]    5: std::rt::lang_start::<core::result::Result<(), anyhow::Error>>::{closure#0}
[INFO] [stdout]    6: std::rt::lang_start_internal
[INFO] [stdout]    7: main
[INFO] [stdout]    8: <unknown>
[INFO] [stdout]    9: __libc_start_main
[INFO] [stdout]   10: _start
[INFO] [stdout] ```
[INFO] [stdout] 
[INFO] [stdout] 
[INFO] [stdout] stack backtrace:
[INFO] [stdout]    0:     0x5dac16e64f91 - <<std[70759c8f55707aa4]::sys::backtrace::BacktraceLock>::print::DisplayBacktrace as core[df12db4294e9bfd3]::fmt::Display>::fmt
[INFO] [stdout]    1:     0x5dac16e7bcba - core[df12db4294e9bfd3]::fmt::write
[INFO] [stdout]    2:     0x5dac16e6aa9c - <alloc[2182bb758b4b3781]::vec::Vec<u8> as core[df12db4294e9bfd3]::io::write::Write>::write_fmt
[INFO] [stdout]    3:     0x5dac16e3f6c6 - std[70759c8f55707aa4]::panicking::default_hook::{closure#0}
[INFO] [stdout]    4:     0x5dac16e5cc09 - std[70759c8f55707aa4]::panicking::default_hook
[INFO] [stdout]    5:     0x5dac16de7b20 - test[9d35eded1c95d3be]::test_main_inner::<test[9d35eded1c95d3be]::test_main_static::{closure#0}>::{closure#0}
[INFO] [stdout]    6:     0x5dac16e5cdc2 - std[70759c8f55707aa4]::panicking::panic_with_hook
[INFO] [stdout]    7:     0x5dac16e3f772 - std[70759c8f55707aa4]::panicking::panic_handler::{closure#0}
[INFO] [stdout]    8:     0x5dac16e383d9 - std[70759c8f55707aa4]::sys::backtrace::__rust_end_short_backtrace::<std[70759c8f55707aa4]::panicking::panic_handler::{closure#0}, !>
[INFO] [stdout]    9:     0x5dac16e4036d - __rustc[8fa7c3cbc660c2b3]::rust_begin_unwind
[INFO] [stdout]   10:     0x5dac16e7c46c - core[df12db4294e9bfd3]::panicking::panic_fmt
[INFO] [stdout]   11:     0x5dac16dd79e4 - <assert_cmd[a6682c3b57dc8ee3]::assert::AssertError>::panic::<assert_cmd[a6682c3b57dc8ee3]::assert::Assert>
[INFO] [stdout]   12:     0x5dac16ddac8a - <add_open_test[6abda5c1910e00e1]::test_link_command_mutually_exclusive::{closure#0} as core[df12db4294e9bfd3]::ops::function::FnOnce<()>>::call_once
[INFO] [stdout]   13:     0x5dac16ddae0b - test[9d35eded1c95d3be]::__rust_begin_short_backtrace::<core[df12db4294e9bfd3]::result::Result<(), alloc[2182bb758b4b3781]::string::String>, fn() -> core[df12db4294e9bfd3]::result::Result<(), alloc[2182bb758b4b3781]::string::String>>
[INFO] [stdout]   14:     0x5dac16de8475 - test[9d35eded1c95d3be]::run_test::{closure#0}
[INFO] [stdout]   15:     0x5dac16de1d34 - std[70759c8f55707aa4]::sys::backtrace::__rust_begin_short_backtrace::<test[9d35eded1c95d3be]::run_test::{closure#1}, ()>
[INFO] [stdout]   16:     0x5dac16deb5d2 - <std[70759c8f55707aa4]::thread::lifecycle::spawn_unchecked<test[9d35eded1c95d3be]::run_test::{closure#1}, ()>::{closure#1} as core[df12db4294e9bfd3]::ops::function::FnOnce<()>>::call_once::{shim:vtable#0}
[INFO] [stdout]   17:     0x5dac16e645f9 - <std[70759c8f55707aa4]::sys::thread::unix::Thread>::new::thread_start
[INFO] [stdout]   18:     0x7fc7cb08edfa - <unknown>
[INFO] [stdout]   19:     0x7fc7cb1223d4 - clone
[INFO] [stdout]   20:                0x0 - <unknown>
[INFO] [stdout] 
[INFO] [stdout] ---- test_open_command_task_not_found stdout ----
[INFO] [stdout] 
[INFO] [stdout] thread 'test_open_command_task_not_found' (1612) panicked at /rustc/dfb0accb7f508ae8be965d8629557221c889dd98/library/core/src/ops/function.rs:250:5:
[INFO] [stdout] Unexpected stderr, failed var.contains(Task 999 not found)
[INFO] [stdout] ├── var: Error: Taskwarrior must be installed to use taskgun
[INFO] [stdout] │   
[INFO] [stdout] │   Caused by:
[INFO] [stdout] │       0: Failed to execute 'task --version'. Is Taskwarrior installed?
[INFO] [stdout] │       1: No such file or directory (os error 2)
[INFO] [stdout] │   
[INFO] [stdout] │   Stack backtrace:
[INFO] [stdout] │      0: <core::io::error::Error as anyhow::context::ext::StdError>::ext_context::<&str>
[INFO] [stdout] │      1: taskgun::taskwarrior::check_taskwarrior
[INFO] [stdout] │      2: taskgun::commands::open::execute
[INFO] [stdout] │      3: taskgun::main
[INFO] [stdout] │      4: std::sys::backtrace::__rust_begin_short_backtrace::<fn() -> core::result::Result<(), anyhow::Error>, core::result::Result<(), anyhow::Error>>
[INFO] [stdout] │      5: std::rt::lang_start::<core::result::Result<(), anyhow::Error>>::{closure#0}
[INFO] [stdout] │      6: std::rt::lang_start_internal
[INFO] [stdout] │      7: main
[INFO] [stdout] │      8: <unknown>
[INFO] [stdout] │      9: __libc_start_main
[INFO] [stdout] │     10: _start
[INFO] [stdout] └── var as str: Error: Taskwarrior must be installed to use taskgun
[INFO] [stdout]     
[INFO] [stdout]     Caused by:
[INFO] [stdout]         0: Failed to execute 'task --version'. Is Taskwarrior installed?
[INFO] [stdout]         1: No such file or directory (os error 2)
[INFO] [stdout]     
[INFO] [stdout]     Stack backtrace:
[INFO] [stdout]        0: <core::io::error::Error as anyhow::context::ext::StdError>::ext_context::<&str>
[INFO] [stdout]        1: taskgun::taskwarrior::check_taskwarrior
[INFO] [stdout]        2: taskgun::commands::open::execute
[INFO] [stdout]        3: taskgun::main
[INFO] [stdout]        4: std::sys::backtrace::__rust_begin_short_backtrace::<fn() -> core::result::Result<(), anyhow::Error>, core::result::Result<(), anyhow::Error>>
[INFO] [stdout]        5: std::rt::lang_start::<core::result::Result<(), anyhow::Error>>::{closure#0}
[INFO] [stdout]        6: std::rt::lang_start_internal
[INFO] [stdout]        7: main
[INFO] [stdout]        8: <unknown>
[INFO] [stdout]        9: __libc_start_main
[INFO] [stdout]       10: _start
[INFO] [stdout] 
[INFO] [stdout] command=`TASKDATA="/tmp/.tmpT6HLiB/task_data" TASKRC="/tmp/.tmpT6HLiB/taskrc" "/opt/rustwide/target/release/taskgun" "open" "999"`
[INFO] [stdout] code=1
[INFO] [stdout] stdout=""
[INFO] [stdout] stderr=```
[INFO] [stdout] Error: Taskwarrior must be installed to use taskgun
[INFO] [stdout] 
[INFO] [stdout] Caused by:
[INFO] [stdout]     0: Failed to execute \'task --version\'. Is Taskwarrior installed?
[INFO] [stdout]     1: No such file or directory (os error 2)
[INFO] [stdout] 
[INFO] [stdout] Stack backtrace:
[INFO] [stdout]    0: <core::io::error::Error as anyhow::context::ext::StdError>::ext_context::<&str>
[INFO] [stdout]    1: taskgun::taskwarrior::check_taskwarrior
[INFO] [stdout]    2: taskgun::commands::open::execute
[INFO] [stdout]    3: taskgun::main
[INFO] [stdout]    4: std::sys::backtrace::__rust_begin_short_backtrace::<fn() -> core::result::Result<(), anyhow::Error>, core::result::Result<(), anyhow::Error>>
[INFO] [stdout]    5: std::rt::lang_start::<core::result::Result<(), anyhow::Error>>::{closure#0}
[INFO] [stdout]    6: std::rt::lang_start_internal
[INFO] [stdout]    7: main
[INFO] [stdout]    8: <unknown>
[INFO] [stdout]    9: __libc_start_main
[INFO] [stdout]   10: _start
[INFO] [stdout] ```
[INFO] [stdout] 
[INFO] [stdout] 
[INFO] [stdout] stack backtrace:
[INFO] [stdout]    0:     0x5dac16e64f91 - <<std[70759c8f55707aa4]::sys::backtrace::BacktraceLock>::print::DisplayBacktrace as core[df12db4294e9bfd3]::fmt::Display>::fmt
[INFO] [stdout]    1:     0x5dac16e7bcba - core[df12db4294e9bfd3]::fmt::write
[INFO] [stdout]    2:     0x5dac16e6aa9c - <alloc[2182bb758b4b3781]::vec::Vec<u8> as core[df12db4294e9bfd3]::io::write::Write>::write_fmt
[INFO] [stdout]    3:     0x5dac16e3f6c6 - std[70759c8f55707aa4]::panicking::default_hook::{closure#0}
[INFO] [stdout]    4:     0x5dac16e5cc09 - std[70759c8f55707aa4]::panicking::default_hook
[INFO] [stdout]    5:     0x5dac16de7b20 - test[9d35eded1c95d3be]::test_main_inner::<test[9d35eded1c95d3be]::test_main_static::{closure#0}>::{closure#0}
[INFO] [stdout]    6:     0x5dac16e5cdc2 - std[70759c8f55707aa4]::panicking::panic_with_hook
[INFO] [stdout]    7:     0x5dac16e3f772 - std[70759c8f55707aa4]::panicking::panic_handler::{closure#0}
[INFO] [stdout]    8:     0x5dac16e383d9 - std[70759c8f55707aa4]::sys::backtrace::__rust_end_short_backtrace::<std[70759c8f55707aa4]::panicking::panic_handler::{closure#0}, !>
[INFO] [stdout]    9:     0x5dac16e4036d - __rustc[8fa7c3cbc660c2b3]::rust_begin_unwind
[INFO] [stdout]   10:     0x5dac16e7c46c - core[df12db4294e9bfd3]::panicking::panic_fmt
[INFO] [stdout]   11:     0x5dac16dd79e4 - <assert_cmd[a6682c3b57dc8ee3]::assert::AssertError>::panic::<assert_cmd[a6682c3b57dc8ee3]::assert::Assert>
[INFO] [stdout]   12:     0x5dac16dda93f - <add_open_test[6abda5c1910e00e1]::test_open_command_task_not_found::{closure#0} as core[df12db4294e9bfd3]::ops::function::FnOnce<()>>::call_once
[INFO] [stdout]   13:     0x5dac16ddae0b - test[9d35eded1c95d3be]::__rust_begin_short_backtrace::<core[df12db4294e9bfd3]::result::Result<(), alloc[2182bb758b4b3781]::string::String>, fn() -> core[df12db4294e9bfd3]::result::Result<(), alloc[2182bb758b4b3781]::string::String>>
[INFO] [stdout]   14:     0x5dac16de8475 - test[9d35eded1c95d3be]::run_test::{closure#0}
[INFO] [stdout]   15:     0x5dac16de1d34 - std[70759c8f55707aa4]::sys::backtrace::__rust_begin_short_backtrace::<test[9d35eded1c95d3be]::run_test::{closure#1}, ()>
[INFO] [stdout]   16:     0x5dac16deb5d2 - <std[70759c8f55707aa4]::thread::lifecycle::spawn_unchecked<test[9d35eded1c95d3be]::run_test::{closure#1}, ()>::{closure#1} as core[df12db4294e9bfd3]::ops::function::FnOnce<()>>::call_once::{shim:vtable#0}
[INFO] [stdout]   17:     0x5dac16e645f9 - <std[70759c8f55707aa4]::sys::thread::unix::Thread>::new::thread_start
[INFO] [stdout]   18:     0x7fc7cb08edfa - <unknown>
[INFO] [stdout]   19:     0x7fc7cb1223d4 - clone
[INFO] [stdout]   20:                0x0 - <unknown>
[INFO] [stdout] 
[INFO] [stdout] 
[INFO] [stdout] failures:
[INFO] [stdout]     test_link_command_mutually_exclusive
[INFO] [stdout]     test_link_command_no_args
[INFO] [stdout]     test_open_command_task_not_found
[INFO] [stderr] error: test failed, to rerun pass `--test add_open_test`
[INFO] [stdout] 
[INFO] [stdout] test result: FAILED. 2 passed; 3 failed; 0 ignored; 0 measured; 0 filtered out; finished in 0.11s
[INFO] [stdout] 
[INFO] running `Command { std: "docker" "inspect" "fa1ade44f588927781fe745a08cc098391c1689746799c8b88019b775c03bb92", kill_on_drop: false }`
[INFO] running `Command { std: "docker" "rm" "-f" "fa1ade44f588927781fe745a08cc098391c1689746799c8b88019b775c03bb92", kill_on_drop: false }`
[INFO] [stdout] fa1ade44f588927781fe745a08cc098391c1689746799c8b88019b775c03bb92
