[INFO] fetching crate taskers-runtime 0.7.0...
[INFO] testing taskers-runtime-0.7.0 against 1.100.0-beta.1+cargoflags=--release for beta-release-1.100-2
[INFO] extracting crate taskers-runtime 0.7.0 into /workspace/builds/worker-5-tc2/source
[INFO] started tweaking crates.io crate taskers-runtime 0.7.0
[INFO] finished tweaking crates.io crate taskers-runtime 0.7.0
[INFO] tweaked toml for crates.io crate taskers-runtime 0.7.0 written to /workspace/builds/worker-5-tc2/source/Cargo.toml
[INFO] validating manifest of crates.io crate taskers-runtime 0.7.0 on toolchain 1.100.0-beta.1
[INFO] running `Command { std: CARGO_HOME="/workspace/cargo-home" RUSTUP_HOME="/workspace/rustup-home" "/workspace/cargo-home/bin/cargo" "+1.100.0-beta.1" "metadata" "--manifest-path" "Cargo.toml" "--no-deps", kill_on_drop: false }`
[INFO] crate crates.io crate taskers-runtime 0.7.0 already has a lockfile, it will not be regenerated
[INFO] running `Command { std: CARGO_HOME="/workspace/cargo-home" RUSTUP_HOME="/workspace/rustup-home" "/workspace/cargo-home/bin/cargo" "+1.100.0-beta.1" "fetch" "--manifest-path" "Cargo.toml", kill_on_drop: false }`
[INFO] [stderr] warning: `package.homepage` is redundant with `package.repository`
[INFO] [stderr]   --> Cargo.toml:39:12
[INFO] [stderr]    |
[INFO] [stderr] 39 | homepage = "https://github.com/OneNoted/taskers"
[INFO] [stderr]    |            ^^^^^^^^^^^^^^^^^^^^^^^^^^^^^^^^^^^^^
[INFO] [stderr] ...
[INFO] [stderr] 43 | repository = "https://github.com/OneNoted/taskers"
[INFO] [stderr]    |              -------------------------------------
[INFO] [stderr]    |
[INFO] [stderr]    = note: `cargo::redundant_homepage` is set to `warn` by default
[INFO] [stderr] help: consider removing `package.homepage`
[INFO] [stderr] warning: `taskers-runtime` (manifest) generated 1 warning
[INFO] running `Command { std: "docker" "create" "-v" "/var/lib/crater-agent-workspace/builds/worker-5-tc2/source:/opt/rustwide/workdir:ro,Z" "-v" "/var/lib/crater-agent-workspace/builds/worker-5-tc2/target:/opt/rustwide/target:rw,Z" "-v" "/var/lib/crater-agent-workspace/cargo-home:/opt/rustwide/cargo-home:ro,Z" "-v" "/var/lib/crater-agent-workspace/rustup-home:/opt/rustwide/rustup-home:ro,Z" "-m" "1610612736" "--network" "none" "ghcr.io/rust-lang/crates-build-env/linux@sha256:77db811e55d90add9212f6832c23229e3de5f1c1f9905e8cb07319ea15df73ac" "sleep" "infinity", kill_on_drop: false }`
[INFO] [stdout] df623c840af444c33d65ddcae9457ee59f7c0b411747d1f1f43184a853b940c9
[INFO] running `Command { std: "docker" "start" "df623c840af444c33d65ddcae9457ee59f7c0b411747d1f1f43184a853b940c9", kill_on_drop: false }`
[INFO] running `Command { std: "docker" "inspect" "df623c840af444c33d65ddcae9457ee59f7c0b411747d1f1f43184a853b940c9", kill_on_drop: false }`
[INFO] running `Command { std: "docker" "exec" "-e" "SOURCE_DIR=/opt/rustwide/workdir" "-e" "CARGO_HOME=/opt/rustwide/cargo-home" "-e" "RUSTUP_HOME=/opt/rustwide/rustup-home" "-e" "CARGO_TARGET_DIR=/opt/rustwide/target" "-w" "/opt/rustwide/workdir" "--user" "0:0" "df623c840af444c33d65ddcae9457ee59f7c0b411747d1f1f43184a853b940c9" "/opt/rustwide/cargo-home/bin/cargo" "+1.100.0-beta.1" "metadata" "--no-deps" "--format-version=1", kill_on_drop: false }`
[INFO] running `Command { std: "docker" "inspect" "df623c840af444c33d65ddcae9457ee59f7c0b411747d1f1f43184a853b940c9", kill_on_drop: false }`
[INFO] running `Command { std: "docker" "exec" "-e" "SOURCE_DIR=/opt/rustwide/workdir" "-e" "CARGO_HOME=/opt/rustwide/cargo-home" "-e" "RUSTUP_HOME=/opt/rustwide/rustup-home" "-e" "CARGO_TARGET_DIR=/opt/rustwide/target" "-e" "CARGO_INCREMENTAL=0" "-e" "RUST_BACKTRACE=full" "-e" "RUSTFLAGS=--cap-lints=warn" "-e" "RUSTDOCFLAGS=--cap-lints=warn" "-w" "/opt/rustwide/workdir" "--user" "0:0" "df623c840af444c33d65ddcae9457ee59f7c0b411747d1f1f43184a853b940c9" "/opt/rustwide/cargo-home/bin/cargo" "+1.100.0-beta.1" "build" "--frozen" "--message-format=json" "--release", kill_on_drop: false }`
[INFO] [stderr] warning: `package.homepage` is redundant with `package.repository`
[INFO] [stderr]   --> Cargo.toml:39:12
[INFO] [stderr]    |
[INFO] [stderr] 39 | homepage = "https://github.com/OneNoted/taskers"
[INFO] [stderr]    |            ^^^^^^^^^^^^^^^^^^^^^^^^^^^^^^^^^^^^^
[INFO] [stderr] ...
[INFO] [stderr] 43 | repository = "https://github.com/OneNoted/taskers"
[INFO] [stderr]    |              -------------------------------------
[INFO] [stderr]    |
[INFO] [stderr]    = note: `cargo::redundant_homepage` is set to `warn` by default
[INFO] [stderr] help: consider removing `package.homepage`
[INFO] [stderr] warning: `taskers-runtime` (manifest) generated 1 warning
[INFO] [stderr]    Compiling libc v0.2.183
[INFO] [stderr]    Compiling cfg_aliases v0.1.1
[INFO] [stderr]    Compiling getrandom v0.4.2
[INFO] [stderr]    Compiling anyhow v1.0.102
[INFO] [stderr]    Compiling time-core v0.1.8
[INFO] [stderr]    Compiling num-conv v0.2.0
[INFO] [stderr]    Compiling thiserror v2.0.18
[INFO] [stderr]    Compiling powerfmt v0.2.0
[INFO] [stderr]    Compiling syn v2.0.117
[INFO] [stderr]    Compiling serde_json v1.0.149
[INFO] [stderr]    Compiling indexmap v2.13.0
[INFO] [stderr]    Compiling downcast-rs v1.2.1
[INFO] [stderr]    Compiling shell-words v1.1.1
[INFO] [stderr]    Compiling taskers-paths v0.7.0
[INFO] [stderr]    Compiling nix v0.28.0
[INFO] [stderr]    Compiling deranged v0.5.8
[INFO] [stderr]    Compiling time-macros v0.2.27
[INFO] [stderr]    Compiling time v0.3.47
[INFO] [stderr]    Compiling serial2 v0.2.34
[INFO] [stderr]    Compiling uuid v1.22.0
[INFO] [stderr]    Compiling thiserror-impl v1.0.69
[INFO] [stderr]    Compiling thiserror-impl v2.0.18
[INFO] [stderr]    Compiling serde_derive v1.0.228
[INFO] [stderr]    Compiling thiserror v1.0.69
[INFO] [stderr]    Compiling filedescriptor v0.8.3
[INFO] [stderr]    Compiling portable-pty v0.9.0
[INFO] [stderr]    Compiling serde v1.0.228
[INFO] [stderr]    Compiling taskers-domain v0.7.0
[INFO] [stderr]    Compiling taskers-runtime v0.7.0 (/opt/rustwide/workdir)
[INFO] [stderr]     Finished `release` profile [optimized] target(s) in 26.59s
[INFO] [stderr] warning: the following packages contain code that will be rejected by a future version of Rust: nix v0.28.0
[INFO] [stderr] note: to see what the problems were, use the option `--future-incompat-report`, or run `cargo report future-incompatibilities --id 1`
[INFO] running `Command { std: "docker" "inspect" "df623c840af444c33d65ddcae9457ee59f7c0b411747d1f1f43184a853b940c9", kill_on_drop: false }`
[INFO] running `Command { std: "docker" "exec" "-e" "SOURCE_DIR=/opt/rustwide/workdir" "-e" "CARGO_HOME=/opt/rustwide/cargo-home" "-e" "RUSTUP_HOME=/opt/rustwide/rustup-home" "-e" "CARGO_TARGET_DIR=/opt/rustwide/target" "-e" "CARGO_INCREMENTAL=0" "-e" "RUST_BACKTRACE=full" "-e" "RUSTFLAGS=--cap-lints=warn" "-e" "RUSTDOCFLAGS=--cap-lints=warn" "-w" "/opt/rustwide/workdir" "--user" "0:0" "df623c840af444c33d65ddcae9457ee59f7c0b411747d1f1f43184a853b940c9" "/opt/rustwide/cargo-home/bin/cargo" "+1.100.0-beta.1" "test" "--frozen" "--no-run" "--message-format=json" "--release", kill_on_drop: false }`
[INFO] [stderr] warning: `package.homepage` is redundant with `package.repository`
[INFO] [stderr]   --> Cargo.toml:39:12
[INFO] [stderr]    |
[INFO] [stderr] 39 | homepage = "https://github.com/OneNoted/taskers"
[INFO] [stderr]    |            ^^^^^^^^^^^^^^^^^^^^^^^^^^^^^^^^^^^^^
[INFO] [stderr] ...
[INFO] [stderr] 43 | repository = "https://github.com/OneNoted/taskers"
[INFO] [stderr]    |              -------------------------------------
[INFO] [stderr]    |
[INFO] [stderr]    = note: `cargo::redundant_homepage` is set to `warn` by default
[INFO] [stderr] help: consider removing `package.homepage`
[INFO] [stderr] warning: `taskers-runtime` (manifest) generated 1 warning
[INFO] [stderr]    Compiling taskers-runtime v0.7.0 (/opt/rustwide/workdir)
[INFO] [stderr]     Finished `release` profile [optimized] target(s) in 3.73s
[INFO] [stderr] warning: the following packages contain code that will be rejected by a future version of Rust: nix v0.28.0
[INFO] [stderr] note: to see what the problems were, use the option `--future-incompat-report`, or run `cargo report future-incompatibilities --id 1`
[INFO] running `Command { std: "docker" "inspect" "df623c840af444c33d65ddcae9457ee59f7c0b411747d1f1f43184a853b940c9", kill_on_drop: false }`
[INFO] running `Command { std: "docker" "exec" "-e" "SOURCE_DIR=/opt/rustwide/workdir" "-e" "CARGO_HOME=/opt/rustwide/cargo-home" "-e" "RUSTUP_HOME=/opt/rustwide/rustup-home" "-e" "CARGO_TARGET_DIR=/opt/rustwide/target" "-e" "CARGO_INCREMENTAL=0" "-e" "RUST_BACKTRACE=full" "-e" "RUSTFLAGS=--cap-lints=warn" "-e" "RUSTDOCFLAGS=--cap-lints=warn" "-w" "/opt/rustwide/workdir" "--user" "0:0" "df623c840af444c33d65ddcae9457ee59f7c0b411747d1f1f43184a853b940c9" "/opt/rustwide/cargo-home/bin/cargo" "+1.100.0-beta.1" "test" "--frozen" "--release", kill_on_drop: false }`
[INFO] [stderr] warning: `package.homepage` is redundant with `package.repository`
[INFO] [stderr]   --> Cargo.toml:39:12
[INFO] [stderr]    |
[INFO] [stderr] 39 | homepage = "https://github.com/OneNoted/taskers"
[INFO] [stderr]    |            ^^^^^^^^^^^^^^^^^^^^^^^^^^^^^^^^^^^^^
[INFO] [stderr] ...
[INFO] [stderr] 43 | repository = "https://github.com/OneNoted/taskers"
[INFO] [stderr]    |              -------------------------------------
[INFO] [stderr]    |
[INFO] [stderr]    = note: `cargo::redundant_homepage` is set to `warn` by default
[INFO] [stderr] help: consider removing `package.homepage`
[INFO] [stderr] warning: `taskers-runtime` (manifest) generated 1 warning
[INFO] [stderr]     Finished `release` profile [optimized] target(s) in 0.07s
[INFO] [stderr] warning: the following packages contain code that will be rejected by a future version of Rust: nix v0.28.0
[INFO] [stderr] note: to see what the problems were, use the option `--future-incompat-report`, or run `cargo report future-incompatibilities --id 1`
[INFO] [stderr]      Running unittests src/lib.rs (/opt/rustwide/target/release/build/taskers-runtime/be0247bed535394a/out/taskers_runtime-be0247bed535394a)
[INFO] [stdout] 
[INFO] [stdout] running 41 tests
[INFO] [stdout] test session::tests::collect_attach_env_preserves_terminal_session_identity ... ok
[INFO] [stdout] test shell::tests::bash_shell_hook_marks_prompt_only_once_until_preexec_runs ... ok
[INFO] [stdout] test shell::tests::agent_proxy_owns_explicit_surface_agent_lifecycle_commands ... ok
[INFO] [stdout] test session::tests::terminal_size_helper_returns_none_or_positive_dimensions ... ok
[INFO] [stdout] test shell::tests::fish_source_command_uses_runtime_env_path ... ok
[INFO] [stdout] test shell::tests::home_prefix_expansion_without_home_keeps_original_shape ... ok
[INFO] [stdout] test shell::tests::inherited_terminal_env_keys_cover_color_and_terminfo_leaks ... ok
[INFO] [stdout] test shell::tests::shell_assets_do_not_auto_report_completed_on_clean_or_interrupted_exit ... ok
[INFO] [stdout] test shell::tests::shell_hooks_only_treat_agent_identity_as_live_process_state ... ok
[INFO] [stdout] test shell::tests::shell_hooks_emit_boolean_agent_active_flags ... ok
[INFO] [stdout] test shell::tests::shell_wrapper_exports_taskers_tty_name ... ok
[INFO] [stdout] test shell::tests::shell_hooks_and_proxy_require_surface_tty_identity ... ok
[INFO] [stdout] test shell::tests::shell_hooks_invalidate_metadata_cache_after_agent_exit ... ok
[INFO] [stdout] test shell::tests::shell_wrapper_routes_terminal_sessions_through_sidecar_attach ... ok
[INFO] [stdout] test shell::tests::zsh_runtime_dir_is_nested_under_runtime_root ... ok
[INFO] [stdout] test shell::tests::zsh_shell_hook_avoids_readonly_status_parameter_name ... ok
[INFO] [stdout] test shell::tests::zsh_shell_hook_prefers_shell_tty_and_supports_jj_repos ... ok
[INFO] [stdout] test shell::tests::zsh_shell_hook_tracks_directory_changes_for_metadata ... ok
[INFO] [stdout] test signals::tests::concatenates_encoded_kitty_notification_chunks_before_decoding ... ok
[INFO] [stdout] test signals::tests::defers_title_first_chunked_kitty_notification_frames_without_part ... ok
[INFO] [stdout] test signals::tests::ignores_unknown_frames ... ok
[INFO] [stdout] test signals::tests::parses_encoded_kitty_notification_payloads ... ok
[INFO] [stdout] test shell::tests::install_runtime_assets_writes_zsh_runtime_files ... ok
[INFO] [stdout] test signals::tests::parses_chunked_kitty_notification_frames ... ok
[INFO] [stdout] test signals::tests::parses_simple_kitty_notification_frames ... ok
[INFO] [stdout] test signals::tests::stream_parser_handles_split_frames ... ok
[INFO] [stdout] test signals::tests::stream_parser_keeps_partial_prefix_on_utf8_boundary ... ok
[INFO] [stdout] test shell::tests::embedded_zsh_claude_command_injects_taskers_hooks_and_process_lifecycle ... FAILED
[INFO] [stdout] test signals::tests::signal_parser_ignores_notification_only_frames ... ok
[INFO] [stdout] test signals::tests::parses_metadata_snapshots_with_base64_fields ... ok
[INFO] [stdout] test signals::tests::parses_multiple_frames_with_different_terminators ... ok
[INFO] [stdout] test signals::tests::parses_rxvt_notification_frames ... ok
[INFO] [stdout] test shell::tests::shell_wrapper_handles_fish_and_zsh_default_launch_modes ... ok
[INFO] [stdout] test shell::tests::shell_override_normalizes_blank_values ... ok
[INFO] [stdout] test shell::tests::claude_code_shim_preserves_binary_lookup_and_quotes_hook_paths ... ok
[INFO] [stdout] test shell::tests::embedded_zsh_codex_command_emits_surface_lifecycle_via_proxy ... FAILED
[INFO] [stdout] test shell::tests::embedded_zsh_ctrl_c_reports_interrupted_surface_stop_via_proxy ... FAILED
[INFO] [stdout] test shell::tests::embedded_zsh_emits_metadata_for_repo_cwd ... FAILED
[INFO] [stdout] test shell::tests::fish_and_zsh_launch_specs_preserve_shell_profile_env ... ok
[INFO] [stdout] test shell::tests::zsh_launch_spec_routes_through_runtime_zdotdir ... ok
[INFO] [stdout] test shell::tests::embedded_zsh_falls_back_to_jj_branch_when_git_probe_fails ... FAILED
[INFO] [stdout] 
[INFO] [stdout] failures:
[INFO] [stdout] 
[INFO] [stdout] ---- shell::tests::embedded_zsh_claude_command_injects_taskers_hooks_and_process_lifecycle stdout ----
[INFO] [stdout] 
[INFO] [stdout] thread 'shell::tests::embedded_zsh_claude_command_injects_taskers_hooks_and_process_lifecycle' (820) panicked at src/shell.rs:1443:54:
[INFO] [stdout] resolve zsh: shell program zsh was not found in PATH
[INFO] [stdout] 
[INFO] [stdout] Stack backtrace:
[INFO] [stdout]    0: taskers_runtime::shell::resolve_shell_override
[INFO] [stdout]    1: <taskers_runtime::shell::tests::embedded_zsh_claude_command_injects_taskers_hooks_and_process_lifecycle::{closure#0} as core::ops::function::FnOnce<()>>::call_once
[INFO] [stdout]    2: test::__rust_begin_short_backtrace::<core::result::Result<(), alloc::string::String>, fn() -> core::result::Result<(), alloc::string::String>>
[INFO] [stdout]    3: test::run_test::{closure#0}
[INFO] [stdout]    4: std::sys::backtrace::__rust_begin_short_backtrace::<test::run_test::{closure#1}, ()>
[INFO] [stdout]    5: <std::thread::lifecycle::spawn_unchecked<test::run_test::{closure#1}, ()>::{closure#1} as core::ops::function::FnOnce<()>>::call_once::{shim:vtable#0}
[INFO] [stdout]    6: <std::sys::thread::unix::Thread>::new::thread_start
[INFO] [stdout]    7: <unknown>
[INFO] [stdout]    8: clone
[INFO] [stdout] stack backtrace:
[INFO] [stdout]    0:     0x596b2c1742d1 - <<std[617be2ca0a6fd877]::sys::backtrace::BacktraceLock>::print::DisplayBacktrace as core[a373ad73a504971]::fmt::Display>::fmt
[INFO] [stdout]    1:     0x596b2c18981a - core[a373ad73a504971]::fmt::write
[INFO] [stdout]    2:     0x596b2c17913c - <alloc[2e1b2a31b91974c5]::vec::Vec<u8> as core[a373ad73a504971]::io::write::Write>::write_fmt
[INFO] [stdout]    3:     0x596b2c14d2d6 - std[617be2ca0a6fd877]::panicking::default_hook::{closure#0}
[INFO] [stdout]    4:     0x596b2c16b3a9 - std[617be2ca0a6fd877]::panicking::default_hook
[INFO] [stdout]    5:     0x596b2c0f3da0 - test[aada8e7e76ba119b]::test_main_inner::{closure#0}
[INFO] [stdout]    6:     0x596b2c16b562 - std[617be2ca0a6fd877]::panicking::panic_with_hook
[INFO] [stdout]    7:     0x596b2c14d382 - std[617be2ca0a6fd877]::panicking::panic_handler::{closure#0}
[INFO] [stdout]    8:     0x596b2c145599 - std[617be2ca0a6fd877]::sys::backtrace::__rust_end_short_backtrace::<std[617be2ca0a6fd877]::panicking::panic_handler::{closure#0}, !>
[INFO] [stdout]    9:     0x596b2c14e46d - __rustc[ea4f61d10b84890b]::rust_begin_unwind
[INFO] [stdout]   10:     0x596b2c189f7c - core[a373ad73a504971]::panicking::panic_fmt
[INFO] [stdout]   11:     0x596b2c189d52 - core[a373ad73a504971]::result::unwrap_failed
[INFO] [stdout]   12:     0x596b2c0cf5f0 - <taskers_runtime[c80742d89cec8923]::shell::tests::embedded_zsh_claude_command_injects_taskers_hooks_and_process_lifecycle::{closure#0} as core[a373ad73a504971]::ops::function::FnOnce<()>>::call_once
[INFO] [stdout]   13:     0x596b2c0e71eb - test[aada8e7e76ba119b]::__rust_begin_short_backtrace::<core[a373ad73a504971]::result::Result<(), alloc[2e1b2a31b91974c5]::string::String>, fn() -> core[a373ad73a504971]::result::Result<(), alloc[2e1b2a31b91974c5]::string::String>>
[INFO] [stdout]   14:     0x596b2c0f43c5 - test[aada8e7e76ba119b]::run_test::{closure#0}
[INFO] [stdout]   15:     0x596b2c0edcb4 - std[617be2ca0a6fd877]::sys::backtrace::__rust_begin_short_backtrace::<test[aada8e7e76ba119b]::run_test::{closure#1}, ()>
[INFO] [stdout]   16:     0x596b2c0f7452 - <std[617be2ca0a6fd877]::thread::lifecycle::spawn_unchecked<test[aada8e7e76ba119b]::run_test::{closure#1}, ()>::{closure#1} as core[a373ad73a504971]::ops::function::FnOnce<()>>::call_once::{shim:vtable#0}
[INFO] [stdout]   17:     0x596b2c1735ef - <std[617be2ca0a6fd877]::sys::thread::unix::Thread>::new::thread_start
[INFO] [stdout]   18:     0x7497ff095dfa - <unknown>
[INFO] [stdout]   19:     0x7497ff1293d4 - clone
[INFO] [stdout]   20:                0x0 - <unknown>
[INFO] [stdout] 
[INFO] [stdout] ---- shell::tests::embedded_zsh_codex_command_emits_surface_lifecycle_via_proxy stdout ----
[INFO] [stdout] 
[INFO] [stdout] thread 'shell::tests::embedded_zsh_codex_command_emits_surface_lifecycle_via_proxy' (821) panicked at src/shell.rs:1324:54:
[INFO] [stdout] resolve zsh: shell program zsh was not found in PATH
[INFO] [stdout] 
[INFO] [stdout] Stack backtrace:
[INFO] [stdout]    0: taskers_runtime::shell::resolve_shell_override
[INFO] [stdout]    1: <taskers_runtime::shell::tests::embedded_zsh_codex_command_emits_surface_lifecycle_via_proxy::{closure#0} as core::ops::function::FnOnce<()>>::call_once
[INFO] [stdout]    2: test::__rust_begin_short_backtrace::<core::result::Result<(), alloc::string::String>, fn() -> core::result::Result<(), alloc::string::String>>
[INFO] [stdout]    3: test::run_test::{closure#0}
[INFO] [stdout]    4: std::sys::backtrace::__rust_begin_short_backtrace::<test::run_test::{closure#1}, ()>
[INFO] [stdout]    5: <std::thread::lifecycle::spawn_unchecked<test::run_test::{closure#1}, ()>::{closure#1} as core::ops::function::FnOnce<()>>::call_once::{shim:vtable#0}
[INFO] [stdout]    6: <std::sys::thread::unix::Thread>::new::thread_start
[INFO] [stdout]    7: <unknown>
[INFO] [stdout]    8: clone
[INFO] [stdout] stack backtrace:
[INFO] [stdout]    0:     0x596b2c1742d1 - <<std[617be2ca0a6fd877]::sys::backtrace::BacktraceLock>::print::DisplayBacktrace as core[a373ad73a504971]::fmt::Display>::fmt
[INFO] [stdout]    1:     0x596b2c18981a - core[a373ad73a504971]::fmt::write
[INFO] [stdout]    2:     0x596b2c17913c - <alloc[2e1b2a31b91974c5]::vec::Vec<u8> as core[a373ad73a504971]::io::write::Write>::write_fmt
[INFO] [stdout]    3:     0x596b2c14d2d6 - std[617be2ca0a6fd877]::panicking::default_hook::{closure#0}
[INFO] [stdout]    4:     0x596b2c16b3a9 - std[617be2ca0a6fd877]::panicking::default_hook
[INFO] [stdout]    5:     0x596b2c0f3da0 - test[aada8e7e76ba119b]::test_main_inner::{closure#0}
[INFO] [stdout]    6:     0x596b2c16b562 - std[617be2ca0a6fd877]::panicking::panic_with_hook
[INFO] [stdout]    7:     0x596b2c14d382 - std[617be2ca0a6fd877]::panicking::panic_handler::{closure#0}
[INFO] [stdout]    8:     0x596b2c145599 - std[617be2ca0a6fd877]::sys::backtrace::__rust_end_short_backtrace::<std[617be2ca0a6fd877]::panicking::panic_handler::{closure#0}, !>
[INFO] [stdout]    9:     0x596b2c14e46d - __rustc[ea4f61d10b84890b]::rust_begin_unwind
[INFO] [stdout]   10:     0x596b2c189f7c - core[a373ad73a504971]::panicking::panic_fmt
[INFO] [stdout]   11:     0x596b2c189d52 - core[a373ad73a504971]::result::unwrap_failed
[INFO] [stdout]   12:     0x596b2c0ca312 - <taskers_runtime[c80742d89cec8923]::shell::tests::embedded_zsh_codex_command_emits_surface_lifecycle_via_proxy::{closure#0} as core[a373ad73a504971]::ops::function::FnOnce<()>>::call_once
[INFO] [stdout]   13:     0x596b2c0e71eb - test[aada8e7e76ba119b]::__rust_begin_short_backtrace::<core[a373ad73a504971]::result::Result<(), alloc[2e1b2a31b91974c5]::string::String>, fn() -> core[a373ad73a504971]::result::Result<(), alloc[2e1b2a31b91974c5]::string::String>>
[INFO] [stdout]   14:     0x596b2c0f43c5 - test[aada8e7e76ba119b]::run_test::{closure#0}
[INFO] [stdout]   15:     0x596b2c0edcb4 - std[617be2ca0a6fd877]::sys::backtrace::__rust_begin_short_backtrace::<test[aada8e7e76ba119b]::run_test::{closure#1}, ()>
[INFO] [stdout]   16:     0x596b2c0f7452 - <std[617be2ca0a6fd877]::thread::lifecycle::spawn_unchecked<test[aada8e7e76ba119b]::run_test::{closure#1}, ()>::{closure#1} as core[a373ad73a504971]::ops::function::FnOnce<()>>::call_once::{shim:vtable#0}
[INFO] [stdout]   17:     0x596b2c1735ef - <std[617be2ca0a6fd877]::sys::thread::unix::Thread>::new::thread_start
[INFO] [stdout]   18:     0x7497ff095dfa - <unknown>
[INFO] [stdout]   19:     0x7497ff1293d4 - clone
[INFO] [stdout]   20:                0x0 - <unknown>
[INFO] [stdout] 
[INFO] [stdout] ---- shell::tests::embedded_zsh_ctrl_c_reports_interrupted_surface_stop_via_proxy stdout ----
[INFO] [stdout] 
[INFO] [stdout] thread 'shell::tests::embedded_zsh_ctrl_c_reports_interrupted_surface_stop_via_proxy' (822) panicked at src/shell.rs:1628:54:
[INFO] [stdout] resolve zsh: shell program zsh was not found in PATH
[INFO] [stdout] 
[INFO] [stdout] Stack backtrace:
[INFO] [stdout]    0: taskers_runtime::shell::resolve_shell_override
[INFO] [stdout]    1: <taskers_runtime::shell::tests::embedded_zsh_ctrl_c_reports_interrupted_surface_stop_via_proxy::{closure#0} as core::ops::function::FnOnce<()>>::call_once
[INFO] [stderr] error: test failed, to rerun pass `--lib`
[INFO] [stdout]    2: test::__rust_begin_short_backtrace::<core::result::Result<(), alloc::string::String>, fn() -> core::result::Result<(), alloc::string::String>>
[INFO] [stdout]    3: test::run_test::{closure#0}
[INFO] [stdout]    4: std::sys::backtrace::__rust_begin_short_backtrace::<test::run_test::{closure#1}, ()>
[INFO] [stdout]    5: <std::thread::lifecycle::spawn_unchecked<test::run_test::{closure#1}, ()>::{closure#1} as core::ops::function::FnOnce<()>>::call_once::{shim:vtable#0}
[INFO] [stdout]    6: <std::sys::thread::unix::Thread>::new::thread_start
[INFO] [stdout]    7: <unknown>
[INFO] [stdout]    8: clone
[INFO] [stdout] stack backtrace:
[INFO] [stdout]    0:     0x596b2c1742d1 - <<std[617be2ca0a6fd877]::sys::backtrace::BacktraceLock>::print::DisplayBacktrace as core[a373ad73a504971]::fmt::Display>::fmt
[INFO] [stdout]    1:     0x596b2c18981a - core[a373ad73a504971]::fmt::write
[INFO] [stdout]    2:     0x596b2c17913c - <alloc[2e1b2a31b91974c5]::vec::Vec<u8> as core[a373ad73a504971]::io::write::Write>::write_fmt
[INFO] [stdout]    3:     0x596b2c14d2d6 - std[617be2ca0a6fd877]::panicking::default_hook::{closure#0}
[INFO] [stdout]    4:     0x596b2c16b3a9 - std[617be2ca0a6fd877]::panicking::default_hook
[INFO] [stdout]    5:     0x596b2c0f3da0 - test[aada8e7e76ba119b]::test_main_inner::{closure#0}
[INFO] [stdout]    6:     0x596b2c16b562 - std[617be2ca0a6fd877]::panicking::panic_with_hook
[INFO] [stdout]    7:     0x596b2c14d382 - std[617be2ca0a6fd877]::panicking::panic_handler::{closure#0}
[INFO] [stdout]    8:     0x596b2c145599 - std[617be2ca0a6fd877]::sys::backtrace::__rust_end_short_backtrace::<std[617be2ca0a6fd877]::panicking::panic_handler::{closure#0}, !>
[INFO] [stdout]    9:     0x596b2c14e46d - __rustc[ea4f61d10b84890b]::rust_begin_unwind
[INFO] [stdout]   10:     0x596b2c189f7c - core[a373ad73a504971]::panicking::panic_fmt
[INFO] [stdout]   11:     0x596b2c189d52 - core[a373ad73a504971]::result::unwrap_failed
[INFO] [stdout]   12:     0x596b2c0cd1a3 - <taskers_runtime[c80742d89cec8923]::shell::tests::embedded_zsh_ctrl_c_reports_interrupted_surface_stop_via_proxy::{closure#0} as core[a373ad73a504971]::ops::function::FnOnce<()>>::call_once
[INFO] [stdout]   13:     0x596b2c0e71eb - test[aada8e7e76ba119b]::__rust_begin_short_backtrace::<core[a373ad73a504971]::result::Result<(), alloc[2e1b2a31b91974c5]::string::String>, fn() -> core[a373ad73a504971]::result::Result<(), alloc[2e1b2a31b91974c5]::string::String>>
[INFO] [stdout]   14:     0x596b2c0f43c5 - test[aada8e7e76ba119b]::run_test::{closure#0}
[INFO] [stdout]   15:     0x596b2c0edcb4 - std[617be2ca0a6fd877]::sys::backtrace::__rust_begin_short_backtrace::<test[aada8e7e76ba119b]::run_test::{closure#1}, ()>
[INFO] [stdout]   16:     0x596b2c0f7452 - <std[617be2ca0a6fd877]::thread::lifecycle::spawn_unchecked<test[aada8e7e76ba119b]::run_test::{closure#1}, ()>::{closure#1} as core[a373ad73a504971]::ops::function::FnOnce<()>>::call_once::{shim:vtable#0}
[INFO] [stdout]   17:     0x596b2c1735ef - <std[617be2ca0a6fd877]::sys::thread::unix::Thread>::new::thread_start
[INFO] [stdout]   18:     0x7497ff095dfa - <unknown>
[INFO] [stdout]   19:     0x7497ff1293d4 - clone
[INFO] [stdout]   20:                0x0 - <unknown>
[INFO] [stdout] 
[INFO] [stdout] ---- shell::tests::embedded_zsh_emits_metadata_for_repo_cwd stdout ----
[INFO] [stdout] 
[INFO] [stdout] thread 'shell::tests::embedded_zsh_emits_metadata_for_repo_cwd' (823) panicked at src/shell.rs:1030:54:
[INFO] [stdout] resolve zsh: shell program zsh was not found in PATH
[INFO] [stdout] 
[INFO] [stdout] Stack backtrace:
[INFO] [stdout]    0: taskers_runtime::shell::resolve_shell_override
[INFO] [stdout]    1: <taskers_runtime::shell::tests::embedded_zsh_emits_metadata_for_repo_cwd::{closure#0} as core::ops::function::FnOnce<()>>::call_once
[INFO] [stdout]    2: test::__rust_begin_short_backtrace::<core::result::Result<(), alloc::string::String>, fn() -> core::result::Result<(), alloc::string::String>>
[INFO] [stdout]    3: test::run_test::{closure#0}
[INFO] [stdout]    4: std::sys::backtrace::__rust_begin_short_backtrace::<test::run_test::{closure#1}, ()>
[INFO] [stdout]    5: <std::thread::lifecycle::spawn_unchecked<test::run_test::{closure#1}, ()>::{closure#1} as core::ops::function::FnOnce<()>>::call_once::{shim:vtable#0}
[INFO] [stdout]    6: <std::sys::thread::unix::Thread>::new::thread_start
[INFO] [stdout]    7: <unknown>
[INFO] [stdout]    8: clone
[INFO] [stdout] stack backtrace:
[INFO] [stdout]    0:     0x596b2c1742d1 - <<std[617be2ca0a6fd877]::sys::backtrace::BacktraceLock>::print::DisplayBacktrace as core[a373ad73a504971]::fmt::Display>::fmt
[INFO] [stdout]    1:     0x596b2c18981a - core[a373ad73a504971]::fmt::write
[INFO] [stdout]    2:     0x596b2c17913c - <alloc[2e1b2a31b91974c5]::vec::Vec<u8> as core[a373ad73a504971]::io::write::Write>::write_fmt
[INFO] [stdout]    3:     0x596b2c14d2d6 - std[617be2ca0a6fd877]::panicking::default_hook::{closure#0}
[INFO] [stdout]    4:     0x596b2c16b3a9 - std[617be2ca0a6fd877]::panicking::default_hook
[INFO] [stdout]    5:     0x596b2c0f3da0 - test[aada8e7e76ba119b]::test_main_inner::{closure#0}
[INFO] [stdout]    6:     0x596b2c16b562 - std[617be2ca0a6fd877]::panicking::panic_with_hook
[INFO] [stdout]    7:     0x596b2c14d382 - std[617be2ca0a6fd877]::panicking::panic_handler::{closure#0}
[INFO] [stdout]    8:     0x596b2c145599 - std[617be2ca0a6fd877]::sys::backtrace::__rust_end_short_backtrace::<std[617be2ca0a6fd877]::panicking::panic_handler::{closure#0}, !>
[INFO] [stdout]    9:     0x596b2c14e46d - __rustc[ea4f61d10b84890b]::rust_begin_unwind
[INFO] [stdout]   10:     0x596b2c189f7c - core[a373ad73a504971]::panicking::panic_fmt
[INFO] [stdout]   11:     0x596b2c189d52 - core[a373ad73a504971]::result::unwrap_failed
[INFO] [stdout]   12:     0x596b2c0c3121 - <taskers_runtime[c80742d89cec8923]::shell::tests::embedded_zsh_emits_metadata_for_repo_cwd::{closure#0} as core[a373ad73a504971]::ops::function::FnOnce<()>>::call_once
[INFO] [stdout]   13:     0x596b2c0e71eb - test[aada8e7e76ba119b]::__rust_begin_short_backtrace::<core[a373ad73a504971]::result::Result<(), alloc[2e1b2a31b91974c5]::string::String>, fn() -> core[a373ad73a504971]::result::Result<(), alloc[2e1b2a31b91974c5]::string::String>>
[INFO] [stdout]   14:     0x596b2c0f43c5 - test[aada8e7e76ba119b]::run_test::{closure#0}
[INFO] [stdout]   15:     0x596b2c0edcb4 - std[617be2ca0a6fd877]::sys::backtrace::__rust_begin_short_backtrace::<test[aada8e7e76ba119b]::run_test::{closure#1}, ()>
[INFO] [stdout]   16:     0x596b2c0f7452 - <std[617be2ca0a6fd877]::thread::lifecycle::spawn_unchecked<test[aada8e7e76ba119b]::run_test::{closure#1}, ()>::{closure#1} as core[a373ad73a504971]::ops::function::FnOnce<()>>::call_once::{shim:vtable#0}
[INFO] [stdout]   17:     0x596b2c1735ef - <std[617be2ca0a6fd877]::sys::thread::unix::Thread>::new::thread_start
[INFO] [stdout]   18:     0x7497ff095dfa - <unknown>
[INFO] [stdout]   19:     0x7497ff1293d4 - clone
[INFO] [stdout]   20:                0x0 - <unknown>
[INFO] [stdout] 
[INFO] [stdout] ---- shell::tests::embedded_zsh_falls_back_to_jj_branch_when_git_probe_fails stdout ----
[INFO] [stdout] 
[INFO] [stdout] thread 'shell::tests::embedded_zsh_falls_back_to_jj_branch_when_git_probe_fails' (824) panicked at src/shell.rs:1136:54:
[INFO] [stdout] resolve zsh: shell program zsh was not found in PATH
[INFO] [stdout] 
[INFO] [stdout] Stack backtrace:
[INFO] [stdout]    0: taskers_runtime::shell::resolve_shell_override
[INFO] [stdout]    1: <taskers_runtime::shell::tests::embedded_zsh_falls_back_to_jj_branch_when_git_probe_fails::{closure#0} as core::ops::function::FnOnce<()>>::call_once
[INFO] [stdout]    2: test::__rust_begin_short_backtrace::<core::result::Result<(), alloc::string::String>, fn() -> core::result::Result<(), alloc::string::String>>
[INFO] [stdout]    3: test::run_test::{closure#0}
[INFO] [stdout]    4: std::sys::backtrace::__rust_begin_short_backtrace::<test::run_test::{closure#1}, ()>
[INFO] [stdout]    5: <std::thread::lifecycle::spawn_unchecked<test::run_test::{closure#1}, ()>::{closure#1} as core::ops::function::FnOnce<()>>::call_once::{shim:vtable#0}
[INFO] [stdout]    6: <std::sys::thread::unix::Thread>::new::thread_start
[INFO] [stdout]    7: <unknown>
[INFO] [stdout]    8: clone
[INFO] [stdout] stack backtrace:
[INFO] [stdout]    0:     0x596b2c1742d1 - <<std[617be2ca0a6fd877]::sys::backtrace::BacktraceLock>::print::DisplayBacktrace as core[a373ad73a504971]::fmt::Display>::fmt
[INFO] [stdout]    1:     0x596b2c18981a - core[a373ad73a504971]::fmt::write
[INFO] [stdout]    2:     0x596b2c17913c - <alloc[2e1b2a31b91974c5]::vec::Vec<u8> as core[a373ad73a504971]::io::write::Write>::write_fmt
[INFO] [stdout]    3:     0x596b2c14d2d6 - std[617be2ca0a6fd877]::panicking::default_hook::{closure#0}
[INFO] [stdout]    4:     0x596b2c16b3a9 - std[617be2ca0a6fd877]::panicking::default_hook
[INFO] [stdout]    5:     0x596b2c0f3da0 - test[aada8e7e76ba119b]::test_main_inner::{closure#0}
[INFO] [stdout]    6:     0x596b2c16b562 - std[617be2ca0a6fd877]::panicking::panic_with_hook
[INFO] [stdout]    7:     0x596b2c14d382 - std[617be2ca0a6fd877]::panicking::panic_handler::{closure#0}
[INFO] [stdout]    8:     0x596b2c145599 - std[617be2ca0a6fd877]::sys::backtrace::__rust_end_short_backtrace::<std[617be2ca0a6fd877]::panicking::panic_handler::{closure#0}, !>
[INFO] [stdout]    9:     0x596b2c14e46d - __rustc[ea4f61d10b84890b]::rust_begin_unwind
[INFO] [stdout]   10:     0x596b2c189f7c - core[a373ad73a504971]::panicking::panic_fmt
[INFO] [stdout]   11:     0x596b2c189d52 - core[a373ad73a504971]::result::unwrap_failed
[INFO] [stdout]   12:     0x596b2c0c7ec0 - <taskers_runtime[c80742d89cec8923]::shell::tests::embedded_zsh_falls_back_to_jj_branch_when_git_probe_fails::{closure#0} as core[a373ad73a504971]::ops::function::FnOnce<()>>::call_once
[INFO] [stdout]   13:     0x596b2c0e71eb - test[aada8e7e76ba119b]::__rust_begin_short_backtrace::<core[a373ad73a504971]::result::Result<(), alloc[2e1b2a31b91974c5]::string::String>, fn() -> core[a373ad73a504971]::result::Result<(), alloc[2e1b2a31b91974c5]::string::String>>
[INFO] [stdout]   14:     0x596b2c0f43c5 - test[aada8e7e76ba119b]::run_test::{closure#0}
[INFO] [stdout]   15:     0x596b2c0edcb4 - std[617be2ca0a6fd877]::sys::backtrace::__rust_begin_short_backtrace::<test[aada8e7e76ba119b]::run_test::{closure#1}, ()>
[INFO] [stdout]   16:     0x596b2c0f7452 - <std[617be2ca0a6fd877]::thread::lifecycle::spawn_unchecked<test[aada8e7e76ba119b]::run_test::{closure#1}, ()>::{closure#1} as core[a373ad73a504971]::ops::function::FnOnce<()>>::call_once::{shim:vtable#0}
[INFO] [stdout]   17:     0x596b2c1735ef - <std[617be2ca0a6fd877]::sys::thread::unix::Thread>::new::thread_start
[INFO] [stdout]   18:     0x7497ff095dfa - <unknown>
[INFO] [stdout]   19:     0x7497ff1293d4 - clone
[INFO] [stdout]   20:                0x0 - <unknown>
[INFO] [stdout] 
[INFO] [stdout] 
[INFO] [stdout] failures:
[INFO] [stdout]     shell::tests::embedded_zsh_claude_command_injects_taskers_hooks_and_process_lifecycle
[INFO] [stdout]     shell::tests::embedded_zsh_codex_command_emits_surface_lifecycle_via_proxy
[INFO] [stdout]     shell::tests::embedded_zsh_ctrl_c_reports_interrupted_surface_stop_via_proxy
[INFO] [stdout]     shell::tests::embedded_zsh_emits_metadata_for_repo_cwd
[INFO] [stdout]     shell::tests::embedded_zsh_falls_back_to_jj_branch_when_git_probe_fails
[INFO] [stdout] 
[INFO] [stdout] test result: FAILED. 36 passed; 5 failed; 0 ignored; 0 measured; 0 filtered out; finished in 0.28s
[INFO] [stdout] 
[INFO] running `Command { std: "docker" "inspect" "df623c840af444c33d65ddcae9457ee59f7c0b411747d1f1f43184a853b940c9", kill_on_drop: false }`
[INFO] running `Command { std: "docker" "rm" "-f" "df623c840af444c33d65ddcae9457ee59f7c0b411747d1f1f43184a853b940c9", kill_on_drop: false }`
[INFO] [stdout] df623c840af444c33d65ddcae9457ee59f7c0b411747d1f1f43184a853b940c9
