[INFO] fetching crate tasker-pgmq 0.1.8...
[INFO] testing tasker-pgmq-0.1.8 against 1.100.0-beta.1+cargoflags=--release for beta-release-1.100-2
[INFO] extracting crate tasker-pgmq 0.1.8 into /workspace/builds/worker-6-tc2/source
[INFO] started tweaking crates.io crate tasker-pgmq 0.1.8
[INFO] removed 0 missing tests
[INFO] finished tweaking crates.io crate tasker-pgmq 0.1.8
[INFO] tweaked toml for crates.io crate tasker-pgmq 0.1.8 written to /workspace/builds/worker-6-tc2/source/Cargo.toml
[INFO] validating manifest of crates.io crate tasker-pgmq 0.1.8 on toolchain 1.100.0-beta.1
[INFO] running `Command { std: CARGO_HOME="/workspace/cargo-home" RUSTUP_HOME="/workspace/rustup-home" "/workspace/cargo-home/bin/cargo" "+1.100.0-beta.1" "metadata" "--manifest-path" "Cargo.toml" "--no-deps", kill_on_drop: false }`
[INFO] crate crates.io crate tasker-pgmq 0.1.8 already has a lockfile, it will not be regenerated
[INFO] running `Command { std: CARGO_HOME="/workspace/cargo-home" RUSTUP_HOME="/workspace/rustup-home" "/workspace/cargo-home/bin/cargo" "+1.100.0-beta.1" "fetch" "--manifest-path" "Cargo.toml", kill_on_drop: false }`
[INFO] running `Command { std: "docker" "create" "-v" "/var/lib/crater-agent-workspace/builds/worker-6-tc2/source:/opt/rustwide/workdir:ro,Z" "-v" "/var/lib/crater-agent-workspace/builds/worker-6-tc2/target:/opt/rustwide/target:rw,Z" "-v" "/var/lib/crater-agent-workspace/cargo-home:/opt/rustwide/cargo-home:ro,Z" "-v" "/var/lib/crater-agent-workspace/rustup-home:/opt/rustwide/rustup-home:ro,Z" "-m" "1610612736" "--network" "none" "ghcr.io/rust-lang/crates-build-env/linux@sha256:77db811e55d90add9212f6832c23229e3de5f1c1f9905e8cb07319ea15df73ac" "sleep" "infinity", kill_on_drop: false }`
[INFO] [stdout] 50d183431217435a51eeddb0166d170a453619fdde733ecb03e6e7d8895b2f50
[INFO] running `Command { std: "docker" "start" "50d183431217435a51eeddb0166d170a453619fdde733ecb03e6e7d8895b2f50", kill_on_drop: false }`
[INFO] running `Command { std: "docker" "inspect" "50d183431217435a51eeddb0166d170a453619fdde733ecb03e6e7d8895b2f50", kill_on_drop: false }`
[INFO] running `Command { std: "docker" "exec" "-e" "SOURCE_DIR=/opt/rustwide/workdir" "-e" "CARGO_HOME=/opt/rustwide/cargo-home" "-e" "RUSTUP_HOME=/opt/rustwide/rustup-home" "-e" "CARGO_TARGET_DIR=/opt/rustwide/target" "-w" "/opt/rustwide/workdir" "--user" "0:0" "50d183431217435a51eeddb0166d170a453619fdde733ecb03e6e7d8895b2f50" "/opt/rustwide/cargo-home/bin/cargo" "+1.100.0-beta.1" "metadata" "--no-deps" "--format-version=1", kill_on_drop: false }`
[INFO] running `Command { std: "docker" "inspect" "50d183431217435a51eeddb0166d170a453619fdde733ecb03e6e7d8895b2f50", kill_on_drop: false }`
[INFO] running `Command { std: "docker" "exec" "-e" "SOURCE_DIR=/opt/rustwide/workdir" "-e" "CARGO_HOME=/opt/rustwide/cargo-home" "-e" "RUSTUP_HOME=/opt/rustwide/rustup-home" "-e" "CARGO_TARGET_DIR=/opt/rustwide/target" "-e" "CARGO_INCREMENTAL=0" "-e" "RUST_BACKTRACE=full" "-e" "RUSTFLAGS=--cap-lints=warn" "-e" "RUSTDOCFLAGS=--cap-lints=warn" "-w" "/opt/rustwide/workdir" "--user" "0:0" "50d183431217435a51eeddb0166d170a453619fdde733ecb03e6e7d8895b2f50" "/opt/rustwide/cargo-home/bin/cargo" "+1.100.0-beta.1" "build" "--frozen" "--message-format=json" "--release", kill_on_drop: false }`
[INFO] [stderr]    Compiling proc-macro2 v1.0.106
[INFO] [stderr]    Compiling cc v1.2.49
[INFO] [stderr]    Compiling serde_core v1.0.228
[INFO] [stderr]    Compiling serde v1.0.228
[INFO] [stderr]    Compiling zmij v1.0.12
[INFO] [stderr]    Compiling litemap v0.8.1
[INFO] [stderr]    Compiling writeable v0.6.2
[INFO] [stderr]    Compiling num-traits v0.2.19
[INFO] [stderr]    Compiling bigdecimal v0.4.9
[INFO] [stderr]    Compiling getrandom v0.2.16
[INFO] [stderr]    Compiling serde_json v1.0.149
[INFO] [stderr]    Compiling icu_properties_data v2.1.2
[INFO] [stderr]    Compiling icu_normalizer_data v2.1.1
[INFO] [stderr]    Compiling pin-project-lite v0.2.16
[INFO] [stderr]    Compiling rustls-pki-types v1.13.2
[INFO] [stderr]    Compiling digest v0.10.7
[INFO] [stderr]    Compiling futures-core v0.3.31
[INFO] [stderr]    Compiling crypto-common v0.1.7
[INFO] [stderr]    Compiling zerocopy v0.8.31
[INFO] [stderr]    Compiling foldhash v0.1.5
[INFO] [stderr]    Compiling socket2 v0.6.1
[INFO] [stderr]    Compiling hashbrown v0.15.5
[INFO] [stderr]    Compiling mio v1.1.1
[INFO] [stderr]    Compiling tinyvec_macros v0.1.1
[INFO] [stderr]    Compiling futures-sink v0.3.31
[INFO] [stderr]    Compiling futures-channel v0.3.31
[INFO] [stderr]    Compiling quote v1.0.45
[INFO] [stderr]    Compiling form_urlencoded v1.2.2
[INFO] [stderr]    Compiling tinyvec v1.10.0
[INFO] [stderr]    Compiling libm v0.2.15
[INFO] [stderr]    Compiling tracing-core v0.1.36
[INFO] [stderr]    Compiling syn v2.0.117
[INFO] [stderr]    Compiling concurrent-queue v2.5.0
[INFO] [stderr]    Compiling tokio v1.50.0
[INFO] [stderr]    Compiling rand_core v0.6.4
[INFO] [stderr]    Compiling thiserror v2.0.18
[INFO] [stderr]    Compiling slab v0.4.11
[INFO] [stderr]    Compiling itoa v1.0.17
[INFO] [stderr]    Compiling parking v2.2.1
[INFO] [stderr]    Compiling webpki-roots v1.0.4
[INFO] [stderr]    Compiling crc-catalog v2.4.0
[INFO] [stderr]    Compiling pin-utils v0.1.0
[INFO] [stderr]    Compiling iana-time-zone v0.1.64
[INFO] [stderr]    Compiling futures-io v0.3.31
[INFO] [stderr]    Compiling futures-task v0.3.31
[INFO] [stderr]    Compiling event-listener v5.4.1
[INFO] [stderr]    Compiling webpki-roots v0.26.11
[INFO] [stderr]    Compiling crc v3.4.0
[INFO] [stderr]    Compiling sha2 v0.10.9
[INFO] [stderr]    Compiling futures-util v0.3.31
[INFO] [stderr]    Compiling unicode-normalization v0.1.25
[INFO] [stderr]    Compiling hmac v0.12.1
[INFO] [stderr]    Compiling crossbeam-queue v0.3.12
[INFO] [stderr]    Compiling signal-hook-registry v1.4.7
[INFO] [stderr]    Compiling hashlink v0.10.0
[INFO] [stderr]    Compiling indexmap v2.11.1
[INFO] [stderr]    Compiling uuid v1.22.0
[INFO] [stderr]    Compiling base64 v0.22.1
[INFO] [stderr]    Compiling num-integer v0.1.46
[INFO] [stderr]    Compiling chrono v0.4.44
[INFO] [stderr]    Compiling stringprep v0.1.5
[INFO] [stderr]    Compiling atoi v2.0.0
[INFO] [stderr]    Compiling num-bigint v0.4.6
[INFO] [stderr]    Compiling ring v0.17.14
[INFO] [stderr]    Compiling hkdf v0.12.4
[INFO] [stderr]    Compiling getrandom v0.4.2
[INFO] [stderr]    Compiling md-5 v0.10.6
[INFO] [stderr]    Compiling whoami v1.6.1
[INFO] [stderr]    Compiling home v0.5.12
[INFO] [stderr]    Compiling bitflags v2.9.4
[INFO] [stderr]    Compiling rand_chacha v0.3.1
[INFO] [stderr]    Compiling ppv-lite86 v0.2.21
[INFO] [stderr]    Compiling rand v0.8.5
[INFO] [stderr]    Compiling anstream v1.0.0
[INFO] [stderr]    Compiling winnow v0.7.14
[INFO] [stderr]    Compiling clap_builder v4.6.0
[INFO] [stderr]    Compiling regex v1.12.3
[INFO] [stderr]    Compiling rustls v0.23.35
[INFO] [stderr]    Compiling synstructure v0.13.2
[INFO] [stderr]    Compiling toml_parser v1.0.6+spec-1.1.0
[INFO] [stderr]    Compiling zerofrom-derive v0.1.6
[INFO] [stderr]    Compiling yoke-derive v0.8.1
[INFO] [stderr]    Compiling serde_derive v1.0.228
[INFO] [stderr]    Compiling zerovec-derive v0.11.2
[INFO] [stderr]    Compiling displaydoc v0.2.5
[INFO] [stderr]    Compiling thiserror-impl v2.0.18
[INFO] [stderr]    Compiling tracing-attributes v0.1.31
[INFO] [stderr]    Compiling futures-macro v0.3.31
[INFO] [stderr]    Compiling tokio-macros v2.6.0
[INFO] [stderr]    Compiling tokio-stream v0.1.18
[INFO] [stderr]    Compiling thiserror-impl v1.0.69
[INFO] [stderr]    Compiling clap_derive v4.6.0
[INFO] [stderr]    Compiling async-trait v0.1.89
[INFO] [stderr]    Compiling rustls-webpki v0.103.8
[INFO] [stderr]    Compiling zerofrom v0.1.6
[INFO] [stderr]    Compiling yoke v0.8.1
[INFO] [stderr]    Compiling zerotrie v0.2.3
[INFO] [stderr]    Compiling zerovec v0.11.5
[INFO] [stderr]    Compiling tracing v0.1.44
[INFO] [stderr]    Compiling thiserror v1.0.69
[INFO] [stderr]    Compiling tinystr v0.8.2
[INFO] [stderr]    Compiling potential_utf v0.1.4
[INFO] [stderr]    Compiling icu_collections v2.1.1
[INFO] [stderr]    Compiling clap v4.6.0
[INFO] [stderr]    Compiling icu_locale_core v2.1.1
[INFO] [stderr]    Compiling smallvec v1.15.1
[INFO] [stderr]    Compiling either v1.15.0
[INFO] [stderr]    Compiling serde_spanned v1.0.0
[INFO] [stderr]    Compiling toml_datetime v0.7.0
[INFO] [stderr]    Compiling parking_lot_core v0.9.12
[INFO] [stderr]    Compiling icu_provider v2.1.1
[INFO] [stderr]    Compiling parking_lot v0.12.5
[INFO] [stderr]    Compiling toml v0.9.5
[INFO] [stderr]    Compiling icu_properties v2.1.2
[INFO] [stderr]    Compiling icu_normalizer v2.1.1
[INFO] [stderr]    Compiling futures-intrusive v0.5.0
[INFO] [stderr]    Compiling idna_adapter v1.2.1
[INFO] [stderr]    Compiling idna v1.1.0
[INFO] [stderr]    Compiling futures-executor v0.3.31
[INFO] [stderr]    Compiling url v2.5.8
[INFO] [stderr]    Compiling futures v0.3.31
[INFO] [stderr]    Compiling sqlx-core v0.8.6
[INFO] [stderr]    Compiling sqlx-postgres v0.8.6
[INFO] [stderr]    Compiling sqlx-macros-core v0.8.6
[INFO] [stderr]    Compiling sqlx-macros v0.8.6
[INFO] [stderr]    Compiling sqlx v0.8.6
[INFO] [stderr]    Compiling pgmq v0.32.0
[INFO] [stderr]    Compiling tasker-pgmq v0.1.8 (/opt/rustwide/workdir)
[INFO] [stderr]     Finished `release` profile [optimized] target(s) in 1m 47s
[INFO] running `Command { std: "docker" "inspect" "50d183431217435a51eeddb0166d170a453619fdde733ecb03e6e7d8895b2f50", kill_on_drop: false }`
[INFO] running `Command { std: "docker" "exec" "-e" "SOURCE_DIR=/opt/rustwide/workdir" "-e" "CARGO_HOME=/opt/rustwide/cargo-home" "-e" "RUSTUP_HOME=/opt/rustwide/rustup-home" "-e" "CARGO_TARGET_DIR=/opt/rustwide/target" "-e" "CARGO_INCREMENTAL=0" "-e" "RUST_BACKTRACE=full" "-e" "RUSTFLAGS=--cap-lints=warn" "-e" "RUSTDOCFLAGS=--cap-lints=warn" "-w" "/opt/rustwide/workdir" "--user" "0:0" "50d183431217435a51eeddb0166d170a453619fdde733ecb03e6e7d8895b2f50" "/opt/rustwide/cargo-home/bin/cargo" "+1.100.0-beta.1" "test" "--frozen" "--no-run" "--message-format=json" "--release", kill_on_drop: false }`
[INFO] [stderr]    Compiling bitflags v2.9.4
[INFO] [stderr]    Compiling tokio v1.50.0
[INFO] [stderr]    Compiling regex-automata v0.4.13
[INFO] [stderr]    Compiling fs-err v3.2.1
[INFO] [stderr]    Compiling camino v1.1.12
[INFO] [stderr]    Compiling filetime v0.2.26
[INFO] [stderr]    Compiling shared_child v1.1.1
[INFO] [stderr]    Compiling os_pipe v1.2.3
[INFO] [stderr]    Compiling quick-xml v0.37.5
[INFO] [stderr]    Compiling rustc-demangle v0.1.26
[INFO] [stderr]    Compiling shared_thread v0.2.0
[INFO] [stderr]    Compiling sdd v3.0.10
[INFO] [stderr]    Compiling cargo-config2 v0.1.39
[INFO] [stderr]    Compiling serial_test_derive v3.3.1
[INFO] [stderr]    Compiling ruzstd v0.8.2
[INFO] [stderr]    Compiling shell-escape v0.1.5
[INFO] [stderr]    Compiling duct v1.1.1
[INFO] [stderr]    Compiling rustix v1.1.4
[INFO] [stderr]    Compiling lexopt v0.3.1
[INFO] [stderr]    Compiling scc v2.4.0
[INFO] [stderr]    Compiling xattr v1.6.1
[INFO] [stderr]    Compiling tempfile v3.27.0
[INFO] [stderr]    Compiling tar v0.4.44
[INFO] [stderr]    Compiling serial_test v3.3.1
[INFO] [stderr]    Compiling regex v1.12.3
[INFO] [stderr]    Compiling bstr v1.12.1
[INFO] [stderr]    Compiling opener v0.8.3
[INFO] [stderr]    Compiling lcov2cobertura v1.0.6
[INFO] [stderr]    Compiling cargo-llvm-cov v0.7.1
[INFO] [stderr]    Compiling tokio-stream v0.1.18
[INFO] [stderr]    Compiling sqlx-core v0.8.6
[INFO] [stderr]    Compiling tokio-test v0.4.5
[INFO] [stderr]    Compiling sqlx-postgres v0.8.6
[INFO] [stderr]    Compiling sqlx v0.8.6
[INFO] [stderr]    Compiling pgmq v0.32.0
[INFO] [stderr]    Compiling tasker-pgmq v0.1.8 (/opt/rustwide/workdir)
[INFO] [stderr]     Finished `release` profile [optimized] target(s) in 1m 41s
[INFO] running `Command { std: "docker" "inspect" "50d183431217435a51eeddb0166d170a453619fdde733ecb03e6e7d8895b2f50", kill_on_drop: false }`
[INFO] running `Command { std: "docker" "exec" "-e" "SOURCE_DIR=/opt/rustwide/workdir" "-e" "CARGO_HOME=/opt/rustwide/cargo-home" "-e" "RUSTUP_HOME=/opt/rustwide/rustup-home" "-e" "CARGO_TARGET_DIR=/opt/rustwide/target" "-e" "CARGO_INCREMENTAL=0" "-e" "RUST_BACKTRACE=full" "-e" "RUSTFLAGS=--cap-lints=warn" "-e" "RUSTDOCFLAGS=--cap-lints=warn" "-w" "/opt/rustwide/workdir" "--user" "0:0" "50d183431217435a51eeddb0166d170a453619fdde733ecb03e6e7d8895b2f50" "/opt/rustwide/cargo-home/bin/cargo" "+1.100.0-beta.1" "test" "--frozen" "--release", kill_on_drop: false }`
[INFO] [stderr]     Finished `release` profile [optimized] target(s) in 0.46s
[INFO] [stderr]      Running unittests src/lib.rs (/opt/rustwide/target/release/build/tasker-pgmq/80fa34c2fb852835/out/tasker_pgmq-80fa34c2fb852835)
[INFO] [stdout] 
[INFO] [stdout] running 33 tests
[INFO] [stdout] test config::tests::test_build_channel_name_validates ... ok
[INFO] [stdout] test config::tests::test_channel_naming ... ok
[INFO] [stdout] test client::tests::test_shared_pool_pattern ... ok
[INFO] [stdout] test config::tests::test_validate_channel_name_empty ... ok
[INFO] [stdout] test client::tests::test_pgmq_client_creation ... ok
[INFO] [stdout] test channel_metrics::tests::test_saturation_calculation ... ok
[INFO] [stdout] test channel_metrics::tests::test_metrics_recording ... ok
[INFO] [stdout] test channel_metrics::tests::test_health_status_from_saturation ... ok
[INFO] [stdout] test config::tests::test_validate_channel_name_too_long ... ok
[INFO] [stdout] test config::tests::test_default_config ... ok
[INFO] [stdout] test channel_metrics::tests::test_channel_monitor_creation ... ok
[INFO] [stdout] test config::tests::test_build_namespace_channel_validates ... ok
[INFO] [stdout] test config::tests::test_validate_channel_name_valid ... ok
[INFO] [stdout] test emitter::tests::test_channel_naming ... ok
[INFO] [stdout] test config::tests::test_validate_channel_name_must_start_with_letter_or_underscore ... ok
[INFO] [stdout] test config::tests::test_validate_channel_name_invalid_chars ... ok
[INFO] [stdout] test emitter::tests::test_emitter_factory ... ok
[INFO] [stdout] test emitter::tests::test_noop_emitter ... ok
[INFO] [stdout] test events::tests::test_queue_created_event ... ok
[INFO] [stdout] test listener::tests::test_mock_event_handler ... ok
[INFO] [stdout] test emitter::tests::test_payload_building ... ok
[INFO] [stdout] test channel_metrics::tests::test_component_extraction ... ok
[INFO] [stdout] test channel_metrics::tests::test_health_check ... ok
[INFO] [stdout] test listener::tests::test_channel_management ... ok
[INFO] [stdout] test listener::tests::test_listener_stats ... ok
[INFO] [stdout] test config::tests::test_namespace_extraction ... ok
[INFO] [stdout] test events::tests::test_event_common_methods ... ok
[INFO] [stdout] test emitter::tests::test_payload_size_limit ... ok
[INFO] [stdout] test client::tests::test_namespace_extraction ... ok
[INFO] [stdout] test config::tests::test_validation ... ok
[INFO] [stdout] test events::tests::test_event_serialization ... ok
[INFO] [stdout] test events::tests::test_message_ready_event ... ok
[INFO] [stdout] test events::tests::test_metadata_builder ... ok
[INFO] [stdout] 
[INFO] [stdout] test result: ok. 33 passed; 0 failed; 0 ignored; 0 measured; 0 filtered out; finished in 0.01s
[INFO] [stdout] 
[INFO] [stderr]      Running unittests src/bin/cli.rs (/opt/rustwide/target/release/build/tasker-pgmq/ed4aba3efe3cbeec/out/tasker_pgmq_cli-ed4aba3efe3cbeec)
[INFO] [stdout] 
[INFO] [stdout] running 5 tests
[INFO] [stdout] test tests::test_default_config ... ok
[INFO] [stdout] test tests::test_migration_rejects_invalid_prefix ... ok
[INFO] [stdout] test tests::test_migration_sql_generation ... ok
[INFO] [stdout] test tests::test_migration_with_prefix ... ok
[INFO] [stderr]      Running tests/basic_wrapper_test.rs (/opt/rustwide/target/release/build/tasker-pgmq/28dd8011cd28dba1/out/basic_wrapper_test-28dd8011cd28dba1)
[INFO] [stdout] test tests::test_migration_rejects_prefix_starting_with_number ... ok
[INFO] [stdout] 
[INFO] [stdout] test result: ok. 5 passed; 0 failed; 0 ignored; 0 measured; 0 filtered out; finished in 0.00s
[INFO] [stdout] 
[INFO] [stdout] 
[INFO] [stdout] running 2 tests
[INFO] [stdout] test test_message_content_integrity ... FAILED
[INFO] [stdout] test test_pgmq_wrapper_functions ... FAILED
[INFO] [stdout] 
[INFO] [stdout] failures:
[INFO] [stdout] 
[INFO] [stdout] ---- test_message_content_integrity stdout ----
[INFO] [stdout] 
[INFO] [stdout] thread 'test_message_content_integrity' (4174) panicked at tests/basic_wrapper_test.rs:171:10:
[INFO] [stdout] Failed to connect to test database: PoolTimedOut
[INFO] [stdout] stack backtrace:
[INFO] [stdout]    0:     0x5b3330bdef31 - <<std[617be2ca0a6fd877]::sys::backtrace::BacktraceLock>::print::DisplayBacktrace as core[a373ad73a504971]::fmt::Display>::fmt
[INFO] [stdout]    1:     0x5b3330bf60aa - core[a373ad73a504971]::fmt::write
[INFO] [stdout]    2:     0x5b3330be375c - <alloc[2e1b2a31b91974c5]::vec::Vec<u8> as core[a373ad73a504971]::io::write::Write>::write_fmt
[INFO] [stdout]    3:     0x5b3330bb9d96 - std[617be2ca0a6fd877]::panicking::default_hook::{closure#0}
[INFO] [stdout]    4:     0x5b3330bd6b19 - std[617be2ca0a6fd877]::panicking::default_hook
[INFO] [stdout]    5:     0x5b33309e06d0 - test[aada8e7e76ba119b]::test_main_inner::{closure#0}
[INFO] [stdout]    6:     0x5b3330bd6e42 - std[617be2ca0a6fd877]::panicking::panic_with_hook
[INFO] [stdout]    7:     0x5b3330bb9e42 - std[617be2ca0a6fd877]::panicking::panic_handler::{closure#0}
[INFO] [stdout]    8:     0x5b3330bb28e9 - std[617be2ca0a6fd877]::sys::backtrace::__rust_end_short_backtrace::<std[617be2ca0a6fd877]::panicking::panic_handler::{closure#0}, !>
[INFO] [stdout]    9:     0x5b3330bbac3d - __rustc[ea4f61d10b84890b]::rust_begin_unwind
[INFO] [stdout]   10:     0x5b3330bf680c - core[a373ad73a504971]::panicking::panic_fmt
[INFO] [stdout]   11:     0x5b3330bf65e2 - core[a373ad73a504971]::result::unwrap_failed
[INFO] [stdout]   12:     0x5b3330985348 - basic_wrapper_test[1eb4e5982c819f99]::test_message_content_integrity::{closure#0}
[INFO] [stdout]   13:     0x5b3330999713 - <tokio[cc9e88bb65b1666b]::runtime::scheduler::current_thread::Context>::enter::<core[a373ad73a504971]::task::poll::Poll<()>, <tokio[cc9e88bb65b1666b]::runtime::scheduler::current_thread::CoreGuard>::block_on<core[a373ad73a504971]::pin::Pin<&mut core[a373ad73a504971]::pin::Pin<&mut dyn core[a373ad73a504971]::future::future::Future<Output = ()>>>>::{closure#0}::{closure#0}>
[INFO] [stdout]   14:     0x5b33309b8a7c - <tokio[cc9e88bb65b1666b]::runtime::context::scoped::Scoped<tokio[cc9e88bb65b1666b]::runtime::scheduler::Context>>::set::<<tokio[cc9e88bb65b1666b]::runtime::scheduler::current_thread::CoreGuard>::enter<<tokio[cc9e88bb65b1666b]::runtime::scheduler::current_thread::CoreGuard>::block_on<core[a373ad73a504971]::pin::Pin<&mut core[a373ad73a504971]::pin::Pin<&mut dyn core[a373ad73a504971]::future::future::Future<Output = ()>>>>::{closure#0}, core[a373ad73a504971]::option::Option<()>>::{closure#0}, (alloc[2e1b2a31b91974c5]::boxed::Box<tokio[cc9e88bb65b1666b]::runtime::scheduler::current_thread::Core>, core[a373ad73a504971]::option::Option<()>)>
[INFO] [stdout]   15:     0x5b3330999f67 - <tokio[cc9e88bb65b1666b]::runtime::scheduler::current_thread::CoreGuard>::block_on::<core[a373ad73a504971]::pin::Pin<&mut core[a373ad73a504971]::pin::Pin<&mut dyn core[a373ad73a504971]::future::future::Future<Output = ()>>>>
[INFO] [stdout]   16:     0x5b33309af2d7 - tokio[cc9e88bb65b1666b]::runtime::context::runtime::enter_runtime::<<tokio[cc9e88bb65b1666b]::runtime::scheduler::current_thread::CurrentThread>::block_on<core[a373ad73a504971]::pin::Pin<&mut dyn core[a373ad73a504971]::future::future::Future<Output = ()>>>::{closure#0}, ()>
[INFO] [stdout]   17:     0x5b33309995f5 - <tokio[cc9e88bb65b1666b]::runtime::runtime::Runtime>::block_on::<core[a373ad73a504971]::pin::Pin<&mut dyn core[a373ad73a504971]::future::future::Future<Output = ()>>>
[INFO] [stdout]   18:     0x5b333098b70e - <basic_wrapper_test[1eb4e5982c819f99]::test_message_content_integrity::{closure#0} as core[a373ad73a504971]::ops::function::FnOnce<()>>::call_once
[INFO] [stdout]   19:     0x5b33309d3b1b - test[aada8e7e76ba119b]::__rust_begin_short_backtrace::<core[a373ad73a504971]::result::Result<(), alloc[2e1b2a31b91974c5]::string::String>, fn() -> core[a373ad73a504971]::result::Result<(), alloc[2e1b2a31b91974c5]::string::String>>
[INFO] [stdout]   20:     0x5b33309e0cf5 - test[aada8e7e76ba119b]::run_test::{closure#0}
[INFO] [stdout]   21:     0x5b33309da5e4 - std[617be2ca0a6fd877]::sys::backtrace::__rust_begin_short_backtrace::<test[aada8e7e76ba119b]::run_test::{closure#1}, ()>
[INFO] [stdout]   22:     0x5b33309e3d82 - <std[617be2ca0a6fd877]::thread::lifecycle::spawn_unchecked<test[aada8e7e76ba119b]::run_test::{closure#1}, ()>::{closure#1} as core[a373ad73a504971]::ops::function::FnOnce<()>>::call_once::{shim:vtable#0}
[INFO] [stdout]   23:     0x5b3330bde0cf - <std[617be2ca0a6fd877]::sys::thread::unix::Thread>::new::thread_start
[INFO] [stdout]   24:     0x78854746edfa - <unknown>
[INFO] [stdout]   25:     0x7885475023d4 - clone
[INFO] [stdout]   26:                0x0 - <unknown>
[INFO] [stdout] 
[INFO] [stdout] ---- test_pgmq_wrapper_functions stdout ----
[INFO] [stdout] 
[INFO] [stdout] thread 'test_pgmq_wrapper_functions' (4175) panicked at tests/basic_wrapper_test.rs:13:10:
[INFO] [stdout] Failed to connect to test database: PoolTimedOut
[INFO] [stdout] stack backtrace:
[INFO] [stdout]    0:     0x5b3330bdef31 - <<std[617be2ca0a6fd877]::sys::backtrace::BacktraceLock>::print::DisplayBacktrace as core[a373ad73a504971]::fmt::Display>::fmt
[INFO] [stdout]    1:     0x5b3330bf60aa - core[a373ad73a504971]::fmt::write
[INFO] [stdout]    2:     0x5b3330be375c - <alloc[2e1b2a31b91974c5]::vec::Vec<u8> as core[a373ad73a504971]::io::write::Write>::write_fmt
[INFO] [stdout]    3:     0x5b3330bb9d96 - std[617be2ca0a6fd877]::panicking::default_hook::{closure#0}
[INFO] [stdout]    4:     0x5b3330bd6b19 - std[617be2ca0a6fd877]::panicking::default_hook
[INFO] [stdout]    5:     0x5b33309e06d0 - test[aada8e7e76ba119b]::test_main_inner::{closure#0}
[INFO] [stdout]    6:     0x5b3330bd6e42 - std[617be2ca0a6fd877]::panicking::panic_with_hook
[INFO] [stdout]    7:     0x5b3330bb9e42 - std[617be2ca0a6fd877]::panicking::panic_handler::{closure#0}
[INFO] [stdout]    8:     0x5b3330bb28e9 - std[617be2ca0a6fd877]::sys::backtrace::__rust_end_short_backtrace::<std[617be2ca0a6fd877]::panicking::panic_handler::{closure#0}, !>
[INFO] [stdout]    9:     0x5b3330bbac3d - __rustc[ea4f61d10b84890b]::rust_begin_unwind
[INFO] [stdout]   10:     0x5b3330bf680c - core[a373ad73a504971]::panicking::panic_fmt
[INFO] [stdout]   11:     0x5b3330bf65e2 - core[a373ad73a504971]::result::unwrap_failed
[INFO] [stdout]   12:     0x5b333098274b - basic_wrapper_test[1eb4e5982c819f99]::test_pgmq_wrapper_functions::{closure#0}
[INFO] [stdout]   13:     0x5b3330999713 - <tokio[cc9e88bb65b1666b]::runtime::scheduler::current_thread::Context>::enter::<core[a373ad73a504971]::task::poll::Poll<()>, <tokio[cc9e88bb65b1666b]::runtime::scheduler::current_thread::CoreGuard>::block_on<core[a373ad73a504971]::pin::Pin<&mut core[a373ad73a504971]::pin::Pin<&mut dyn core[a373ad73a504971]::future::future::Future<Output = ()>>>>::{closure#0}::{closure#0}>
[INFO] [stdout]   14:     0x5b33309b8a7c - <tokio[cc9e88bb65b1666b]::runtime::context::scoped::Scoped<tokio[cc9e88bb65b1666b]::runtime::scheduler::Context>>::set::<<tokio[cc9e88bb65b1666b]::runtime::scheduler::current_thread::CoreGuard>::enter<<tokio[cc9e88bb65b1666b]::runtime::scheduler::current_thread::CoreGuard>::block_on<core[a373ad73a504971]::pin::Pin<&mut core[a373ad73a504971]::pin::Pin<&mut dyn core[a373ad73a504971]::future::future::Future<Output = ()>>>>::{closure#0}, core[a373ad73a504971]::option::Option<()>>::{closure#0}, (alloc[2e1b2a31b91974c5]::boxed::Box<tokio[cc9e88bb65b1666b]::runtime::scheduler::current_thread::Core>, core[a373ad73a504971]::option::Option<()>)>
[INFO] [stdout]   15:     0x5b3330999f67 - <tokio[cc9e88bb65b1666b]::runtime::scheduler::current_thread::CoreGuard>::block_on::<core[a373ad73a504971]::pin::Pin<&mut core[a373ad73a504971]::pin::Pin<&mut dyn core[a373ad73a504971]::future::future::Future<Output = ()>>>>
[INFO] [stdout]   16:     0x5b33309af2d7 - tokio[cc9e88bb65b1666b]::runtime::context::runtime::enter_runtime::<<tokio[cc9e88bb65b1666b]::runtime::scheduler::current_thread::CurrentThread>::block_on<core[a373ad73a504971]::pin::Pin<&mut dyn core[a373ad73a504971]::future::future::Future<Output = ()>>>::{closure#0}, ()>
[INFO] [stdout]   17:     0x5b33309995f5 - <tokio[cc9e88bb65b1666b]::runtime::runtime::Runtime>::block_on::<core[a373ad73a504971]::pin::Pin<&mut dyn core[a373ad73a504971]::future::future::Future<Output = ()>>>
[INFO] [stdout]   18:     0x5b333098b5ae - <basic_wrapper_test[1eb4e5982c819f99]::test_pgmq_wrapper_functions::{closure#0} as core[a373ad73a504971]::ops::function::FnOnce<()>>::call_once
[INFO] [stdout]   19:     0x5b33309d3b1b - test[aada8e7e76ba119b]::__rust_begin_short_backtrace::<core[a373ad73a504971]::result::Result<(), alloc[2e1b2a31b91974c5]::string::String>, fn() -> core[a373ad73a504971]::result::Result<(), alloc[2e1b2a31b91974c5]::string::String>>
[INFO] [stdout]   20:     0x5b33309e0cf5 - test[aada8e7e76ba119b]::run_test::{closure#0}
[INFO] [stdout]   21:     0x5b33309da5e4 - std[617be2ca0a6fd877]::sys::backtrace::__rust_begin_short_backtrace::<test[aada8e7e76ba119b]::run_test::{closure#1}, ()>
[INFO] [stdout]   22:     0x5b33309e3d82 - <std[617be2ca0a6fd877]::thread::lifecycle::spawn_unchecked<test[aada8e7e76ba119b]::run_test::{closure#1}, ()>::{closure#1} as core[a373ad73a504971]::ops::function::FnOnce<()>>::call_once::{shim:vtable#0}
[INFO] [stdout]   23:     0x5b3330bde0cf - <std[617be2ca0a6fd877]::sys::thread::unix::Thread>::new::thread_start
[INFO] [stdout]   24:     0x78854746edfa - <unknown>
[INFO] [stdout]   25:     0x7885475023d4 - clone
[INFO] [stdout]   26:                0x0 - <unknown>
[INFO] [stdout] 
[INFO] [stdout] 
[INFO] [stdout] failures:
[INFO] [stdout]     test_message_content_integrity
[INFO] [stdout]     test_pgmq_wrapper_functions
[INFO] [stdout] 
[INFO] [stdout] test result: FAILED. 0 passed; 2 failed; 0 ignored; 0 measured; 0 filtered out; finished in 30.01s
[INFO] [stdout] 
[INFO] [stderr] error: test failed, to rerun pass `--test basic_wrapper_test`
[INFO] running `Command { std: "docker" "inspect" "50d183431217435a51eeddb0166d170a453619fdde733ecb03e6e7d8895b2f50", kill_on_drop: false }`
[INFO] running `Command { std: "docker" "rm" "-f" "50d183431217435a51eeddb0166d170a453619fdde733ecb03e6e7d8895b2f50", kill_on_drop: false }`
[INFO] [stdout] 50d183431217435a51eeddb0166d170a453619fdde733ecb03e6e7d8895b2f50
