[INFO] fetching crate task-watchdog 0.1.2...
[INFO] testing task-watchdog-0.1.2 against 1.100.0-beta.1+cargoflags=--release for beta-release-1.100-2
[INFO] extracting crate task-watchdog 0.1.2 into /workspace/builds/worker-2-tc2/source
[INFO] removed /workspace/builds/worker-2-tc2/source/.cargo/config.toml
[INFO] started tweaking crates.io crate task-watchdog 0.1.2
[INFO] finished tweaking crates.io crate task-watchdog 0.1.2
[INFO] tweaked toml for crates.io crate task-watchdog 0.1.2 written to /workspace/builds/worker-2-tc2/source/Cargo.toml
[INFO] validating manifest of crates.io crate task-watchdog 0.1.2 on toolchain 1.100.0-beta.1
[INFO] running `Command { std: CARGO_HOME="/workspace/cargo-home" RUSTUP_HOME="/workspace/rustup-home" "/workspace/cargo-home/bin/cargo" "+1.100.0-beta.1" "metadata" "--manifest-path" "Cargo.toml" "--no-deps", kill_on_drop: false }`
[INFO] crate crates.io crate task-watchdog 0.1.2 already has a lockfile, it will not be regenerated
[INFO] running `Command { std: CARGO_HOME="/workspace/cargo-home" RUSTUP_HOME="/workspace/rustup-home" "/workspace/cargo-home/bin/cargo" "+1.100.0-beta.1" "fetch" "--manifest-path" "Cargo.toml", kill_on_drop: false }`
[INFO] running `Command { std: "docker" "create" "-v" "/var/lib/crater-agent-workspace/builds/worker-2-tc2/source:/opt/rustwide/workdir:ro,Z" "-v" "/var/lib/crater-agent-workspace/builds/worker-2-tc2/target:/opt/rustwide/target:rw,Z" "-v" "/var/lib/crater-agent-workspace/cargo-home:/opt/rustwide/cargo-home:ro,Z" "-v" "/var/lib/crater-agent-workspace/rustup-home:/opt/rustwide/rustup-home:ro,Z" "-m" "1610612736" "--network" "none" "ghcr.io/rust-lang/crates-build-env/linux@sha256:77db811e55d90add9212f6832c23229e3de5f1c1f9905e8cb07319ea15df73ac" "sleep" "infinity", kill_on_drop: false }`
[INFO] [stdout] b76fc0a34ee8b36f8e32daee3ed3073899961360e59ae52fde198df179a255db
[INFO] running `Command { std: "docker" "start" "b76fc0a34ee8b36f8e32daee3ed3073899961360e59ae52fde198df179a255db", kill_on_drop: false }`
[INFO] running `Command { std: "docker" "inspect" "b76fc0a34ee8b36f8e32daee3ed3073899961360e59ae52fde198df179a255db", kill_on_drop: false }`
[INFO] running `Command { std: "docker" "exec" "-e" "SOURCE_DIR=/opt/rustwide/workdir" "-e" "CARGO_HOME=/opt/rustwide/cargo-home" "-e" "RUSTUP_HOME=/opt/rustwide/rustup-home" "-e" "CARGO_TARGET_DIR=/opt/rustwide/target" "-w" "/opt/rustwide/workdir" "--user" "0:0" "b76fc0a34ee8b36f8e32daee3ed3073899961360e59ae52fde198df179a255db" "/opt/rustwide/cargo-home/bin/cargo" "+1.100.0-beta.1" "metadata" "--no-deps" "--format-version=1", kill_on_drop: false }`
[INFO] running `Command { std: "docker" "inspect" "b76fc0a34ee8b36f8e32daee3ed3073899961360e59ae52fde198df179a255db", kill_on_drop: false }`
[INFO] running `Command { std: "docker" "exec" "-e" "SOURCE_DIR=/opt/rustwide/workdir" "-e" "CARGO_HOME=/opt/rustwide/cargo-home" "-e" "RUSTUP_HOME=/opt/rustwide/rustup-home" "-e" "CARGO_TARGET_DIR=/opt/rustwide/target" "-e" "CARGO_INCREMENTAL=0" "-e" "RUST_BACKTRACE=full" "-e" "RUSTFLAGS=--cap-lints=warn" "-e" "RUSTDOCFLAGS=--cap-lints=warn" "-w" "/opt/rustwide/workdir" "--user" "0:0" "b76fc0a34ee8b36f8e32daee3ed3073899961360e59ae52fde198df179a255db" "/opt/rustwide/cargo-home/bin/cargo" "+1.100.0-beta.1" "build" "--frozen" "--message-format=json" "--release", kill_on_drop: false }`
[INFO] [stderr]    Compiling portable-atomic v1.11.0
[INFO] [stderr]    Compiling critical-section v1.2.0
[INFO] [stderr]    Compiling task-watchdog v0.1.2 (/opt/rustwide/workdir)
[INFO] [stderr] warning: unused dependency `portable-atomic`
[INFO] [stderr]   --> Cargo.toml:63:15
[INFO] [stderr]    |
[INFO] [stderr] 63 | [dependencies.portable-atomic]
[INFO] [stderr]    |               ^^^^^^^^^^^^^^^^
[INFO] [stderr]    |
[INFO] [stderr]    = note: `cargo::unused_dependencies` is set to `warn` by default
[INFO] [stderr] help: consider removing the dependency on `portable-atomic`
[INFO] [stderr] warning: `task-watchdog` (manifest) generated 1 warning
[INFO] [stderr]     Finished `release` profile [optimized + debuginfo] target(s) in 1.54s
[INFO] running `Command { std: "docker" "inspect" "b76fc0a34ee8b36f8e32daee3ed3073899961360e59ae52fde198df179a255db", kill_on_drop: false }`
[INFO] running `Command { std: "docker" "exec" "-e" "SOURCE_DIR=/opt/rustwide/workdir" "-e" "CARGO_HOME=/opt/rustwide/cargo-home" "-e" "RUSTUP_HOME=/opt/rustwide/rustup-home" "-e" "CARGO_TARGET_DIR=/opt/rustwide/target" "-e" "CARGO_INCREMENTAL=0" "-e" "RUST_BACKTRACE=full" "-e" "RUSTFLAGS=--cap-lints=warn" "-e" "RUSTDOCFLAGS=--cap-lints=warn" "-w" "/opt/rustwide/workdir" "--user" "0:0" "b76fc0a34ee8b36f8e32daee3ed3073899961360e59ae52fde198df179a255db" "/opt/rustwide/cargo-home/bin/cargo" "+1.100.0-beta.1" "test" "--frozen" "--no-run" "--message-format=json" "--release", kill_on_drop: false }`
[INFO] [stderr] warning: unused dependency `portable-atomic`
[INFO] [stderr]   --> Cargo.toml:63:15
[INFO] [stderr]    |
[INFO] [stderr] 63 | [dependencies.portable-atomic]
[INFO] [stderr]    |               ^^^^^^^^^^^^^^^^
[INFO] [stderr]    |
[INFO] [stderr]    = note: `cargo::unused_dependencies` is set to `warn` by default
[INFO] [stderr] help: consider removing the dependency on `portable-atomic`
[INFO] [stderr] warning: `task-watchdog` (manifest) generated 1 warning
[INFO] [stderr]     Finished `release` profile [optimized + debuginfo] target(s) in 0.08s
[INFO] running `Command { std: "docker" "inspect" "b76fc0a34ee8b36f8e32daee3ed3073899961360e59ae52fde198df179a255db", kill_on_drop: false }`
[INFO] running `Command { std: "docker" "exec" "-e" "SOURCE_DIR=/opt/rustwide/workdir" "-e" "CARGO_HOME=/opt/rustwide/cargo-home" "-e" "RUSTUP_HOME=/opt/rustwide/rustup-home" "-e" "CARGO_TARGET_DIR=/opt/rustwide/target" "-e" "CARGO_INCREMENTAL=0" "-e" "RUST_BACKTRACE=full" "-e" "RUSTFLAGS=--cap-lints=warn" "-e" "RUSTDOCFLAGS=--cap-lints=warn" "-w" "/opt/rustwide/workdir" "--user" "0:0" "b76fc0a34ee8b36f8e32daee3ed3073899961360e59ae52fde198df179a255db" "/opt/rustwide/cargo-home/bin/cargo" "+1.100.0-beta.1" "test" "--frozen" "--release", kill_on_drop: false }`
[INFO] [stderr] warning: unused dependency `portable-atomic`
[INFO] [stderr]   --> Cargo.toml:63:15
[INFO] [stderr]    |
[INFO] [stderr] 63 | [dependencies.portable-atomic]
[INFO] [stderr]    |               ^^^^^^^^^^^^^^^^
[INFO] [stderr]    |
[INFO] [stderr]    = note: `cargo::unused_dependencies` is set to `warn` by default
[INFO] [stderr] help: consider removing the dependency on `portable-atomic`
[INFO] [stderr] warning: `task-watchdog` (manifest) generated 1 warning
[INFO] [stderr]     Finished `release` profile [optimized + debuginfo] target(s) in 0.08s
[INFO] [stderr]    Doc-tests task_watchdog
[INFO] [stdout] 
[INFO] [stdout] running 1 test
[INFO] [stdout] test src/lib.rs - (line 44) ... FAILED
[INFO] [stdout] 
[INFO] [stdout] failures:
[INFO] [stdout] 
[INFO] [stdout] ---- src/lib.rs - (line 44) stdout ----
[INFO] [stdout] error[E0432]: unresolved import `task_watchdog::embassy_rp`
[INFO] [stdout]    --> src/lib.rs:51:20
[INFO] [stdout]     |
[INFO] [stdout]  51 | use task_watchdog::embassy_rp::{WatchdogRunner, watchdog_run};
[INFO] [stdout]     |                    ^^^^^^^^^^ could not find `embassy_rp` in `task_watchdog`
[INFO] [stdout]     |
[INFO] [stdout] note: found an item that was configured out
[INFO] [stdout]    --> src/lib.rs:801:9
[INFO] [stdout]     |
[INFO] [stdout] 800 | #[cfg(any(feature = "rp2040-embassy", feature = "rp2350-embassy"))]
[INFO] [stdout]     |          -------------------------------------------------------- the item is gated here
[INFO] [stdout] 801 | pub mod embassy_rp {
[INFO] [stdout]     |         ^^^^^^^^^^
[INFO] [stdout] 
[INFO] [stdout] error[E0433]: cannot find module or crate `embassy_rp` in this scope
[INFO] [stdout]   --> src/lib.rs:53:5
[INFO] [stdout]    |
[INFO] [stdout] 53 | use embassy_rp::config::Config;
[INFO] [stdout]    |     ^^^^^^^^^^ use of unresolved module or unlinked crate `embassy_rp`
[INFO] [stdout]    |
[INFO] [stdout]    = help: if you wanted to use a crate named `embassy_rp`, use `cargo add embassy_rp` to add it to your `Cargo.toml`
[INFO] [stdout] 
[INFO] [stdout] error[E0432]: unresolved import `embassy_time`
[INFO] [stdout]   --> src/lib.rs:52:5
[INFO] [stdout]    |
[INFO] [stdout] 52 | use embassy_time::{Duration, Timer};
[INFO] [stdout]    |     ^^^^^^^^^^^^ use of unresolved module or unlinked crate `embassy_time`
[INFO] [stdout]    |
[INFO] [stdout]    = help: if you wanted to use a crate named `embassy_time`, use `cargo add embassy_time` to add it to your `Cargo.toml`
[INFO] [stdout] 
[INFO] [stdout] error[E0432]: unresolved import `embassy_executor`
[INFO] [stdout]   --> src/lib.rs:54:5
[INFO] [stdout]    |
[INFO] [stdout] 54 | use embassy_executor::Spawner;
[INFO] [stdout]    |     ^^^^^^^^^^^^^^^^ use of unresolved module or unlinked crate `embassy_executor`
[INFO] [stdout]    |
[INFO] [stdout]    = help: if you wanted to use a crate named `embassy_executor`, use `cargo add embassy_executor` to add it to your `Cargo.toml`
[INFO] [stdout] 
[INFO] [stdout] error[E0432]: unresolved import `static_cell`
[INFO] [stdout]   --> src/lib.rs:55:5
[INFO] [stdout]    |
[INFO] [stdout] 55 | use static_cell::StaticCell;
[INFO] [stdout]    |     ^^^^^^^^^^^ use of unresolved module or unlinked crate `static_cell`
[INFO] [stdout]    |
[INFO] [stdout]    = help: if you wanted to use a crate named `static_cell`, use `cargo add static_cell` to add it to your `Cargo.toml`
[INFO] [stdout] 
[INFO] [stdout] error[E0432]: unresolved import `panic_probe`
[INFO] [stdout]   --> src/lib.rs:56:5
[INFO] [stdout]    |
[INFO] [stdout] 56 | use panic_probe as _;
[INFO] [stdout]    |     -----------^^^^^
[INFO] [stdout]    |     |
[INFO] [stdout]    |     no external crate `panic_probe`
[INFO] [stdout] 
[INFO] [stdout] error[E0433]: cannot find module or crate `embassy_executor` in this scope
[INFO] [stdout]   --> src/lib.rs:73:3
[INFO] [stdout]    |
[INFO] [stdout] 73 | #[embassy_executor::main]
[INFO] [stdout]    |   ^^^^^^^^^^^^^^^^ use of unresolved module or unlinked crate `embassy_executor`
[INFO] [stdout] 
[INFO] [stdout] error[E0433]: cannot find module or crate `embassy_executor` in this scope
[INFO] [stdout]    --> src/lib.rs:103:3
[INFO] [stdout]     |
[INFO] [stdout] 103 | #[embassy_executor::task]
[INFO] [stdout]     |   ^^^^^^^^^^^^^^^^ use of unresolved module or unlinked crate `embassy_executor`
[INFO] [stdout] 
[INFO] [stdout] error[E0433]: cannot find module or crate `embassy_executor` in this scope
[INFO] [stdout]    --> src/lib.rs:109:3
[INFO] [stdout]     |
[INFO] [stdout] 109 | #[embassy_executor::task]
[INFO] [stdout]     |   ^^^^^^^^^^^^^^^^ use of unresolved module or unlinked crate `embassy_executor`
[INFO] [stdout] 
[INFO] [stdout] error[E0433]: cannot find module or crate `embassy_executor` in this scope
[INFO] [stdout]    --> src/lib.rs:121:3
[INFO] [stdout]     |
[INFO] [stdout] 121 | #[embassy_executor::task]
[INFO] [stdout]     |   ^^^^^^^^^^^^^^^^ use of unresolved module or unlinked crate `embassy_executor`
[INFO] [stdout] 
[INFO] [stdout] error: `#[panic_handler]` function required, but not found
[INFO] [stdout] 
[INFO] [stdout] error: unwinding panics are not supported without std
[INFO] [stdout]   |
[INFO] [stdout]   = help: using nightly cargo, use -Zbuild-std with panic="abort" to avoid unwinding
[INFO] [stdout]   = note: since the core library is usually precompiled with panic="unwind", rebuilding your crate with panic="abort" may not be enough to fix the problem
[INFO] [stdout] 
[INFO] [stdout] error[E0433]: cannot find module or crate `embassy_rp` in this scope
[INFO] [stdout]   --> src/lib.rs:76:13
[INFO] [stdout]    |
[INFO] [stdout] 76 |     let p = embassy_rp::init(Config::default());
[INFO] [stdout]    |             ^^^^^^^^^^ use of unresolved module or unlinked crate `embassy_rp`
[INFO] [stdout]    |
[INFO] [stdout]    = help: if you wanted to use a crate named `embassy_rp`, use `cargo add embassy_rp` to add it to your `Cargo.toml`
[INFO] [stdout] 
[INFO] [stdout] error: aborting due to 13 previous errors
[INFO] [stdout] 
[INFO] [stdout] Some errors have detailed explanations: E0432, E0433.
[INFO] [stdout] For more information about an error, try `rustc --explain E0432`.
[INFO] [stdout] Couldn't compile the test.
[INFO] [stdout] 
[INFO] [stdout] failures:
[INFO] [stdout]     src/lib.rs - (line 44)
[INFO] [stdout] 
[INFO] [stdout] test result: FAILED. 0 passed; 1 failed; 0 ignored; 0 measured; 0 filtered out; finished in 0.07s
[INFO] [stdout] 
[INFO] [stderr] error: doctest failed, to rerun pass `--doc`
[INFO] running `Command { std: "docker" "inspect" "b76fc0a34ee8b36f8e32daee3ed3073899961360e59ae52fde198df179a255db", kill_on_drop: false }`
[INFO] running `Command { std: "docker" "rm" "-f" "b76fc0a34ee8b36f8e32daee3ed3073899961360e59ae52fde198df179a255db", kill_on_drop: false }`
[INFO] [stdout] b76fc0a34ee8b36f8e32daee3ed3073899961360e59ae52fde198df179a255db
