[INFO] fetching crate tarjama 0.2.1...
[INFO] testing tarjama-0.2.1 against 1.99.0-beta.8+cargoflags=--release for beta-release-1.100-2
[INFO] extracting crate tarjama 0.2.1 into /workspace/builds/worker-3-tc1/source
[INFO] started tweaking crates.io crate tarjama 0.2.1
[INFO] removed 0 missing examples
[INFO] finished tweaking crates.io crate tarjama 0.2.1
[INFO] tweaked toml for crates.io crate tarjama 0.2.1 written to /workspace/builds/worker-3-tc1/source/Cargo.toml
[INFO] validating manifest of crates.io crate tarjama 0.2.1 on toolchain 1.99.0-beta.8
[INFO] running `Command { std: CARGO_HOME="/workspace/cargo-home" RUSTUP_HOME="/workspace/rustup-home" "/workspace/cargo-home/bin/cargo" "+1.99.0-beta.8" "metadata" "--manifest-path" "Cargo.toml" "--no-deps", kill_on_drop: false }`
[INFO] crate crates.io crate tarjama 0.2.1 already has a lockfile, it will not be regenerated
[INFO] running `Command { std: CARGO_HOME="/workspace/cargo-home" RUSTUP_HOME="/workspace/rustup-home" "/workspace/cargo-home/bin/cargo" "+1.99.0-beta.8" "fetch" "--manifest-path" "Cargo.toml", kill_on_drop: false }`
[INFO] [stderr]     Updating crates.io index
[INFO] [stderr]  Downloading crates ...
[INFO] [stderr]   Downloaded serde v1.0.199
[INFO] [stderr]   Downloaded serde_derive v1.0.199
[INFO] [stderr]   Downloaded parking_lot v0.12.2
[INFO] [stderr]   Downloaded cc v1.0.95
[INFO] [stderr]   Downloaded serde_json v1.0.116
[INFO] [stderr]   Downloaded getrandom v0.2.14
[INFO] [stderr]   Downloaded accept-language v3.1.0
[INFO] running `Command { std: "docker" "create" "-v" "/var/lib/crater-agent-workspace/builds/worker-3-tc1/source:/opt/rustwide/workdir:ro,Z" "-v" "/var/lib/crater-agent-workspace/builds/worker-3-tc1/target:/opt/rustwide/target:rw,Z" "-v" "/var/lib/crater-agent-workspace/cargo-home:/opt/rustwide/cargo-home:ro,Z" "-v" "/var/lib/crater-agent-workspace/rustup-home:/opt/rustwide/rustup-home:ro,Z" "-m" "1610612736" "--network" "none" "ghcr.io/rust-lang/crates-build-env/linux@sha256:77db811e55d90add9212f6832c23229e3de5f1c1f9905e8cb07319ea15df73ac" "sleep" "infinity", kill_on_drop: false }`
[INFO] [stdout] 7cdc70a7f59ae8483b6236a6a54aff6b2f4fe98bed035bc2684572a1d758524a
[INFO] running `Command { std: "docker" "start" "7cdc70a7f59ae8483b6236a6a54aff6b2f4fe98bed035bc2684572a1d758524a", kill_on_drop: false }`
[INFO] running `Command { std: "docker" "inspect" "7cdc70a7f59ae8483b6236a6a54aff6b2f4fe98bed035bc2684572a1d758524a", kill_on_drop: false }`
[INFO] running `Command { std: "docker" "exec" "-e" "SOURCE_DIR=/opt/rustwide/workdir" "-e" "CARGO_HOME=/opt/rustwide/cargo-home" "-e" "RUSTUP_HOME=/opt/rustwide/rustup-home" "-e" "CARGO_TARGET_DIR=/opt/rustwide/target" "-w" "/opt/rustwide/workdir" "--user" "0:0" "7cdc70a7f59ae8483b6236a6a54aff6b2f4fe98bed035bc2684572a1d758524a" "/opt/rustwide/cargo-home/bin/cargo" "+1.99.0-beta.8" "metadata" "--no-deps" "--format-version=1", kill_on_drop: false }`
[INFO] running `Command { std: "docker" "inspect" "7cdc70a7f59ae8483b6236a6a54aff6b2f4fe98bed035bc2684572a1d758524a", kill_on_drop: false }`
[INFO] running `Command { std: "docker" "exec" "-e" "SOURCE_DIR=/opt/rustwide/workdir" "-e" "CARGO_HOME=/opt/rustwide/cargo-home" "-e" "RUSTUP_HOME=/opt/rustwide/rustup-home" "-e" "CARGO_TARGET_DIR=/opt/rustwide/target" "-e" "CARGO_INCREMENTAL=0" "-e" "RUST_BACKTRACE=full" "-e" "RUSTFLAGS=--cap-lints=warn" "-e" "RUSTDOCFLAGS=--cap-lints=warn" "-w" "/opt/rustwide/workdir" "--user" "0:0" "7cdc70a7f59ae8483b6236a6a54aff6b2f4fe98bed035bc2684572a1d758524a" "/opt/rustwide/cargo-home/bin/cargo" "+1.99.0-beta.8" "build" "--frozen" "--message-format=json" "--release", kill_on_drop: false }`
[INFO] [stderr]    Compiling autocfg v1.2.0
[INFO] [stderr]    Compiling serde v1.0.199
[INFO] [stderr]    Compiling syn v2.0.60
[INFO] [stderr]    Compiling pin-project-lite v0.2.14
[INFO] [stderr]    Compiling futures-core v0.3.30
[INFO] [stderr]    Compiling futures-task v0.3.30
[INFO] [stderr]    Compiling unicode-segmentation v1.11.0
[INFO] [stderr]    Compiling tokio v1.37.0
[INFO] [stderr]    Compiling slab v0.4.9
[INFO] [stderr]    Compiling futures-macro v0.3.30
[INFO] [stderr]    Compiling futures-util v0.3.30
[INFO] [stderr]    Compiling toml v0.5.11
[INFO] [stderr]    Compiling tarjama v0.2.1 (/opt/rustwide/workdir)
[INFO] [stderr]     Finished `release` profile [optimized] target(s) in 12.20s
[INFO] running `Command { std: "docker" "inspect" "7cdc70a7f59ae8483b6236a6a54aff6b2f4fe98bed035bc2684572a1d758524a", kill_on_drop: false }`
[INFO] running `Command { std: "docker" "exec" "-e" "SOURCE_DIR=/opt/rustwide/workdir" "-e" "CARGO_HOME=/opt/rustwide/cargo-home" "-e" "RUSTUP_HOME=/opt/rustwide/rustup-home" "-e" "CARGO_TARGET_DIR=/opt/rustwide/target" "-e" "CARGO_INCREMENTAL=0" "-e" "RUST_BACKTRACE=full" "-e" "RUSTFLAGS=--cap-lints=warn" "-e" "RUSTDOCFLAGS=--cap-lints=warn" "-w" "/opt/rustwide/workdir" "--user" "0:0" "7cdc70a7f59ae8483b6236a6a54aff6b2f4fe98bed035bc2684572a1d758524a" "/opt/rustwide/cargo-home/bin/cargo" "+1.99.0-beta.8" "test" "--frozen" "--no-run" "--message-format=json" "--release", kill_on_drop: false }`
[INFO] [stderr]    Compiling libc v0.2.153
[INFO] [stderr]    Compiling tokio-macros v2.2.0
[INFO] [stderr]    Compiling num_cpus v1.16.0
[INFO] [stderr]    Compiling tokio v1.37.0
[INFO] [stderr]    Compiling tarjama v0.2.1 (/opt/rustwide/workdir)
[INFO] [stderr]     Finished `release` profile [optimized] target(s) in 13.20s
[INFO] running `Command { std: "docker" "inspect" "7cdc70a7f59ae8483b6236a6a54aff6b2f4fe98bed035bc2684572a1d758524a", kill_on_drop: false }`
[INFO] running `Command { std: "docker" "exec" "-e" "SOURCE_DIR=/opt/rustwide/workdir" "-e" "CARGO_HOME=/opt/rustwide/cargo-home" "-e" "RUSTUP_HOME=/opt/rustwide/rustup-home" "-e" "CARGO_TARGET_DIR=/opt/rustwide/target" "-e" "CARGO_INCREMENTAL=0" "-e" "RUST_BACKTRACE=full" "-e" "RUSTFLAGS=--cap-lints=warn" "-e" "RUSTDOCFLAGS=--cap-lints=warn" "-w" "/opt/rustwide/workdir" "--user" "0:0" "7cdc70a7f59ae8483b6236a6a54aff6b2f4fe98bed035bc2684572a1d758524a" "/opt/rustwide/cargo-home/bin/cargo" "+1.99.0-beta.8" "test" "--frozen" "--release", kill_on_drop: false }`
[INFO] [stderr]     Finished `release` profile [optimized] target(s) in 0.06s
[INFO] [stderr]      Running unittests src/lib.rs (/opt/rustwide/target/release/deps/tarjama-1d656d578c7a900c)
[INFO] [stdout] 
[INFO] [stdout] running 17 tests
[INFO] [stdout] test formatter::test::access_undefined_count_context ... ok
[INFO] [stdout] test loader::file::test::iterate_sync_test ... ok
[INFO] [stdout] test formatter::test::access_undefined ... ok
[INFO] [stdout] test formatter::test::format_syntax ... ok
[INFO] [stdout] test formatter::test::message_parse_errors ... ok
[INFO] [stdout] test test::translation_fallback ... ok
[INFO] [stdout] test formatter::test::access_undefined_indexed_context ... ok
[INFO] [stdout] test formatter::test::plural_messages_parse_errors ... ok
[INFO] [stdout] test test::trasnaltion_error ... ok
[INFO] [stdout] test formatter::test::access_undefined_positioned_context ... ok
[INFO] [stdout] test test::translation ... ok
[INFO] [stdout] test loader::toml::test::load_test ... ok
[INFO] [stdout] test formatter::test::rule_matching ... ok
[INFO] [stdout] test formatter::test::escape_brackets ... ok
[INFO] [stderr] error: test failed, to rerun pass `--lib`
[INFO] [stdout] test test::variant_fallback ... ok
[INFO] [stdout] test loader::file::test::iterate_test ... ok
[INFO] [stdout] test loader::toml::test::load_error_test ... FAILED
[INFO] [stdout] 
[INFO] [stdout] failures:
[INFO] [stdout] 
[INFO] [stdout] ---- loader::toml::test::load_error_test stdout ----
[INFO] [stdout] 
[INFO] [stdout] thread 'loader::toml::test::load_error_test' (660) panicked at src/loader/toml.rs:173:9:
[INFO] [stdout] called `Result::unwrap_err()` on an `Ok` value: CatalogueBag { catalogues: [Catalogue { locale: English(Default), messages: {"messages": {"greeting": "hello"}} }] }
[INFO] [stdout] stack backtrace:
[INFO] [stdout]    0:     0x5b4cfc9c70d1 - <<std[70759c8f55707aa4]::sys::backtrace::BacktraceLock>::print::DisplayBacktrace as core[df12db4294e9bfd3]::fmt::Display>::fmt
[INFO] [stdout]    1:     0x5b4cfc9dd1ca - core[df12db4294e9bfd3]::fmt::write
[INFO] [stdout]    2:     0x5b4cfc9cb90c - <alloc[2182bb758b4b3781]::vec::Vec<u8> as core[df12db4294e9bfd3]::io::write::Write>::write_fmt
[INFO] [stdout]    3:     0x5b4cfc9a2856 - std[70759c8f55707aa4]::panicking::default_hook::{closure#0}
[INFO] [stdout]    4:     0x5b4cfc9bf2b9 - std[70759c8f55707aa4]::panicking::default_hook
[INFO] [stdout]    5:     0x5b4cfc933330 - test[9d35eded1c95d3be]::test_main_inner::<test[9d35eded1c95d3be]::test_main_static::{closure#0}>::{closure#0}
[INFO] [stdout]    6:     0x5b4cfc9bf472 - std[70759c8f55707aa4]::panicking::panic_with_hook
[INFO] [stdout]    7:     0x5b4cfc9a2902 - std[70759c8f55707aa4]::panicking::panic_handler::{closure#0}
[INFO] [stdout]    8:     0x5b4cfc99b429 - std[70759c8f55707aa4]::sys::backtrace::__rust_end_short_backtrace::<std[70759c8f55707aa4]::panicking::panic_handler::{closure#0}, !>
[INFO] [stdout]    9:     0x5b4cfc9a34fd - __rustc[8fa7c3cbc660c2b3]::rust_begin_unwind
[INFO] [stdout]   10:     0x5b4cfc9dd92c - core[df12db4294e9bfd3]::panicking::panic_fmt
[INFO] [stdout]   11:     0x5b4cfc9dd702 - core[df12db4294e9bfd3]::result::unwrap_failed
[INFO] [stdout]   12:     0x5b4cfc906c62 - tarjama[3b28fd0d981db9cb]::loader::toml::test::load_error_test::{closure#0}
[INFO] [stdout]   13:     0x5b4cfc909673 - <tokio[5c9e0847de652712]::runtime::scheduler::current_thread::Context>::enter::<core[df12db4294e9bfd3]::task::poll::Poll<()>, <tokio[5c9e0847de652712]::runtime::scheduler::current_thread::CoreGuard>::block_on<core[df12db4294e9bfd3]::pin::Pin<&mut core[df12db4294e9bfd3]::pin::Pin<&mut dyn core[df12db4294e9bfd3]::future::future::Future<Output = ()>>>>::{closure#0}::{closure#0}>
[INFO] [stdout]   14:     0x5b4cfc921392 - <tokio[5c9e0847de652712]::runtime::context::scoped::Scoped<tokio[5c9e0847de652712]::runtime::scheduler::Context>>::set::<<tokio[5c9e0847de652712]::runtime::scheduler::current_thread::CoreGuard>::enter<<tokio[5c9e0847de652712]::runtime::scheduler::current_thread::CoreGuard>::block_on<core[df12db4294e9bfd3]::pin::Pin<&mut core[df12db4294e9bfd3]::pin::Pin<&mut dyn core[df12db4294e9bfd3]::future::future::Future<Output = ()>>>>::{closure#0}, core[df12db4294e9bfd3]::option::Option<()>>::{closure#0}, (alloc[2182bb758b4b3781]::boxed::Box<tokio[5c9e0847de652712]::runtime::scheduler::current_thread::Core>, core[df12db4294e9bfd3]::option::Option<()>)>
[INFO] [stdout]   15:     0x5b4cfc9092d7 - <tokio[5c9e0847de652712]::runtime::runtime::Runtime>::block_on::<core[df12db4294e9bfd3]::pin::Pin<&mut dyn core[df12db4294e9bfd3]::future::future::Future<Output = ()>>>
[INFO] [stdout]   16:     0x5b4cfc907871 - tarjama[3b28fd0d981db9cb]::loader::toml::test::load_error_test
[INFO] [stdout]   17:     0x5b4cfc921129 - <tarjama[3b28fd0d981db9cb]::loader::toml::test::load_error_test::{closure#0} as core[df12db4294e9bfd3]::ops::function::FnOnce<()>>::call_once
[INFO] [stdout]   18:     0x5b4cfc92661b - test[9d35eded1c95d3be]::__rust_begin_short_backtrace::<core[df12db4294e9bfd3]::result::Result<(), alloc[2182bb758b4b3781]::string::String>, fn() -> core[df12db4294e9bfd3]::result::Result<(), alloc[2182bb758b4b3781]::string::String>>
[INFO] [stdout]   19:     0x5b4cfc933c85 - test[9d35eded1c95d3be]::run_test::{closure#0}
[INFO] [stdout]   20:     0x5b4cfc92d544 - std[70759c8f55707aa4]::sys::backtrace::__rust_begin_short_backtrace::<test[9d35eded1c95d3be]::run_test::{closure#1}, ()>
[INFO] [stdout]   21:     0x5b4cfc936de2 - <std[70759c8f55707aa4]::thread::lifecycle::spawn_unchecked<test[9d35eded1c95d3be]::run_test::{closure#1}, ()>::{closure#1} as core[df12db4294e9bfd3]::ops::function::FnOnce<()>>::call_once::{shim:vtable#0}
[INFO] [stdout]   22:     0x5b4cfc9c6639 - <std[70759c8f55707aa4]::sys::thread::unix::Thread>::new::thread_start
[INFO] [stdout]   23:     0x76fa8dc49dfa - <unknown>
[INFO] [stdout]   24:     0x76fa8dcdd3d4 - clone
[INFO] [stdout]   25:                0x0 - <unknown>
[INFO] [stdout] 
[INFO] [stdout] 
[INFO] [stdout] failures:
[INFO] [stdout]     loader::toml::test::load_error_test
[INFO] [stdout] 
[INFO] [stdout] test result: FAILED. 16 passed; 1 failed; 0 ignored; 0 measured; 0 filtered out; finished in 0.01s
[INFO] [stdout] 
[INFO] running `Command { std: "docker" "inspect" "7cdc70a7f59ae8483b6236a6a54aff6b2f4fe98bed035bc2684572a1d758524a", kill_on_drop: false }`
[INFO] running `Command { std: "docker" "rm" "-f" "7cdc70a7f59ae8483b6236a6a54aff6b2f4fe98bed035bc2684572a1d758524a", kill_on_drop: false }`
[INFO] [stdout] 7cdc70a7f59ae8483b6236a6a54aff6b2f4fe98bed035bc2684572a1d758524a
