[INFO] fetching crate target-gc 0.2.0...
[INFO] testing target-gc-0.2.0 against 1.100.0-beta.1+cargoflags=--release for beta-release-1.100-2
[INFO] extracting crate target-gc 0.2.0 into /workspace/builds/worker-4-tc2/source
[INFO] started tweaking crates.io crate target-gc 0.2.0
[INFO] removed 0 missing tests
[INFO] finished tweaking crates.io crate target-gc 0.2.0
[INFO] tweaked toml for crates.io crate target-gc 0.2.0 written to /workspace/builds/worker-4-tc2/source/Cargo.toml
[INFO] validating manifest of crates.io crate target-gc 0.2.0 on toolchain 1.100.0-beta.1
[INFO] running `Command { std: CARGO_HOME="/workspace/cargo-home" RUSTUP_HOME="/workspace/rustup-home" "/workspace/cargo-home/bin/cargo" "+1.100.0-beta.1" "metadata" "--manifest-path" "Cargo.toml" "--no-deps", kill_on_drop: false }`
[INFO] crate crates.io crate target-gc 0.2.0 already has a lockfile, it will not be regenerated
[INFO] running `Command { std: CARGO_HOME="/workspace/cargo-home" RUSTUP_HOME="/workspace/rustup-home" "/workspace/cargo-home/bin/cargo" "+1.100.0-beta.1" "fetch" "--manifest-path" "Cargo.toml", kill_on_drop: false }`
[INFO] running `Command { std: "docker" "create" "-v" "/var/lib/crater-agent-workspace/builds/worker-4-tc2/source:/opt/rustwide/workdir:ro,Z" "-v" "/var/lib/crater-agent-workspace/builds/worker-4-tc2/target:/opt/rustwide/target:rw,Z" "-v" "/var/lib/crater-agent-workspace/cargo-home:/opt/rustwide/cargo-home:ro,Z" "-v" "/var/lib/crater-agent-workspace/rustup-home:/opt/rustwide/rustup-home:ro,Z" "-m" "1610612736" "--network" "none" "ghcr.io/rust-lang/crates-build-env/linux@sha256:77db811e55d90add9212f6832c23229e3de5f1c1f9905e8cb07319ea15df73ac" "sleep" "infinity", kill_on_drop: false }`
[INFO] [stdout] 7930160ad72e62e15d662d01df33cddcb82850f3772619338a6b58bec360a352
[INFO] running `Command { std: "docker" "start" "7930160ad72e62e15d662d01df33cddcb82850f3772619338a6b58bec360a352", kill_on_drop: false }`
[INFO] running `Command { std: "docker" "inspect" "7930160ad72e62e15d662d01df33cddcb82850f3772619338a6b58bec360a352", kill_on_drop: false }`
[INFO] running `Command { std: "docker" "exec" "-e" "SOURCE_DIR=/opt/rustwide/workdir" "-e" "CARGO_HOME=/opt/rustwide/cargo-home" "-e" "RUSTUP_HOME=/opt/rustwide/rustup-home" "-e" "CARGO_TARGET_DIR=/opt/rustwide/target" "-w" "/opt/rustwide/workdir" "--user" "0:0" "7930160ad72e62e15d662d01df33cddcb82850f3772619338a6b58bec360a352" "/opt/rustwide/cargo-home/bin/cargo" "+1.100.0-beta.1" "metadata" "--no-deps" "--format-version=1", kill_on_drop: false }`
[INFO] running `Command { std: "docker" "inspect" "7930160ad72e62e15d662d01df33cddcb82850f3772619338a6b58bec360a352", kill_on_drop: false }`
[INFO] running `Command { std: "docker" "exec" "-e" "SOURCE_DIR=/opt/rustwide/workdir" "-e" "CARGO_HOME=/opt/rustwide/cargo-home" "-e" "RUSTUP_HOME=/opt/rustwide/rustup-home" "-e" "CARGO_TARGET_DIR=/opt/rustwide/target" "-e" "CARGO_INCREMENTAL=0" "-e" "RUST_BACKTRACE=full" "-e" "RUSTFLAGS=--cap-lints=warn" "-e" "RUSTDOCFLAGS=--cap-lints=warn" "-w" "/opt/rustwide/workdir" "--user" "0:0" "7930160ad72e62e15d662d01df33cddcb82850f3772619338a6b58bec360a352" "/opt/rustwide/cargo-home/bin/cargo" "+1.100.0-beta.1" "build" "--frozen" "--message-format=json" "--release", kill_on_drop: false }`
[INFO] [stderr]    Compiling serde_core v1.0.229
[INFO] [stderr]    Compiling serde_json v1.0.151
[INFO] [stderr]    Compiling target-gc v0.2.0 (/opt/rustwide/workdir)
[INFO] [stderr]     Finished `release` profile [optimized] target(s) in 10.14s
[INFO] running `Command { std: "docker" "inspect" "7930160ad72e62e15d662d01df33cddcb82850f3772619338a6b58bec360a352", kill_on_drop: false }`
[INFO] running `Command { std: "docker" "exec" "-e" "SOURCE_DIR=/opt/rustwide/workdir" "-e" "CARGO_HOME=/opt/rustwide/cargo-home" "-e" "RUSTUP_HOME=/opt/rustwide/rustup-home" "-e" "CARGO_TARGET_DIR=/opt/rustwide/target" "-e" "CARGO_INCREMENTAL=0" "-e" "RUST_BACKTRACE=full" "-e" "RUSTFLAGS=--cap-lints=warn" "-e" "RUSTDOCFLAGS=--cap-lints=warn" "-w" "/opt/rustwide/workdir" "--user" "0:0" "7930160ad72e62e15d662d01df33cddcb82850f3772619338a6b58bec360a352" "/opt/rustwide/cargo-home/bin/cargo" "+1.100.0-beta.1" "test" "--frozen" "--no-run" "--message-format=json" "--release", kill_on_drop: false }`
[INFO] [stderr]    Compiling target-gc v0.2.0 (/opt/rustwide/workdir)
[INFO] [stderr]     Finished `release` profile [optimized] target(s) in 3.52s
[INFO] running `Command { std: "docker" "inspect" "7930160ad72e62e15d662d01df33cddcb82850f3772619338a6b58bec360a352", kill_on_drop: false }`
[INFO] running `Command { std: "docker" "exec" "-e" "SOURCE_DIR=/opt/rustwide/workdir" "-e" "CARGO_HOME=/opt/rustwide/cargo-home" "-e" "RUSTUP_HOME=/opt/rustwide/rustup-home" "-e" "CARGO_TARGET_DIR=/opt/rustwide/target" "-e" "CARGO_INCREMENTAL=0" "-e" "RUST_BACKTRACE=full" "-e" "RUSTFLAGS=--cap-lints=warn" "-e" "RUSTDOCFLAGS=--cap-lints=warn" "-w" "/opt/rustwide/workdir" "--user" "0:0" "7930160ad72e62e15d662d01df33cddcb82850f3772619338a6b58bec360a352" "/opt/rustwide/cargo-home/bin/cargo" "+1.100.0-beta.1" "test" "--frozen" "--release", kill_on_drop: false }`
[INFO] [stderr]     Finished `release` profile [optimized] target(s) in 0.04s
[INFO] [stderr]      Running unittests src/lib.rs (/opt/rustwide/target/release/build/target-gc/19d5951bcab29787/out/target_gc-19d5951bcab29787)
[INFO] [stdout] 
[INFO] [stdout] running 17 tests
[INFO] [stdout] test toml_subset::toml_subset_tests::a_comma_inside_a_multiline_list_element_does_not_split_it ... ok
[INFO] [stdout] test toml_subset::toml_subset_tests::a_line_that_is_not_a_pair_is_an_error ... ok
[INFO] [stdout] test toml_subset::toml_subset_tests::a_bare_string_reads_as_a_one_element_list ... ok
[INFO] [stdout] test toml_subset::toml_subset_tests::an_unquoted_value_is_an_error ... ok
[INFO] [stdout] test toml_subset::toml_subset_tests::a_missing_file_is_absence_not_an_error ... ok
[INFO] [stdout] test toml_subset::toml_subset_tests::an_unterminated_array_is_an_error ... ok
[INFO] [stdout] test toml_subset::toml_subset_tests::comments_and_blank_lines_are_ignored_but_a_hash_inside_a_string_survives ... ok
[INFO] [stdout] test toml_subset::toml_subset_tests::keys_under_an_absent_table_is_empty_not_an_error ... ok
[INFO] [stdout] test toml_subset::toml_subset_tests::a_comma_inside_a_quoted_list_element_does_not_split_it ... ok
[INFO] [stdout] test toml_subset::toml_subset_tests::nested_tables_flatten_to_dotted_keys ... ok
[INFO] [stdout] test toml_subset::toml_subset_tests::keys_under_does_not_reach_into_a_nested_table ... ok
[INFO] [stdout] test toml_subset::toml_subset_tests::keys_under_finds_lists_as_well_as_strings ... ok
[INFO] [stdout] test toml_subset::toml_subset_tests::reads_inline_and_multiline_lists ... ok
[INFO] [stdout] test toml_subset::toml_subset_tests::an_unterminated_table_header_is_an_error ... ok
[INFO] [stdout] test toml_subset::toml_subset_tests::arrays_of_tables_are_rejected_rather_than_misread ... ok
[INFO] [stdout] test toml_subset::toml_subset_tests::keys_under_lists_one_tables_own_keys ... ok
[INFO] [stdout] test toml_subset::toml_subset_tests::reads_top_level_and_table_strings ... ok
[INFO] [stderr]      Running unittests src/main.rs (/opt/rustwide/target/release/build/target-gc/e90fcfb9234ddd8d/out/target_gc-e90fcfb9234ddd8d)
[INFO] [stdout] 
[INFO] [stdout] test result: ok. 17 passed; 0 failed; 0 ignored; 0 measured; 0 filtered out; finished in 0.00s
[INFO] [stdout] 
[INFO] [stdout] 
[INFO] [stdout] running 0 tests
[INFO] [stdout] 
[INFO] [stdout] test result: ok. 0 passed; 0 failed; 0 ignored; 0 measured; 0 filtered out; finished in 0.00s
[INFO] [stderr]      Running tests/discover.rs (/opt/rustwide/target/release/build/target-gc/216e03bb30d0b14a/out/discover-216e03bb30d0b14a)
[INFO] [stdout] 
[INFO] [stdout] 
[INFO] [stdout] running 8 tests
[INFO] [stdout] test another_tools_cache_tag_is_not_cargos ... ok
[INFO] [stdout] test profiles_are_found_for_host_and_cross_builds ... ok
[INFO] [stdout] test activity_is_read_from_the_directories_a_compile_writes ... ok
[INFO] [stdout] test a_cross_builds_activity_counts_too ... ok
[INFO] [stdout] test an_interrupted_evictions_trash_is_reported_separately ... ok
[INFO] [stdout] test a_build_directory_moved_under_another_name_is_found ... ok
[INFO] [stdout] test discovery_stops_at_a_build_directory ... ok
[INFO] [stdout] test a_directory_named_target_without_cargos_tag_is_never_found ... ok
[INFO] [stdout] 
[INFO] [stdout] test result: ok. 8 passed; 0 failed; 0 ignored; 0 measured; 0 filtered out; finished in 0.02s
[INFO] [stdout] 
[INFO] [stderr]      Running tests/evict.rs (/opt/rustwide/target/release/build/target-gc/1b7b8b9c291fcf7e/out/evict-1b7b8b9c291fcf7e)
[INFO] [stdout] 
[INFO] [stdout] running 7 tests
[INFO] [stdout] test a_directory_built_after_the_scan_is_left_alone ... ok
[INFO] [stdout] test an_idle_directory_is_removed_and_leaves_nothing_behind ... ok
[INFO] [stdout] test a_session_that_only_sits_in_the_project_does_not_keep_it ... ok
[INFO] [stdout] test an_untagged_directory_is_refused_even_if_the_plan_named_it ... ok
[INFO] [stdout] test a_build_that_holds_a_lock_keeps_its_directory ... ok
[INFO] [stdout] test trash_is_finished_only_when_it_is_ours ... ok
[INFO] [stdout] test a_process_in_the_project_keeps_it ... ok
[INFO] [stderr]      Running tests/liveness.rs (/opt/rustwide/target/release/build/target-gc/f09853bac88ebd84/out/liveness-f09853bac88ebd84)
[INFO] [stdout] 
[INFO] [stdout] test result: ok. 7 passed; 0 failed; 0 ignored; 0 measured; 0 filtered out; finished in 0.01s
[INFO] [stdout] 
[INFO] [stdout] 
[INFO] [stdout] running 11 tests
[INFO] [stdout] test lsof_field_output_is_parsed_per_process ... ok
[INFO] [stdout] test a_writer_in_the_project_or_an_executable_in_the_build_dir_holds_it ... ok
[INFO] [stdout] test proc_style_links_are_read ... ok
[INFO] [stdout] test a_cross_builds_newer_lock_file_counts ... ok
[INFO] [stdout] test hold_locks_refuses_when_a_build_has_one ... ok
[INFO] [stdout] test a_process_that_only_sits_in_the_project_holds_nothing ... ok
[INFO] [stdout] test a_sibling_with_a_longer_name_is_not_inside ... ok
[INFO] [stdout] test a_linux_comm_cut_at_15_bytes_still_matches_its_writer ... ok
[INFO] [stdout] test a_service_running_from_the_build_dir_holds_it_whatever_its_name ... ok
[INFO] [stdout] test holding_the_locks_keeps_a_build_out ... ok
[INFO] [stderr]      Running tests/plan.rs (/opt/rustwide/target/release/build/target-gc/f7f86ee7eac408fc/out/plan-f7f86ee7eac408fc)
[INFO] [stdout] test a_held_profile_lock_holds_the_directory ... ok
[INFO] [stdout] 
[INFO] [stdout] test result: ok. 11 passed; 0 failed; 0 ignored; 0 measured; 0 filtered out; finished in 0.07s
[INFO] [stdout] 
[INFO] [stdout] 
[INFO] [stdout] running 5 tests
[INFO] [stdout] test with_expiry_off_only_pressure_evicts ... ok
[INFO] [stdout] test expiry_applies_without_pressure_and_pressure_queues_oldest_first ... ok
[INFO] [stdout] test pressure_has_hysteresis ... ok
[INFO] [stdout] test a_directory_built_within_min_idle_is_never_planned_even_under_pressure ... ok
[INFO] [stdout] test a_held_directory_is_never_planned_however_old ... ok
[INFO] [stdout] 
[INFO] [stdout] test result: ok. 5 passed; 0 failed; 0 ignored; 0 measured; 0 filtered out; finished in 0.00s
[INFO] [stdout] 
[INFO] [stderr]      Running tests/protect.rs (/opt/rustwide/target/release/build/target-gc/b8f91a639d6f0310/out/protect-b8f91a639d6f0310)
[INFO] [stdout] 
[INFO] [stdout] running 4 tests
[INFO] [stdout] test a_home_relative_spelling_counts ... ok
[INFO] [stdout] test a_plist_naming_a_binary_inside_protects_the_directory ... ok
[INFO] [stdout] test a_sibling_directorys_path_is_not_a_reference ... ok
[INFO] [stdout] test a_configured_prefix_protects_everything_under_it ... ok
[INFO] [stdout] 
[INFO] [stdout] test result: ok. 4 passed; 0 failed; 0 ignored; 0 measured; 0 filtered out; finished in 0.00s
[INFO] [stdout] 
[INFO] [stderr]      Running tests/report.rs (/opt/rustwide/target/release/build/target-gc/08ba76ef3c346c06/out/report-08ba76ef3c346c06)
[INFO] [stdout] 
[INFO] [stdout] running 9 tests
[INFO] [stdout] test a_zero_idle_floor_is_refused ... ok
[INFO] [stdout] test the_schedule_runs_the_installed_binary_hourly ... ok
[INFO] [stdout] test writers_extend_the_defaults ... ok
[INFO] [stdout] test df_is_read_back_from_the_capacity_column ... ok
[INFO] [stdout] test a_record_round_trips_through_json ... ok
[INFO] [stdout] test the_shipped_example_config_loads_to_the_defaults ... ok
[INFO] [stdout] test the_session_hook_is_silent_only_when_everything_is_fine ... ok
[INFO] [stdout] test settings_default_and_override ... ok
[INFO] [stdout] test levels_parse_in_binary_units_and_percentages ... ok
[INFO] [stdout] 
[INFO] [stderr]      Running tests/scratch.rs (/opt/rustwide/target/release/build/target-gc/cd130241f617f03c/out/scratch-cd130241f617f03c)
[INFO] [stdout] test result: ok. 9 passed; 0 failed; 0 ignored; 0 measured; 0 filtered out; finished in 0.01s
[INFO] [stdout] 
[INFO] [stdout] 
[INFO] [stdout] running 3 tests
[INFO] [stdout] test artifact_files_are_counted_and_left_alone ... ok
[INFO] [stdout] test a_young_temp_dir_survives_and_an_old_one_does_not ... ok
[INFO] [stdout] test only_rustc_scratch_names_are_swept ... ok
[INFO] [stdout] 
[INFO] [stdout] test result: ok. 3 passed; 0 failed; 0 ignored; 0 measured; 0 filtered out; finished in 0.07s
[INFO] [stdout] 
[INFO] [stderr]      Running tests/skill.rs (/opt/rustwide/target/release/build/target-gc/b32e925606bfb9d1/out/skill-b32e925606bfb9d1)
[INFO] [stdout] 
[INFO] [stdout] running 5 tests
[INFO] [stdout] test skill_install_writes_the_file_the_plugin_ships ... ok
[INFO] [stdout] test plugin_marketplace_and_crate_versions_agree ... FAILED
[INFO] [stdout] test every_command_the_skill_names_exists ... ok
[INFO] [stdout] test every_flag_the_skill_names_exists ... ok
[INFO] [stdout] test the_plugin_hook_runs_the_session_line ... FAILED
[INFO] [stdout] 
[INFO] [stdout] failures:
[INFO] [stdout] 
[INFO] [stdout] ---- plugin_marketplace_and_crate_versions_agree stdout ----
[INFO] [stdout] 
[INFO] [stdout] thread 'plugin_marketplace_and_crate_versions_agree' (626) panicked at tests/skill.rs:97:67:
[INFO] [stdout] .claude-plugin/plugin.json: Os { code: 2, kind: NotFound, message: "No such file or directory" }
[INFO] [stdout] stack backtrace:
[INFO] [stdout]    0:     0x64545a134121 - <<std[617be2ca0a6fd877]::sys::backtrace::BacktraceLock>::print::DisplayBacktrace as core[a373ad73a504971]::fmt::Display>::fmt
[INFO] [stdout]    1:     0x64545a148cda - core[a373ad73a504971]::fmt::write
[INFO] [stdout]    2:     0x64545a1385bc - <alloc[2e1b2a31b91974c5]::vec::Vec<u8> as core[a373ad73a504971]::io::write::Write>::write_fmt
[INFO] [stdout]    3:     0x64545a10ea66 - std[617be2ca0a6fd877]::panicking::default_hook::{closure#0}
[INFO] [stdout]    4:     0x64545a12b889 - std[617be2ca0a6fd877]::panicking::default_hook
[INFO] [stdout]    5:     0x64545a0c23e0 - test[aada8e7e76ba119b]::test_main_inner::{closure#0}
[INFO] [stdout]    6:     0x64545a12ba42 - std[617be2ca0a6fd877]::panicking::panic_with_hook
[INFO] [stdout]    7:     0x64545a10eb12 - std[617be2ca0a6fd877]::panicking::panic_handler::{closure#0}
[INFO] [stdout]    8:     0x64545a107579 - std[617be2ca0a6fd877]::sys::backtrace::__rust_end_short_backtrace::<std[617be2ca0a6fd877]::panicking::panic_handler::{closure#0}, !>
[INFO] [stdout]    9:     0x64545a10f71d - __rustc[ea4f61d10b84890b]::rust_begin_unwind
[INFO] [stdout]   10:     0x64545a14940c - core[a373ad73a504971]::panicking::panic_fmt
[INFO] [stdout]   11:     0x64545a1491e2 - core[a373ad73a504971]::result::unwrap_failed
[INFO] [stdout]   12:     0x64545a0ae2cf - skill[75388db37fbf12d9]::json
[INFO] [stdout]   13:     0x64545a0af769 - <skill[75388db37fbf12d9]::plugin_marketplace_and_crate_versions_agree::{closure#0} as core[a373ad73a504971]::ops::function::FnOnce<()>>::call_once
[INFO] [stdout]   14:     0x64545a0b582b - test[aada8e7e76ba119b]::__rust_begin_short_backtrace::<core[a373ad73a504971]::result::Result<(), alloc[2e1b2a31b91974c5]::string::String>, fn() -> core[a373ad73a504971]::result::Result<(), alloc[2e1b2a31b91974c5]::string::String>>
[INFO] [stdout]   15:     0x64545a0c2a05 - test[aada8e7e76ba119b]::run_test::{closure#0}
[INFO] [stdout]   16:     0x64545a0bc2f4 - std[617be2ca0a6fd877]::sys::backtrace::__rust_begin_short_backtrace::<test[aada8e7e76ba119b]::run_test::{closure#1}, ()>
[INFO] [stdout]   17:     0x64545a0c5a92 - <std[617be2ca0a6fd877]::thread::lifecycle::spawn_unchecked<test[aada8e7e76ba119b]::run_test::{closure#1}, ()>::{closure#1} as core[a373ad73a504971]::ops::function::FnOnce<()>>::call_once::{shim:vtable#0}
[INFO] [stdout]   18:     0x64545a13312f - <std[617be2ca0a6fd877]::sys::thread::unix::Thread>::new::thread_start
[INFO] [stdout]   19:     0x7a53ba7ffdfa - <unknown>
[INFO] [stdout]   20:     0x7a53ba8933d4 - clone
[INFO] [stdout]   21:                0x0 - <unknown>
[INFO] [stdout] 
[INFO] [stdout] ---- the_plugin_hook_runs_the_session_line stdout ----
[INFO] [stdout] 
[INFO] [stdout] thread 'the_plugin_hook_runs_the_session_line' (628) panicked at tests/skill.rs:97:67:
[INFO] [stdout] hooks/hooks.json: Os { code: 2, kind: NotFound, message: "No such file or directory" }
[INFO] [stdout] stack backtrace:
[INFO] [stdout]    0:     0x64545a134121 - <<std[617be2ca0a6fd877]::sys::backtrace::BacktraceLock>::print::DisplayBacktrace as core[a373ad73a504971]::fmt::Display>::fmt
[INFO] [stdout]    1:     0x64545a148cda - core[a373ad73a504971]::fmt::write
[INFO] [stdout]    2:     0x64545a1385bc - <alloc[2e1b2a31b91974c5]::vec::Vec<u8> as core[a373ad73a504971]::io::write::Write>::write_fmt
[INFO] [stdout]    3:     0x64545a10ea66 - std[617be2ca0a6fd877]::panicking::default_hook::{closure#0}
[INFO] [stdout]    4:     0x64545a12b889 - std[617be2ca0a6fd877]::panicking::default_hook
[INFO] [stdout]    5:     0x64545a0c23e0 - test[aada8e7e76ba119b]::test_main_inner::{closure#0}
[INFO] [stdout]    6:     0x64545a12ba42 - std[617be2ca0a6fd877]::panicking::panic_with_hook
[INFO] [stdout]    7:     0x64545a10eb12 - std[617be2ca0a6fd877]::panicking::panic_handler::{closure#0}
[INFO] [stdout]    8:     0x64545a107579 - std[617be2ca0a6fd877]::sys::backtrace::__rust_end_short_backtrace::<std[617be2ca0a6fd877]::panicking::panic_handler::{closure#0}, !>
[INFO] [stdout]    9:     0x64545a10f71d - __rustc[ea4f61d10b84890b]::rust_begin_unwind
[INFO] [stdout]   10:     0x64545a14940c - core[a373ad73a504971]::panicking::panic_fmt
[INFO] [stdout]   11:     0x64545a1491e2 - core[a373ad73a504971]::result::unwrap_failed
[INFO] [stdout]   12:     0x64545a0ae2cf - skill[75388db37fbf12d9]::json
[INFO] [stdout]   13:     0x64545a0af595 - <skill[75388db37fbf12d9]::the_plugin_hook_runs_the_session_line::{closure#0} as core[a373ad73a504971]::ops::function::FnOnce<()>>::call_once
[INFO] [stdout]   14:     0x64545a0b582b - test[aada8e7e76ba119b]::__rust_begin_short_backtrace::<core[a373ad73a504971]::result::Result<(), alloc[2e1b2a31b91974c5]::string::String>, fn() -> core[a373ad73a504971]::result::Result<(), alloc[2e1b2a31b91974c5]::string::String>>
[INFO] [stdout]   15:     0x64545a0c2a05 - test[aada8e7e76ba119b]::run_test::{closure#0}
[INFO] [stdout]   16:     0x64545a0bc2f4 - std[617be2ca0a6fd877]::sys::backtrace::__rust_begin_short_backtrace::<test[aada8e7e76ba119b]::run_test::{closure#1}, ()>
[INFO] [stdout]   17:     0x64545a0c5a92 - <std[617be2ca0a6fd877]::thread::lifecycle::spawn_unchecked<test[aada8e7e76ba119b]::run_test::{closure#1}, ()>::{closure#1} as core[a373ad73a504971]::ops::function::FnOnce<()>>::call_once::{shim:vtable#0}
[INFO] [stdout]   18:     0x64545a13312f - <std[617be2ca0a6fd877]::sys::thread::unix::Thread>::new::thread_start
[INFO] [stdout]   19:     0x7a53ba7ffdfa - <unknown>
[INFO] [stdout]   20:     0x7a53ba8933d4 - clone
[INFO] [stdout]   21:                0x0 - <unknown>
[INFO] [stdout] 
[INFO] [stdout] 
[INFO] [stdout] failures:
[INFO] [stdout]     plugin_marketplace_and_crate_versions_agree
[INFO] [stdout]     the_plugin_hook_runs_the_session_line
[INFO] [stdout] 
[INFO] [stdout] test result: FAILED. 3 passed; 2 failed; 0 ignored; 0 measured; 0 filtered out; finished in 0.01s
[INFO] [stdout] 
[INFO] [stderr] error: test failed, to rerun pass `--test skill`
[INFO] running `Command { std: "docker" "inspect" "7930160ad72e62e15d662d01df33cddcb82850f3772619338a6b58bec360a352", kill_on_drop: false }`
[INFO] running `Command { std: "docker" "rm" "-f" "7930160ad72e62e15d662d01df33cddcb82850f3772619338a6b58bec360a352", kill_on_drop: false }`
[INFO] [stdout] 7930160ad72e62e15d662d01df33cddcb82850f3772619338a6b58bec360a352
