[INFO] fetching crate tapwarden 0.3.2...
[INFO] testing tapwarden-0.3.2 against 1.99.0-beta.8+cargoflags=--release for beta-release-1.100-2
[INFO] extracting crate tapwarden 0.3.2 into /workspace/builds/worker-5-tc1/source
[INFO] removed /workspace/builds/worker-5-tc1/source/.cargo/config.toml
[INFO] started tweaking crates.io crate tapwarden 0.3.2
[INFO] finished tweaking crates.io crate tapwarden 0.3.2
[INFO] tweaked toml for crates.io crate tapwarden 0.3.2 written to /workspace/builds/worker-5-tc1/source/Cargo.toml
[INFO] validating manifest of crates.io crate tapwarden 0.3.2 on toolchain 1.99.0-beta.8
[INFO] running `Command { std: CARGO_HOME="/workspace/cargo-home" RUSTUP_HOME="/workspace/rustup-home" "/workspace/cargo-home/bin/cargo" "+1.99.0-beta.8" "metadata" "--manifest-path" "Cargo.toml" "--no-deps", kill_on_drop: false }`
[INFO] crate crates.io crate tapwarden 0.3.2 already has a lockfile, it will not be regenerated
[INFO] running `Command { std: CARGO_HOME="/workspace/cargo-home" RUSTUP_HOME="/workspace/rustup-home" "/workspace/cargo-home/bin/cargo" "+1.99.0-beta.8" "fetch" "--manifest-path" "Cargo.toml", kill_on_drop: false }`
[INFO] [stderr]     Updating crates.io index
[INFO] [stderr]  Downloading crates ...
[INFO] [stderr]   Downloaded ssh-cipher v0.2.0
[INFO] [stderr]   Downloaded block-padding v0.3.3
[INFO] [stderr]   Downloaded p521 v0.13.3
[INFO] [stderr]   Downloaded ssh-encoding v0.2.0
[INFO] [stderr]   Downloaded ssh-key v0.6.7
[INFO] [stderr]   Downloaded zcheapstr v1.1.0
[INFO] [stderr]   Downloaded endi v1.1.1
[INFO] [stderr]   Downloaded service-binding v3.0.0
[INFO] [stderr]   Downloaded windows-implement v0.56.0
[INFO] [stderr]   Downloaded zvariant_derive v5.15.0
[INFO] [stderr]   Downloaded enumflags2 v0.7.12
[INFO] [stderr]   Downloaded zbus_names v4.3.4
[INFO] [stderr]   Downloaded uds_windows v1.2.1
[INFO] [stderr]   Downloaded async-recursion v1.1.1
[INFO] [stderr]   Downloaded windows-interface v0.56.0
[INFO] [stderr]   Downloaded robius-android-env v0.2.0
[INFO] [stderr]   Downloaded raunch v1.0.1
[INFO] [stderr]   Downloaded rpassword v7.5.4
[INFO] [stderr]   Downloaded rtoolbox v0.0.6
[INFO] [stderr]   Downloaded zbus_polkit v5.1.0
[INFO] [stderr]   Downloaded enumflags2_derive v0.7.12
[INFO] [stderr]   Downloaded async-broadcast v0.7.2
[INFO] [stderr]   Downloaded zvariant_utils v4.2.0
[INFO] [stderr]   Downloaded objc2-local-authentication v0.3.2
[INFO] [stderr]   Downloaded zbus_macros v5.19.0
[INFO] [stderr]   Downloaded windows-core v0.56.0
[INFO] [stderr]   Downloaded android-build v0.1.4
[INFO] [stderr]   Downloaded ssh-agent-lib v0.6.0
[INFO] [stderr]   Downloaded zvariant v5.15.0
[INFO] [stderr]   Downloaded zbus v5.19.0
[INFO] [stderr]   Downloaded robius-authentication v0.3.1
[INFO] [stderr]   Downloaded keyring v3.6.3
[INFO] [stderr]   Downloaded dirs v7.0.0
[INFO] [stderr]   Downloaded ctap-hid-fido2 v3.5.13
[INFO] [stderr]   Downloaded pad v0.1.6
[INFO] [stderr]   Downloaded hidapi v2.6.7
[INFO] [stderr]   Downloaded cbc v0.2.1
[INFO] [stderr]   Downloaded cpubits v0.1.1
[INFO] [stderr]   Downloaded argon2 v0.6.0
[INFO] [stderr]   Downloaded phc v0.6.1
[INFO] [stderr]   Downloaded clap_derive v4.6.7
[INFO] [stderr]   Downloaded block-padding v0.4.2
[INFO] [stderr]   Downloaded password-hash v0.6.1
[INFO] [stderr]   Downloaded aes v0.9.2
[INFO] [stderr]   Downloaded cbc v0.1.2
[INFO] [stderr]   Downloaded windows v0.56.0
[INFO] [stderr]   Downloaded blake2 v0.11.0
[INFO] running `Command { std: "docker" "create" "-v" "/var/lib/crater-agent-workspace/builds/worker-5-tc1/source:/opt/rustwide/workdir:ro,Z" "-v" "/var/lib/crater-agent-workspace/builds/worker-5-tc1/target:/opt/rustwide/target:rw,Z" "-v" "/var/lib/crater-agent-workspace/cargo-home:/opt/rustwide/cargo-home:ro,Z" "-v" "/var/lib/crater-agent-workspace/rustup-home:/opt/rustwide/rustup-home:ro,Z" "-m" "1610612736" "--network" "none" "ghcr.io/rust-lang/crates-build-env/linux@sha256:77db811e55d90add9212f6832c23229e3de5f1c1f9905e8cb07319ea15df73ac" "sleep" "infinity", kill_on_drop: false }`
[INFO] [stdout] 814d479056b63edd6ea9bfdbad330e9b94447ce1757f34d42e04474672e8f6ad
[INFO] running `Command { std: "docker" "start" "814d479056b63edd6ea9bfdbad330e9b94447ce1757f34d42e04474672e8f6ad", kill_on_drop: false }`
[INFO] running `Command { std: "docker" "inspect" "814d479056b63edd6ea9bfdbad330e9b94447ce1757f34d42e04474672e8f6ad", kill_on_drop: false }`
[INFO] running `Command { std: "docker" "exec" "-e" "SOURCE_DIR=/opt/rustwide/workdir" "-e" "CARGO_HOME=/opt/rustwide/cargo-home" "-e" "RUSTUP_HOME=/opt/rustwide/rustup-home" "-e" "CARGO_TARGET_DIR=/opt/rustwide/target" "-w" "/opt/rustwide/workdir" "--user" "0:0" "814d479056b63edd6ea9bfdbad330e9b94447ce1757f34d42e04474672e8f6ad" "/opt/rustwide/cargo-home/bin/cargo" "+1.99.0-beta.8" "metadata" "--no-deps" "--format-version=1", kill_on_drop: false }`
[INFO] running `Command { std: "docker" "inspect" "814d479056b63edd6ea9bfdbad330e9b94447ce1757f34d42e04474672e8f6ad", kill_on_drop: false }`
[INFO] running `Command { std: "docker" "exec" "-e" "SOURCE_DIR=/opt/rustwide/workdir" "-e" "CARGO_HOME=/opt/rustwide/cargo-home" "-e" "RUSTUP_HOME=/opt/rustwide/rustup-home" "-e" "CARGO_TARGET_DIR=/opt/rustwide/target" "-e" "CARGO_INCREMENTAL=0" "-e" "RUST_BACKTRACE=full" "-e" "RUSTFLAGS=--cap-lints=warn" "-e" "RUSTDOCFLAGS=--cap-lints=warn" "-w" "/opt/rustwide/workdir" "--user" "0:0" "814d479056b63edd6ea9bfdbad330e9b94447ce1757f34d42e04474672e8f6ad" "/opt/rustwide/cargo-home/bin/cargo" "+1.99.0-beta.8" "build" "--frozen" "--message-format=json" "--release", kill_on_drop: false }`
[INFO] [stderr]    Compiling unicode-ident v1.0.26
[INFO] [stderr]    Compiling libc v0.2.190
[INFO] [stderr]    Compiling zeroize v1.9.0
[INFO] [stderr]    Compiling typenum v1.20.1
[INFO] [stderr]    Compiling futures-io v0.3.34
[INFO] [stderr]    Compiling num-traits v0.2.19
[INFO] [stderr]    Compiling slab v0.4.12
[INFO] [stderr]    Compiling serde_core v1.0.229
[INFO] [stderr]    Compiling parking v2.2.1
[INFO] [stderr]    Compiling proc-macro2 v1.0.107
[INFO] [stderr]    Compiling cc v1.5.1
[INFO] [stderr]    Compiling serde v1.0.229
[INFO] [stderr]    Compiling zerocopy v0.8.59
[INFO] [stderr]    Compiling der v0.7.10
[INFO] [stderr]    Compiling smallvec v1.16.2
[INFO] [stderr]    Compiling quote v1.0.47
[INFO] [stderr]    Compiling winnow v1.0.4
[INFO] [stderr]    Compiling syn v3.0.6
[INFO] [stderr]    Compiling syn v2.0.119
[INFO] [stderr]    Compiling generic-array v0.14.7
[INFO] [stderr]    Compiling getrandom v0.2.17
[INFO] [stderr]    Compiling errno v0.3.14
[INFO] [stderr]    Compiling rand_core v0.6.4
[INFO] [stderr]    Compiling signal-hook-registry v1.4.8
[INFO] [stderr]    Compiling crypto-common v0.1.7
[INFO] [stderr]    Compiling block-buffer v0.10.4
[INFO] [stderr]    Compiling futures-sink v0.3.34
[INFO] [stderr]    Compiling digest v0.10.7
[INFO] [stderr]    Compiling crossbeam-utils v0.8.23
[INFO] [stderr]    Compiling indexmap v2.14.2
[INFO] [stderr]    Compiling toml_parser v1.1.3+spec-1.1.0
[INFO] [stderr]    Compiling hybrid-array v0.4.15
[INFO] [stderr]    Compiling num-integer v0.1.47
[INFO] [stderr]    Compiling toml_datetime v1.1.1+spec-1.1.0
[INFO] [stderr]    Compiling futures-channel v0.3.34
[INFO] [stderr]    Compiling mio v1.2.3
[INFO] [stderr]    Compiling socket2 v0.6.5
[INFO] [stderr]    Compiling toml_edit v0.25.15+spec-1.1.0
[INFO] [stderr]    Compiling fastrand v2.5.0
[INFO] [stderr]    Compiling concurrent-queue v2.5.0
[INFO] [stderr]    Compiling sha2 v0.10.9
[INFO] [stderr]    Compiling signature v2.2.0
[INFO] [stderr]    Compiling ff v0.13.1
[INFO] [stderr]    Compiling ring v0.17.14
[INFO] [stderr]    Compiling spki v0.7.3
[INFO] [stderr]    Compiling event-listener v5.4.2
[INFO] [stderr]    Compiling proc-macro-crate v3.5.0
[INFO] [stderr]    Compiling rustix v1.1.5
[INFO] [stderr]    Compiling sec1 v0.7.3
[INFO] [stderr]    Compiling event-listener-strategy v0.5.4
[INFO] [stderr]    Compiling group v0.13.0
[INFO] [stderr]    Compiling futures-lite v2.6.1
[INFO] [stderr]    Compiling hmac v0.12.1
[INFO] [stderr]    Compiling crypto-bigint v0.5.5
[INFO] [stderr]    Compiling linux-raw-sys v0.12.1
[INFO] [stderr]    Compiling synstructure v0.14.0
[INFO] [stderr]    Compiling thiserror v2.0.21
[INFO] [stderr]    Compiling elliptic-curve v0.13.8
[INFO] [stderr]    Compiling crypto-common v0.2.2
[INFO] [stderr]    Compiling http v1.5.0
[INFO] [stderr]    Compiling block-padding v0.3.3
[INFO] [stderr]    Compiling async-io v2.6.0
[INFO] [stderr]    Compiling zerocopy-derive v0.8.59
[INFO] [stderr]    Compiling enumflags2_derive v0.7.12
[INFO] [stderr]    Compiling serde_derive v1.0.229
[INFO] [stderr]    Compiling displaydoc v0.2.7
[INFO] [stderr]    Compiling zerofrom-derive v0.1.8
[INFO] [stderr]    Compiling yoke-derive v0.8.3
[INFO] [stderr]    Compiling zerovec-derive v0.11.6
[INFO] [stderr]    Compiling zerofrom v0.1.8
[INFO] [stderr]    Compiling tokio-macros v2.7.2
[INFO] [stderr]    Compiling yoke v0.8.3
[INFO] [stderr]    Compiling futures-macro v0.3.34
[INFO] [stderr]    Compiling tokio v1.53.2
[INFO] [stderr]    Compiling zerotrie v0.2.5
[INFO] [stderr]    Compiling zerovec v0.11.8
[INFO] [stderr]    Compiling futures-util v0.3.34
[INFO] [stderr]    Compiling thiserror-impl v2.0.21
[INFO] [stderr]    Compiling tinystr v0.8.4
[INFO] [stderr]    Compiling icu_locale_core v2.3.0
[INFO] [stderr]    Compiling zvariant_utils v4.2.0
[INFO] [stderr]    Compiling potential_utf v0.1.6
[INFO] [stderr]    Compiling icu_collections v2.3.0
[INFO] [stderr]    Compiling zvariant_derive v5.15.0
[INFO] [stderr]    Compiling icu_provider v2.3.1
[INFO] [stderr]    Compiling tracing-attributes v0.1.31
[INFO] [stderr]    Compiling num-conv v0.2.2
[INFO] [stderr]    Compiling spin v0.9.9
[INFO] [stderr]    Compiling time-core v0.1.9
[INFO] [stderr]    Compiling nom v7.1.3
[INFO] [stderr]    Compiling lazy_static v1.5.0
[INFO] [stderr]    Compiling polling v3.11.0
[INFO] [stderr]    Compiling time-macros v0.2.32
[INFO] [stderr]    Compiling tracing v0.1.44
[INFO] [stderr]    Compiling enumflags2 v0.7.12
[INFO] [stderr]    Compiling zcheapstr v1.1.0
[INFO] [stderr]    Compiling http-body v1.1.0
[INFO] [stderr]    Compiling inout v0.1.4
[INFO] [stderr]    Compiling synstructure v0.13.2
[INFO] [stderr]    Compiling ppv-lite86 v0.2.21
[INFO] [stderr]    Compiling rfc6979 v0.4.0
[INFO] [stderr]    Compiling num-iter v0.1.46
[INFO] [stderr]    Compiling rustls-pki-types v1.15.1
[INFO] [stderr]    Compiling base64ct v1.8.3
[INFO] [stderr]    Compiling endi v1.1.1
[INFO] [stderr]    Compiling async-task v4.7.1
[INFO] [stderr]    Compiling time v0.3.55
[INFO] [stderr]    Compiling rusticata-macros v4.1.0
[INFO] [stderr]    Compiling zvariant v5.15.0
[INFO] [stderr]    Compiling rand_chacha v0.3.1
[INFO] [stderr]    Compiling ecdsa v0.16.9
[INFO] [stderr]    Compiling asn1-rs-derive v0.6.0
[INFO] [stderr]    Compiling icu_normalizer v2.3.0
[INFO] [stderr]    Compiling icu_properties v2.3.0
[INFO] [stderr]    Compiling cipher v0.4.4
[INFO] [stderr]    Compiling curve25519-dalek v4.1.3
[INFO] [stderr]    Compiling asn1-rs-impl v0.2.0
[INFO] [stderr]    Compiling primeorder v0.13.6
[INFO] [stderr]    Compiling async-channel v2.5.0
[INFO] [stderr]    Compiling block-padding v0.4.2
[INFO] [stderr]    Compiling num-bigint v0.4.8
[INFO] [stderr]    Compiling rustls v0.23.45
[INFO] [stderr]    Compiling num-bigint-dig v0.8.6
[INFO] [stderr]    Compiling inout v0.2.2
[INFO] [stderr]    Compiling asn1-rs v0.7.2
[INFO] [stderr]    Compiling zbus_names v4.3.4
[INFO] [stderr]    Compiling idna_adapter v1.2.2
[INFO] [stderr]    Compiling async-signal v0.2.14
[INFO] [stderr]    Compiling rustls-webpki v0.103.15
[INFO] [stderr]    Compiling rand v0.8.8
[INFO] [stderr]    Compiling pem-rfc7468 v0.7.0
[INFO] [stderr]    Compiling form_urlencoded v1.2.2
[INFO] [stderr]    Compiling async-trait v0.1.92
[INFO] [stderr]    Compiling curve25519-dalek-derive v0.1.1
[INFO] [stderr]    Compiling async-lock v3.4.2
[INFO] [stderr]    Compiling piper v0.2.5
[INFO] [stderr]    Compiling pkcs8 v0.10.2
[INFO] [stderr]    Compiling utf8parse v0.2.2
[INFO] [stderr]    Compiling oid-registry v0.8.1
[INFO] [stderr]    Compiling cmov v0.5.4
[INFO] [stderr]    Compiling base64 v0.23.1
[INFO] [stderr]    Compiling anstyle-parse v1.0.0
[INFO] [stderr]    Compiling ctutils v0.4.2
[INFO] [stderr]    Compiling hidapi v2.6.7
[INFO] [stderr]    Compiling async-process v2.5.0
[INFO] [stderr]    Compiling pkcs1 v0.7.5
[INFO] [stderr]    Compiling blocking v1.7.0
[INFO] [stderr]    Compiling ssh-encoding v0.2.0
[INFO] [stderr]    Compiling hyper v1.11.1
[INFO] [stderr]    Compiling zbus_macros v5.19.0
[INFO] [stderr]    Compiling idna v1.1.0
[INFO] [stderr]    Compiling cipher v0.5.2
[INFO] [stderr]    Compiling async-executor v1.14.0
[INFO] [stderr]    Compiling half v2.7.1
[INFO] [stderr]    Compiling serde_repr v0.1.21
[INFO] [stderr]    Compiling async-recursion v1.1.1
[INFO] [stderr]    Compiling async-broadcast v0.7.2
[INFO] [stderr]    Compiling ed25519 v2.2.3
[INFO] [stderr]    Compiling block-buffer v0.12.1
[INFO] [stderr]    Compiling uuid v1.26.1
[INFO] [stderr]    Compiling ordered-stream v0.2.0
[INFO] [stderr]    Compiling is_terminal_polyfill v1.70.2
[INFO] [stderr]    Compiling colorchoice v1.0.5
[INFO] [stderr]    Compiling cpufeatures v0.3.1
[INFO] [stderr]    Compiling anstyle v1.0.14
[INFO] [stderr]    Compiling anstyle-query v1.1.5
[INFO] [stderr]    Compiling android-build v0.1.4
[INFO] [stderr]    Compiling ipnet v2.12.2
[INFO] [stderr]    Compiling zbus v5.19.0
[INFO] [stderr]    Compiling anstream v1.0.0
[INFO] [stderr]    Compiling robius-authentication v0.3.1
[INFO] [stderr]    Compiling hyper-util v0.1.21
[INFO] [stderr]    Compiling ciborium-ll v0.2.2
[INFO] [stderr]    Compiling tokio-rustls v0.26.6
[INFO] [stderr]    Compiling tower v0.5.3
[INFO] [stderr]    Compiling digest v0.11.3
[INFO] [stderr]    Compiling ed25519-dalek v2.2.0
[INFO] [stderr]    Compiling rsa v0.9.10
[INFO] [stderr]    Compiling url v2.5.8
[INFO] [stderr]    Compiling ssh-cipher v0.2.0
[INFO] [stderr]    Compiling der-parser v10.0.0
[INFO] [stderr]    Compiling num-rational v0.4.2
[INFO] [stderr]    Compiling p256 v0.13.2
[INFO] [stderr]    Compiling p384 v0.13.1
[INFO] [stderr]    Compiling p521 v0.13.3
[INFO] [stderr]    Compiling webpki-roots v1.0.9
[INFO] [stderr]    Compiling futures-executor v0.3.34
[INFO] [stderr]    Compiling num-complex v0.4.6
[INFO] [stderr]    Compiling strsim v0.11.1
[INFO] [stderr]    Compiling cpubits v0.1.1
[INFO] [stderr]    Compiling unicode-width v0.1.14
[INFO] [stderr]    Compiling clap_lex v1.1.1
[INFO] [stderr]    Compiling option-ext v0.2.0
[INFO] [stderr]    Compiling dirs-sys v0.5.0
[INFO] [stderr]    Compiling clap_builder v4.6.7
[INFO] [stderr]    Compiling ssh-key v0.6.7
[INFO] [stderr]    Compiling num v0.4.3
[INFO] [stderr]    Compiling pad v0.1.6
[INFO] [stderr]    Compiling x509-parser v0.18.1
[INFO] [stderr]    Compiling aes v0.9.2
[INFO] [stderr]    Compiling futures v0.3.34
[INFO] [stderr]    Compiling hyper-rustls v0.27.10
[INFO] [stderr]    Compiling tower-http v0.6.11
[INFO] [stderr]    Compiling zbus_polkit v5.1.0
[INFO] [stderr]    Compiling blake2 v0.11.0
[INFO] [stderr]    Compiling ciborium v0.2.2
[INFO] [stderr]    Compiling serde_urlencoded v0.7.1
[INFO] [stderr]    Compiling cbc v0.2.1
[INFO] [stderr]    Compiling clap_derive v4.6.7
[INFO] [stderr]    Compiling strum_macros v0.28.0
[INFO] [stderr]    Compiling tokio-util v0.7.19
[INFO] [stderr]    Compiling http-body-util v0.1.5
[INFO] [stderr]    Compiling rtoolbox v0.0.6
[INFO] [stderr]    Compiling secrecy v0.10.3
[INFO] [stderr]    Compiling service-binding v3.0.0
[INFO] [stderr]    Compiling strum v0.28.0
[INFO] [stderr]    Compiling serde_yaml v0.9.34+deprecated
[INFO] [stderr]    Compiling ssh-agent-lib v0.6.0
[INFO] [stderr]    Compiling ctap-hid-fido2 v3.5.13
[INFO] [stderr]    Compiling reqwest v0.12.28
[INFO] [stderr]    Compiling rpassword v7.5.4
[INFO] [stderr]    Compiling clap v4.6.7
[INFO] [stderr]    Compiling argon2 v0.6.0
[INFO] [stderr]    Compiling dirs v7.0.0
[INFO] [stderr]    Compiling keyring v3.6.3
[INFO] [stderr]    Compiling cbc v0.1.2
[INFO] [stderr]    Compiling aes v0.8.4
[INFO] [stderr]    Compiling hkdf v0.12.4
[INFO] [stderr]    Compiling pbkdf2 v0.12.2
[INFO] [stderr]    Compiling tapwarden v0.3.2 (/opt/rustwide/workdir)
[INFO] [stderr]     Finished `release` profile [optimized] target(s) in 7m 48s
[INFO] running `Command { std: "docker" "inspect" "814d479056b63edd6ea9bfdbad330e9b94447ce1757f34d42e04474672e8f6ad", kill_on_drop: false }`
[INFO] running `Command { std: "docker" "exec" "-e" "SOURCE_DIR=/opt/rustwide/workdir" "-e" "CARGO_HOME=/opt/rustwide/cargo-home" "-e" "RUSTUP_HOME=/opt/rustwide/rustup-home" "-e" "CARGO_TARGET_DIR=/opt/rustwide/target" "-e" "CARGO_INCREMENTAL=0" "-e" "RUST_BACKTRACE=full" "-e" "RUSTFLAGS=--cap-lints=warn" "-e" "RUSTDOCFLAGS=--cap-lints=warn" "-w" "/opt/rustwide/workdir" "--user" "0:0" "814d479056b63edd6ea9bfdbad330e9b94447ce1757f34d42e04474672e8f6ad" "/opt/rustwide/cargo-home/bin/cargo" "+1.99.0-beta.8" "test" "--frozen" "--no-run" "--message-format=json" "--release", kill_on_drop: false }`
[INFO] [stderr]    Compiling tapwarden v0.3.2 (/opt/rustwide/workdir)
[INFO] [stderr]     Finished `release` profile [optimized] target(s) in 38.93s
[INFO] running `Command { std: "docker" "inspect" "814d479056b63edd6ea9bfdbad330e9b94447ce1757f34d42e04474672e8f6ad", kill_on_drop: false }`
[INFO] running `Command { std: "docker" "exec" "-e" "SOURCE_DIR=/opt/rustwide/workdir" "-e" "CARGO_HOME=/opt/rustwide/cargo-home" "-e" "RUSTUP_HOME=/opt/rustwide/rustup-home" "-e" "CARGO_TARGET_DIR=/opt/rustwide/target" "-e" "CARGO_INCREMENTAL=0" "-e" "RUST_BACKTRACE=full" "-e" "RUSTFLAGS=--cap-lints=warn" "-e" "RUSTDOCFLAGS=--cap-lints=warn" "-w" "/opt/rustwide/workdir" "--user" "0:0" "814d479056b63edd6ea9bfdbad330e9b94447ce1757f34d42e04474672e8f6ad" "/opt/rustwide/cargo-home/bin/cargo" "+1.99.0-beta.8" "test" "--frozen" "--release", kill_on_drop: false }`
[INFO] [stderr]     Finished `release` profile [optimized] target(s) in 0.36s
[INFO] [stderr]      Running unittests src/main.rs (/opt/rustwide/target/release/deps/tapwarden-779166e1ca7c0f9d)
[INFO] [stdout] 
[INFO] [stdout] running 212 tests
[INFO] [stdout] test agent::tests::a_failing_authorizer_is_logged_as_failed ... ok
[INFO] [stdout] test agent::tests::a_non_ed25519_key_is_refused ... ok
[INFO] [stdout] test agent::tests::a_path_that_no_agent_answers_is_cleared_and_rebound ... ok
[INFO] [stdout] test agent::tests::a_key_with_no_comment_falls_back_to_the_secret_name ... ok
[INFO] [stdout] test agent::tests::a_session_names_the_connected_process_to_the_authorizer ... ok
[INFO] [stdout] test agent::tests::a_stale_socket_that_cannot_be_removed_stops_the_claim ... FAILED
[INFO] [stdout] test agent::tests::a_vaultwarden_config_without_its_section_fails_to_build ... ok
[INFO] [stdout] test agent::tests::an_unbindable_path_reports_the_socket_it_could_not_take ... ok
[INFO] [stdout] test agent::tests::authorization_mode_and_factor_select_the_authorizer ... ok
[INFO] [stdout] test agent::tests::every_backend_and_credential_source_builds_a_fetcher ... FAILED
[INFO] [stdout] test agent::tests::every_sign_verdict_is_logged_with_the_requester ... ok
[INFO] [stdout] test agent::tests::claims_a_free_socket_path ... ok
[INFO] [stdout] test agent::tests::identities_are_listed_in_config_order ... ok
[INFO] [stdout] test agent::tests::one_failing_secret_does_not_poison_others ... ok
[INFO] [stdout] test agent::tests::grace_within_window_skips_prompt ... ok
[INFO] [stdout] test agent::tests::a_passphrase_protected_key_is_refused_at_load ... ok
[INFO] [stdout] test agent::tests::a_repeating_failure_is_logged_once ... ok
[INFO] [stdout] test agent::tests::a_malformed_bws_token_fails_before_the_agent_starts ... ok
[INFO] [stdout] test agent::tests::a_live_agent_is_never_hijacked ... ok
[INFO] [stdout] test agent::tests::per_use_prompts_on_every_sign ... ok
[INFO] [stdout] test agent::tests::sign_approved_produces_signature ... ok
[INFO] [stdout] test agent::tests::probe_keys_rejects_a_secret_id_that_is_not_a_uuid ... ok
[INFO] [stdout] test agent::tests::releasing_a_socket_reports_only_the_failures_that_matter ... FAILED
[INFO] [stdout] test agent::tests::request_identities_lists_keys_without_prompting ... ok
[INFO] [stdout] test agent::tests::sign_with_unknown_key_fails_without_prompting ... ok
[INFO] [stdout] test agent::tests::yubikey_authorizer_rejects_malformed_public_key ... ok
[INFO] [stdout] test authorizer::tests::a_signed_assertion_with_presence_is_the_only_thing_accepted ... ok
[INFO] [stdout] test agent::tests::sign_denied_returns_failure_without_signing ... ok
[INFO] [stdout] test agent::tests::the_session_delegates_both_protocol_calls_to_the_key_service ... ok
[INFO] [stdout] test agent::tests::yubikey_factor_without_a_registered_credential_fails_closed ... ok
[INFO] [stdout] test authorizer::tests::approval_expires_when_wall_clock_steps_backwards ... ok
[INFO] [stdout] test authorizer::tests::assertion_without_user_presence_is_rejected ... ok
[INFO] [stdout] test authorizer::tests::an_approval_exactly_the_window_old_has_expired ... ok
[INFO] [stdout] test authorizer::tests::biometric_verdict_maps_the_channel_outcomes ... ok
[INFO] [stdout] test authorizer::tests::approval_expires_when_wall_clock_advances_past_window ... ok
[INFO] [stdout] test authorizer::tests::credential_unlock_approval_is_never_cached ... ok
[INFO] [stdout] test agent::tests::unusable_secrets_are_not_refetched_but_failed_fetches_are ... ok
[INFO] [stdout] test authorizer::tests::grace_does_not_cache_denial ... ok
[INFO] [stdout] test authorizer::tests::grace_reprompts_after_window_expiry ... ok
[INFO] [stdout] test authorizer::tests::grace_window_from_a_signature_never_unlocks_credentials ... ok
[INFO] [stdout] test authorizer::tests::the_prompt_names_the_key_and_the_requester ... ok
[INFO] [stdout] test authorizer::tests::touch_id_prompt_manual ... ignored
[INFO] [stdout] test authorizer::tests::grace_approval_does_not_unlock_other_keys ... ok
[INFO] [stdout] test config::tests::a_config_file_with_no_secret_ids_is_rejected ... ok
[INFO] [stdout] test authorizer::tests::assertion_credential_id_must_match_or_be_omitted ... ok
[INFO] [stdout] test config::tests::backend_defaults_to_bws ... ok
[INFO] [stdout] test config::tests::bws_remote_http_endpoint_fails_before_agent_installation ... ok
[INFO] [stdout] test config::tests::credential_accessors_read_the_configured_env_vars ... FAILED
[INFO] [stdout] test config::tests::empty_bws_endpoint_fails_before_agent_installation ... ok
[INFO] [stdout] test config::tests::empty_or_wrong_length_yubikey_material_is_rejected ... ok
[INFO] [stdout] test config::tests::explicit_missing_config_path_is_a_hard_error ... ok
[INFO] [stdout] test config::tests::legacy_yubikey_config_without_public_key_fails_closed ... ok
[INFO] [stdout] test authorizer::tests::grace_skips_prompt_within_window ... ok
[INFO] [stdout] test config::tests::malformed_yaml_names_the_file_it_could_not_parse ... ok
[INFO] [stdout] test config::tests::loads_and_validates_a_config_file_from_an_explicit_path ... ok
[INFO] [stdout] test config::tests::non_unicode_env_value_is_reported_without_its_value ... ignored, child process of non_unicode_env_value_never_leaks_into_the_error
[INFO] [stdout] test config::tests::resolved_path_honours_the_override_and_falls_back_to_the_default ... ok
[INFO] [stdout] test config::tests::the_env_fallback_parses_a_comma_separated_id_list ... ok
[INFO] [stdout] test config::tests::the_env_fallback_without_any_id_fails_validation ... ok
[INFO] [stdout] test config::tests::malformed_yubikey_verifier_fails_before_agent_installation ... ok
[INFO] [stdout] test config::tests::missing_env_var_error_names_the_var_and_no_value ... ok
[INFO] [stdout] test config::tests::the_grace_window_defaults_to_sixty_seconds ... ok
[INFO] [stdout] test config::tests::validation_catches_what_the_agent_would_die_on ... ok
[INFO] [stdout] test config::tests::vaultwarden_backend_requires_its_section ... ok
[INFO] [stdout] test config::tests::vaultwarden_section_parses_with_default_env_names ... ok
[INFO] [stdout] test config::tests::yubikey_factor_without_a_registered_credential_is_refused ... ok
[INFO] [stdout] test config::tests::yubikey_public_key_config_parses ... ok
[INFO] [stdout] test daemon::tests::a_log_that_is_not_valid_utf8_still_prints ... ok
[INFO] [stdout] test config::tests::vaultwarden_keychain_credentials_parse ... ok
[INFO] [stdout] test daemon::tests::a_missing_log_names_the_path_and_the_command_that_creates_it ... ok
[INFO] [stdout] test daemon::tests::an_oversized_log_is_read_from_the_end_even_mid_character ... ok
[INFO] [stdout] test daemon::tests::launchctl_supports_modern_subcommands_manual ... ignored, manual: talks to the real launchctl
[INFO] [stdout] test config::tests::non_unicode_env_value_never_leaks_into_the_error ... ok
[INFO] [stdout] test daemon::tests::env_credential_configs_are_detected ... ok
[INFO] [stdout] test daemon::tests::launchd_targets_are_scoped_to_the_gui_session_of_this_uid ... ok
[INFO] [stdout] test daemon::tests::logs_prints_from_the_configured_log_path ... ok
[INFO] [stdout] test daemon::tests::log_path_is_under_library_logs ... ok
[INFO] [stdout] test daemon::tests::plist_escapes_the_exe_path_and_keeps_spaces ... ok
[INFO] [stdout] test daemon::tests::plist_has_label_args_restart_policy_and_no_env ... ok
[INFO] [stdout] test daemon::tests::plist_path_is_under_launch_agents ... ok
[INFO] [stdout] test daemon::tests::plist_pins_the_socket_path_the_user_was_shown ... ok
[INFO] [stdout] test daemon::tests::plist_preserves_and_escapes_explicit_config_path ... ok
[INFO] [stdout] test daemon::tests::start_fails_when_bootstrap_fails_and_nothing_is_loaded ... ok
[INFO] [stdout] test daemon::tests::start_accepts_a_failed_bootstrap_when_the_service_is_loaded_anyway ... ok
[INFO] [stdout] test daemon::tests::start_fails_when_kickstart_fails ... ok
[INFO] [stdout] test daemon::tests::start_refuses_a_pre_planted_plist_symlink ... ok
[INFO] [stdout] test daemon::tests::start_refuses_env_credentials_before_touching_launchd ... ok
[INFO] [stdout] test daemon::tests::is_loaded_answers_without_mutating_launchd ... ok
[INFO] [stdout] test daemon::tests::start_writes_a_0644_plist_and_bootstraps_then_kickstarts ... ok
[INFO] [stdout] test daemon::tests::launchctl_surfaces_a_usable_output_for_an_unknown_subcommand ... FAILED
[INFO] [stdout] test daemon::tests::stop_error_names_the_state_and_the_fg_alternative ... ok
[INFO] [stdout] test agent::tests::a_stalled_fetch_does_not_block_signing_with_a_loaded_key ... ok
[INFO] [stdout] test daemon::tests::stop_reports_the_not_loaded_case_without_process_output ... ok
[INFO] [stdout] test daemon::tests::tail_returns_at_most_the_last_n_lines ... ok
[INFO] [stdout] test daemon::tests::the_log_cap_is_wide_enough_for_a_real_session ... ok
[INFO] [stdout] test agent::tests::concurrent_listings_fetch_each_key_once ... ok
[INFO] [stdout] test doctor::tests::agent_check_inspects_launchd_and_the_socket_without_failing ... ok
[INFO] [stdout] test daemon::tests::uninstall_removes_the_plist_and_tolerates_a_missing_one ... ok
[INFO] [stdout] test doctor::tests::backend_check_fails_on_a_key_that_cannot_be_fetched ... FAILED
[INFO] [stdout] test daemon::tests::uninstall_surfaces_a_plist_it_could_not_remove ... FAILED
[INFO] [stdout] test doctor::tests::identity_agent_is_read_from_ssh_g_output ... ok
[INFO] [stdout] test doctor::tests::identity_agent_wiring_wins_over_ssh_auth_sock ... ok
[INFO] [stdout] test doctor::tests::launchagent_state_is_reported_both_ways ... ok
[INFO] [stdout] test doctor::tests::backend_check_fails_when_credentials_cannot_be_resolved ... ok
[INFO] [stdout] test doctor::tests::missing_config_fails_the_report ... ok
[INFO] [stdout] test doctor::tests::permission_check_ignores_a_path_that_is_not_there ... ok
[INFO] [stdout] test doctor::tests::loose_config_permissions_warn_but_do_not_fail ... ok
[INFO] [stdout] test doctor::tests::config_check_passes_on_a_readable_0600_file ... ok
[INFO] [stdout] test doctor::tests::presence_is_reported_per_factor_whether_or_not_it_is_available ... ok
[INFO] [stdout] test doctor::tests::credential_check_covers_every_backend_and_source ... ok
[INFO] [stdout] test doctor::tests::report_counts_warnings_and_failures_separately ... ok
[INFO] [stdout] test doctor::tests::presence_check_reports_one_line_per_factor_and_never_fails ... ok
[INFO] [stdout] test doctor::tests::ssh_auth_sock_is_judged_against_the_tapwarden_socket ... ok
[INFO] [stdout] test doctor::tests::socket_state_is_reported_for_every_outcome ... ok
[INFO] [stdout] test doctor::tests::the_header_names_the_version_and_the_binary ... ok
[INFO] [stdout] test doctor::tests::the_verdict_separates_failures_warnings_and_a_clean_run ... ok
[INFO] [stdout] test doctor::tests::vaultwarden_backend_is_named_in_the_config_line ... ok
[INFO] [stdout] test doctor::tests::vaultwarden_env_credentials_that_are_set_report_ok ... FAILED
[INFO] [stdout] test keychain::tests::keychain_roundtrip_manual ... ignored, touches the real macOS Keychain and may raise a dialog
[INFO] [stdout] test peer::tests::a_pid_that_does_not_exist_resolves_to_nothing ... ok
[INFO] [stdout] test peer::tests::falls_back_to_the_pid_when_the_path_is_unknown ... ok
[INFO] [stdout] test peer::tests::leaves_out_launchd_and_a_missing_parent ... ok
[INFO] [stdout] test peer::tests::looks_up_this_process_and_its_parent ... FAILED
[INFO] [stdout] test peer::tests::names_the_requester_and_its_parent ... ok
[INFO] [stdout] test authorizer::tests::biometric_verdict_gives_up_when_nothing_answers ... ok
[INFO] [stdout] test runtime_paths::tests::a_symlinked_runtime_dir_is_refused_before_it_is_chmodded ... ok
[INFO] [stdout] test runtime_paths::tests::printed_snippets_quote_the_socket_path ... ok
[INFO] [stdout] test runtime_paths::tests::runtime_dir_is_private_and_ours ... ok
[INFO] [stdout] test runtime_paths::tests::an_explicit_socket_path_gets_a_private_parent_dir ... ok
[INFO] [stdout] test runtime_paths::tests::socket_lives_outside_the_purged_temp_dir ... ok
[INFO] [stdout] test runtime_paths::tests::symlinks_and_non_regular_files_are_refused ... ok
[INFO] [stdout] test runtime_paths::tests::socket_lives_in_the_private_runtime_dir ... ok
[INFO] [stdout] test secret_source::tests::a_401_after_renewal_is_reported_not_retried_forever ... ok
[INFO] [stdout] test secret_source::tests::a_symmetric_key_of_the_wrong_length_is_refused ... ok
[INFO] [stdout] test secret_source::tests::accepts_access_token_without_base64_padding ... ok
[INFO] [stdout] test secret_source::tests::access_token_errors_never_echo_the_token ... ok
[INFO] [stdout] test secret_source::tests::an_expired_bearer_is_renewed_on_401 ... ok
[INFO] [stdout] test secret_source::tests::authenticates_and_decrypts_a_fetched_secret ... ok
[INFO] [stdout] test secret_source::tests::derives_service_urls ... ok
[INFO] [stdout] test secret_source::tests::enc_string_rejects_mac_mismatch ... ok
[INFO] [stdout] test secret_source::tests::enc_string_rejects_malformed_input ... ok
[INFO] [stdout] test secret_source::tests::enc_string_rejects_wrong_key ... ok
[INFO] [stdout] test secret_source::tests::enc_string_round_trips ... ok
[INFO] [stdout] test secret_source::tests::fetches_real_secret_from_bws ... ignored, hits real Bitwarden Secrets Manager; needs BWS_ACCESS_TOKEN + TAPWARDEN_TEST_SECRET_ID
[INFO] [stdout] test secret_source::tests::keychain_token_is_never_read_when_the_gate_denies ... ok
[INFO] [stdout] test secret_source::tests::oversized_response_bodies_are_refused ... ok
[INFO] [stdout] test secret_source::tests::parses_access_token_and_derives_sdk_known_key ... ok
[INFO] [stdout] test secret_source::tests::rejects_malformed_access_tokens ... ok
[INFO] [stdout] test secret_source::tests::secret_fetch_failure_reports_status_without_a_body ... ok
[INFO] [stdout] test secret_source::tests::store_token_validation_accepts_only_well_formed_tokens ... ok
[INFO] [stdout] test secret_source::tests::the_backend_client_never_follows_a_redirect ... ok
[INFO] [stdout] test secret_source::tests::the_cap_admits_a_body_of_exactly_the_limit_and_nothing_past_it ... ok
[INFO] [stdout] test secret_source::tests::the_response_cap_still_admits_an_ordinary_payload ... ok
[INFO] [stdout] test daemon::tests::start_gives_up_once_the_retry_budget_is_spent ... ok
[INFO] [stdout] test secret_source::tests::token_exchange_failure_reports_status_without_a_body ... ok
[INFO] [stdout] test setup::tests::an_existing_config_is_overwritten_only_on_an_explicit_yes ... ok
[INFO] [stdout] test setup::tests::api_key_profile_and_sync_are_fetched_with_the_bearer ... ok
[INFO] [stdout] test setup::tests::api_key_profile_and_sync_report_http_errors ... ok
[INFO] [stdout] test setup::tests::config_file_is_written_0600_and_refuses_a_planted_symlink ... ok
[INFO] [stdout] test setup::tests::default_config_path_is_the_documented_one ... ok
[INFO] [stdout] test setup::tests::filters_sync_ciphers_to_personal_type5_and_decrypts_names ... ok
[INFO] [stdout] test setup::tests::login_rejects_two_factor_methods_the_wizard_cannot_drive ... ok
[INFO] [stdout] test setup::tests::parses_api_key_response ... ok
[INFO] [stdout] test setup::tests::parses_prelogin_response ... ok
[INFO] [stdout] test setup::tests::parses_profile_response ... ok
[INFO] [stdout] test setup::tests::parses_two_factor_error_and_detects_totp ... ok
[INFO] [stdout] test setup::tests::password_login_returns_the_bearer_and_wrapped_user_key ... ok
[INFO] [stdout] test setup::tests::prelogin_http_error_is_reported_without_a_body ... ok
[INFO] [stdout] test setup::tests::prelogin_reads_the_server_kdf_parameters ... ok
[INFO] [stdout] test setup::tests::prompt_answers_follow_the_shown_default ... ok
[INFO] [stdout] test setup::tests::rejects_unwritable_values_and_bad_emails ... ok
[INFO] [stdout] test setup::tests::rendered_config_round_trips_through_the_config_parser ... ok
[INFO] [stdout] test setup::tests::selects_indices_from_user_input ... ok
[INFO] [stdout] test secret_source::tests::the_sync_cap_admits_a_vault_the_default_cap_would_refuse ... ok
[INFO] [stdout] test setup::tests::wrong_password_login_error_never_echoes_the_body ... ok
[INFO] [stdout] test tests::an_unknown_subcommand_is_rejected ... ok
[INFO] [stdout] test tests::cli_definition_is_internally_consistent ... ok
[INFO] [stdout] test daemon::tests::start_retries_bootstrap_while_launchd_finishes_the_bootout ... ok
[INFO] [stdout] test tests::socket_path_prints_without_touching_anything ... ok
[INFO] [stdout] test tests::start_rejects_a_bad_config_before_installing_a_launchagent ... ok
[INFO] [stdout] test tests::subcommands_and_their_flags_parse ... ok
[INFO] [stdout] test doctor::tests::ssh_wiring_check_never_fails_whatever_the_shell_has_set ... ok
[INFO] [stdout] test doctor::tests::run_fails_when_the_config_does_not_load ... ok
[INFO] [stdout] test doctor::tests::run_reports_every_layer_and_fetches_keys_end_to_end ... FAILED
[INFO] [stdout] test tests::doctor_runs_the_local_checks_from_a_parsed_command ... ok
[INFO] [stdout] test vaultwarden::tests::constructor_requires_https_except_for_localhost ... ok
[INFO] [stdout] test vaultwarden::tests::constructor_rejects_bad_inputs_with_static_errors ... ok
[INFO] [stdout] test vaultwarden::tests::denied_unlock_bails_before_the_keychain_and_can_retry ... ok
[INFO] [stdout] test setup::tests::server_auth_hash_matches_sdk_vector ... ok
[INFO] [stdout] test vaultwarden::tests::cipher_fetch_failure_reports_status_without_a_body ... ok
[INFO] [stdout] test vaultwarden::tests::enforces_pbkdf2_iteration_bounds ... ok
[INFO] [stdout] test vaultwarden::tests::extracts_cipher_with_individual_item_key ... ok
[INFO] [stdout] test vaultwarden::tests::extracts_type5_cipher_under_user_key ... ok
[INFO] [stdout] test vaultwarden::tests::fetches_real_sshkey_from_vaultwarden ... ignored, hits a real Vaultwarden server; needs TAPWARDEN_VW_* + TAPWARDEN_TEST_CIPHER_ID
[INFO] [stdout] test vaultwarden::tests::enforces_argon2id_parameter_bounds ... ok
[INFO] [stdout] test vaultwarden::tests::rejects_bad_kdf_parameters ... ok
[INFO] [stdout] test vaultwarden::tests::derives_pbkdf2_master_key_matching_sdk_vector ... ok
[INFO] [stdout] test vaultwarden::tests::rejects_non_sshkey_cipher ... ok
[INFO] [stdout] test vaultwarden::tests::rejects_cipher_with_nulled_sshkey_data ... ok
[INFO] [stdout] test vaultwarden::tests::rejects_org_owned_cipher ... ok
[INFO] [stdout] test vaultwarden::tests::server_url_is_validated_as_a_base_url_not_a_prefix ... ok
[INFO] [stdout] test vaultwarden::tests::stretches_master_key_matching_sdk_vector ... ok
[INFO] [stdout] test vaultwarden::tests::token_exchange_failure_reports_status_without_a_body ... ok
[INFO] [stdout] test vaultwarden::tests::server_reported_kdf_outside_the_bounds_is_refused ... ok
[INFO] [stdout] test vaultwarden::tests::user_key_decrypts_under_stretched_master_key ... ok
[INFO] [stdout] test secret_source::tests::a_failed_login_is_not_retried_until_the_backoff_passes ... ok
[INFO] [stdout] test vaultwarden::tests::an_expired_bearer_is_renewed_on_401 ... ok
[INFO] [stdout] test vaultwarden::tests::wrong_master_password_fails_user_key_decryption ... ok
[INFO] [stdout] test vaultwarden::tests::logs_in_and_decrypts_an_ssh_key_cipher ... ok
[INFO] [stdout] test vaultwarden::tests::a_failed_login_is_not_retried_until_the_backoff_passes ... ok
[INFO] [stdout] test vaultwarden::tests::derives_argon2id_master_key_matching_sdk_vector ... ok
[INFO] [stdout] test agent::tests::serves_identities_over_a_real_unix_socket ... FAILED
[INFO] [stderr] error: test failed, to rerun pass `--bin tapwarden`
[INFO] [stdout] 
[INFO] [stdout] failures:
[INFO] [stdout] 
[INFO] [stdout] ---- agent::tests::a_stale_socket_that_cannot_be_removed_stops_the_claim stdout ----
[INFO] [stdout] 
[INFO] [stdout] thread 'agent::tests::a_stale_socket_that_cannot_be_removed_stops_the_claim' (3962) panicked at src/agent.rs:1173:21:
[INFO] [stdout] an undeletable stale socket cannot be claimed: UnixListener { fd: FileDesc(OwnedFd { fd: 13 }), local: "/tmp/tapwarden-test-agent-locked-3952-1/agent.sock" (pathname) }
[INFO] [stdout] stack backtrace:
[INFO] [stdout]    0:     0x5c14b491f6c1 - <<std[70759c8f55707aa4]::sys::backtrace::BacktraceLock>::print::DisplayBacktrace as core[df12db4294e9bfd3]::fmt::Display>::fmt
[INFO] [stdout]    1:     0x5c14b493980a - core[df12db4294e9bfd3]::fmt::write
[INFO] [stdout]    2:     0x5c14b4925bbc - <alloc[2182bb758b4b3781]::vec::Vec<u8> as core[df12db4294e9bfd3]::io::write::Write>::write_fmt
[INFO] [stdout]    3:     0x5c14b48f76b6 - std[70759c8f55707aa4]::panicking::default_hook::{closure#0}
[INFO] [stdout]    4:     0x5c14b49160b9 - std[70759c8f55707aa4]::panicking::default_hook
[INFO] [stdout]    5:     0x5c14b46e3150 - test[9d35eded1c95d3be]::test_main_inner::<test[9d35eded1c95d3be]::test_main_static::{closure#0}>::{closure#0}
[INFO] [stdout]    6:     0x5c14b49163e2 - std[70759c8f55707aa4]::panicking::panic_with_hook
[INFO] [stdout]    7:     0x5c14b48f7762 - std[70759c8f55707aa4]::panicking::panic_handler::{closure#0}
[INFO] [stdout]    8:     0x5c14b48efae9 - std[70759c8f55707aa4]::sys::backtrace::__rust_end_short_backtrace::<std[70759c8f55707aa4]::panicking::panic_handler::{closure#0}, !>
[INFO] [stdout]    9:     0x5c14b48f888d - __rustc[8fa7c3cbc660c2b3]::rust_begin_unwind
[INFO] [stdout]   10:     0x5c14b4939f6c - core[df12db4294e9bfd3]::panicking::panic_fmt
[INFO] [stdout]   11:     0x5c14b4939d42 - core[df12db4294e9bfd3]::result::unwrap_failed
[INFO] [stdout]   12:     0x5c14b446313a - tapwarden[6dbc60b1007f50f]::agent::tests::a_stale_socket_that_cannot_be_removed_stops_the_claim::{closure#0}
[INFO] [stdout]   13:     0x5c14b44ccc73 - <tokio[be7706761e77dfd4]::runtime::scheduler::current_thread::Context>::enter::<core[df12db4294e9bfd3]::task::poll::Poll<()>, <tokio[be7706761e77dfd4]::runtime::scheduler::current_thread::CoreGuard>::block_on<core[df12db4294e9bfd3]::pin::Pin<&mut core[df12db4294e9bfd3]::pin::Pin<&mut dyn core[df12db4294e9bfd3]::future::future::Future<Output = ()>>>>::{closure#0}::{closure#0}>
[INFO] [stdout]   14:     0x5c14b446d42c - <tokio[be7706761e77dfd4]::runtime::context::scoped::Scoped<tokio[be7706761e77dfd4]::runtime::scheduler::Context>>::set::<<tokio[be7706761e77dfd4]::runtime::scheduler::current_thread::CoreGuard>::enter<<tokio[be7706761e77dfd4]::runtime::scheduler::current_thread::CoreGuard>::block_on<core[df12db4294e9bfd3]::pin::Pin<&mut core[df12db4294e9bfd3]::pin::Pin<&mut dyn core[df12db4294e9bfd3]::future::future::Future<Output = ()>>>>::{closure#0}, core[df12db4294e9bfd3]::option::Option<()>>::{closure#0}, (alloc[2182bb758b4b3781]::boxed::Box<tokio[be7706761e77dfd4]::runtime::scheduler::current_thread::Core>, core[df12db4294e9bfd3]::option::Option<()>)>
[INFO] [stdout]   15:     0x5c14b44cc0e7 - <tokio[be7706761e77dfd4]::runtime::runtime::Runtime>::block_on::<core[df12db4294e9bfd3]::pin::Pin<&mut dyn core[df12db4294e9bfd3]::future::future::Future<Output = ()>>>
[INFO] [stdout]   16:     0x5c14b4469ebb - tapwarden[6dbc60b1007f50f]::agent::tests::a_stale_socket_that_cannot_be_removed_stops_the_claim
[INFO] [stdout]   17:     0x5c14b4527d49 - <tapwarden[6dbc60b1007f50f]::agent::tests::a_stale_socket_that_cannot_be_removed_stops_the_claim::{closure#0} as core[df12db4294e9bfd3]::ops::function::FnOnce<()>>::call_once
[INFO] [stdout]   18:     0x5c14b46d643b - test[9d35eded1c95d3be]::__rust_begin_short_backtrace::<core[df12db4294e9bfd3]::result::Result<(), alloc[2182bb758b4b3781]::string::String>, fn() -> core[df12db4294e9bfd3]::result::Result<(), alloc[2182bb758b4b3781]::string::String>>
[INFO] [stdout]   19:     0x5c14b46e3aa5 - test[9d35eded1c95d3be]::run_test::{closure#0}
[INFO] [stdout]   20:     0x5c14b46dd364 - std[70759c8f55707aa4]::sys::backtrace::__rust_begin_short_backtrace::<test[9d35eded1c95d3be]::run_test::{closure#1}, ()>
[INFO] [stdout]   21:     0x5c14b46e6c02 - <std[70759c8f55707aa4]::thread::lifecycle::spawn_unchecked<test[9d35eded1c95d3be]::run_test::{closure#1}, ()>::{closure#1} as core[df12db4294e9bfd3]::ops::function::FnOnce<()>>::call_once::{shim:vtable#0}
[INFO] [stdout]   22:     0x5c14b491e439 - <std[70759c8f55707aa4]::sys::thread::unix::Thread>::new::thread_start
[INFO] [stdout]   23:     0x74366a1e8dfa - <unknown>
[INFO] [stdout]   24:     0x74366a27c3d4 - clone
[INFO] [stdout]   25:                0x0 - <unknown>
[INFO] [stdout] 
[INFO] [stdout] ---- agent::tests::every_backend_and_credential_source_builds_a_fetcher stdout ----
[INFO] [stdout] 
[INFO] [stdout] thread 'agent::tests::every_backend_and_credential_source_builds_a_fetcher' (3969) panicked at src/agent.rs:1015:37:
[INFO] [stdout] must build a fetcher for:
[INFO] [stdout] secret_ids: [00000000-0000-0000-0000-000000000000]
[INFO] [stdout] access_token_env: TAPWARDEN_TEST_BWS_TOKEN
[INFO] [stdout] 
[INFO] [stdout] env var `TAPWARDEN_TEST_BWS_TOKEN` is not set or not valid unicode
[INFO] [stdout] stack backtrace:
[INFO] [stdout]    0:     0x5c14b491f6c1 - <<std[70759c8f55707aa4]::sys::backtrace::BacktraceLock>::print::DisplayBacktrace as core[df12db4294e9bfd3]::fmt::Display>::fmt
[INFO] [stdout]    1:     0x5c14b493980a - core[df12db4294e9bfd3]::fmt::write
[INFO] [stdout]    2:     0x5c14b4925bbc - <alloc[2182bb758b4b3781]::vec::Vec<u8> as core[df12db4294e9bfd3]::io::write::Write>::write_fmt
[INFO] [stdout]    3:     0x5c14b48f76b6 - std[70759c8f55707aa4]::panicking::default_hook::{closure#0}
[INFO] [stdout]    4:     0x5c14b49160b9 - std[70759c8f55707aa4]::panicking::default_hook
[INFO] [stdout]    5:     0x5c14b46e3150 - test[9d35eded1c95d3be]::test_main_inner::<test[9d35eded1c95d3be]::test_main_static::{closure#0}>::{closure#0}
[INFO] [stdout]    6:     0x5c14b49163e2 - std[70759c8f55707aa4]::panicking::panic_with_hook
[INFO] [stdout]    7:     0x5c14b48f7762 - std[70759c8f55707aa4]::panicking::panic_handler::{closure#0}
[INFO] [stdout]    8:     0x5c14b48efae9 - std[70759c8f55707aa4]::sys::backtrace::__rust_end_short_backtrace::<std[70759c8f55707aa4]::panicking::panic_handler::{closure#0}, !>
[INFO] [stdout]    9:     0x5c14b48f888d - __rustc[8fa7c3cbc660c2b3]::rust_begin_unwind
[INFO] [stdout]   10:     0x5c14b4939f6c - core[df12db4294e9bfd3]::panicking::panic_fmt
[INFO] [stdout]   11:     0x5c14b4462e4a - tapwarden[6dbc60b1007f50f]::agent::tests::every_backend_and_credential_source_builds_a_fetcher::{closure#0}
[INFO] [stdout]   12:     0x5c14b4469d2e - tapwarden[6dbc60b1007f50f]::agent::tests::every_backend_and_credential_source_builds_a_fetcher
[INFO] [stdout]   13:     0x5c14b4527d29 - <tapwarden[6dbc60b1007f50f]::agent::tests::every_backend_and_credential_source_builds_a_fetcher::{closure#0} as core[df12db4294e9bfd3]::ops::function::FnOnce<()>>::call_once
[INFO] [stdout]   14:     0x5c14b46d643b - test[9d35eded1c95d3be]::__rust_begin_short_backtrace::<core[df12db4294e9bfd3]::result::Result<(), alloc[2182bb758b4b3781]::string::String>, fn() -> core[df12db4294e9bfd3]::result::Result<(), alloc[2182bb758b4b3781]::string::String>>
[INFO] [stdout]   15:     0x5c14b46e3aa5 - test[9d35eded1c95d3be]::run_test::{closure#0}
[INFO] [stdout]   16:     0x5c14b46dd364 - std[70759c8f55707aa4]::sys::backtrace::__rust_begin_short_backtrace::<test[9d35eded1c95d3be]::run_test::{closure#1}, ()>
[INFO] [stdout]   17:     0x5c14b46e6c02 - <std[70759c8f55707aa4]::thread::lifecycle::spawn_unchecked<test[9d35eded1c95d3be]::run_test::{closure#1}, ()>::{closure#1} as core[df12db4294e9bfd3]::ops::function::FnOnce<()>>::call_once::{shim:vtable#0}
[INFO] [stdout]   18:     0x5c14b491e439 - <std[70759c8f55707aa4]::sys::thread::unix::Thread>::new::thread_start
[INFO] [stdout]   19:     0x74366a1e8dfa - <unknown>
[INFO] [stdout]   20:     0x74366a27c3d4 - clone
[INFO] [stdout]   21:                0x0 - <unknown>
[INFO] [stdout] 
[INFO] [stdout] ---- agent::tests::releasing_a_socket_reports_only_the_failures_that_matter stdout ----
[INFO] [stdout] 
[INFO] [stdout] thread 'agent::tests::releasing_a_socket_reports_only_the_failures_that_matter' (3976) panicked at src/agent.rs:1253:44:
[INFO] [stdout] an undeletable socket is an error: ()
[INFO] [stdout] stack backtrace:
[INFO] [stdout]    0:     0x5c14b491f6c1 - <<std[70759c8f55707aa4]::sys::backtrace::BacktraceLock>::print::DisplayBacktrace as core[df12db4294e9bfd3]::fmt::Display>::fmt
[INFO] [stdout]    1:     0x5c14b493980a - core[df12db4294e9bfd3]::fmt::write
[INFO] [stdout]    2:     0x5c14b4925bbc - <alloc[2182bb758b4b3781]::vec::Vec<u8> as core[df12db4294e9bfd3]::io::write::Write>::write_fmt
[INFO] [stdout]    3:     0x5c14b48f76b6 - std[70759c8f55707aa4]::panicking::default_hook::{closure#0}
[INFO] [stdout]    4:     0x5c14b49160b9 - std[70759c8f55707aa4]::panicking::default_hook
[INFO] [stdout]    5:     0x5c14b46e3150 - test[9d35eded1c95d3be]::test_main_inner::<test[9d35eded1c95d3be]::test_main_static::{closure#0}>::{closure#0}
[INFO] [stdout]    6:     0x5c14b49163e2 - std[70759c8f55707aa4]::panicking::panic_with_hook
[INFO] [stdout]    7:     0x5c14b48f7762 - std[70759c8f55707aa4]::panicking::panic_handler::{closure#0}
[INFO] [stdout]    8:     0x5c14b48efae9 - std[70759c8f55707aa4]::sys::backtrace::__rust_end_short_backtrace::<std[70759c8f55707aa4]::panicking::panic_handler::{closure#0}, !>
[INFO] [stdout]    9:     0x5c14b48f888d - __rustc[8fa7c3cbc660c2b3]::rust_begin_unwind
[INFO] [stdout]   10:     0x5c14b4939f6c - core[df12db4294e9bfd3]::panicking::panic_fmt
[INFO] [stdout]   11:     0x5c14b4939d42 - core[df12db4294e9bfd3]::result::unwrap_failed
[INFO] [stdout]   12:     0x5c14b446ab34 - tapwarden[6dbc60b1007f50f]::agent::tests::releasing_a_socket_reports_only_the_failures_that_matter
[INFO] [stdout]   13:     0x5c14b4527de9 - <tapwarden[6dbc60b1007f50f]::agent::tests::releasing_a_socket_reports_only_the_failures_that_matter::{closure#0} as core[df12db4294e9bfd3]::ops::function::FnOnce<()>>::call_once
[INFO] [stdout]   14:     0x5c14b46d643b - test[9d35eded1c95d3be]::__rust_begin_short_backtrace::<core[df12db4294e9bfd3]::result::Result<(), alloc[2182bb758b4b3781]::string::String>, fn() -> core[df12db4294e9bfd3]::result::Result<(), alloc[2182bb758b4b3781]::string::String>>
[INFO] [stdout]   15:     0x5c14b46e3aa5 - test[9d35eded1c95d3be]::run_test::{closure#0}
[INFO] [stdout]   16:     0x5c14b46dd364 - std[70759c8f55707aa4]::sys::backtrace::__rust_begin_short_backtrace::<test[9d35eded1c95d3be]::run_test::{closure#1}, ()>
[INFO] [stdout]   17:     0x5c14b46e6c02 - <std[70759c8f55707aa4]::thread::lifecycle::spawn_unchecked<test[9d35eded1c95d3be]::run_test::{closure#1}, ()>::{closure#1} as core[df12db4294e9bfd3]::ops::function::FnOnce<()>>::call_once::{shim:vtable#0}
[INFO] [stdout]   18:     0x5c14b491e439 - <std[70759c8f55707aa4]::sys::thread::unix::Thread>::new::thread_start
[INFO] [stdout]   19:     0x74366a1e8dfa - <unknown>
[INFO] [stdout]   20:     0x74366a27c3d4 - clone
[INFO] [stdout]   21:                0x0 - <unknown>
[INFO] [stdout] 
[INFO] [stdout] ---- config::tests::credential_accessors_read_the_configured_env_vars stdout ----
[INFO] [stdout] 
[INFO] [stdout] thread 'config::tests::credential_accessors_read_the_configured_env_vars' (4004) panicked at src/config.rs:645:39:
[INFO] [stdout] called `Result::unwrap()` on an `Err` value: env var `TAPWARDEN_TEST_VW_VALUE` is not set or not valid unicode
[INFO] [stdout] 
[INFO] [stdout] Stack backtrace:
[INFO] [stdout]    0: <anyhow::Error>::msg::<alloc::string::String>
[INFO] [stdout]    1: anyhow::__private::format_err
[INFO] [stdout]    2: tapwarden::config::env_var::{closure#0}
[INFO] [stdout]    3: tapwarden::config::tests::credential_accessors_read_the_configured_env_vars
[INFO] [stdout]    4: <tapwarden::config::tests::credential_accessors_read_the_configured_env_vars::{closure#0} as core::ops::function::FnOnce<()>>::call_once
[INFO] [stdout]    5: test::__rust_begin_short_backtrace::<core::result::Result<(), alloc::string::String>, fn() -> core::result::Result<(), alloc::string::String>>
[INFO] [stdout]    6: test::run_test::{closure#0}
[INFO] [stdout]    7: std::sys::backtrace::__rust_begin_short_backtrace::<test::run_test::{closure#1}, ()>
[INFO] [stdout]    8: <std::thread::lifecycle::spawn_unchecked<test::run_test::{closure#1}, ()>::{closure#1} as core::ops::function::FnOnce<()>>::call_once::{shim:vtable#0}
[INFO] [stdout]    9: <std::sys::thread::unix::Thread>::new::thread_start
[INFO] [stdout]   10: <unknown>
[INFO] [stdout]   11: clone
[INFO] [stdout] stack backtrace:
[INFO] [stdout]    0:     0x5c14b491f6c1 - <<std[70759c8f55707aa4]::sys::backtrace::BacktraceLock>::print::DisplayBacktrace as core[df12db4294e9bfd3]::fmt::Display>::fmt
[INFO] [stdout]    1:     0x5c14b493980a - core[df12db4294e9bfd3]::fmt::write
[INFO] [stdout]    2:     0x5c14b4925bbc - <alloc[2182bb758b4b3781]::vec::Vec<u8> as core[df12db4294e9bfd3]::io::write::Write>::write_fmt
[INFO] [stdout]    3:     0x5c14b48f76b6 - std[70759c8f55707aa4]::panicking::default_hook::{closure#0}
[INFO] [stdout]    4:     0x5c14b49160b9 - std[70759c8f55707aa4]::panicking::default_hook
[INFO] [stdout]    5:     0x5c14b46e3150 - test[9d35eded1c95d3be]::test_main_inner::<test[9d35eded1c95d3be]::test_main_static::{closure#0}>::{closure#0}
[INFO] [stdout]    6:     0x5c14b49163e2 - std[70759c8f55707aa4]::panicking::panic_with_hook
[INFO] [stdout]    7:     0x5c14b48f7762 - std[70759c8f55707aa4]::panicking::panic_handler::{closure#0}
[INFO] [stdout]    8:     0x5c14b48efae9 - std[70759c8f55707aa4]::sys::backtrace::__rust_end_short_backtrace::<std[70759c8f55707aa4]::panicking::panic_handler::{closure#0}, !>
[INFO] [stdout]    9:     0x5c14b48f888d - __rustc[8fa7c3cbc660c2b3]::rust_begin_unwind
[INFO] [stdout]   10:     0x5c14b4939f6c - core[df12db4294e9bfd3]::panicking::panic_fmt
[INFO] [stdout]   11:     0x5c14b4939d42 - core[df12db4294e9bfd3]::result::unwrap_failed
[INFO] [stdout]   12:     0x5c14b44d74f2 - tapwarden[6dbc60b1007f50f]::config::tests::credential_accessors_read_the_configured_env_vars
[INFO] [stdout]   13:     0x5c14b4528269 - <tapwarden[6dbc60b1007f50f]::config::tests::credential_accessors_read_the_configured_env_vars::{closure#0} as core[df12db4294e9bfd3]::ops::function::FnOnce<()>>::call_once
[INFO] [stdout]   14:     0x5c14b46d643b - test[9d35eded1c95d3be]::__rust_begin_short_backtrace::<core[df12db4294e9bfd3]::result::Result<(), alloc[2182bb758b4b3781]::string::String>, fn() -> core[df12db4294e9bfd3]::result::Result<(), alloc[2182bb758b4b3781]::string::String>>
[INFO] [stdout]   15:     0x5c14b46e3aa5 - test[9d35eded1c95d3be]::run_test::{closure#0}
[INFO] [stdout]   16:     0x5c14b46dd364 - std[70759c8f55707aa4]::sys::backtrace::__rust_begin_short_backtrace::<test[9d35eded1c95d3be]::run_test::{closure#1}, ()>
[INFO] [stdout]   17:     0x5c14b46e6c02 - <std[70759c8f55707aa4]::thread::lifecycle::spawn_unchecked<test[9d35eded1c95d3be]::run_test::{closure#1}, ()>::{closure#1} as core[df12db4294e9bfd3]::ops::function::FnOnce<()>>::call_once::{shim:vtable#0}
[INFO] [stdout]   18:     0x5c14b491e439 - <std[70759c8f55707aa4]::sys::thread::unix::Thread>::new::thread_start
[INFO] [stdout]   19:     0x74366a1e8dfa - <unknown>
[INFO] [stdout]   20:     0x74366a27c3d4 - clone
[INFO] [stdout]   21:                0x0 - <unknown>
[INFO] [stdout] 
[INFO] [stdout] ---- daemon::tests::launchctl_surfaces_a_usable_output_for_an_unknown_subcommand stdout ----
[INFO] [stdout] 
[INFO] [stdout] thread 'daemon::tests::launchctl_surfaces_a_usable_output_for_an_unknown_subcommand' (4031) panicked at src/daemon.rs:904:10:
[INFO] [stdout] launchctl must be runnable: failed to run launchctl
[INFO] [stdout] 
[INFO] [stdout] Caused by:
[INFO] [stdout]     No such file or directory (os error 2)
[INFO] [stdout] 
[INFO] [stdout] Stack backtrace:
[INFO] [stdout]    0: <core::io::error::Error as anyhow::context::ext::StdError>::ext_context::<&str>
[INFO] [stdout]    1: tapwarden::daemon::launchctl
[INFO] [stdout]    2: tapwarden::daemon::tests::launchctl_surfaces_a_usable_output_for_an_unknown_subcommand
[INFO] [stdout]    3: <tapwarden::daemon::tests::launchctl_surfaces_a_usable_output_for_an_unknown_subcommand::{closure#0} as core::ops::function::FnOnce<()>>::call_once
[INFO] [stdout]    4: test::__rust_begin_short_backtrace::<core::result::Result<(), alloc::string::String>, fn() -> core::result::Result<(), alloc::string::String>>
[INFO] [stdout]    5: test::run_test::{closure#0}
[INFO] [stdout]    6: std::sys::backtrace::__rust_begin_short_backtrace::<test::run_test::{closure#1}, ()>
[INFO] [stdout]    7: <std::thread::lifecycle::spawn_unchecked<test::run_test::{closure#1}, ()>::{closure#1} as core::ops::function::FnOnce<()>>::call_once::{shim:vtable#0}
[INFO] [stdout]    8: <std::sys::thread::unix::Thread>::new::thread_start
[INFO] [stdout]    9: <unknown>
[INFO] [stdout]   10: clone
[INFO] [stdout] stack backtrace:
[INFO] [stdout]    0:     0x5c14b491f6c1 - <<std[70759c8f55707aa4]::sys::backtrace::BacktraceLock>::print::DisplayBacktrace as core[df12db4294e9bfd3]::fmt::Display>::fmt
[INFO] [stdout]    1:     0x5c14b493980a - core[df12db4294e9bfd3]::fmt::write
[INFO] [stdout]    2:     0x5c14b4925bbc - <alloc[2182bb758b4b3781]::vec::Vec<u8> as core[df12db4294e9bfd3]::io::write::Write>::write_fmt
[INFO] [stdout]    3:     0x5c14b48f76b6 - std[70759c8f55707aa4]::panicking::default_hook::{closure#0}
[INFO] [stdout]    4:     0x5c14b49160b9 - std[70759c8f55707aa4]::panicking::default_hook
[INFO] [stdout]    5:     0x5c14b46e3150 - test[9d35eded1c95d3be]::test_main_inner::<test[9d35eded1c95d3be]::test_main_static::{closure#0}>::{closure#0}
[INFO] [stdout]    6:     0x5c14b49163e2 - std[70759c8f55707aa4]::panicking::panic_with_hook
[INFO] [stdout]    7:     0x5c14b48f7762 - std[70759c8f55707aa4]::panicking::panic_handler::{closure#0}
[INFO] [stdout]    8:     0x5c14b48efae9 - std[70759c8f55707aa4]::sys::backtrace::__rust_end_short_backtrace::<std[70759c8f55707aa4]::panicking::panic_handler::{closure#0}, !>
[INFO] [stdout]    9:     0x5c14b48f888d - __rustc[8fa7c3cbc660c2b3]::rust_begin_unwind
[INFO] [stdout]   10:     0x5c14b4939f6c - core[df12db4294e9bfd3]::panicking::panic_fmt
[INFO] [stdout]   11:     0x5c14b4939d42 - core[df12db4294e9bfd3]::result::unwrap_failed
[INFO] [stdout]   12:     0x5c14b453d908 - tapwarden[6dbc60b1007f50f]::daemon::tests::launchctl_surfaces_a_usable_output_for_an_unknown_subcommand
[INFO] [stdout]   13:     0x5c14b45287b9 - <tapwarden[6dbc60b1007f50f]::daemon::tests::launchctl_surfaces_a_usable_output_for_an_unknown_subcommand::{closure#0} as core[df12db4294e9bfd3]::ops::function::FnOnce<()>>::call_once
[INFO] [stdout]   14:     0x5c14b46d643b - test[9d35eded1c95d3be]::__rust_begin_short_backtrace::<core[df12db4294e9bfd3]::result::Result<(), alloc[2182bb758b4b3781]::string::String>, fn() -> core[df12db4294e9bfd3]::result::Result<(), alloc[2182bb758b4b3781]::string::String>>
[INFO] [stdout]   15:     0x5c14b46e3aa5 - test[9d35eded1c95d3be]::run_test::{closure#0}
[INFO] [stdout]   16:     0x5c14b46dd364 - std[70759c8f55707aa4]::sys::backtrace::__rust_begin_short_backtrace::<test[9d35eded1c95d3be]::run_test::{closure#1}, ()>
[INFO] [stdout]   17:     0x5c14b46e6c02 - <std[70759c8f55707aa4]::thread::lifecycle::spawn_unchecked<test[9d35eded1c95d3be]::run_test::{closure#1}, ()>::{closure#1} as core[df12db4294e9bfd3]::ops::function::FnOnce<()>>::call_once::{shim:vtable#0}
[INFO] [stdout]   18:     0x5c14b491e439 - <std[70759c8f55707aa4]::sys::thread::unix::Thread>::new::thread_start
[INFO] [stdout]   19:     0x74366a1e8dfa - <unknown>
[INFO] [stdout]   20:     0x74366a27c3d4 - clone
[INFO] [stdout]   21:                0x0 - <unknown>
[INFO] [stdout] 
[INFO] [stdout] ---- doctor::tests::backend_check_fails_on_a_key_that_cannot_be_fetched stdout ----
[INFO] [stdout] [fail] backend: env var `TAPWARDEN_TEST_BWS_TOKEN` is not set or not valid unicode
[INFO] [stdout]        hint: check credentials, server_endpoint, and network reachability
[INFO] [stdout] 
[INFO] [stdout] thread 'doctor::tests::backend_check_fails_on_a_key_that_cannot_be_fetched' (4058) panicked at src/doctor.rs:842:9:
[INFO] [stdout] assertion `left == right` failed: one per-key failure plus the summary line
[INFO] [stdout]   left: 1
[INFO] [stdout]  right: 2
[INFO] [stdout] stack backtrace:
[INFO] [stdout]    0:     0x5c14b491f6c1 - <<std[70759c8f55707aa4]::sys::backtrace::BacktraceLock>::print::DisplayBacktrace as core[df12db4294e9bfd3]::fmt::Display>::fmt
[INFO] [stdout]    1:     0x5c14b493980a - core[df12db4294e9bfd3]::fmt::write
[INFO] [stdout]    2:     0x5c14b4925bbc - <alloc[2182bb758b4b3781]::vec::Vec<u8> as core[df12db4294e9bfd3]::io::write::Write>::write_fmt
[INFO] [stdout]    3:     0x5c14b48f76b6 - std[70759c8f55707aa4]::panicking::default_hook::{closure#0}
[INFO] [stdout]    4:     0x5c14b49160b9 - std[70759c8f55707aa4]::panicking::default_hook
[INFO] [stdout]    5:     0x5c14b46e3150 - test[9d35eded1c95d3be]::test_main_inner::<test[9d35eded1c95d3be]::test_main_static::{closure#0}>::{closure#0}
[INFO] [stdout]    6:     0x5c14b49163e2 - std[70759c8f55707aa4]::panicking::panic_with_hook
[INFO] [stdout]    7:     0x5c14b48f7762 - std[70759c8f55707aa4]::panicking::panic_handler::{closure#0}
[INFO] [stdout]    8:     0x5c14b48efae9 - std[70759c8f55707aa4]::sys::backtrace::__rust_end_short_backtrace::<std[70759c8f55707aa4]::panicking::panic_handler::{closure#0}, !>
[INFO] [stdout]    9:     0x5c14b48f888d - __rustc[8fa7c3cbc660c2b3]::rust_begin_unwind
[INFO] [stdout]   10:     0x5c14b4939f6c - core[df12db4294e9bfd3]::panicking::panic_fmt
[INFO] [stdout]   11:     0x5c14b4939ee3 - core[df12db4294e9bfd3]::panicking::assert_failed_inner
[INFO] [stdout]   12:     0x5c14b49341dd - core[df12db4294e9bfd3]::panicking::assert_failed::<usize, usize>
[INFO] [stdout]   13:     0x5c14b44d3604 - tapwarden[6dbc60b1007f50f]::doctor::tests::backend_check_fails_on_a_key_that_cannot_be_fetched::{closure#0}
[INFO] [stdout]   14:     0x5c14b44ccc73 - <tokio[be7706761e77dfd4]::runtime::scheduler::current_thread::Context>::enter::<core[df12db4294e9bfd3]::task::poll::Poll<()>, <tokio[be7706761e77dfd4]::runtime::scheduler::current_thread::CoreGuard>::block_on<core[df12db4294e9bfd3]::pin::Pin<&mut core[df12db4294e9bfd3]::pin::Pin<&mut dyn core[df12db4294e9bfd3]::future::future::Future<Output = ()>>>>::{closure#0}::{closure#0}>
[INFO] [stdout]   15:     0x5c14b446d42c - <tokio[be7706761e77dfd4]::runtime::context::scoped::Scoped<tokio[be7706761e77dfd4]::runtime::scheduler::Context>>::set::<<tokio[be7706761e77dfd4]::runtime::scheduler::current_thread::CoreGuard>::enter<<tokio[be7706761e77dfd4]::runtime::scheduler::current_thread::CoreGuard>::block_on<core[df12db4294e9bfd3]::pin::Pin<&mut core[df12db4294e9bfd3]::pin::Pin<&mut dyn core[df12db4294e9bfd3]::future::future::Future<Output = ()>>>>::{closure#0}, core[df12db4294e9bfd3]::option::Option<()>>::{closure#0}, (alloc[2182bb758b4b3781]::boxed::Box<tokio[be7706761e77dfd4]::runtime::scheduler::current_thread::Core>, core[df12db4294e9bfd3]::option::Option<()>)>
[INFO] [stdout]   16:     0x5c14b44cc0e7 - <tokio[be7706761e77dfd4]::runtime::runtime::Runtime>::block_on::<core[df12db4294e9bfd3]::pin::Pin<&mut dyn core[df12db4294e9bfd3]::future::future::Future<Output = ()>>>
[INFO] [stdout]   17:     0x5c14b44dc80b - tapwarden[6dbc60b1007f50f]::doctor::tests::backend_check_fails_on_a_key_that_cannot_be_fetched
[INFO] [stdout]   18:     0x5c14b4528ab9 - <tapwarden[6dbc60b1007f50f]::doctor::tests::backend_check_fails_on_a_key_that_cannot_be_fetched::{closure#0} as core[df12db4294e9bfd3]::ops::function::FnOnce<()>>::call_once
[INFO] [stdout]   19:     0x5c14b46d643b - test[9d35eded1c95d3be]::__rust_begin_short_backtrace::<core[df12db4294e9bfd3]::result::Result<(), alloc[2182bb758b4b3781]::string::String>, fn() -> core[df12db4294e9bfd3]::result::Result<(), alloc[2182bb758b4b3781]::string::String>>
[INFO] [stdout]   20:     0x5c14b46e3aa5 - test[9d35eded1c95d3be]::run_test::{closure#0}
[INFO] [stdout]   21:     0x5c14b46dd364 - std[70759c8f55707aa4]::sys::backtrace::__rust_begin_short_backtrace::<test[9d35eded1c95d3be]::run_test::{closure#1}, ()>
[INFO] [stdout]   22:     0x5c14b46e6c02 - <std[70759c8f55707aa4]::thread::lifecycle::spawn_unchecked<test[9d35eded1c95d3be]::run_test::{closure#1}, ()>::{closure#1} as core[df12db4294e9bfd3]::ops::function::FnOnce<()>>::call_once::{shim:vtable#0}
[INFO] [stdout]   23:     0x5c14b491e439 - <std[70759c8f55707aa4]::sys::thread::unix::Thread>::new::thread_start
[INFO] [stdout]   24:     0x74366a1e8dfa - <unknown>
[INFO] [stdout]   25:     0x74366a27c3d4 - clone
[INFO] [stdout]   26:                0x0 - <unknown>
[INFO] [stdout] 
[INFO] [stdout] ---- daemon::tests::uninstall_surfaces_a_plist_it_could_not_remove stdout ----
[INFO] [stdout] tapwarden stopped and LaunchAgent removed (/tmp/tapwarden-test-daemon-locked-3952-25/com.tapwarden.agent.plist).
[INFO] [stdout] 
[INFO] [stdout] thread 'daemon::tests::uninstall_surfaces_a_plist_it_could_not_remove' (4055) panicked at src/daemon.rs:781:20:
[INFO] [stdout] a plist left in place is not an uninstall: ()
[INFO] [stdout] stack backtrace:
[INFO] [stdout]    0:     0x5c14b491f6c1 - <<std[70759c8f55707aa4]::sys::backtrace::BacktraceLock>::print::DisplayBacktrace as core[df12db4294e9bfd3]::fmt::Display>::fmt
[INFO] [stdout]    1:     0x5c14b493980a - core[df12db4294e9bfd3]::fmt::write
[INFO] [stdout]    2:     0x5c14b4925bbc - <alloc[2182bb758b4b3781]::vec::Vec<u8> as core[df12db4294e9bfd3]::io::write::Write>::write_fmt
[INFO] [stdout]    3:     0x5c14b48f76b6 - std[70759c8f55707aa4]::panicking::default_hook::{closure#0}
[INFO] [stdout]    4:     0x5c14b49160b9 - std[70759c8f55707aa4]::panicking::default_hook
[INFO] [stdout]    5:     0x5c14b46e3150 - test[9d35eded1c95d3be]::test_main_inner::<test[9d35eded1c95d3be]::test_main_static::{closure#0}>::{closure#0}
[INFO] [stdout]    6:     0x5c14b49163e2 - std[70759c8f55707aa4]::panicking::panic_with_hook
[INFO] [stdout]    7:     0x5c14b48f7762 - std[70759c8f55707aa4]::panicking::panic_handler::{closure#0}
[INFO] [stdout]    8:     0x5c14b48efae9 - std[70759c8f55707aa4]::sys::backtrace::__rust_end_short_backtrace::<std[70759c8f55707aa4]::panicking::panic_handler::{closure#0}, !>
[INFO] [stdout]    9:     0x5c14b48f888d - __rustc[8fa7c3cbc660c2b3]::rust_begin_unwind
[INFO] [stdout]   10:     0x5c14b4939f6c - core[df12db4294e9bfd3]::panicking::panic_fmt
[INFO] [stdout]   11:     0x5c14b4939d42 - core[df12db4294e9bfd3]::result::unwrap_failed
[INFO] [stdout]   12:     0x5c14b453a2f0 - tapwarden[6dbc60b1007f50f]::daemon::tests::uninstall_surfaces_a_plist_it_could_not_remove
[INFO] [stdout]   13:     0x5c14b45285c9 - <tapwarden[6dbc60b1007f50f]::daemon::tests::uninstall_surfaces_a_plist_it_could_not_remove::{closure#0} as core[df12db4294e9bfd3]::ops::function::FnOnce<()>>::call_once
[INFO] [stdout]   14:     0x5c14b46d643b - test[9d35eded1c95d3be]::__rust_begin_short_backtrace::<core[df12db4294e9bfd3]::result::Result<(), alloc[2182bb758b4b3781]::string::String>, fn() -> core[df12db4294e9bfd3]::result::Result<(), alloc[2182bb758b4b3781]::string::String>>
[INFO] [stdout]   15:     0x5c14b46e3aa5 - test[9d35eded1c95d3be]::run_test::{closure#0}
[INFO] [stdout]   16:     0x5c14b46dd364 - std[70759c8f55707aa4]::sys::backtrace::__rust_begin_short_backtrace::<test[9d35eded1c95d3be]::run_test::{closure#1}, ()>
[INFO] [stdout]   17:     0x5c14b46e6c02 - <std[70759c8f55707aa4]::thread::lifecycle::spawn_unchecked<test[9d35eded1c95d3be]::run_test::{closure#1}, ()>::{closure#1} as core[df12db4294e9bfd3]::ops::function::FnOnce<()>>::call_once::{shim:vtable#0}
[INFO] [stdout]   18:     0x5c14b491e439 - <std[70759c8f55707aa4]::sys::thread::unix::Thread>::new::thread_start
[INFO] [stdout]   19:     0x74366a1e8dfa - <unknown>
[INFO] [stdout]   20:     0x74366a27c3d4 - clone
[INFO] [stdout]   21:                0x0 - <unknown>
[INFO] [stdout] 
[INFO] [stdout] ---- doctor::tests::vaultwarden_env_credentials_that_are_set_report_ok stdout ----
[INFO] [stdout] [warn] credentials: unset env var(s): TAPWARDEN_TEST_VW_VALUE, TAPWARDEN_TEST_VW_VALUE, TAPWARDEN_TEST_VW_VALUE
[INFO] [stdout] 
[INFO] [stdout] thread 'doctor::tests::vaultwarden_env_credentials_that_are_set_report_ok' (4084) panicked at src/doctor.rs:606:9:
[INFO] [stdout] assertion `left == right` failed
[INFO] [stdout]   left: (0, 1)
[INFO] [stdout]  right: (0, 0)
[INFO] [stdout] stack backtrace:
[INFO] [stdout]    0:     0x5c14b491f6c1 - <<std[70759c8f55707aa4]::sys::backtrace::BacktraceLock>::print::DisplayBacktrace as core[df12db4294e9bfd3]::fmt::Display>::fmt
[INFO] [stdout]    1:     0x5c14b493980a - core[df12db4294e9bfd3]::fmt::write
[INFO] [stdout]    2:     0x5c14b4925bbc - <alloc[2182bb758b4b3781]::vec::Vec<u8> as core[df12db4294e9bfd3]::io::write::Write>::write_fmt
[INFO] [stdout]    3:     0x5c14b48f76b6 - std[70759c8f55707aa4]::panicking::default_hook::{closure#0}
[INFO] [stdout]    4:     0x5c14b49160b9 - std[70759c8f55707aa4]::panicking::default_hook
[INFO] [stdout]    5:     0x5c14b46e3150 - test[9d35eded1c95d3be]::test_main_inner::<test[9d35eded1c95d3be]::test_main_static::{closure#0}>::{closure#0}
[INFO] [stdout]    6:     0x5c14b49163e2 - std[70759c8f55707aa4]::panicking::panic_with_hook
[INFO] [stdout]    7:     0x5c14b48f7762 - std[70759c8f55707aa4]::panicking::panic_handler::{closure#0}
[INFO] [stdout]    8:     0x5c14b48efae9 - std[70759c8f55707aa4]::sys::backtrace::__rust_end_short_backtrace::<std[70759c8f55707aa4]::panicking::panic_handler::{closure#0}, !>
[INFO] [stdout]    9:     0x5c14b48f888d - __rustc[8fa7c3cbc660c2b3]::rust_begin_unwind
[INFO] [stdout]   10:     0x5c14b4939f6c - core[df12db4294e9bfd3]::panicking::panic_fmt
[INFO] [stdout]   11:     0x5c14b4939e83 - core[df12db4294e9bfd3]::panicking::assert_failed_inner
[INFO] [stdout]   12:     0x5c14b44aec97 - core[df12db4294e9bfd3]::panicking::assert_failed::<(usize, usize), (usize, usize)>
[INFO] [stdout]   13:     0x5c14b44dc6ea - tapwarden[6dbc60b1007f50f]::doctor::tests::vaultwarden_env_credentials_that_are_set_report_ok
[INFO] [stdout]   14:     0x5c14b4528a99 - <tapwarden[6dbc60b1007f50f]::doctor::tests::vaultwarden_env_credentials_that_are_set_report_ok::{closure#0} as core[df12db4294e9bfd3]::ops::function::FnOnce<()>>::call_once
[INFO] [stdout]   15:     0x5c14b46d643b - test[9d35eded1c95d3be]::__rust_begin_short_backtrace::<core[df12db4294e9bfd3]::result::Result<(), alloc[2182bb758b4b3781]::string::String>, fn() -> core[df12db4294e9bfd3]::result::Result<(), alloc[2182bb758b4b3781]::string::String>>
[INFO] [stdout]   16:     0x5c14b46e3aa5 - test[9d35eded1c95d3be]::run_test::{closure#0}
[INFO] [stdout]   17:     0x5c14b46dd364 - std[70759c8f55707aa4]::sys::backtrace::__rust_begin_short_backtrace::<test[9d35eded1c95d3be]::run_test::{closure#1}, ()>
[INFO] [stdout]   18:     0x5c14b46e6c02 - <std[70759c8f55707aa4]::thread::lifecycle::spawn_unchecked<test[9d35eded1c95d3be]::run_test::{closure#1}, ()>::{closure#1} as core[df12db4294e9bfd3]::ops::function::FnOnce<()>>::call_once::{shim:vtable#0}
[INFO] [stdout]   19:     0x5c14b491e439 - <std[70759c8f55707aa4]::sys::thread::unix::Thread>::new::thread_start
[INFO] [stdout]   20:     0x74366a1e8dfa - <unknown>
[INFO] [stdout]   21:     0x74366a27c3d4 - clone
[INFO] [stdout]   22:                0x0 - <unknown>
[INFO] [stdout] 
[INFO] [stdout] ---- peer::tests::looks_up_this_process_and_its_parent stdout ----
[INFO] [stdout] 
[INFO] [stdout] thread 'peer::tests::looks_up_this_process_and_its_parent' (4088) panicked at src/peer.rs:142:9:
[INFO] [stdout] assertion `left == right` failed
[INFO] [stdout]   left: None
[INFO] [stdout]  right: Some("/opt/rustwide/target/release/deps/tapwarden-779166e1ca7c0f9d")
[INFO] [stdout] stack backtrace:
[INFO] [stdout]    0:     0x5c14b491f6c1 - <<std[70759c8f55707aa4]::sys::backtrace::BacktraceLock>::print::DisplayBacktrace as core[df12db4294e9bfd3]::fmt::Display>::fmt
[INFO] [stdout]    1:     0x5c14b493980a - core[df12db4294e9bfd3]::fmt::write
[INFO] [stdout]    2:     0x5c14b4925bbc - <alloc[2182bb758b4b3781]::vec::Vec<u8> as core[df12db4294e9bfd3]::io::write::Write>::write_fmt
[INFO] [stdout]    3:     0x5c14b48f76b6 - std[70759c8f55707aa4]::panicking::default_hook::{closure#0}
[INFO] [stdout]    4:     0x5c14b49160b9 - std[70759c8f55707aa4]::panicking::default_hook
[INFO] [stdout]    5:     0x5c14b46e3150 - test[9d35eded1c95d3be]::test_main_inner::<test[9d35eded1c95d3be]::test_main_static::{closure#0}>::{closure#0}
[INFO] [stdout]    6:     0x5c14b49163e2 - std[70759c8f55707aa4]::panicking::panic_with_hook
[INFO] [stdout]    7:     0x5c14b48f7762 - std[70759c8f55707aa4]::panicking::panic_handler::{closure#0}
[INFO] [stdout]    8:     0x5c14b48efae9 - std[70759c8f55707aa4]::sys::backtrace::__rust_end_short_backtrace::<std[70759c8f55707aa4]::panicking::panic_handler::{closure#0}, !>
[INFO] [stdout]    9:     0x5c14b48f888d - __rustc[8fa7c3cbc660c2b3]::rust_begin_unwind
[INFO] [stdout]   10:     0x5c14b4939f6c - core[df12db4294e9bfd3]::panicking::panic_fmt
[INFO] [stdout]   11:     0x5c14b4939e83 - core[df12db4294e9bfd3]::panicking::assert_failed_inner
[INFO] [stdout]   12:     0x5c14b44ae815 - core[df12db4294e9bfd3]::panicking::assert_failed::<core[df12db4294e9bfd3]::option::Option<&std[70759c8f55707aa4]::path::Path>, core[df12db4294e9bfd3]::option::Option<&std[70759c8f55707aa4]::path::Path>>
[INFO] [stdout]   13:     0x5c14b44d4193 - tapwarden[6dbc60b1007f50f]::peer::tests::looks_up_this_process_and_its_parent
[INFO] [stdout]   14:     0x5c14b45279de - <tapwarden[6dbc60b1007f50f]::peer::tests::looks_up_this_process_and_its_parent::{closure#0} as core[df12db4294e9bfd3]::ops::function::FnOnce<()>>::call_once
[INFO] [stdout]   15:     0x5c14b46d643b - test[9d35eded1c95d3be]::__rust_begin_short_backtrace::<core[df12db4294e9bfd3]::result::Result<(), alloc[2182bb758b4b3781]::string::String>, fn() -> core[df12db4294e9bfd3]::result::Result<(), alloc[2182bb758b4b3781]::string::String>>
[INFO] [stdout]   16:     0x5c14b46e3aa5 - test[9d35eded1c95d3be]::run_test::{closure#0}
[INFO] [stdout]   17:     0x5c14b46dd364 - std[70759c8f55707aa4]::sys::backtrace::__rust_begin_short_backtrace::<test[9d35eded1c95d3be]::run_test::{closure#1}, ()>
[INFO] [stdout]   18:     0x5c14b46e6c02 - <std[70759c8f55707aa4]::thread::lifecycle::spawn_unchecked<test[9d35eded1c95d3be]::run_test::{closure#1}, ()>::{closure#1} as core[df12db4294e9bfd3]::ops::function::FnOnce<()>>::call_once::{shim:vtable#0}
[INFO] [stdout]   19:     0x5c14b491e439 - <std[70759c8f55707aa4]::sys::thread::unix::Thread>::new::thread_start
[INFO] [stdout]   20:     0x74366a1e8dfa - <unknown>
[INFO] [stdout]   21:     0x74366a27c3d4 - clone
[INFO] [stdout]   22:                0x0 - <unknown>
[INFO] [stdout] 
[INFO] [stdout] ---- doctor::tests::run_reports_every_layer_and_fetches_keys_end_to_end stdout ----
[INFO] [stdout] tapwarden doctor 0.3.2 (/opt/rustwide/target/release/deps/tapwarden-779166e1ca7c0f9d)
[INFO] [stdout] 
[INFO] [stdout] [ ok ] config: loaded, 1 key id(s), backend: bitwarden secrets manager
[INFO] [stdout] [ ok ] config perms: 0600
[INFO] [stdout] [warn] credentials: $TAPWARDEN_TEST_BWS_TOKEN is not set in this shell
[INFO] [stdout]        hint: export the token, or run `tapwarden store-token` and set `credentials: keychain` so the background agent can read it
[INFO] [stdout] [warn] touch id: biometric policy unavailable on this platform
[INFO] [stdout]        hint: signing falls back to the account password prompt
[INFO] [stdout] [warn] launchagent: not loaded in launchd
[INFO] [stdout]        hint: start the background agent with `tapwarden start`
[INFO] [stdout] [warn] socket: /root/Library/Application Support/tapwarden/agent.sock does not exist (agent not running?)
[INFO] [stdout] [warn] ssh_wiring: ssh has no agent configured
[INFO] [stdout]        hint: set `IdentityAgent "/root/Library/Application Support/tapwarden/agent.sock"` under `Host *` in ~/.ssh/config
[INFO] [stdout] [fail] backend: env var `TAPWARDEN_TEST_BWS_TOKEN` is not set or not valid unicode
[INFO] [stdout]        hint: check credentials, server_endpoint, and network reachability
[INFO] [stdout] 
[INFO] [stdout] 
[INFO] [stdout] thread 'doctor::tests::run_reports_every_layer_and_fetches_keys_end_to_end' (4072) panicked at src/doctor.rs:862:14:
[INFO] [stdout] every check must pass against the stub backend: doctor found 1 problem(s) and 5 warning(s) — see the [fail] lines above
[INFO] [stdout] 
[INFO] [stdout] Stack backtrace:
[INFO] [stdout]    0: <anyhow::Error>::msg::<alloc::string::String>
[INFO] [stdout]    1: anyhow::__private::format_err
[INFO] [stdout]    2: tapwarden::doctor::verdict
[INFO] [stdout]    3: tapwarden::doctor::run::{closure#0}
[INFO] [stdout]    4: tapwarden::doctor::tests::run_reports_every_layer_and_fetches_keys_end_to_end::{closure#0}
[INFO] [stdout]    5: <tokio::runtime::scheduler::current_thread::Context>::enter::<core::task::poll::Poll<()>, <tokio::runtime::scheduler::current_thread::CoreGuard>::block_on<core::pin::Pin<&mut core::pin::Pin<&mut dyn core::future::future::Future<Output = ()>>>>::{closure#0}::{closure#0}>
[INFO] [stdout]    6: <tokio::runtime::context::scoped::Scoped<tokio::runtime::scheduler::Context>>::set::<<tokio::runtime::scheduler::current_thread::CoreGuard>::enter<<tokio::runtime::scheduler::current_thread::CoreGuard>::block_on<core::pin::Pin<&mut core::pin::Pin<&mut dyn core::future::future::Future<Output = ()>>>>::{closure#0}, core::option::Option<()>>::{closure#0}, (alloc::boxed::Box<tokio::runtime::scheduler::current_thread::Core>, core::option::Option<()>)>
[INFO] [stdout]    7: <tokio::runtime::runtime::Runtime>::block_on::<core::pin::Pin<&mut dyn core::future::future::Future<Output = ()>>>
[INFO] [stdout]    8: tapwarden::doctor::tests::run_reports_every_layer_and_fetches_keys_end_to_end
[INFO] [stdout]    9: <tapwarden::doctor::tests::run_reports_every_layer_and_fetches_keys_end_to_end::{closure#0} as core::ops::function::FnOnce<()>>::call_once
[INFO] [stdout]   10: test::__rust_begin_short_backtrace::<core::result::Result<(), alloc::string::String>, fn() -> core::result::Result<(), alloc::string::String>>
[INFO] [stdout]   11: test::run_test::{closure#0}
[INFO] [stdout]   12: std::sys::backtrace::__rust_begin_short_backtrace::<test::run_test::{closure#1}, ()>
[INFO] [stdout]   13: <std::thread::lifecycle::spawn_unchecked<test::run_test::{closure#1}, ()>::{closure#1} as core::ops::function::FnOnce<()>>::call_once::{shim:vtable#0}
[INFO] [stdout]   14: <std::sys::thread::unix::Thread>::new::thread_start
[INFO] [stdout]   15: <unknown>
[INFO] [stdout]   16: clone
[INFO] [stdout] stack backtrace:
[INFO] [stdout]    0:     0x5c14b491f6c1 - <<std[70759c8f55707aa4]::sys::backtrace::BacktraceLock>::print::DisplayBacktrace as core[df12db4294e9bfd3]::fmt::Display>::fmt
[INFO] [stdout]    1:     0x5c14b493980a - core[df12db4294e9bfd3]::fmt::write
[INFO] [stdout]    2:     0x5c14b4925bbc - <alloc[2182bb758b4b3781]::vec::Vec<u8> as core[df12db4294e9bfd3]::io::write::Write>::write_fmt
[INFO] [stdout]    3:     0x5c14b48f76b6 - std[70759c8f55707aa4]::panicking::default_hook::{closure#0}
[INFO] [stdout]    4:     0x5c14b49160b9 - std[70759c8f55707aa4]::panicking::default_hook
[INFO] [stdout]    5:     0x5c14b46e3150 - test[9d35eded1c95d3be]::test_main_inner::<test[9d35eded1c95d3be]::test_main_static::{closure#0}>::{closure#0}
[INFO] [stdout]    6:     0x5c14b49163e2 - std[70759c8f55707aa4]::panicking::panic_with_hook
[INFO] [stdout]    7:     0x5c14b48f7762 - std[70759c8f55707aa4]::panicking::panic_handler::{closure#0}
[INFO] [stdout]    8:     0x5c14b48efae9 - std[70759c8f55707aa4]::sys::backtrace::__rust_end_short_backtrace::<std[70759c8f55707aa4]::panicking::panic_handler::{closure#0}, !>
[INFO] [stdout]    9:     0x5c14b48f888d - __rustc[8fa7c3cbc660c2b3]::rust_begin_unwind
[INFO] [stdout]   10:     0x5c14b4939f6c - core[df12db4294e9bfd3]::panicking::panic_fmt
[INFO] [stdout]   11:     0x5c14b4939d42 - core[df12db4294e9bfd3]::result::unwrap_failed
[INFO] [stdout]   12:     0x5c14b44d3aad - tapwarden[6dbc60b1007f50f]::doctor::tests::run_reports_every_layer_and_fetches_keys_end_to_end::{closure#0}
[INFO] [stdout]   13:     0x5c14b44ccc73 - <tokio[be7706761e77dfd4]::runtime::scheduler::current_thread::Context>::enter::<core[df12db4294e9bfd3]::task::poll::Poll<()>, <tokio[be7706761e77dfd4]::runtime::scheduler::current_thread::CoreGuard>::block_on<core[df12db4294e9bfd3]::pin::Pin<&mut core[df12db4294e9bfd3]::pin::Pin<&mut dyn core[df12db4294e9bfd3]::future::future::Future<Output = ()>>>>::{closure#0}::{closure#0}>
[INFO] [stdout]   14:     0x5c14b446d42c - <tokio[be7706761e77dfd4]::runtime::context::scoped::Scoped<tokio[be7706761e77dfd4]::runtime::scheduler::Context>>::set::<<tokio[be7706761e77dfd4]::runtime::scheduler::current_thread::CoreGuard>::enter<<tokio[be7706761e77dfd4]::runtime::scheduler::current_thread::CoreGuard>::block_on<core[df12db4294e9bfd3]::pin::Pin<&mut core[df12db4294e9bfd3]::pin::Pin<&mut dyn core[df12db4294e9bfd3]::future::future::Future<Output = ()>>>>::{closure#0}, core[df12db4294e9bfd3]::option::Option<()>>::{closure#0}, (alloc[2182bb758b4b3781]::boxed::Box<tokio[be7706761e77dfd4]::runtime::scheduler::current_thread::Core>, core[df12db4294e9bfd3]::option::Option<()>)>
[INFO] [stdout]   15:     0x5c14b44cc0e7 - <tokio[be7706761e77dfd4]::runtime::runtime::Runtime>::block_on::<core[df12db4294e9bfd3]::pin::Pin<&mut dyn core[df12db4294e9bfd3]::future::future::Future<Output = ()>>>
[INFO] [stdout]   16:     0x5c14b44dc95b - tapwarden[6dbc60b1007f50f]::doctor::tests::run_reports_every_layer_and_fetches_keys_end_to_end
[INFO] [stdout]   17:     0x5c14b4528ad9 - <tapwarden[6dbc60b1007f50f]::doctor::tests::run_reports_every_layer_and_fetches_keys_end_to_end::{closure#0} as core[df12db4294e9bfd3]::ops::function::FnOnce<()>>::call_once
[INFO] [stdout]   18:     0x5c14b46d643b - test[9d35eded1c95d3be]::__rust_begin_short_backtrace::<core[df12db4294e9bfd3]::result::Result<(), alloc[2182bb758b4b3781]::string::String>, fn() -> core[df12db4294e9bfd3]::result::Result<(), alloc[2182bb758b4b3781]::string::String>>
[INFO] [stdout]   19:     0x5c14b46e3aa5 - test[9d35eded1c95d3be]::run_test::{closure#0}
[INFO] [stdout]   20:     0x5c14b46dd364 - std[70759c8f55707aa4]::sys::backtrace::__rust_begin_short_backtrace::<test[9d35eded1c95d3be]::run_test::{closure#1}, ()>
[INFO] [stdout]   21:     0x5c14b46e6c02 - <std[70759c8f55707aa4]::thread::lifecycle::spawn_unchecked<test[9d35eded1c95d3be]::run_test::{closure#1}, ()>::{closure#1} as core[df12db4294e9bfd3]::ops::function::FnOnce<()>>::call_once::{shim:vtable#0}
[INFO] [stdout]   22:     0x5c14b491e439 - <std[70759c8f55707aa4]::sys::thread::unix::Thread>::new::thread_start
[INFO] [stdout]   23:     0x74366a1e8dfa - <unknown>
[INFO] [stdout]   24:     0x74366a27c3d4 - clone
[INFO] [stdout]   25:                0x0 - <unknown>
[INFO] [stdout] 
[INFO] [stdout] ---- agent::tests::serves_identities_over_a_real_unix_socket stdout ----
[INFO] [stdout] 
[INFO] [stdout] thread 'agent::tests::serves_identities_over_a_real_unix_socket' (3978) panicked at src/agent.rs:1212:10:
[INFO] [stdout] the agent must bind its socket: Elapsed(())
[INFO] [stdout] stack backtrace:
[INFO] [stdout]    0:     0x5c14b491f6c1 - <<std[70759c8f55707aa4]::sys::backtrace::BacktraceLock>::print::DisplayBacktrace as core[df12db4294e9bfd3]::fmt::Display>::fmt
[INFO] [stdout]    1:     0x5c14b493980a - core[df12db4294e9bfd3]::fmt::write
[INFO] [stdout]    2:     0x5c14b4925bbc - <alloc[2182bb758b4b3781]::vec::Vec<u8> as core[df12db4294e9bfd3]::io::write::Write>::write_fmt
[INFO] [stdout]    3:     0x5c14b48f76b6 - std[70759c8f55707aa4]::panicking::default_hook::{closure#0}
[INFO] [stdout]    4:     0x5c14b49160b9 - std[70759c8f55707aa4]::panicking::default_hook
[INFO] [stdout]    5:     0x5c14b46e3150 - test[9d35eded1c95d3be]::test_main_inner::<test[9d35eded1c95d3be]::test_main_static::{closure#0}>::{closure#0}
[INFO] [stdout]    6:     0x5c14b49163e2 - std[70759c8f55707aa4]::panicking::panic_with_hook
[INFO] [stdout]    7:     0x5c14b48f7762 - std[70759c8f55707aa4]::panicking::panic_handler::{closure#0}
[INFO] [stdout]    8:     0x5c14b48efae9 - std[70759c8f55707aa4]::sys::backtrace::__rust_end_short_backtrace::<std[70759c8f55707aa4]::panicking::panic_handler::{closure#0}, !>
[INFO] [stdout]    9:     0x5c14b48f888d - __rustc[8fa7c3cbc660c2b3]::rust_begin_unwind
[INFO] [stdout]   10:     0x5c14b4939f6c - core[df12db4294e9bfd3]::panicking::panic_fmt
[INFO] [stdout]   11:     0x5c14b4939d42 - core[df12db4294e9bfd3]::result::unwrap_failed
[INFO] [stdout]   12:     0x5c14b445f847 - tapwarden[6dbc60b1007f50f]::agent::tests::serves_identities_over_a_real_unix_socket::{closure#0}
[INFO] [stdout]   13:     0x5c14b44ccc73 - <tokio[be7706761e77dfd4]::runtime::scheduler::current_thread::Context>::enter::<core[df12db4294e9bfd3]::task::poll::Poll<()>, <tokio[be7706761e77dfd4]::runtime::scheduler::current_thread::CoreGuard>::block_on<core[df12db4294e9bfd3]::pin::Pin<&mut core[df12db4294e9bfd3]::pin::Pin<&mut dyn core[df12db4294e9bfd3]::future::future::Future<Output = ()>>>>::{closure#0}::{closure#0}>
[INFO] [stdout]   14:     0x5c14b446d42c - <tokio[be7706761e77dfd4]::runtime::context::scoped::Scoped<tokio[be7706761e77dfd4]::runtime::scheduler::Context>>::set::<<tokio[be7706761e77dfd4]::runtime::scheduler::current_thread::CoreGuard>::enter<<tokio[be7706761e77dfd4]::runtime::scheduler::current_thread::CoreGuard>::block_on<core[df12db4294e9bfd3]::pin::Pin<&mut core[df12db4294e9bfd3]::pin::Pin<&mut dyn core[df12db4294e9bfd3]::future::future::Future<Output = ()>>>>::{closure#0}, core[df12db4294e9bfd3]::option::Option<()>>::{closure#0}, (alloc[2182bb758b4b3781]::boxed::Box<tokio[be7706761e77dfd4]::runtime::scheduler::current_thread::Core>, core[df12db4294e9bfd3]::option::Option<()>)>
[INFO] [stdout]   15:     0x5c14b44cc0e7 - <tokio[be7706761e77dfd4]::runtime::runtime::Runtime>::block_on::<core[df12db4294e9bfd3]::pin::Pin<&mut dyn core[df12db4294e9bfd3]::future::future::Future<Output = ()>>>
[INFO] [stdout]   16:     0x5c14b4467feb - tapwarden[6dbc60b1007f50f]::agent::tests::serves_identities_over_a_real_unix_socket
[INFO] [stdout]   17:     0x5c14b4527ba9 - <tapwarden[6dbc60b1007f50f]::agent::tests::serves_identities_over_a_real_unix_socket::{closure#0} as core[df12db4294e9bfd3]::ops::function::FnOnce<()>>::call_once
[INFO] [stdout]   18:     0x5c14b46d643b - test[9d35eded1c95d3be]::__rust_begin_short_backtrace::<core[df12db4294e9bfd3]::result::Result<(), alloc[2182bb758b4b3781]::string::String>, fn() -> core[df12db4294e9bfd3]::result::Result<(), alloc[2182bb758b4b3781]::string::String>>
[INFO] [stdout]   19:     0x5c14b46e3aa5 - test[9d35eded1c95d3be]::run_test::{closure#0}
[INFO] [stdout]   20:     0x5c14b46dd364 - std[70759c8f55707aa4]::sys::backtrace::__rust_begin_short_backtrace::<test[9d35eded1c95d3be]::run_test::{closure#1}, ()>
[INFO] [stdout]   21:     0x5c14b46e6c02 - <std[70759c8f55707aa4]::thread::lifecycle::spawn_unchecked<test[9d35eded1c95d3be]::run_test::{closure#1}, ()>::{closure#1} as core[df12db4294e9bfd3]::ops::function::FnOnce<()>>::call_once::{shim:vtable#0}
[INFO] [stdout]   22:     0x5c14b491e439 - <std[70759c8f55707aa4]::sys::thread::unix::Thread>::new::thread_start
[INFO] [stdout]   23:     0x74366a1e8dfa - <unknown>
[INFO] [stdout]   24:     0x74366a27c3d4 - clone
[INFO] [stdout]   25:                0x0 - <unknown>
[INFO] [stdout] 
[INFO] [stdout] 
[INFO] [stdout] failures:
[INFO] [stdout]     agent::tests::a_stale_socket_that_cannot_be_removed_stops_the_claim
[INFO] [stdout]     agent::tests::every_backend_and_credential_source_builds_a_fetcher
[INFO] [stdout]     agent::tests::releasing_a_socket_reports_only_the_failures_that_matter
[INFO] [stdout]     agent::tests::serves_identities_over_a_real_unix_socket
[INFO] [stdout]     config::tests::credential_accessors_read_the_configured_env_vars
[INFO] [stdout]     daemon::tests::launchctl_surfaces_a_usable_output_for_an_unknown_subcommand
[INFO] [stdout]     daemon::tests::uninstall_surfaces_a_plist_it_could_not_remove
[INFO] [stdout]     doctor::tests::backend_check_fails_on_a_key_that_cannot_be_fetched
[INFO] [stdout]     doctor::tests::run_reports_every_layer_and_fetches_keys_end_to_end
[INFO] [stdout]     doctor::tests::vaultwarden_env_credentials_that_are_set_report_ok
[INFO] [stdout]     peer::tests::looks_up_this_process_and_its_parent
[INFO] [stdout] 
[INFO] [stdout] test result: FAILED. 195 passed; 11 failed; 6 ignored; 0 measured; 0 filtered out; finished in 5.02s
[INFO] [stdout] 
[INFO] running `Command { std: "docker" "inspect" "814d479056b63edd6ea9bfdbad330e9b94447ce1757f34d42e04474672e8f6ad", kill_on_drop: false }`
[INFO] running `Command { std: "docker" "rm" "-f" "814d479056b63edd6ea9bfdbad330e9b94447ce1757f34d42e04474672e8f6ad", kill_on_drop: false }`
[INFO] [stdout] 814d479056b63edd6ea9bfdbad330e9b94447ce1757f34d42e04474672e8f6ad
