[INFO] fetching crate tanu-core 1.3.1...
[INFO] testing tanu-core-1.3.1 against 1.99.0-beta.8+cargoflags=--release for beta-release-1.100-2
[INFO] extracting crate tanu-core 1.3.1 into /workspace/builds/worker-0-tc1/source
[INFO] started tweaking crates.io crate tanu-core 1.3.1
[INFO] finished tweaking crates.io crate tanu-core 1.3.1
[INFO] tweaked toml for crates.io crate tanu-core 1.3.1 written to /workspace/builds/worker-0-tc1/source/Cargo.toml
[INFO] validating manifest of crates.io crate tanu-core 1.3.1 on toolchain 1.99.0-beta.8
[INFO] running `Command { std: CARGO_HOME="/workspace/cargo-home" RUSTUP_HOME="/workspace/rustup-home" "/workspace/cargo-home/bin/cargo" "+1.99.0-beta.8" "metadata" "--manifest-path" "Cargo.toml" "--no-deps", kill_on_drop: false }`
[INFO] crate crates.io crate tanu-core 1.3.1 already has a lockfile, it will not be regenerated
[INFO] running `Command { std: CARGO_HOME="/workspace/cargo-home" RUSTUP_HOME="/workspace/rustup-home" "/workspace/cargo-home/bin/cargo" "+1.99.0-beta.8" "fetch" "--manifest-path" "Cargo.toml", kill_on_drop: false }`
[INFO] [stderr]     Updating crates.io index
[INFO] [stderr]  Downloading crates ...
[INFO] [stderr]   Downloaded tanu-derive v1.3.1
[INFO] [stderr]   Downloaded graphql_query_derive v0.16.0
[INFO] [stderr]   Downloaded graphql-parser v0.4.1
[INFO] [stderr]   Downloaded graphql_client v0.16.0
[INFO] [stderr]   Downloaded graphql-introspection-query v0.3.0
[INFO] [stderr]   Downloaded graphql_client_codegen v0.16.0
[INFO] running `Command { std: "docker" "create" "-v" "/var/lib/crater-agent-workspace/builds/worker-0-tc1/source:/opt/rustwide/workdir:ro,Z" "-v" "/var/lib/crater-agent-workspace/builds/worker-0-tc1/target:/opt/rustwide/target:rw,Z" "-v" "/var/lib/crater-agent-workspace/cargo-home:/opt/rustwide/cargo-home:ro,Z" "-v" "/var/lib/crater-agent-workspace/rustup-home:/opt/rustwide/rustup-home:ro,Z" "-m" "1610612736" "--network" "none" "ghcr.io/rust-lang/crates-build-env/linux@sha256:77db811e55d90add9212f6832c23229e3de5f1c1f9905e8cb07319ea15df73ac" "sleep" "infinity", kill_on_drop: false }`
[INFO] [stdout] 13fe8b90e0ca7268d410112d0f510a1f11466e60194f1960c8f3bbadf9aa8591
[INFO] running `Command { std: "docker" "start" "13fe8b90e0ca7268d410112d0f510a1f11466e60194f1960c8f3bbadf9aa8591", kill_on_drop: false }`
[INFO] running `Command { std: "docker" "inspect" "13fe8b90e0ca7268d410112d0f510a1f11466e60194f1960c8f3bbadf9aa8591", kill_on_drop: false }`
[INFO] running `Command { std: "docker" "exec" "-e" "SOURCE_DIR=/opt/rustwide/workdir" "-e" "CARGO_HOME=/opt/rustwide/cargo-home" "-e" "RUSTUP_HOME=/opt/rustwide/rustup-home" "-e" "CARGO_TARGET_DIR=/opt/rustwide/target" "-w" "/opt/rustwide/workdir" "--user" "0:0" "13fe8b90e0ca7268d410112d0f510a1f11466e60194f1960c8f3bbadf9aa8591" "/opt/rustwide/cargo-home/bin/cargo" "+1.99.0-beta.8" "metadata" "--no-deps" "--format-version=1", kill_on_drop: false }`
[INFO] running `Command { std: "docker" "inspect" "13fe8b90e0ca7268d410112d0f510a1f11466e60194f1960c8f3bbadf9aa8591", kill_on_drop: false }`
[INFO] running `Command { std: "docker" "exec" "-e" "SOURCE_DIR=/opt/rustwide/workdir" "-e" "CARGO_HOME=/opt/rustwide/cargo-home" "-e" "RUSTUP_HOME=/opt/rustwide/rustup-home" "-e" "CARGO_TARGET_DIR=/opt/rustwide/target" "-e" "CARGO_INCREMENTAL=0" "-e" "RUST_BACKTRACE=full" "-e" "RUSTFLAGS=--cap-lints=warn" "-e" "RUSTDOCFLAGS=--cap-lints=warn" "-w" "/opt/rustwide/workdir" "--user" "0:0" "13fe8b90e0ca7268d410112d0f510a1f11466e60194f1960c8f3bbadf9aa8591" "/opt/rustwide/cargo-home/bin/cargo" "+1.99.0-beta.8" "build" "--frozen" "--message-format=json" "--release", kill_on_drop: false }`
[INFO] [stderr]    Compiling libc v0.2.190
[INFO] [stderr]    Compiling eyre v0.6.14
[INFO] [stderr]    Compiling syn v2.0.119
[INFO] [stderr]    Compiling openssl v0.10.81
[INFO] [stderr]    Compiling cc v1.6.0
[INFO] [stderr]    Compiling serde_derive v1.0.229
[INFO] [stderr]    Compiling futures-util v0.3.34
[INFO] [stderr]    Compiling zstd-safe v7.3.0
[INFO] [stderr]    Compiling regex-automata v0.4.18
[INFO] [stderr]    Compiling indenter v0.3.4
[INFO] [stderr]    Compiling either v1.19.0
[INFO] [stderr]    Compiling icu_locale_core v2.3.0
[INFO] [stderr]    Compiling icu_collections v2.3.0
[INFO] [stderr]    Compiling tracing-log v0.2.0
[INFO] [stderr]    Compiling fastrand v2.5.0
[INFO] [stderr]    Compiling itertools v0.13.0
[INFO] [stderr]    Compiling chrono v0.4.45
[INFO] [stderr]    Compiling anyhow v1.0.104
[INFO] [stderr]    Compiling brotli-decompressor v5.0.3
[INFO] [stderr]    Compiling parking_lot_core v0.9.12
[INFO] [stderr]    Compiling errno v0.3.14
[INFO] [stderr]    Compiling mio v1.2.4
[INFO] [stderr]    Compiling socket2 v0.6.5
[INFO] [stderr]    Compiling console v0.15.11
[INFO] [stderr]    Compiling signal-hook-registry v1.4.8
[INFO] [stderr]    Compiling parking_lot v0.12.5
[INFO] [stderr]    Compiling icu_provider v2.3.1
[INFO] [stderr]    Compiling tokio v1.53.2
[INFO] [stderr]    Compiling openssl-sys v0.9.117
[INFO] [stderr]    Compiling zstd-sys v2.1.1+zstd.1.5.7
[INFO] [stderr]    Compiling native-tls v0.2.18
[INFO] [stderr]    Compiling icu_properties v2.3.0
[INFO] [stderr]    Compiling icu_normalizer v2.3.0
[INFO] [stderr]    Compiling serde v1.0.229
[INFO] [stderr]    Compiling matchers v0.2.0
[INFO] [stderr]    Compiling toml_datetime v0.6.11
[INFO] [stderr]    Compiling serde_spanned v0.6.9
[INFO] [stderr]    Compiling idna_adapter v1.2.2
[INFO] [stderr]    Compiling idna v1.1.0
[INFO] [stderr]    Compiling futures-executor v0.3.34
[INFO] [stderr]    Compiling toml_edit v0.22.27
[INFO] [stderr]    Compiling serde_urlencoded v0.7.1
[INFO] [stderr]    Compiling futures v0.3.34
[INFO] [stderr]    Compiling humantime-serde v1.1.1
[INFO] [stderr]    Compiling tracing-attributes v0.1.31
[INFO] [stderr]    Compiling openssl-macros v0.1.1
[INFO] [stderr]    Compiling tracing v0.1.44
[INFO] [stderr]    Compiling strum_macros v0.26.4
[INFO] [stderr]    Compiling url v2.5.8
[INFO] [stderr]    Compiling tanu-derive v1.3.1
[INFO] [stderr]    Compiling tracing-subscriber v0.3.23
[INFO] [stderr]    Compiling strum v0.26.3
[INFO] [stderr]    Compiling toml v0.8.23
[INFO] [stderr]    Compiling tokio-util v0.7.20
[INFO] [stderr]    Compiling backon v1.6.0
[INFO] [stderr]    Compiling tokio-native-tls v0.3.1
[INFO] [stderr]    Compiling h2 v0.4.20
[INFO] [stderr]    Compiling hyper v1.12.0
[INFO] [stderr]    Compiling hyper-util v0.1.21
[INFO] [stderr]    Compiling hyper-tls v0.6.0
[INFO] [stderr]    Compiling zstd v0.13.3
[INFO] [stderr]    Compiling tanu-core v1.3.1 (/opt/rustwide/workdir)
[INFO] [stderr]     Finished `release` profile [optimized] target(s) in 1m 47s
[INFO] running `Command { std: "docker" "inspect" "13fe8b90e0ca7268d410112d0f510a1f11466e60194f1960c8f3bbadf9aa8591", kill_on_drop: false }`
[INFO] running `Command { std: "docker" "exec" "-e" "SOURCE_DIR=/opt/rustwide/workdir" "-e" "CARGO_HOME=/opt/rustwide/cargo-home" "-e" "RUSTUP_HOME=/opt/rustwide/rustup-home" "-e" "CARGO_TARGET_DIR=/opt/rustwide/target" "-e" "CARGO_INCREMENTAL=0" "-e" "RUST_BACKTRACE=full" "-e" "RUSTFLAGS=--cap-lints=warn" "-e" "RUSTDOCFLAGS=--cap-lints=warn" "-w" "/opt/rustwide/workdir" "--user" "0:0" "13fe8b90e0ca7268d410112d0f510a1f11466e60194f1960c8f3bbadf9aa8591" "/opt/rustwide/cargo-home/bin/cargo" "+1.99.0-beta.8" "test" "--frozen" "--no-run" "--message-format=json" "--release", kill_on_drop: false }`
[INFO] [stderr]    Compiling getrandom v0.3.4
[INFO] [stderr]    Compiling hyper-util v0.1.21
[INFO] [stderr]    Compiling test-case-core v3.4.0
[INFO] [stderr]    Compiling tracing-subscriber v0.3.23
[INFO] [stderr]    Compiling assert-json-diff v2.0.2
[INFO] [stderr]    Compiling serial_test_derive v3.5.0
[INFO] [stderr]    Compiling similar v2.7.0
[INFO] [stderr]    Compiling rand_core v0.9.5
[INFO] [stderr]    Compiling rand_chacha v0.9.0
[INFO] [stderr]    Compiling serial_test v3.5.0
[INFO] [stderr]    Compiling rand v0.9.5
[INFO] [stderr]    Compiling test-case-macros v3.4.0
[INFO] [stderr]    Compiling test-case v3.4.0
[INFO] [stderr]    Compiling hyper-tls v0.6.0
[INFO] [stderr]    Compiling mockito v1.7.2
[INFO] [stderr]    Compiling tanu-core v1.3.1 (/opt/rustwide/workdir)
[INFO] [stderr]     Finished `release` profile [optimized] target(s) in 44.78s
[INFO] running `Command { std: "docker" "inspect" "13fe8b90e0ca7268d410112d0f510a1f11466e60194f1960c8f3bbadf9aa8591", kill_on_drop: false }`
[INFO] running `Command { std: "docker" "exec" "-e" "SOURCE_DIR=/opt/rustwide/workdir" "-e" "CARGO_HOME=/opt/rustwide/cargo-home" "-e" "RUSTUP_HOME=/opt/rustwide/rustup-home" "-e" "CARGO_TARGET_DIR=/opt/rustwide/target" "-e" "CARGO_INCREMENTAL=0" "-e" "RUST_BACKTRACE=full" "-e" "RUSTFLAGS=--cap-lints=warn" "-e" "RUSTDOCFLAGS=--cap-lints=warn" "-w" "/opt/rustwide/workdir" "--user" "0:0" "13fe8b90e0ca7268d410112d0f510a1f11466e60194f1960c8f3bbadf9aa8591" "/opt/rustwide/cargo-home/bin/cargo" "+1.99.0-beta.8" "test" "--frozen" "--release", kill_on_drop: false }`
[INFO] [stderr]     Finished `release` profile [optimized] target(s) in 0.20s
[INFO] [stderr]      Running unittests src/lib.rs (/opt/rustwide/target/release/deps/tanu_core-79966fb99d5dae3f)
[INFO] [stdout] 
[INFO] [stdout] running 127 tests
[INFO] [stdout] test config::test::capture_http_mode::string_all_maps_to_all ... ok
[INFO] [stdout] test config::test::deserialize_test_only_and_ignore ... ok
[INFO] [stdout] test config::test::capture_http_mode::default_is_on_failure ... ok
[INFO] [stdout] test config::test::capture_http_mode::runner_capture_http_field_accepts_bool ... ok
[INFO] [stdout] test config::test::capture_http_mode::runner_capture_http_field_accepts_string ... ok
[INFO] [stdout] test config::test::capture_http_mode::bool_true_maps_to_all ... ok
[INFO] [stdout] test config::test::capture_http_mode::string_on_failure_maps_to_on_failure ... ok
[INFO] [stdout] test config::test::capture_http_mode::invalid_string_returns_error ... ok
[INFO] [stdout] test config::test::capture_http_mode::bool_false_maps_to_off ... ok
[INFO] [stdout] test config::test::get_array::test_case_1_project_config ... FAILED
[INFO] [stdout] test config::test::get_bool::test_case_2_global_config ... FAILED
[INFO] [stdout] test config::test::get_datetime::test_case_2_global_config ... FAILED
[INFO] [stdout] test config::test::get_array::test_case_2_global_config ... FAILED
[INFO] [stdout] test config::test::get_datetime::test_case_1_project_config ... FAILED
[INFO] [stdout] test config::test::get_bool::test_case_1_project_config ... FAILED
[INFO] [stdout] test config::test::get_float::test_case_1_project_config ... FAILED
[INFO] [stdout] test config::test::get_float::test_case_2_global_config ... FAILED
[INFO] [stdout] test config::test::get_int::test_case_1_project_config ... FAILED
[INFO] [stdout] test config::test::get_int::test_case_2_global_config ... FAILED
[INFO] [stdout] test config::test::get_object::test_case_1_project_config ... FAILED
[INFO] [stdout] test config::test::get_str::test_case_2_global_config ... FAILED
[INFO] [stdout] test config::test::get_object::test_case_2_global_config ... FAILED
[INFO] [stdout] test config::test::get_str::test_case_1_project_config ... FAILED
[INFO] [stdout] test config::test::deserialize_tui_theme ... ok
[INFO] [stdout] test config::test::max_body_size::default_is_16kb ... ok
[INFO] [stdout] test config::test::max_body_size::format_byte_size_picks_a_unit ... ok
[INFO] [stdout] test config::test::max_body_size::integer_is_a_byte_count ... ok
[INFO] [stdout] test config::test::max_body_size::runner_max_body_size_field_accepts_both_forms ... ok
[INFO] [stdout] test config::test::max_body_size::invalid_string_returns_error ... ok
[INFO] [stdout] test config::test::load_config ... ok
[INFO] [stdout] test config::test::max_body_size::size_strings_are_case_insensitive_and_allow_fractions ... ok
[INFO] [stdout] test config::test::max_body_size::truncate_returns_none_when_unlimited ... ok
[INFO] [stdout] test config::test::max_body_size::zero_means_unlimited ... ok
[INFO] [stdout] test config::test::tanu_config_env::default_path_when_manifest_dir_has_no_config ... ok
[INFO] [stdout] test config::test::tanu_config_env::load_from_tanu_config_env ... FAILED
[INFO] [stdout] test config::test::max_body_size::size_strings_use_binary_multiples ... ok
[INFO] [stdout] test config::test::tanu_config_env::accepts_valid_path_patterns::test_case_1_toml_extension ... ok
[INFO] [stdout] test config::test::tanu_config_env::error_when_value_looks_like_config_value::test_case_3_string_value ... ok
[INFO] [stdout] test http::tests::masked_url_str_drops_query_of_unparseable_url ... ok
[INFO] [stdout] test masking::tests::test_extra_sensitive_headers_masks_custom_header ... ok
[INFO] [stdout] test config::test::tanu_config_env::accepts_valid_path_patterns::test_case_3_path_with_separator ... ok
[INFO] [stdout] test config::test::max_body_size::truncate_lands_on_a_char_boundary ... ok
[INFO] [stdout] test config::test::tanu_config_env::error_when_value_looks_like_config_value::test_case_1_boolean_value ... ok
[INFO] [stdout] test http::tests::masked_url_str_masks_sensitive_query_params ... ok
[INFO] [stdout] test config::test::tanu_config_env::accepts_valid_path_patterns::test_case_2_relative_path_with_dot ... ok
[INFO] [stdout] test config::test::tanu_config_env::error_when_value_looks_like_config_value::test_case_2_numeric_value ... ok
[INFO] [stdout] test masking::tests::test_is_sensitive_key_substring_id_token ... ok
[INFO] [stdout] test masking::tests::test_is_sensitive_key_substring_session_id ... ok
[INFO] [stdout] test config::test::tanu_config_env::default_path_falls_back_to_manifest_dir ... FAILED
[INFO] [stdout] test config::test::tanu_config_env::error_when_file_not_found ... ok
[INFO] [stdout] test config::test::max_body_size::truncate_cuts_and_appends_marker ... ok
[INFO] [stdout] test masking::tests::test_mask_body_form_urlencoded_no_sensitive ... ok
[INFO] [stdout] test config::test::max_body_size::truncate_returns_none_when_body_fits ... ok
[INFO] [stdout] test masking::tests::test_mask_body_json_no_sensitive_keys ... ok
[INFO] [stdout] test masking::tests::test_mask_body_json_sensitive_keys ... ok
[INFO] [stdout] test masking::tests::test_mask_body_json_nested ... ok
[INFO] [stdout] test masking::tests::test_extra_sensitive_keys_masks_custom_key ... ok
[INFO] [stdout] test masking::tests::test_mask_body_json_substring_client_secret ... ok
[INFO] [stdout] test masking::tests::test_mask_headers_api_key ... ok
[INFO] [stdout] test masking::tests::test_is_sensitive_key_substring_user_password ... ok
[INFO] [stdout] test masking::tests::test_mask_body_no_content_type_passthrough ... ok
[INFO] [stdout] test masking::tests::test_mask_body_json_invalid_falls_back_to_raw ... ok
[INFO] [stdout] test masking::tests::test_mask_body_plain_text_passthrough ... ok
[INFO] [stdout] test masking::tests::test_mask_body_form_urlencoded_sensitive ... ok
[INFO] [stdout] test masking::tests::test_mask_headers_x_amz_security_token ... ok
[INFO] [stdout] test masking::tests::test_mask_url_multiple_sensitive_params ... ok
[INFO] [stdout] test masking::tests::test_is_sensitive_key_substring_client_secret ... ok
[INFO] [stdout] test masking::tests::test_mask_headers_multiple_sensitive ... ok
[INFO] [stdout] test masking::tests::test_mask_headers_empty ... ok
[INFO] [stdout] test masking::tests::test_mask_url_empty_sensitive_value ... ok
[INFO] [stdout] test masking::tests::test_mask_headers_proxy_authorization ... ok
[INFO] [stdout] test masking::tests::test_mask_url_repeated_keys ... ok
[INFO] [stdout] test masking::tests::test_mask_url_substring_client_secret ... ok
[INFO] [stdout] test masking::tests::test_set_mask_sensitive ... ok
[INFO] [stdout] test masking::tests::test_mask_url_no_sensitive_params ... ok
[INFO] [stdout] test reporter::test::call_line_summarizes_an_http_call ... ok
[INFO] [stdout] test masking::tests::test_should_mask_sensitive_default ... ok
[INFO] [stdout] test masking::tests::test_mask_body_json_case_insensitive_key ... ok
[INFO] [stdout] test masking::tests::test_mask_body_json_content_type_with_charset ... ok
[INFO] [stdout] test masking::tests::test_mask_headers_set_cookie ... ok
[INFO] [stdout] test masking::tests::test_mask_headers_authorization ... ok
[INFO] [stdout] test masking::tests::test_mask_url_case_insensitive ... ok
[INFO] [stdout] test masking::tests::test_mask_url_without_query_params ... ok
[INFO] [stdout] test reporter::test::format_elapsed_switches_to_minutes ... ok
[INFO] [stdout] test masking::tests::test_is_sensitive_key_substring_refresh_token ... ok
[INFO] [stdout] test masking::tests::test_mask_headers_case_insensitive ... ok
[INFO] [stdout] test reporter::test::live_region_omits_failed_when_none ... ok
[INFO] [stdout] test reporter::test::live_region_shows_a_fixed_height_log_window ... ok
[INFO] [stdout] test reporter::test::live_region_stacks_windows ... ok
[INFO] [stdout] test reporter::test::doc_block_indents_doc_above_the_error ... ok
[INFO] [stdout] test reporter::test::format_body_for_display_colorizes_json_within_the_cap ... ok
[INFO] [stdout] test masking::tests::test_mask_url_with_sensitive_params ... ok
[INFO] [stdout] test reporter::test::format_body_for_display_leaves_body_alone_when_unlimited ... ok
[INFO] [stdout] to stdout
[INFO] [stdout] test reporter::test::live_region_shows_the_step_of_an_ordered_test ... ok
[INFO] [stdout] test reporter::test::format_body_for_display_truncates_without_colorizing ... ok
[INFO] [stdout] test reporter::test::live_region_collapses_overflow ... ok
[INFO] [stdout] test reporter::test::log_writer_sends_whole_lines_to_the_sink ... ok
[INFO] [stdout] test masking::tests::test_mask_headers_no_sensitive ... ok
[INFO] [stdout] test reporter::test::live_region_lists_every_running_test ... ok
[INFO] [stdout] test reporter::test::live_region_fits_the_terminal_width ... ok
[INFO] [stdout] test reporter::test::short_module_drops_the_crate_name ... ok
[INFO] [stdout] test runner::test::name_pattern_filter_matches_substrings ... ok
[INFO] [stdout] test masking::tests::test_is_sensitive_key_non_sensitive_name ... ok
[INFO] [stdout] test masking::tests::test_mask_url_preserves_encoding ... ok
[INFO] [stdout] test reporter::test::indent_prefixes_every_line ... ok
[INFO] [stdout] test reporter::test::progress_bar_never_hides_a_failure ... ok
[INFO] [stdout] test runner::test::set_capture_http_mode_stores_mode ... ok
[INFO] [stdout] test runner::test::module_filter_matches_segments_and_submodules ... ok
[INFO] [stdout] test runner::test::scope_current_propagates_task_local_context_into_spawned_task ... ok
[INFO] [stdout] test runner::test::test_ignore_filter ... ok
[INFO] [stdout] test runner::test::test_only_filter ... ok
[INFO] [stdout] test runner::test::spawned_task_panics_without_task_local_context ... ok
[INFO] [stdout] test runner::test::test_only_filter_matches_modules_and_functions ... ok
[INFO] [stdout] test runner::test::test_ignore_filter_matches_modules_and_functions ... ok
[INFO] [stdout] test runner::test::test_name_filter_matches_trailing_segments ... ok
[INFO] [stdout] test runner::test::masking_masks_sensitive_fields_in_response_body ... ok
[INFO] [stdout] test runner::test::runner_fail_because_no_retry_configured ... ok
[INFO] [stdout] test runner::test::masking_masks_sensitive_query_params_in_http_logs ... ok
[INFO] [stdout] test runner::test::capture_http_events_published_for_all_tests_regardless_of_mode ... ok
[INFO] [stdout] test runner::test::runner_fail_fast_skips_remaining_tests ... ok
[INFO] [stdout] test runner::test::runner_summary_counts_each_ordered_test ... ok
[INFO] [stdout] test runner::test::masking_extra_sensitive_keys_masks_custom_field ... ok
[INFO] [stdout] test runner::test::runner_retry_successful_after_failure ... ok
[INFO] [stdout] test runner::test::masking_show_sensitive_disables_masking_in_http_logs ... ok
[INFO] [stdout] test runner::test::runner_without_fail_fast_runs_all_tests ... ok
[INFO] [stdout] test runner::test::masking_masks_sensitive_headers_in_http_logs ... ok
[INFO] [stdout] test runner::test::masking_masks_set_cookie_response_header ... ok
[INFO] [stdout] 
[INFO] [stdout] failures:
[INFO] [stdout] 
[INFO] [stdout] ---- config::test::get_array::test_case_1_project_config stdout ----
[INFO] [stdout] Error: the specified key "array_key" not found in tanu.toml
[INFO] [stdout] 
[INFO] [stdout] Location:
[INFO] [stdout]     src/config.rs:991:31
[INFO] [stdout] 
[INFO] [stdout] Stack backtrace:
[INFO] [stdout]    0: <<eyre::DefaultHandler>::default_with as core::ops::function::Fn<(&dyn core::error::Error,)>>::call
[INFO] [stdout]    1: eyre::capture_handler
[INFO] [stdout]    2: <eyre::Report>::from_std::<tanu_core::error::Error>
[INFO] [stdout]    3: tanu_core::config::test::get_array
[INFO] [stdout]    4: <tanu_core::config::test::get_array::test_case_1_project_config::{closure#0} as core::ops::function::FnOnce<()>>::call_once
[INFO] [stdout]    5: test::__rust_begin_short_backtrace::<core::result::Result<(), alloc::string::String>, fn() -> core::result::Result<(), alloc::string::String>>
[INFO] [stdout]    6: test::run_test::{closure#0}
[INFO] [stdout]    7: std::sys::backtrace::__rust_begin_short_backtrace::<test::run_test::{closure#1}, ()>
[INFO] [stdout]    8: <std::thread::lifecycle::spawn_unchecked<test::run_test::{closure#1}, ()>::{closure#1} as core::ops::function::FnOnce<()>>::call_once::{shim:vtable#0}
[INFO] [stdout]    9: <std::sys::thread::unix::Thread>::new::thread_start
[INFO] [stdout]   10: <unknown>
[INFO] [stdout]   11: clone
[INFO] [stdout] 
[INFO] [stdout] 
[INFO] [stdout] ---- config::test::get_bool::test_case_2_global_config stdout ----
[INFO] [stdout] Error: the specified key "bool_key" not found in tanu.toml
[INFO] [stdout] 
[INFO] [stdout] Location:
[INFO] [stdout]     src/config.rs:967:20
[INFO] [stdout] 
[INFO] [stdout] Stack backtrace:
[INFO] [stdout]    0: <<eyre::DefaultHandler>::default_with as core::ops::function::Fn<(&dyn core::error::Error,)>>::call
[INFO] [stdout]    1: eyre::capture_handler
[INFO] [stdout]    2: <eyre::Report>::from_std::<tanu_core::error::Error>
[INFO] [stdout]    3: tanu_core::config::test::get_bool
[INFO] [stdout]    4: <tanu_core::config::test::get_bool::test_case_2_global_config::{closure#0} as core::ops::function::FnOnce<()>>::call_once
[INFO] [stdout]    5: test::__rust_begin_short_backtrace::<core::result::Result<(), alloc::string::String>, fn() -> core::result::Result<(), alloc::string::String>>
[INFO] [stdout]    6: test::run_test::{closure#0}
[INFO] [stdout]    7: std::sys::backtrace::__rust_begin_short_backtrace::<test::run_test::{closure#1}, ()>
[INFO] [stdout]    8: <std::thread::lifecycle::spawn_unchecked<test::run_test::{closure#1}, ()>::{closure#1} as core::ops::function::FnOnce<()>>::call_once::{shim:vtable#0}
[INFO] [stdout]    9: <std::sys::thread::unix::Thread>::new::thread_start
[INFO] [stdout]   10: <unknown>
[INFO] [stdout]   11: clone
[INFO] [stdout] 
[INFO] [stdout] 
[INFO] [stdout] ---- config::test::get_datetime::test_case_2_global_config stdout ----
[INFO] [stdout] Error: the specified key "datetime_key" not found in tanu.toml
[INFO] [stdout] 
[INFO] [stdout] Location:
[INFO] [stdout]     src/config.rs:978:13
[INFO] [stdout] 
[INFO] [stdout] Stack backtrace:
[INFO] [stdout]    0: <<eyre::DefaultHandler>::default_with as core::ops::function::Fn<(&dyn core::error::Error,)>>::call
[INFO] [stdout]    1: eyre::capture_handler
[INFO] [stdout]    2: <eyre::Report>::from_std::<tanu_core::error::Error>
[INFO] [stdout]    3: tanu_core::config::test::get_datetime
[INFO] [stdout]    4: <tanu_core::config::test::get_datetime::test_case_2_global_config::{closure#0} as core::ops::function::FnOnce<()>>::call_once
[INFO] [stdout]    5: test::__rust_begin_short_backtrace::<core::result::Result<(), alloc::string::String>, fn() -> core::result::Result<(), alloc::string::String>>
[INFO] [stdout]    6: test::run_test::{closure#0}
[INFO] [stdout]    7: std::sys::backtrace::__rust_begin_short_backtrace::<test::run_test::{closure#1}, ()>
[INFO] [stdout]    8: <std::thread::lifecycle::spawn_unchecked<test::run_test::{closure#1}, ()>::{closure#1} as core::ops::function::FnOnce<()>>::call_once::{shim:vtable#0}
[INFO] [stdout]    9: <std::sys::thread::unix::Thread>::new::thread_start
[INFO] [stdout]   10: <unknown>
[INFO] [stdout]   11: clone
[INFO] [stdout] 
[INFO] [stdout] 
[INFO] [stdout] ---- config::test::get_array::test_case_2_global_config stdout ----
[INFO] [stdout] Error: the specified key "array_key" not found in tanu.toml
[INFO] [stdout] 
[INFO] [stdout] Location:
[INFO] [stdout]     src/config.rs:991:31
[INFO] [stdout] 
[INFO] [stdout] Stack backtrace:
[INFO] [stdout]    0: <<eyre::DefaultHandler>::default_with as core::ops::function::Fn<(&dyn core::error::Error,)>>::call
[INFO] [stdout]    1: eyre::capture_handler
[INFO] [stdout]    2: <eyre::Report>::from_std::<tanu_core::error::Error>
[INFO] [stdout]    3: tanu_core::config::test::get_array
[INFO] [stdout]    4: <tanu_core::config::test::get_array::test_case_2_global_config::{closure#0} as core::ops::function::FnOnce<()>>::call_once
[INFO] [stdout]    5: test::__rust_begin_short_backtrace::<core::result::Result<(), alloc::string::String>, fn() -> core::result::Result<(), alloc::string::String>>
[INFO] [stdout]    6: test::run_test::{closure#0}
[INFO] [stdout]    7: std::sys::backtrace::__rust_begin_short_backtrace::<test::run_test::{closure#1}, ()>
[INFO] [stdout]    8: <std::thread::lifecycle::spawn_unchecked<test::run_test::{closure#1}, ()>::{closure#1} as core::ops::function::FnOnce<()>>::call_once::{shim:vtable#0}
[INFO] [stdout]    9: <std::sys::thread::unix::Thread>::new::thread_start
[INFO] [stdout]   10: <unknown>
[INFO] [stdout]   11: clone
[INFO] [stdout] 
[INFO] [stdout] 
[INFO] [stdout] ---- config::test::get_datetime::test_case_1_project_config stdout ----
[INFO] [stdout] Error: the specified key "datetime_key" not found in tanu.toml
[INFO] [stdout] 
[INFO] [stdout] Location:
[INFO] [stdout]     src/config.rs:978:13
[INFO] [stdout] 
[INFO] [stdout] Stack backtrace:
[INFO] [stdout]    0: <<eyre::DefaultHandler>::default_with as core::ops::function::Fn<(&dyn core::error::Error,)>>::call
[INFO] [stdout]    1: eyre::capture_handler
[INFO] [stdout]    2: <eyre::Report>::from_std::<tanu_core::error::Error>
[INFO] [stdout]    3: tanu_core::config::test::get_datetime
[INFO] [stdout]    4: <tanu_core::config::test::get_datetime::test_case_1_project_config::{closure#0} as core::ops::function::FnOnce<()>>::call_once
[INFO] [stdout]    5: test::__rust_begin_short_backtrace::<core::result::Result<(), alloc::string::String>, fn() -> core::result::Result<(), alloc::string::String>>
[INFO] [stdout]    6: test::run_test::{closure#0}
[INFO] [stdout]    7: std::sys::backtrace::__rust_begin_short_backtrace::<test::run_test::{closure#1}, ()>
[INFO] [stdout]    8: <std::thread::lifecycle::spawn_unchecked<test::run_test::{closure#1}, ()>::{closure#1} as core::ops::function::FnOnce<()>>::call_once::{shim:vtable#0}
[INFO] [stdout]    9: <std::sys::thread::unix::Thread>::new::thread_start
[INFO] [stdout]   10: <unknown>
[INFO] [stdout]   11: clone
[INFO] [stdout] 
[INFO] [stdout] 
[INFO] [stdout] ---- config::test::get_bool::test_case_1_project_config stdout ----
[INFO] [stdout] Error: the specified key "bool_key" not found in tanu.toml
[INFO] [stdout] 
[INFO] [stdout] Location:
[INFO] [stdout]     src/config.rs:967:20
[INFO] [stdout] 
[INFO] [stdout] Stack backtrace:
[INFO] [stdout]    0: <<eyre::DefaultHandler>::default_with as core::ops::function::Fn<(&dyn core::error::Error,)>>::call
[INFO] [stdout]    1: eyre::capture_handler
[INFO] [stdout]    2: <eyre::Report>::from_std::<tanu_core::error::Error>
[INFO] [stdout]    3: tanu_core::config::test::get_bool
[INFO] [stdout]    4: <tanu_core::config::test::get_bool::test_case_1_project_config::{closure#0} as core::ops::function::FnOnce<()>>::call_once
[INFO] [stdout]    5: test::__rust_begin_short_backtrace::<core::result::Result<(), alloc::string::String>, fn() -> core::result::Result<(), alloc::string::String>>
[INFO] [stdout]    6: test::run_test::{closure#0}
[INFO] [stdout]    7: std::sys::backtrace::__rust_begin_short_backtrace::<test::run_test::{closure#1}, ()>
[INFO] [stdout]    8: <std::thread::lifecycle::spawn_unchecked<test::run_test::{closure#1}, ()>::{closure#1} as core::ops::function::FnOnce<()>>::call_once::{shim:vtable#0}
[INFO] [stdout]    9: <std::sys::thread::unix::Thread>::new::thread_start
[INFO] [stdout]   10: <unknown>
[INFO] [stdout]   11: clone
[INFO] [stdout] 
[INFO] [stdout] 
[INFO] [stdout] ---- config::test::get_float::test_case_1_project_config stdout ----
[INFO] [stdout] Error: the specified key "float_key" not found in tanu.toml
[INFO] [stdout] 
[INFO] [stdout] Location:
[INFO] [stdout]     src/config.rs:958:20
[INFO] [stdout] 
[INFO] [stdout] Stack backtrace:
[INFO] [stdout]    0: <<eyre::DefaultHandler>::default_with as core::ops::function::Fn<(&dyn core::error::Error,)>>::call
[INFO] [stdout]    1: eyre::capture_handler
[INFO] [stdout]    2: <eyre::Report>::from_std::<tanu_core::error::Error>
[INFO] [stdout]    3: tanu_core::config::test::get_float
[INFO] [stdout]    4: <tanu_core::config::test::get_float::test_case_1_project_config::{closure#0} as core::ops::function::FnOnce<()>>::call_once
[INFO] [stdout]    5: test::__rust_begin_short_backtrace::<core::result::Result<(), alloc::string::String>, fn() -> core::result::Result<(), alloc::string::String>>
[INFO] [stdout]    6: test::run_test::{closure#0}
[INFO] [stdout]    7: std::sys::backtrace::__rust_begin_short_backtrace::<test::run_test::{closure#1}, ()>
[INFO] [stdout]    8: <std::thread::lifecycle::spawn_unchecked<test::run_test::{closure#1}, ()>::{closure#1} as core::ops::function::FnOnce<()>>::call_once::{shim:vtable#0}
[INFO] [stdout]    9: <std::sys::thread::unix::Thread>::new::thread_start
[INFO] [stdout]   10: <unknown>
[INFO] [stdout]   11: clone
[INFO] [stdout] 
[INFO] [stdout] 
[INFO] [stdout] ---- config::test::get_float::test_case_2_global_config stdout ----
[INFO] [stdout] Error: the specified key "float_key" not found in tanu.toml
[INFO] [stdout] 
[INFO] [stdout] Location:
[INFO] [stdout]     src/config.rs:958:20
[INFO] [stdout] 
[INFO] [stdout] Stack backtrace:
[INFO] [stdout]    0: <<eyre::DefaultHandler>::default_with as core::ops::function::Fn<(&dyn core::error::Error,)>>::call
[INFO] [stdout]    1: eyre::capture_handler
[INFO] [stdout]    2: <eyre::Report>::from_std::<tanu_core::error::Error>
[INFO] [stdout]    3: tanu_core::config::test::get_float
[INFO] [stdout]    4: <tanu_core::config::test::get_float::test_case_2_global_config::{closure#0} as core::ops::function::FnOnce<()>>::call_once
[INFO] [stdout]    5: test::__rust_begin_short_backtrace::<core::result::Result<(), alloc::string::String>, fn() -> core::result::Result<(), alloc::string::String>>
[INFO] [stdout]    6: test::run_test::{closure#0}
[INFO] [stdout]    7: std::sys::backtrace::__rust_begin_short_backtrace::<test::run_test::{closure#1}, ()>
[INFO] [stdout]    8: <std::thread::lifecycle::spawn_unchecked<test::run_test::{closure#1}, ()>::{closure#1} as core::ops::function::FnOnce<()>>::call_once::{shim:vtable#0}
[INFO] [stdout]    9: <std::sys::thread::unix::Thread>::new::thread_start
[INFO] [stdout]   10: <unknown>
[INFO] [stdout]   11: clone
[INFO] [stdout] 
[INFO] [stdout] 
[INFO] [stdout] ---- config::test::get_int::test_case_1_project_config stdout ----
[INFO] [stdout] Error: the specified key "int_key" not found in tanu.toml
[INFO] [stdout] 
[INFO] [stdout] Location:
[INFO] [stdout]     src/config.rs:949:20
[INFO] [stdout] 
[INFO] [stdout] Stack backtrace:
[INFO] [stdout]    0: <<eyre::DefaultHandler>::default_with as core::ops::function::Fn<(&dyn core::error::Error,)>>::call
[INFO] [stdout]    1: eyre::capture_handler
[INFO] [stdout]    2: <eyre::Report>::from_std::<tanu_core::error::Error>
[INFO] [stdout]    3: tanu_core::config::test::get_int
[INFO] [stdout]    4: <tanu_core::config::test::get_int::test_case_1_project_config::{closure#0} as core::ops::function::FnOnce<()>>::call_once
[INFO] [stdout]    5: test::__rust_begin_short_backtrace::<core::result::Result<(), alloc::string::String>, fn() -> core::result::Result<(), alloc::string::String>>
[INFO] [stdout]    6: test::run_test::{closure#0}
[INFO] [stdout]    7: std::sys::backtrace::__rust_begin_short_backtrace::<test::run_test::{closure#1}, ()>
[INFO] [stdout]    8: <std::thread::lifecycle::spawn_unchecked<test::run_test::{closure#1}, ()>::{closure#1} as core::ops::function::FnOnce<()>>::call_once::{shim:vtable#0}
[INFO] [stdout]    9: <std::sys::thread::unix::Thread>::new::thread_start
[INFO] [stdout]   10: <unknown>
[INFO] [stdout]   11: clone
[INFO] [stdout] 
[INFO] [stdout] 
[INFO] [stdout] ---- config::test::get_int::test_case_2_global_config stdout ----
[INFO] [stdout] Error: the specified key "int_key" not found in tanu.toml
[INFO] [stdout] 
[INFO] [stdout] Location:
[INFO] [stdout]     src/config.rs:949:20
[INFO] [stdout] 
[INFO] [stdout] Stack backtrace:
[INFO] [stdout]    0: <<eyre::DefaultHandler>::default_with as core::ops::function::Fn<(&dyn core::error::Error,)>>::call
[INFO] [stdout]    1: eyre::capture_handler
[INFO] [stdout]    2: <eyre::Report>::from_std::<tanu_core::error::Error>
[INFO] [stdout]    3: tanu_core::config::test::get_int
[INFO] [stdout]    4: <tanu_core::config::test::get_int::test_case_2_global_config::{closure#0} as core::ops::function::FnOnce<()>>::call_once
[INFO] [stdout]    5: test::__rust_begin_short_backtrace::<core::result::Result<(), alloc::string::String>, fn() -> core::result::Result<(), alloc::string::String>>
[INFO] [stdout]    6: test::run_test::{closure#0}
[INFO] [stdout]    7: std::sys::backtrace::__rust_begin_short_backtrace::<test::run_test::{closure#1}, ()>
[INFO] [stdout]    8: <std::thread::lifecycle::spawn_unchecked<test::run_test::{closure#1}, ()>::{closure#1} as core::ops::function::FnOnce<()>>::call_once::{shim:vtable#0}
[INFO] [stdout]    9: <std::sys::thread::unix::Thread>::new::thread_start
[INFO] [stdout]   10: <unknown>
[INFO] [stdout]   11: clone
[INFO] [stdout] 
[INFO] [stdout] 
[INFO] [stdout] ---- config::test::get_object::test_case_1_project_config stdout ----
[INFO] [stdout] Error: the specified key "object_key" not found in tanu.toml
[INFO] [stdout] 
[INFO] [stdout] Location:
[INFO] [stdout]     src/config.rs:1008:24
[INFO] [stdout] 
[INFO] [stdout] Stack backtrace:
[INFO] [stdout]    0: <<eyre::DefaultHandler>::default_with as core::ops::function::Fn<(&dyn core::error::Error,)>>::call
[INFO] [stdout]    1: eyre::capture_handler
[INFO] [stdout]    2: <eyre::Report>::from_std::<tanu_core::error::Error>
[INFO] [stdout]    3: tanu_core::config::test::get_object
[INFO] [stdout]    4: <tanu_core::config::test::get_object::test_case_1_project_config::{closure#0} as core::ops::function::FnOnce<()>>::call_once
[INFO] [stdout]    5: test::__rust_begin_short_backtrace::<core::result::Result<(), alloc::string::String>, fn() -> core::result::Result<(), alloc::string::String>>
[INFO] [stdout]    6: test::run_test::{closure#0}
[INFO] [stdout]    7: std::sys::backtrace::__rust_begin_short_backtrace::<test::run_test::{closure#1}, ()>
[INFO] [stdout]    8: <std::thread::lifecycle::spawn_unchecked<test::run_test::{closure#1}, ()>::{closure#1} as core::ops::function::FnOnce<()>>::call_once::{shim:vtable#0}
[INFO] [stdout]    9: <std::sys::thread::unix::Thread>::new::thread_start
[INFO] [stdout]   10: <unknown>
[INFO] [stdout]   11: clone
[INFO] [stdout] 
[INFO] [stdout] 
[INFO] [stdout] ---- config::test::get_str::test_case_2_global_config stdout ----
[INFO] [stdout] Error: the specified key "str_key" not found in tanu.toml
[INFO] [stdout] 
[INFO] [stdout] Location:
[INFO] [stdout]     src/config.rs:940:20
[INFO] [stdout] 
[INFO] [stdout] Stack backtrace:
[INFO] [stdout]    0: <<eyre::DefaultHandler>::default_with as core::ops::function::Fn<(&dyn core::error::Error,)>>::call
[INFO] [stdout]    1: eyre::capture_handler
[INFO] [stdout]    2: <eyre::Report>::from_std::<tanu_core::error::Error>
[INFO] [stdout]    3: tanu_core::config::test::get_str
[INFO] [stdout]    4: <tanu_core::config::test::get_str::test_case_2_global_config::{closure#0} as core::ops::function::FnOnce<()>>::call_once
[INFO] [stdout]    5: test::__rust_begin_short_backtrace::<core::result::Result<(), alloc::string::String>, fn() -> core::result::Result<(), alloc::string::String>>
[INFO] [stdout]    6: test::run_test::{closure#0}
[INFO] [stdout]    7: std::sys::backtrace::__rust_begin_short_backtrace::<test::run_test::{closure#1}, ()>
[INFO] [stdout]    8: <std::thread::lifecycle::spawn_unchecked<test::run_test::{closure#1}, ()>::{closure#1} as core::ops::function::FnOnce<()>>::call_once::{shim:vtable#0}
[INFO] [stdout]    9: <std::sys::thread::unix::Thread>::new::thread_start
[INFO] [stdout]   10: <unknown>
[INFO] [stdout]   11: clone
[INFO] [stdout] 
[INFO] [stdout] 
[INFO] [stdout] ---- config::test::get_object::test_case_2_global_config stdout ----
[INFO] [stdout] Error: the specified key "object_key" not found in tanu.toml
[INFO] [stdout] 
[INFO] [stdout] Location:
[INFO] [stdout]     src/config.rs:1008:24
[INFO] [stdout] 
[INFO] [stdout] Stack backtrace:
[INFO] [stdout]    0: <<eyre::DefaultHandler>::default_with as core::ops::function::Fn<(&dyn core::error::Error,)>>::call
[INFO] [stdout]    1: eyre::capture_handler
[INFO] [stdout]    2: <eyre::Report>::from_std::<tanu_core::error::Error>
[INFO] [stdout]    3: tanu_core::config::test::get_object
[INFO] [stdout]    4: <tanu_core::config::test::get_object::test_case_2_global_config::{closure#0} as core::ops::function::FnOnce<()>>::call_once
[INFO] [stdout]    5: test::__rust_begin_short_backtrace::<core::result::Result<(), alloc::string::String>, fn() -> core::result::Result<(), alloc::string::String>>
[INFO] [stdout]    6: test::run_test::{closure#0}
[INFO] [stdout]    7: std::sys::backtrace::__rust_begin_short_backtrace::<test::run_test::{closure#1}, ()>
[INFO] [stdout]    8: <std::thread::lifecycle::spawn_unchecked<test::run_test::{closure#1}, ()>::{closure#1} as core::ops::function::FnOnce<()>>::call_once::{shim:vtable#0}
[INFO] [stdout]    9: <std::sys::thread::unix::Thread>::new::thread_start
[INFO] [stdout]   10: <unknown>
[INFO] [stdout]   11: clone
[INFO] [stdout] 
[INFO] [stdout] 
[INFO] [stdout] ---- config::test::get_str::test_case_1_project_config stdout ----
[INFO] [stdout] Error: the specified key "str_key" not found in tanu.toml
[INFO] [stdout] 
[INFO] [stdout] Location:
[INFO] [stdout]     src/config.rs:940:20
[INFO] [stdout] 
[INFO] [stdout] Stack backtrace:
[INFO] [stdout]    0: <<eyre::DefaultHandler>::default_with as core::ops::function::Fn<(&dyn core::error::Error,)>>::call
[INFO] [stdout]    1: eyre::capture_handler
[INFO] [stdout]    2: <eyre::Report>::from_std::<tanu_core::error::Error>
[INFO] [stdout]    3: tanu_core::config::test::get_str
[INFO] [stdout]    4: <tanu_core::config::test::get_str::test_case_1_project_config::{closure#0} as core::ops::function::FnOnce<()>>::call_once
[INFO] [stdout]    5: test::__rust_begin_short_backtrace::<core::result::Result<(), alloc::string::String>, fn() -> core::result::Result<(), alloc::string::String>>
[INFO] [stdout]    6: test::run_test::{closure#0}
[INFO] [stdout]    7: std::sys::backtrace::__rust_begin_short_backtrace::<test::run_test::{closure#1}, ()>
[INFO] [stdout]    8: <std::thread::lifecycle::spawn_unchecked<test::run_test::{closure#1}, ()>::{closure#1} as core::ops::function::FnOnce<()>>::call_once::{shim:vtable#0}
[INFO] [stdout]    9: <std::sys::thread::unix::Thread>::new::thread_start
[INFO] [stdout]   10: <unknown>
[INFO] [stdout]   11: clone
[INFO] [stdout] 
[INFO] [stdout] 
[INFO] [stdout] ---- config::test::tanu_config_env::load_from_tanu_config_env stdout ----
[INFO] [stdout] 
[INFO] [stdout] thread 'config::test::tanu_config_env::load_from_tanu_config_env' (1892) panicked at src/config.rs:1024:38:
[INFO] [stdout] called `Result::unwrap()` on an `Err` value: LoadError("Config file specified by TANU_CONFIG not found: \"/opt/rustwide/workdir/../tanu-sample.toml\"")
[INFO] [stdout] stack backtrace:
[INFO] [stdout]    0:     0x56dd16edf5e1 - <<std[70759c8f55707aa4]::sys::backtrace::BacktraceLock>::print::DisplayBacktrace as core[df12db4294e9bfd3]::fmt::Display>::fmt
[INFO] [stdout]    1:     0x56dd16ef97ca - core[df12db4294e9bfd3]::fmt::write
[INFO] [stdout]    2:     0x56dd16ee4c2c - <alloc[2182bb758b4b3781]::vec::Vec<u8> as core[df12db4294e9bfd3]::io::write::Write>::write_fmt
[INFO] [stdout]    3:     0x56dd16eb9de6 - std[70759c8f55707aa4]::panicking::default_hook::{closure#0}
[INFO] [stdout]    4:     0x56dd16ed73d9 - std[70759c8f55707aa4]::panicking::default_hook
[INFO] [stdout]    5:     0x56dd16d835b0 - test[9d35eded1c95d3be]::test_main_inner::<test[9d35eded1c95d3be]::test_main_static::{closure#0}>::{closure#0}
[INFO] [stdout]    6:     0x56dd16ed7702 - std[70759c8f55707aa4]::panicking::panic_with_hook
[INFO] [stdout]    7:     0x56dd16eb9e92 - std[70759c8f55707aa4]::panicking::panic_handler::{closure#0}
[INFO] [stdout]    8:     0x56dd16eb2369 - std[70759c8f55707aa4]::sys::backtrace::__rust_end_short_backtrace::<std[70759c8f55707aa4]::panicking::panic_handler::{closure#0}, !>
[INFO] [stdout]    9:     0x56dd16ebafad - __rustc[8fa7c3cbc660c2b3]::rust_begin_unwind
[INFO] [stdout]   10:     0x56dd16ef9fac - core[df12db4294e9bfd3]::panicking::panic_fmt
[INFO] [stdout]   11:     0x56dd16ef9d82 - core[df12db4294e9bfd3]::result::unwrap_failed
[INFO] [stdout]   12:     0x56dd16b1c433 - tanu_core[554344fc34fd962]::config::test::tanu_config_env::load_from_tanu_config_env
[INFO] [stdout]   13:     0x56dd16a9a0c9 - <tanu_core[554344fc34fd962]::config::test::tanu_config_env::load_from_tanu_config_env::{closure#0} as core[df12db4294e9bfd3]::ops::function::FnOnce<()>>::call_once
[INFO] [stdout]   14:     0x56dd16d7689b - test[9d35eded1c95d3be]::__rust_begin_short_backtrace::<core[df12db4294e9bfd3]::result::Result<(), alloc[2182bb758b4b3781]::string::String>, fn() -> core[df12db4294e9bfd3]::result::Result<(), alloc[2182bb758b4b3781]::string::String>>
[INFO] [stdout]   15:     0x56dd16d83f05 - test[9d35eded1c95d3be]::run_test::{closure#0}
[INFO] [stdout]   16:     0x56dd16d7d7c4 - std[70759c8f55707aa4]::sys::backtrace::__rust_begin_short_backtrace::<test[9d35eded1c95d3be]::run_test::{closure#1}, ()>
[INFO] [stdout]   17:     0x56dd16d87062 - <std[70759c8f55707aa4]::thread::lifecycle::spawn_unchecked<test[9d35eded1c95d3be]::run_test::{closure#1}, ()>::{closure#1} as core[df12db4294e9bfd3]::ops::function::FnOnce<()>>::call_once::{shim:vtable#0}
[INFO] [stdout]   18:     0x56dd16edeb09 - <std[70759c8f55707aa4]::sys::thread::unix::Thread>::new::thread_start
[INFO] [stdout]   19:     0x77a8501f4dfa - <unknown>
[INFO] [stdout]   20:     0x77a8502883d4 - clone
[INFO] [stdout]   21:                0x0 - <unknown>
[INFO] [stdout] 
[INFO] [stdout] ---- config::test::tanu_config_env::default_path_falls_back_to_manifest_dir stdout ----
[INFO] [stdout] 
[INFO] [stdout] thread 'config::test::tanu_config_env::default_path_falls_back_to_manifest_dir' (1886) panicked at src/config.rs:1066:13:
[INFO] [stdout] assertion failed: `(left == right)`
[INFO] [stdout] 
[INFO] [stdout] [1mDiff[0m [31m< left[0m / [32mright >[0m :
[INFO] [stdout] [31m<"tanu.toml"[0m
[INFO] [stdout] [32m>"[0m[1;48;5;22;32m/opt/rustwide/workdir/../tanu-integration-tests/[0m[32mtanu.toml"[0m
[INFO] [stdout] 
[INFO] [stdout] 
[INFO] [stdout] stack backtrace:
[INFO] [stdout]    0:     0x56dd16edf5e1 - <<std[70759c8f55707aa4]::sys::backtrace::BacktraceLock>::print::DisplayBacktrace as core[df12db4294e9bfd3]::fmt::Display>::fmt
[INFO] [stdout]    1:     0x56dd16ef97ca - core[df12db4294e9bfd3]::fmt::write
[INFO] [stdout]    2:     0x56dd16ee4c2c - <alloc[2182bb758b4b3781]::vec::Vec<u8> as core[df12db4294e9bfd3]::io::write::Write>::write_fmt
[INFO] [stdout]    3:     0x56dd16eb9de6 - std[70759c8f55707aa4]::panicking::default_hook::{closure#0}
[INFO] [stdout]    4:     0x56dd16ed73d9 - std[70759c8f55707aa4]::panicking::default_hook
[INFO] [stdout]    5:     0x56dd16d835b0 - test[9d35eded1c95d3be]::test_main_inner::<test[9d35eded1c95d3be]::test_main_static::{closure#0}>::{closure#0}
[INFO] [stdout]    6:     0x56dd16ed7702 - std[70759c8f55707aa4]::panicking::panic_with_hook
[INFO] [stdout]    7:     0x56dd16eb9e92 - std[70759c8f55707aa4]::panicking::panic_handler::{closure#0}
[INFO] [stdout]    8:     0x56dd16eb2369 - std[70759c8f55707aa4]::sys::backtrace::__rust_end_short_backtrace::<std[70759c8f55707aa4]::panicking::panic_handler::{closure#0}, !>
[INFO] [stdout]    9:     0x56dd16ebafad - __rustc[8fa7c3cbc660c2b3]::rust_begin_unwind
[INFO] [stdout]   10:     0x56dd16ef9fac - core[df12db4294e9bfd3]::panicking::panic_fmt
[INFO] [stdout]   11:     0x56dd16b1c65b - tanu_core[554344fc34fd962]::config::test::tanu_config_env::default_path_falls_back_to_manifest_dir
[INFO] [stdout]   12:     0x56dd16a9a0e9 - <tanu_core[554344fc34fd962]::config::test::tanu_config_env::default_path_falls_back_to_manifest_dir::{closure#0} as core[df12db4294e9bfd3]::ops::function::FnOnce<()>>::call_once
[INFO] [stdout]   13:     0x56dd16d7689b - test[9d35eded1c95d3be]::__rust_begin_short_backtrace::<core[df12db4294e9bfd3]::result::Result<(), alloc[2182bb758b4b3781]::string::String>, fn() -> core[df12db4294e9bfd3]::result::Result<(), alloc[2182bb758b4b3781]::string::String>>
[INFO] [stdout]   14:     0x56dd16d83f05 - test[9d35eded1c95d3be]::run_test::{closure#0}
[INFO] [stdout]   15:     0x56dd16d7d7c4 - std[70759c8f55707aa4]::sys::backtrace::__rust_begin_short_backtrace::<test[9d35eded1c95d3be]::run_test::{closure#1}, ()>
[INFO] [stdout]   16:     0x56dd16d87062 - <std[70759c8f55707aa4]::thread::lifecycle::spawn_unchecked<test[9d35eded1c95d3be]::run_test::{closure#1}, ()>::{closure#1} as core[df12db4294e9bfd3]::ops::function::FnOnce<()>>::call_once::{shim:vtable#0}
[INFO] [stdout]   17:     0x56dd16edeb09 - <std[70759c8f55707aa4]::sys::thread::unix::Thread>::new::thread_start
[INFO] [stdout]   18:     0x77a8501f4dfa - <unknown>
[INFO] [stdout]   19:     0x77a8502883d4 - clone
[INFO] [stdout]   20:                0x0 - <unknown>
[INFO] [stdout] 
[INFO] [stdout] 
[INFO] [stdout] failures:
[INFO] [stdout]     config::test::get_array::test_case_1_project_config
[INFO] [stdout]     config::test::get_array::test_case_2_global_config
[INFO] [stdout]     config::test::get_bool::test_case_1_project_config
[INFO] [stdout]     config::test::get_bool::test_case_2_global_config
[INFO] [stdout]     config::test::get_datetime::test_case_1_project_config
[INFO] [stdout]     config::test::get_datetime::test_case_2_global_config
[INFO] [stdout]     config::test::get_float::test_case_1_project_config
[INFO] [stdout]     config::test::get_float::test_case_2_global_config
[INFO] [stdout]     config::test::get_int::test_case_1_project_config
[INFO] [stdout]     config::test::get_int::test_case_2_global_config
[INFO] [stdout]     config::test::get_object::test_case_1_project_config
[INFO] [stdout]     config::test::get_object::test_case_2_global_config
[INFO] [stdout]     config::test::get_str::test_case_1_project_config
[INFO] [stdout]     config::test::get_str::test_case_2_global_config
[INFO] [stdout]     config::test::tanu_config_env::default_path_falls_back_to_manifest_dir
[INFO] [stdout]     config::test::tanu_config_env::load_from_tanu_config_env
[INFO] [stdout] 
[INFO] [stdout] test result: FAILED. 111 passed; 16 failed; 0 ignored; 0 measured; 0 filtered out; finished in 3.15s
[INFO] [stdout] 
[INFO] [stderr] error: test failed, to rerun pass `--lib`
[INFO] running `Command { std: "docker" "inspect" "13fe8b90e0ca7268d410112d0f510a1f11466e60194f1960c8f3bbadf9aa8591", kill_on_drop: false }`
[INFO] running `Command { std: "docker" "rm" "-f" "13fe8b90e0ca7268d410112d0f510a1f11466e60194f1960c8f3bbadf9aa8591", kill_on_drop: false }`
[INFO] [stdout] 13fe8b90e0ca7268d410112d0f510a1f11466e60194f1960c8f3bbadf9aa8591
