[INFO] fetching crate tantale_macros 0.3.2...
[INFO] testing tantale_macros-0.3.2 against 1.100.0-beta.1+cargoflags=--release for beta-release-1.100-2
[INFO] extracting crate tantale_macros 0.3.2 into /workspace/builds/worker-4-tc2/source
[INFO] started tweaking crates.io crate tantale_macros 0.3.2
[INFO] finished tweaking crates.io crate tantale_macros 0.3.2
[INFO] tweaked toml for crates.io crate tantale_macros 0.3.2 written to /workspace/builds/worker-4-tc2/source/Cargo.toml
[INFO] validating manifest of crates.io crate tantale_macros 0.3.2 on toolchain 1.100.0-beta.1
[INFO] running `Command { std: CARGO_HOME="/workspace/cargo-home" RUSTUP_HOME="/workspace/rustup-home" "/workspace/cargo-home/bin/cargo" "+1.100.0-beta.1" "metadata" "--manifest-path" "Cargo.toml" "--no-deps", kill_on_drop: false }`
[INFO] crate crates.io crate tantale_macros 0.3.2 already has a lockfile, it will not be regenerated
[INFO] running `Command { std: CARGO_HOME="/workspace/cargo-home" RUSTUP_HOME="/workspace/rustup-home" "/workspace/cargo-home/bin/cargo" "+1.100.0-beta.1" "fetch" "--manifest-path" "Cargo.toml", kill_on_drop: false }`
[INFO] running `Command { std: "docker" "create" "-v" "/var/lib/crater-agent-workspace/builds/worker-4-tc2/source:/opt/rustwide/workdir:ro,Z" "-v" "/var/lib/crater-agent-workspace/builds/worker-4-tc2/target:/opt/rustwide/target:rw,Z" "-v" "/var/lib/crater-agent-workspace/cargo-home:/opt/rustwide/cargo-home:ro,Z" "-v" "/var/lib/crater-agent-workspace/rustup-home:/opt/rustwide/rustup-home:ro,Z" "-m" "1610612736" "--network" "none" "ghcr.io/rust-lang/crates-build-env/linux@sha256:77db811e55d90add9212f6832c23229e3de5f1c1f9905e8cb07319ea15df73ac" "sleep" "infinity", kill_on_drop: false }`
[INFO] [stdout] 3cd194de2136276e4761c1189ae4541f6ba8e1cbedeea1b955c1a97aeff84c80
[INFO] running `Command { std: "docker" "start" "3cd194de2136276e4761c1189ae4541f6ba8e1cbedeea1b955c1a97aeff84c80", kill_on_drop: false }`
[INFO] running `Command { std: "docker" "inspect" "3cd194de2136276e4761c1189ae4541f6ba8e1cbedeea1b955c1a97aeff84c80", kill_on_drop: false }`
[INFO] running `Command { std: "docker" "exec" "-e" "SOURCE_DIR=/opt/rustwide/workdir" "-e" "CARGO_HOME=/opt/rustwide/cargo-home" "-e" "RUSTUP_HOME=/opt/rustwide/rustup-home" "-e" "CARGO_TARGET_DIR=/opt/rustwide/target" "-w" "/opt/rustwide/workdir" "--user" "0:0" "3cd194de2136276e4761c1189ae4541f6ba8e1cbedeea1b955c1a97aeff84c80" "/opt/rustwide/cargo-home/bin/cargo" "+1.100.0-beta.1" "metadata" "--no-deps" "--format-version=1", kill_on_drop: false }`
[INFO] running `Command { std: "docker" "inspect" "3cd194de2136276e4761c1189ae4541f6ba8e1cbedeea1b955c1a97aeff84c80", kill_on_drop: false }`
[INFO] running `Command { std: "docker" "exec" "-e" "SOURCE_DIR=/opt/rustwide/workdir" "-e" "CARGO_HOME=/opt/rustwide/cargo-home" "-e" "RUSTUP_HOME=/opt/rustwide/rustup-home" "-e" "CARGO_TARGET_DIR=/opt/rustwide/target" "-e" "CARGO_INCREMENTAL=0" "-e" "RUST_BACKTRACE=full" "-e" "RUSTFLAGS=--cap-lints=warn" "-e" "RUSTDOCFLAGS=--cap-lints=warn" "-w" "/opt/rustwide/workdir" "--user" "0:0" "3cd194de2136276e4761c1189ae4541f6ba8e1cbedeea1b955c1a97aeff84c80" "/opt/rustwide/cargo-home/bin/cargo" "+1.100.0-beta.1" "build" "--frozen" "--message-format=json" "--release", kill_on_drop: false }`
[INFO] [stderr]    Compiling tantale_macros v0.3.2 (/opt/rustwide/workdir)
[INFO] [stderr]     Finished `release` profile [optimized] target(s) in 10.16s
[INFO] running `Command { std: "docker" "inspect" "3cd194de2136276e4761c1189ae4541f6ba8e1cbedeea1b955c1a97aeff84c80", kill_on_drop: false }`
[INFO] running `Command { std: "docker" "exec" "-e" "SOURCE_DIR=/opt/rustwide/workdir" "-e" "CARGO_HOME=/opt/rustwide/cargo-home" "-e" "RUSTUP_HOME=/opt/rustwide/rustup-home" "-e" "CARGO_TARGET_DIR=/opt/rustwide/target" "-e" "CARGO_INCREMENTAL=0" "-e" "RUST_BACKTRACE=full" "-e" "RUSTFLAGS=--cap-lints=warn" "-e" "RUSTDOCFLAGS=--cap-lints=warn" "-w" "/opt/rustwide/workdir" "--user" "0:0" "3cd194de2136276e4761c1189ae4541f6ba8e1cbedeea1b955c1a97aeff84c80" "/opt/rustwide/cargo-home/bin/cargo" "+1.100.0-beta.1" "test" "--frozen" "--no-run" "--message-format=json" "--release", kill_on_drop: false }`
[INFO] [stderr]    Compiling serde_core v1.0.228
[INFO] [stderr]    Compiling serde v1.0.228
[INFO] [stderr]    Compiling tantale_macros v0.3.2 (/opt/rustwide/workdir)
[INFO] [stderr]     Finished `release` profile [optimized] target(s) in 4.94s
[INFO] running `Command { std: "docker" "inspect" "3cd194de2136276e4761c1189ae4541f6ba8e1cbedeea1b955c1a97aeff84c80", kill_on_drop: false }`
[INFO] running `Command { std: "docker" "exec" "-e" "SOURCE_DIR=/opt/rustwide/workdir" "-e" "CARGO_HOME=/opt/rustwide/cargo-home" "-e" "RUSTUP_HOME=/opt/rustwide/rustup-home" "-e" "CARGO_TARGET_DIR=/opt/rustwide/target" "-e" "CARGO_INCREMENTAL=0" "-e" "RUST_BACKTRACE=full" "-e" "RUSTFLAGS=--cap-lints=warn" "-e" "RUSTDOCFLAGS=--cap-lints=warn" "-w" "/opt/rustwide/workdir" "--user" "0:0" "3cd194de2136276e4761c1189ae4541f6ba8e1cbedeea1b955c1a97aeff84c80" "/opt/rustwide/cargo-home/bin/cargo" "+1.100.0-beta.1" "test" "--frozen" "--release", kill_on_drop: false }`
[INFO] [stderr]     Finished `release` profile [optimized] target(s) in 0.03s
[INFO] [stderr]      Running unittests src/lib.rs (/opt/rustwide/target/release/build/tantale_macros/18b32d40147c244d/out/tantale_macros-18b32d40147c244d)
[INFO] [stdout] 
[INFO] [stdout] running 0 tests
[INFO] [stdout] 
[INFO] [stdout] test result: ok. 0 passed; 0 failed; 0 ignored; 0 measured; 0 filtered out; finished in 0.00s
[INFO] [stdout] 
[INFO] [stderr]    Doc-tests tantale_macros
[INFO] [stdout] 
[INFO] [stdout] running 28 tests
[INFO] [stdout] test src/hpo.rs - hpo::get_sp_tokens (line 493) ... ignored
[INFO] [stdout] test src/lib.rs - csvwritable (line 583) ... ignored
[INFO] [stdout] test src/lib.rs - csvwritable (line 617) ... ignored
[INFO] [stdout] test src/lib.rs - csvwritable (line 637) ... ignored
[INFO] [stdout] test src/lib.rs - csvwritable (line 653) ... ignored
[INFO] [stdout] test src/lib.rs - hpo (line 295) ... ignored
[INFO] [stdout] test src/lib.rs - hpo (line 306) ... ignored
[INFO] [stdout] test src/lib.rs - hpo (line 316) ... ignored
[INFO] [stdout] test src/lib.rs - hpo (line 336) ... ignored
[INFO] [stdout] test src/lib.rs - hpo (line 370) ... ignored
[INFO] [stdout] test src/lib.rs - hpo (line 381) ... ignored
[INFO] [stdout] test src/lib.rs - hpo (line 391) ... ignored
[INFO] [stdout] test src/lib.rs - hpo (line 406) ... ignored
[INFO] [stdout] test src/lib.rs - hpo (line 422) ... ignored
[INFO] [stdout] test src/lib.rs - hpo (line 434) ... ignored
[INFO] [stdout] test src/lib.rs - hpo (line 443) ... ignored
[INFO] [stdout] test src/lib.rs - hpo (line 453) ... ignored
[INFO] [stdout] test src/lib.rs - hpo (line 462) ... ignored
[INFO] [stdout] test src/lib.rs - objective (line 140) ... ignored
[INFO] [stdout] test src/lib.rs - objective (line 179) ... ignored
[INFO] [stdout] test src/lib.rs - objective (line 211) ... ignored
[INFO] [stdout] test src/lib.rs - objective (line 220) ... ignored
[INFO] [stdout] test src/lib.rs - objective (line 272) ... ignored
[INFO] [stdout] test src/lib.rs - optinfo (line 492) ... ignored
[INFO] [stdout] test src/lib.rs - optstate (line 525) ... ignored
[INFO] [stdout] test src/lib.rs - solinfo (line 559) ... ignored
[INFO] [stdout] test src/lib.rs - outcome (line 52) ... FAILED
[INFO] [stdout] test src/lib.rs - outcome (line 32) ... FAILED
[INFO] [stdout] 
[INFO] [stdout] failures:
[INFO] [stdout] 
[INFO] [stdout] ---- src/lib.rs - outcome (line 52) stdout ----
[INFO] [stdout] error[E0433]: cannot find module or crate `tantale` in this scope
[INFO] [stdout]   --> src/lib.rs:53:5
[INFO] [stdout]    |
[INFO] [stdout] 53 | use tantale::macros::{Outcome};
[INFO] [stdout]    |     ^^^^^^^ use of unresolved module or unlinked crate `tantale`
[INFO] [stdout]    |
[INFO] [stdout]    = help: if you wanted to use a crate named `tantale`, use `cargo add tantale` to add it to your `Cargo.toml`
[INFO] [stdout] 
[INFO] [stdout] error[E0433]: cannot find module or crate `tantale` in this scope
[INFO] [stdout]   --> src/lib.rs:54:5
[INFO] [stdout]    |
[INFO] [stdout] 54 | use tantale::core::Step;
[INFO] [stdout]    |     ^^^^^^^ use of unresolved module or unlinked crate `tantale`
[INFO] [stdout]    |
[INFO] [stdout]    = help: if you wanted to use a crate named `tantale`, use `cargo add tantale` to add it to your `Cargo.toml`
[INFO] [stdout] 
[INFO] [stdout] error: cannot find attribute `maximize` in this scope
[INFO] [stdout]   --> src/lib.rs:59:7
[INFO] [stdout]    |
[INFO] [stdout] 59 |     #[maximize]
[INFO] [stdout]    |       ^^^^^^^^
[INFO] [stdout] 
[INFO] [stdout] error: cannot find attribute `step` in this scope
[INFO] [stdout]   --> src/lib.rs:61:7
[INFO] [stdout]    |
[INFO] [stdout] 61 |     #[step]
[INFO] [stdout]    |       ^^^^
[INFO] [stdout] 
[INFO] [stdout] error: aborting due to 4 previous errors
[INFO] [stdout] 
[INFO] [stdout] For more information about this error, try `rustc --explain E0433`.
[INFO] [stdout] Couldn't compile the test.
[INFO] [stdout] ---- src/lib.rs - outcome (line 32) stdout ----
[INFO] [stdout] error[E0433]: cannot find module or crate `tantale` in this scope
[INFO] [stdout]   --> src/lib.rs:33:5
[INFO] [stdout]    |
[INFO] [stdout] 33 | use tantale::macros::Outcome;
[INFO] [stdout]    |     ^^^^^^^ use of unresolved module or unlinked crate `tantale`
[INFO] [stdout]    |
[INFO] [stdout]    = help: if you wanted to use a crate named `tantale`, use `cargo add tantale` to add it to your `Cargo.toml`
[INFO] [stdout] 
[INFO] [stdout] error: cannot find attribute `maximize` in this scope
[INFO] [stdout]   --> src/lib.rs:40:7
[INFO] [stdout]    |
[INFO] [stdout] 40 |     #[maximize]
[INFO] [stdout]    |       ^^^^^^^^
[INFO] [stdout] 
[INFO] [stdout] error: aborting due to 2 previous errors
[INFO] [stdout] 
[INFO] [stdout] For more information about this error, try `rustc --explain E0433`.
[INFO] [stdout] Couldn't compile the test.
[INFO] [stdout] 
[INFO] [stdout] failures:
[INFO] [stdout]     src/lib.rs - outcome (line 32)
[INFO] [stdout]     src/lib.rs - outcome (line 52)
[INFO] [stdout] 
[INFO] [stdout] test result: FAILED. 0 passed; 2 failed; 26 ignored; 0 measured; 0 filtered out; finished in 0.25s
[INFO] [stdout] 
[INFO] [stderr] error: doctest failed, to rerun pass `--doc`
[INFO] [stdout] all doctests ran in 0.40s; merged doctests compilation took 0.15s
[INFO] running `Command { std: "docker" "inspect" "3cd194de2136276e4761c1189ae4541f6ba8e1cbedeea1b955c1a97aeff84c80", kill_on_drop: false }`
[INFO] running `Command { std: "docker" "rm" "-f" "3cd194de2136276e4761c1189ae4541f6ba8e1cbedeea1b955c1a97aeff84c80", kill_on_drop: false }`
[INFO] [stdout] 3cd194de2136276e4761c1189ae4541f6ba8e1cbedeea1b955c1a97aeff84c80
