[INFO] fetching crate tantale_core 0.3.2...
[INFO] testing tantale_core-0.3.2 against 1.100.0-beta.1+cargoflags=--release for beta-release-1.100-2
[INFO] extracting crate tantale_core 0.3.2 into /workspace/builds/worker-0-tc2/source
[INFO] started tweaking crates.io crate tantale_core 0.3.2
[INFO] finished tweaking crates.io crate tantale_core 0.3.2
[INFO] tweaked toml for crates.io crate tantale_core 0.3.2 written to /workspace/builds/worker-0-tc2/source/Cargo.toml
[INFO] validating manifest of crates.io crate tantale_core 0.3.2 on toolchain 1.100.0-beta.1
[INFO] running `Command { std: CARGO_HOME="/workspace/cargo-home" RUSTUP_HOME="/workspace/rustup-home" "/workspace/cargo-home/bin/cargo" "+1.100.0-beta.1" "metadata" "--manifest-path" "Cargo.toml" "--no-deps", kill_on_drop: false }`
[INFO] crate crates.io crate tantale_core 0.3.2 already has a lockfile, it will not be regenerated
[INFO] running `Command { std: CARGO_HOME="/workspace/cargo-home" RUSTUP_HOME="/workspace/rustup-home" "/workspace/cargo-home/bin/cargo" "+1.100.0-beta.1" "fetch" "--manifest-path" "Cargo.toml", kill_on_drop: false }`
[INFO] running `Command { std: "docker" "create" "-v" "/var/lib/crater-agent-workspace/builds/worker-0-tc2/source:/opt/rustwide/workdir:ro,Z" "-v" "/var/lib/crater-agent-workspace/builds/worker-0-tc2/target:/opt/rustwide/target:rw,Z" "-v" "/var/lib/crater-agent-workspace/cargo-home:/opt/rustwide/cargo-home:ro,Z" "-v" "/var/lib/crater-agent-workspace/rustup-home:/opt/rustwide/rustup-home:ro,Z" "-m" "1610612736" "--network" "none" "ghcr.io/rust-lang/crates-build-env/linux@sha256:77db811e55d90add9212f6832c23229e3de5f1c1f9905e8cb07319ea15df73ac" "sleep" "infinity", kill_on_drop: false }`
[INFO] [stdout] 38e564469576f600a5ab638da67cf1724be3aedbd5db7a93ea313046eb7bed3f
[INFO] running `Command { std: "docker" "start" "38e564469576f600a5ab638da67cf1724be3aedbd5db7a93ea313046eb7bed3f", kill_on_drop: false }`
[INFO] running `Command { std: "docker" "inspect" "38e564469576f600a5ab638da67cf1724be3aedbd5db7a93ea313046eb7bed3f", kill_on_drop: false }`
[INFO] running `Command { std: "docker" "exec" "-e" "SOURCE_DIR=/opt/rustwide/workdir" "-e" "CARGO_HOME=/opt/rustwide/cargo-home" "-e" "RUSTUP_HOME=/opt/rustwide/rustup-home" "-e" "CARGO_TARGET_DIR=/opt/rustwide/target" "-w" "/opt/rustwide/workdir" "--user" "0:0" "38e564469576f600a5ab638da67cf1724be3aedbd5db7a93ea313046eb7bed3f" "/opt/rustwide/cargo-home/bin/cargo" "+1.100.0-beta.1" "metadata" "--no-deps" "--format-version=1", kill_on_drop: false }`
[INFO] running `Command { std: "docker" "inspect" "38e564469576f600a5ab638da67cf1724be3aedbd5db7a93ea313046eb7bed3f", kill_on_drop: false }`
[INFO] running `Command { std: "docker" "exec" "-e" "SOURCE_DIR=/opt/rustwide/workdir" "-e" "CARGO_HOME=/opt/rustwide/cargo-home" "-e" "RUSTUP_HOME=/opt/rustwide/rustup-home" "-e" "CARGO_TARGET_DIR=/opt/rustwide/target" "-e" "CARGO_INCREMENTAL=0" "-e" "RUST_BACKTRACE=full" "-e" "RUSTFLAGS=--cap-lints=warn" "-e" "RUSTDOCFLAGS=--cap-lints=warn" "-w" "/opt/rustwide/workdir" "--user" "0:0" "38e564469576f600a5ab638da67cf1724be3aedbd5db7a93ea313046eb7bed3f" "/opt/rustwide/cargo-home/bin/cargo" "+1.100.0-beta.1" "build" "--frozen" "--message-format=json" "--release", kill_on_drop: false }`
[INFO] [stderr]    Compiling num-traits v0.2.19
[INFO] [stderr]    Compiling proc-macro2 v1.0.106
[INFO] [stderr]    Compiling quote v1.0.45
[INFO] [stderr]    Compiling libc v0.2.183
[INFO] [stderr]    Compiling matrixmultiply v0.3.10
[INFO] [stderr]    Compiling getrandom v0.4.2
[INFO] [stderr]    Compiling rand_core v0.10.1
[INFO] [stderr]    Compiling memchr v2.8.0
[INFO] [stderr]    Compiling rayon v1.11.0
[INFO] [stderr]    Compiling chacha20 v0.10.0
[INFO] [stderr]    Compiling csv-core v0.1.13
[INFO] [stderr]    Compiling csv v1.4.0
[INFO] [stderr]    Compiling syn v2.0.117
[INFO] [stderr]    Compiling num_cpus v1.17.0
[INFO] [stderr]    Compiling num-integer v0.1.46
[INFO] [stderr]    Compiling num-complex v0.4.6
[INFO] [stderr]    Compiling rmp v0.8.15
[INFO] [stderr]    Compiling rand v0.10.1
[INFO] [stderr]    Compiling num-bigint v0.4.6
[INFO] [stderr]    Compiling num-iter v0.1.45
[INFO] [stderr]    Compiling serde_derive v1.0.228
[INFO] [stderr]    Compiling num-rational v0.4.2
[INFO] [stderr]    Compiling num v0.4.3
[INFO] [stderr]    Compiling serde v1.0.228
[INFO] [stderr]    Compiling ndarray v0.17.2
[INFO] [stderr]    Compiling rmp-serde v1.3.1
[INFO] [stderr]    Compiling tantale_core v0.3.2 (/opt/rustwide/workdir)
[INFO] [stderr]     Finished `release` profile [optimized] target(s) in 29.99s
[INFO] running `Command { std: "docker" "inspect" "38e564469576f600a5ab638da67cf1724be3aedbd5db7a93ea313046eb7bed3f", kill_on_drop: false }`
[INFO] running `Command { std: "docker" "exec" "-e" "SOURCE_DIR=/opt/rustwide/workdir" "-e" "CARGO_HOME=/opt/rustwide/cargo-home" "-e" "RUSTUP_HOME=/opt/rustwide/rustup-home" "-e" "CARGO_TARGET_DIR=/opt/rustwide/target" "-e" "CARGO_INCREMENTAL=0" "-e" "RUST_BACKTRACE=full" "-e" "RUSTFLAGS=--cap-lints=warn" "-e" "RUSTDOCFLAGS=--cap-lints=warn" "-w" "/opt/rustwide/workdir" "--user" "0:0" "38e564469576f600a5ab638da67cf1724be3aedbd5db7a93ea313046eb7bed3f" "/opt/rustwide/cargo-home/bin/cargo" "+1.100.0-beta.1" "test" "--frozen" "--no-run" "--message-format=json" "--release", kill_on_drop: false }`
[INFO] [stderr]    Compiling tantale_core v0.3.2 (/opt/rustwide/workdir)
[INFO] [stderr]     Finished `release` profile [optimized] target(s) in 3.99s
[INFO] running `Command { std: "docker" "inspect" "38e564469576f600a5ab638da67cf1724be3aedbd5db7a93ea313046eb7bed3f", kill_on_drop: false }`
[INFO] running `Command { std: "docker" "exec" "-e" "SOURCE_DIR=/opt/rustwide/workdir" "-e" "CARGO_HOME=/opt/rustwide/cargo-home" "-e" "RUSTUP_HOME=/opt/rustwide/rustup-home" "-e" "CARGO_TARGET_DIR=/opt/rustwide/target" "-e" "CARGO_INCREMENTAL=0" "-e" "RUST_BACKTRACE=full" "-e" "RUSTFLAGS=--cap-lints=warn" "-e" "RUSTDOCFLAGS=--cap-lints=warn" "-w" "/opt/rustwide/workdir" "--user" "0:0" "38e564469576f600a5ab638da67cf1724be3aedbd5db7a93ea313046eb7bed3f" "/opt/rustwide/cargo-home/bin/cargo" "+1.100.0-beta.1" "test" "--frozen" "--release", kill_on_drop: false }`
[INFO] [stderr]     Finished `release` profile [optimized] target(s) in 0.08s
[INFO] [stderr]      Running unittests src/lib.rs (/opt/rustwide/target/release/build/tantale_core/35bd8ce9a4c8dcd7/out/tantale_core-35bd8ce9a4c8dcd7)
[INFO] [stdout] 
[INFO] [stdout] running 0 tests
[INFO] [stdout] 
[INFO] [stdout] test result: ok. 0 passed; 0 failed; 0 ignored; 0 measured; 0 filtered out; finished in 0.00s
[INFO] [stdout] 
[INFO] [stderr]    Doc-tests tantale_core
[INFO] [stdout] 
[INFO] [stdout] running 151 tests
[INFO] [stdout] test src/checkpointer.rs - checkpointer (line 41) ... ignored
[INFO] [stdout] test src/checkpointer.rs - checkpointer::MonoCheckpointer::init (line 190) ... ignored
[INFO] [stdout] test src/checkpointer.rs - checkpointer::MonoCheckpointer::load (line 272) ... ignored
[INFO] [stdout] test src/checkpointer.rs - checkpointer::MonoCheckpointer::save_state (line 235) ... ignored
[INFO] [stdout] test src/config.rs - config::FolderConfig::new (line 120) ... ignored
[INFO] [stdout] test src/config.rs - config::SaverConfig (line 63) ... ignored
[INFO] [stdout] test src/domain/onto.rs - domain::onto (line 8) ... FAILED
[INFO] [stdout] test src/domain.rs - domain::Domain (line 118) ... FAILED
[INFO] [stdout] test src/experiment.rs - experiment (line 104) ... ignored
[INFO] [stdout] test src/experiment.rs - experiment (line 148) ... ignored
[INFO] [stdout] test src/experiment.rs - experiment (line 166) ... ignored
[INFO] [stdout] test src/experiment.rs - experiment (line 178) ... ignored
[INFO] [stdout] test src/experiment.rs - experiment (line 198) ... ignored
[INFO] [stdout] test src/experiment.rs - experiment (line 222) ... ignored
[INFO] [stdout] test src/experiment.rs - experiment (line 69) ... ignored
[INFO] [stdout] test src/experiment.rs - experiment (line 86) ... ignored
[INFO] [stdout] test src/experiment.rs - experiment::Runable (line 1234) ... ignored
[INFO] [stdout] test src/experiment.rs - experiment::Runable (line 1253) ... ignored
[INFO] [stdout] test src/experiment.rs - experiment::Runable::get_mut_stop (line 1394) ... ignored
[INFO] [stdout] test src/experiment.rs - experiment::load (line 1005) ... ignored
[INFO] [stdout] test src/experiment.rs - experiment::load (line 1027) ... ignored
[INFO] [stdout] test src/experiment.rs - experiment::load (line 1045) ... ignored
[INFO] [stdout] test src/experiment.rs - experiment::load (line 1052) ... ignored
[INFO] [stdout] test src/experiment.rs - experiment::mono (line 330) ... ignored
[INFO] [stdout] test src/experiment.rs - experiment::mono_load (line 651) ... ignored
[INFO] [stdout] test src/experiment.rs - experiment::threaded (line 425) ... ignored
[INFO] [stdout] test src/experiment.rs - experiment::threaded_load (line 753) ... ignored
[INFO] [stdout] test src/domain.rs - domain::Domain::sample (line 205) ... FAILED
[INFO] [stdout] test src/lib.rs - (line 183) ... ignored
[INFO] [stdout] test src/lib.rs - (line 205) ... ignored
[INFO] [stdout] test src/lib.rs - (line 227) ... ignored
[INFO] [stdout] test src/domain/bool.rs - domain::bool::Bool::contains (line 68) ... FAILED
[INFO] [stdout] test src/objective.rs - objective::EvalStep (line 181) ... ignored
[INFO] [stdout] test src/objective.rs - objective::EvalStep::discard (line 295) ... ignored
[INFO] [stdout] test src/objective.rs - objective::EvalStep::error (line 309) ... ignored
[INFO] [stdout] test src/objective.rs - objective::EvalStep::evaluated (line 281) ... ignored
[INFO] [stdout] test src/objective.rs - objective::EvalStep::partially (line 267) ... ignored
[INFO] [stdout] test src/objective.rs - objective::EvalStep::pending (line 248) ... ignored
[INFO] [stdout] test src/objective.rs - objective::Step (line 92) ... ignored
[INFO] [stdout] test src/domain/grid.rs - domain::grid::GridDom<T>::new (line 54) ... FAILED
[INFO] [stdout] test src/domain/bounded.rs - domain::bounded::Int (line 534) ... FAILED
[INFO] [stdout] test src/domain/grid.rs - domain::grid::Cat (line 415) ... FAILED
[INFO] [stdout] test src/domain/grid.rs - domain::grid::GridInt (line 355) ... FAILED
[INFO] [stdout] test src/recorder.rs - recorder (line 30) ... ignored
[INFO] [stdout] test src/domain/bounded.rs - domain::bounded (line 17) ... FAILED
[INFO] [stdout] test src/domain/grid.rs - domain::grid::GridNat (line 385) ... FAILED
[INFO] [stdout] test src/domain/bool.rs - domain::bool::Bool (line 24) ... FAILED
[INFO] [stdout] test src/domain/bounded.rs - domain::bounded::Nat (line 500) ... FAILED
[INFO] [stdout] test src/domain/grid.rs - domain::grid::GridDom (line 29) ... FAILED
[INFO] [stdout] test src/domain/bounded.rs - domain::bounded::Real (line 466) ... FAILED
[INFO] [stdout] test src/domain/grid.rs - domain::grid::GridReal (line 325) ... FAILED
[INFO] [stdout] test src/sampler.rs - sampler::Uniform (line 239) ... FAILED
[INFO] [stdout] test src/sampler.rs - sampler (line 32) ... FAILED
[INFO] [stdout] test src/searchspace.rs - searchspace::Searchspace (line 194) ... ignored
[INFO] [stdout] test src/sampler.rs - sampler::BoolDistribution (line 156) ... FAILED
[INFO] [stdout] test src/domain/unit.rs - domain::unit::Unit (line 25) ... FAILED
[INFO] [stdout] test src/sampler.rs - sampler::BoundedDistribution (line 120) ... FAILED
[INFO] [stdout] test src/sampler.rs - sampler::Bernoulli (line 292) ... FAILED
[INFO] [stdout] test src/sampler.rs - sampler::GridDomDistribution (line 184) ... FAILED
[INFO] [stdout] test src/sampler.rs - sampler::DomainSampler (line 81) ... FAILED
[INFO] [stdout] test src/objective/outcome.rs - objective::outcome (line 100) ... FAILED
[INFO] [stdout] test src/lib.rs - (line 72) ... FAILED
[INFO] [stdout] test src/lib.rs - (line 115) ... FAILED
[INFO] [stdout] test src/searchspace.rs - searchspace::Searchspace::contains_opt (line 582) ... FAILED
[INFO] [stdout] test src/searchspace.rs - searchspace (line 38) ... FAILED
[INFO] [stdout] test src/objective/obj.rs - objective::obj (line 63) ... FAILED
[INFO] [stdout] test src/searchspace.rs - searchspace::Searchspace::sample_pair (line 495) ... FAILED
[INFO] [stdout] test src/searchspace.rs - searchspace::Searchspace::sample_obj (line 342) ... FAILED
[INFO] [stdout] test src/searchspace.rs - searchspace::Searchspace::onto_obj (line 302) ... FAILED
[INFO] [stdout] test src/searchspace.rs - searchspace::Searchspace::sample_opt (line 418) ... FAILED
[INFO] [stdout] test src/searchspace.rs - searchspace::Searchspace::contains_obj (line 539) ... FAILED
[INFO] [stdout] test src/searchspace.rs - searchspace::Searchspace::onto_opt (line 265) ... FAILED
[INFO] [stdout] test src/searchspace.rs - searchspace (line 96) ... FAILED
[INFO] [stdout] test src/searchspace.rs - searchspace::Searchspace::sample_raw_opt (line 457) ... FAILED
[INFO] [stdout] test src/searchspace.rs - searchspace::Searchspace::vec_apply_opt (line 1010) ... FAILED
[INFO] [stdout] test src/searchspace.rs - searchspace::Searchspace::sample_raw_obj (line 381) ... FAILED
[INFO] [stdout] test src/searchspace.rs - searchspace::Searchspace::vec_apply_obj (line 949) ... FAILED
[INFO] [stdout] test src/searchspace.rs - searchspace::Searchspace::vec_contains_obj (line 1122) ... FAILED
[INFO] [stdout] test src/searchspace.rs - searchspace::Searchspace::vec_sample_raw_obj (line 758) ... FAILED
[INFO] [stdout] test src/domain/codomain.rs - domain::codomain (line 26) ... FAILED
[INFO] [stdout] test src/searchspace.rs - searchspace::Searchspace::vec_sample_obj (line 708) ... FAILED
[INFO] [stdout] test src/solution.rs - solution (line 30) ... ignored
[INFO] [stdout] test src/solution.rs - solution (line 63) ... ignored
[INFO] [stdout] test src/searchspace.rs - searchspace::Searchspace::vec_sample_raw_opt (line 847) ... FAILED
[INFO] [stdout] test src/searchspace/spbase.rs - searchspace::spbase (line 11) ... FAILED
[INFO] [stdout] test src/objective/outcome.rs - objective::outcome (line 47) ... FAILED
[INFO] [stdout] test src/searchspace.rs - searchspace::Searchspace::vec_sample_pair (line 892) ... FAILED
[INFO] [stdout] test src/searchspace.rs - searchspace::Searchspace::vec_sample_opt (line 803) ... FAILED
[INFO] [stdout] test src/solution/batchtype.rs - solution::batchtype::Batch<SolId,SInfo,Info,Shape>::chunk_by_step (line 244) ... FAILED
[INFO] [stdout] test src/searchspace.rs - searchspace::Searchspace::vec_onto_obj (line 614) ... FAILED
[INFO] [stdout] test src/searchspace/spbase.rs - searchspace::spbase (line 22) ... FAILED
[INFO] [stdout] test src/searchspace.rs - searchspace::Searchspace::vec_contains_opt (line 1165) ... FAILED
[INFO] [stdout] test src/searchspace.rs - searchspace::Searchspace::vec_onto_opt (line 660) ... FAILED
[INFO] [stdout] test src/searchspace/sppar.rs - searchspace::sppar (line 10) ... FAILED
[INFO] [stdout] test src/solution/batchtype.rs - solution::batchtype::Batch<SolId,SInfo,Info,Shape>::add (line 114) ... FAILED
[INFO] [stdout] test src/searchspace/sppar.rs - searchspace::sppar (line 33) ... FAILED
[INFO] [stdout] test src/objective/obj.rs - objective::obj (line 12) ... FAILED
[INFO] [stdout] test src/searchspace/sppar.rs - searchspace::sppar (line 21) ... FAILED
[INFO] [stdout] test src/solution/batchtype.rs - solution::batchtype::Batch<SolId,SInfo,Info,Shape>::new (line 71) ... FAILED
[INFO] [stdout] test src/solution/batchtype.rs - solution::batchtype (line 9) ... FAILED
[INFO] [stdout] test src/solution/batchtype.rs - solution::batchtype::Batch<SolId,SInfo,Info,Shape>::size (line 177) ... FAILED
[INFO] [stdout] test src/solution/batchtype.rs - solution::batchtype::Batch<SolId,SInfo,Info,Shape>::is_empty (line 191) ... FAILED
[INFO] [stdout] test src/searchspace/spbase.rs - searchspace::spbase (line 34) ... FAILED
[INFO] [stdout] test src/solution/batchtype.rs - solution::batchtype::OutBatch<SolId,Info,Out>::add (line 518) ... FAILED
[INFO] [stdout] test src/solution/batchtype.rs - solution::batchtype::Batch<SolId,SInfo,Info,Shape>::add_vec (line 134) ... FAILED
[INFO] [stdout] test src/solution/batchtype.rs - solution::batchtype::Batch<SolId,SInfo,Info,Shape>::empty (line 95) ... FAILED
[INFO] [stdout] test src/searchspace.rs - searchspace::Searchspace::vec_apply_pair (line 1066) ... FAILED
[INFO] [stdout] test src/solution/batchtype.rs - solution::batchtype::Batch<SolId,SInfo,Info,Shape>::extend (line 156) ... FAILED
[INFO] [stdout] test src/solution/id.rs - solution::id::Id (line 42) ... FAILED
[INFO] [stdout] test src/solution/id.rs - solution::id (line 15) ... FAILED
[INFO] [stdout] test src/solution/id.rs - solution::id::SId (line 204) ... FAILED
[INFO] [stdout] test src/solution/id.rs - solution::id::StepSId (line 266) ... FAILED
[INFO] [stdout] test src/solution/id.rs - solution::id (line 7) ... FAILED
[INFO] [stdout] test src/solution/partial.rs - solution::partial::FidelitySol (line 284) ... FAILED
[INFO] [stdout] test src/solution/partial.rs - solution::partial::BaseSol (line 74) ... FAILED
[INFO] [stdout] test src/solution/partial.rs - solution::partial::BaseSol<SolId,Dom,Info>::new (line 196) ... FAILED
[INFO] [stdout] test src/solution/partial.rs - solution::partial (line 9) ... FAILED
[INFO] [stdout] test src/solution/shape.rs - solution::shape::Pair (line 89) ... FAILED
[INFO] [stdout] test src/solution/shape.rs - solution::shape (line 8) ... FAILED
[INFO] [stdout] test src/variable/var.rs - variable::var (line 23) ... FAILED
[INFO] [stdout] test src/stop/evaluated.rs - stop::evaluated::Evaluated::update (line 23) ... FAILED
[INFO] [stdout] test src/stop/time.rs - stop::time::Time::update (line 28) ... FAILED
[INFO] [stdout] test src/solution/batchtype.rs - solution::batchtype::OutBatch<SolId,Info,Out>::new (line 475) ... FAILED
[INFO] [stdout] test src/solution/batchtype.rs - solution::batchtype::OutBatch<SolId,Info,Out>::add_vec (line 539) ... FAILED
[INFO] [stdout] test src/variable/var.rs - variable::var::Var<Obj,NoDomain>::is_in_obj (line 575) ... FAILED
[INFO] [stdout] test src/variable/var.rs - variable::var (line 44) ... FAILED
[INFO] [stdout] test src/solution/shape.rs - solution::shape::Lone (line 538) ... FAILED
[INFO] [stdout] test src/stop/calls.rs - stop::calls::Calls::update (line 23) ... FAILED
[INFO] [stdout] test src/variable/var.rs - variable::var::Var<Obj,NoDomain>::onto_obj (line 499) ... FAILED
[INFO] [stdout] test src/variable/var.rs - variable::var::Var<Obj,NoDomain>::is_in_opt (line 592) ... FAILED
[INFO] [stdout] test src/variable/var.rs - variable::var (line 69) ... FAILED
[INFO] [stdout] test src/variable/var.rs - variable::var::Var<Obj,NoDomain>::replicate (line 611) ... FAILED
[INFO] [stdout] test src/variable/var.rs - variable::var::Var<Obj,NoDomain>::onto_opt (line 521) ... FAILED
[INFO] [stdout] test src/solution/batchtype.rs - solution::batchtype::OutBatch<SolId,Info,Out>::is_empty (line 601) ... FAILED
[INFO] [stdout] test src/variable/var.rs - variable::var::Var<Obj,Opt>::is_in_obj (line 341) ... FAILED
[INFO] [stdout] test src/solution/batchtype.rs - solution::batchtype::OutBatch<SolId,Info,Out>::size (line 582) ... FAILED
[INFO] [stdout] test src/variable/var.rs - variable::var::Var<Obj,Opt>::new (line 165) ... FAILED
[INFO] [stdout] test src/variable/var.rs - variable::var::Var<Obj,Opt>::onto_opt (line 245) ... FAILED
[INFO] [stdout] test src/variable/var.rs - variable::var::Var<Obj,Opt>::is_in_opt (line 374) ... FAILED
[INFO] [stdout] test src/variable/var.rs - variable::var::Var<Obj,Opt>::sample_obj (line 275) ... FAILED
[INFO] [stdout] test src/solution/computed.rs - solution::computed (line 36) ... FAILED
[INFO] [stdout] test src/variable/var.rs - variable::var::Var<Obj,Opt>::replicate (line 415) ... FAILED
[INFO] [stdout] test src/variable/var.rs - variable::var::Var<Obj,NoDomain>::sample_obj (line 539) ... FAILED
[INFO] [stdout] test src/variable/var.rs - variable::var::Var<Obj,NoDomain>::sample_opt (line 557) ... FAILED
[INFO] [stdout] test src/variable/var.rs - variable::var::Var<Obj,Opt>::onto_obj (line 209) ... FAILED
[INFO] [stdout] test src/solution/batchtype.rs - solution::batchtype::OutBatch<SolId,Info,Out>::empty (line 496) ... FAILED
[INFO] [stdout] test src/solution/batchtype.rs - solution::batchtype::OutBatch<SolId,Info,Out>::extend (line 560) ... FAILED
[INFO] [stdout] test src/variable/var.rs - variable::var::Var<Obj,NoDomain>::new (line 463) ... FAILED
[INFO] [stdout] test src/variable/var.rs - variable::var::Var<Obj,Opt>::sample_opt (line 304) ... FAILED
[INFO] [stdout] test src/utils/orderable.rs - utils::orderable::Orderable (line 42) ... ok
[INFO] [stdout] test src/solution/computed.rs - solution::computed (line 17) ... FAILED
[INFO] [stdout] 
[INFO] [stdout] failures:
[INFO] [stdout] 
[INFO] [stdout] ---- src/domain/onto.rs - domain::onto (line 8) stdout ----
[INFO] [stdout] error[E0433]: cannot find module or crate `tantale` in this scope
[INFO] [stdout]  --> src/domain/onto.rs:9:5
[INFO] [stdout]   |
[INFO] [stdout] 9 | use tantale::core::{Bounded, Domain, Uniform};
[INFO] [stdout]   |     ^^^^^^^ use of unresolved module or unlinked crate `tantale`
[INFO] [stdout]   |
[INFO] [stdout]   = help: if you wanted to use a crate named `tantale`, use `cargo add tantale` to add it to your `Cargo.toml`
[INFO] [stdout] 
[INFO] [stdout] error: aborting due to 1 previous error
[INFO] [stdout] 
[INFO] [stdout] For more information about this error, try `rustc --explain E0433`.
[INFO] [stdout] Couldn't compile the test.
[INFO] [stdout] ---- src/domain.rs - domain::Domain (line 118) stdout ----
[INFO] [stdout] error[E0433]: cannot find module or crate `tantale` in this scope
[INFO] [stdout]    --> src/domain.rs:119:5
[INFO] [stdout]     |
[INFO] [stdout] 119 | use tantale::core::domain::{Domain, PreDomain};
[INFO] [stdout]     |     ^^^^^^^ use of unresolved module or unlinked crate `tantale`
[INFO] [stdout]     |
[INFO] [stdout]     = help: if you wanted to use a crate named `tantale`, use `cargo add tantale` to add it to your `Cargo.toml`
[INFO] [stdout] 
[INFO] [stdout] error: aborting due to 1 previous error
[INFO] [stdout] 
[INFO] [stdout] For more information about this error, try `rustc --explain E0433`.
[INFO] [stdout] Couldn't compile the test.
[INFO] [stdout] ---- src/domain.rs - domain::Domain::sample (line 205) stdout ----
[INFO] [stdout] error[E0433]: cannot find module or crate `tantale` in this scope
[INFO] [stdout]    --> src/domain.rs:206:5
[INFO] [stdout]     |
[INFO] [stdout] 206 | use tantale::core::{Domain, Real, Uniform};
[INFO] [stdout]     |     ^^^^^^^ use of unresolved module or unlinked crate `tantale`
[INFO] [stdout]     |
[INFO] [stdout]     = help: if you wanted to use a crate named `tantale`, use `cargo add tantale` to add it to your `Cargo.toml`
[INFO] [stdout] 
[INFO] [stdout] error: aborting due to 1 previous error
[INFO] [stdout] 
[INFO] [stdout] For more information about this error, try `rustc --explain E0433`.
[INFO] [stdout] Couldn't compile the test.
[INFO] [stdout] ---- src/domain/bool.rs - domain::bool::Bool::contains (line 68) stdout ----
[INFO] [stdout] error[E0433]: cannot find module or crate `tantale` in this scope
[INFO] [stdout]   --> src/domain/bool.rs:69:5
[INFO] [stdout]    |
[INFO] [stdout] 69 | use tantale::core::{Bool,Domain, Bernoulli};
[INFO] [stdout]    |     ^^^^^^^ use of unresolved module or unlinked crate `tantale`
[INFO] [stdout]    |
[INFO] [stdout]    = help: if you wanted to use a crate named `tantale`, use `cargo add tantale` to add it to your `Cargo.toml`
[INFO] [stdout] 
[INFO] [stdout] error: aborting due to 1 previous error
[INFO] [stdout] 
[INFO] [stdout] For more information about this error, try `rustc --explain E0433`.
[INFO] [stdout] Couldn't compile the test.
[INFO] [stdout] ---- src/domain/grid.rs - domain::grid::GridDom<T>::new (line 54) stdout ----
[INFO] [stdout] error[E0433]: cannot find module or crate `tantale` in this scope
[INFO] [stdout]   --> src/domain/grid.rs:55:5
[INFO] [stdout]    |
[INFO] [stdout] 55 | use tantale::core::{Domain, GridDom, Uniform};
[INFO] [stdout]    |     ^^^^^^^ use of unresolved module or unlinked crate `tantale`
[INFO] [stdout]    |
[INFO] [stdout]    = help: if you wanted to use a crate named `tantale`, use `cargo add tantale` to add it to your `Cargo.toml`
[INFO] [stdout] 
[INFO] [stdout] error: aborting due to 1 previous error
[INFO] [stdout] 
[INFO] [stdout] For more information about this error, try `rustc --explain E0433`.
[INFO] [stdout] Couldn't compile the test.
[INFO] [stdout] ---- src/domain/bounded.rs - domain::bounded::Int (line 534) stdout ----
[INFO] [stdout] error[E0433]: cannot find module or crate `tantale` in this scope
[INFO] [stdout]    --> src/domain/bounded.rs:535:5
[INFO] [stdout]     |
[INFO] [stdout] 535 | use tantale::core::{Int,Domain,Uniform};
[INFO] [stdout]     |     ^^^^^^^ use of unresolved module or unlinked crate `tantale`
[INFO] [stdout]     |
[INFO] [stdout]     = help: if you wanted to use a crate named `tantale`, use `cargo add tantale` to add it to your `Cargo.toml`
[INFO] [stdout] 
[INFO] [stdout] error: aborting due to 1 previous error
[INFO] [stdout] 
[INFO] [stdout] For more information about this error, try `rustc --explain E0433`.
[INFO] [stdout] Couldn't compile the test.
[INFO] [stdout] ---- src/domain/grid.rs - domain::grid::Cat (line 415) stdout ----
[INFO] [stdout] error[E0433]: cannot find module or crate `tantale` in this scope
[INFO] [stdout]    --> src/domain/grid.rs:416:5
[INFO] [stdout]     |
[INFO] [stdout] 416 | use tantale::core::{Cat,Domain,Uniform};
[INFO] [stdout]     |     ^^^^^^^ use of unresolved module or unlinked crate `tantale`
[INFO] [stdout]     |
[INFO] [stdout]     = help: if you wanted to use a crate named `tantale`, use `cargo add tantale` to add it to your `Cargo.toml`
[INFO] [stdout] 
[INFO] [stdout] error: aborting due to 1 previous error
[INFO] [stdout] 
[INFO] [stdout] For more information about this error, try `rustc --explain E0433`.
[INFO] [stdout] Couldn't compile the test.
[INFO] [stdout] ---- src/domain/grid.rs - domain::grid::GridInt (line 355) stdout ----
[INFO] [stdout] error[E0433]: cannot find module or crate `tantale` in this scope
[INFO] [stdout]    --> src/domain/grid.rs:356:5
[INFO] [stdout]     |
[INFO] [stdout] 356 | use tantale::core::{GridInt,Domain,Uniform};
[INFO] [stdout]     |     ^^^^^^^ use of unresolved module or unlinked crate `tantale`
[INFO] [stdout]     |
[INFO] [stdout]     = help: if you wanted to use a crate named `tantale`, use `cargo add tantale` to add it to your `Cargo.toml`
[INFO] [stdout] 
[INFO] [stdout] error: aborting due to 1 previous error
[INFO] [stdout] 
[INFO] [stdout] For more information about this error, try `rustc --explain E0433`.
[INFO] [stdout] Couldn't compile the test.
[INFO] [stdout] ---- src/domain/bounded.rs - domain::bounded (line 17) stdout ----
[INFO] [stdout] error[E0433]: cannot find module or crate `tantale` in this scope
[INFO] [stdout]   --> src/domain/bounded.rs:18:5
[INFO] [stdout]    |
[INFO] [stdout] 18 | use tantale::core::{Bounded, Domain, Uniform};
[INFO] [stdout]    |     ^^^^^^^ use of unresolved module or unlinked crate `tantale`
[INFO] [stdout]    |
[INFO] [stdout]    = help: if you wanted to use a crate named `tantale`, use `cargo add tantale` to add it to your `Cargo.toml`
[INFO] [stdout] 
[INFO] [stdout] error: aborting due to 1 previous error
[INFO] [stdout] 
[INFO] [stdout] For more information about this error, try `rustc --explain E0433`.
[INFO] [stdout] Couldn't compile the test.
[INFO] [stdout] ---- src/domain/grid.rs - domain::grid::GridNat (line 385) stdout ----
[INFO] [stdout] error[E0433]: cannot find module or crate `tantale` in this scope
[INFO] [stdout]    --> src/domain/grid.rs:386:5
[INFO] [stdout]     |
[INFO] [stdout] 386 | use tantale::core::{GridNat,Domain,Uniform};
[INFO] [stdout]     |     ^^^^^^^ use of unresolved module or unlinked crate `tantale`
[INFO] [stdout]     |
[INFO] [stdout]     = help: if you wanted to use a crate named `tantale`, use `cargo add tantale` to add it to your `Cargo.toml`
[INFO] [stdout] 
[INFO] [stdout] error: aborting due to 1 previous error
[INFO] [stdout] 
[INFO] [stdout] For more information about this error, try `rustc --explain E0433`.
[INFO] [stdout] Couldn't compile the test.
[INFO] [stdout] ---- src/domain/bool.rs - domain::bool::Bool (line 24) stdout ----
[INFO] [stdout] error[E0433]: cannot find module or crate `tantale` in this scope
[INFO] [stdout]   --> src/domain/bool.rs:25:5
[INFO] [stdout]    |
[INFO] [stdout] 25 | use tantale::core::{Bool,Domain, Bernoulli};
[INFO] [stdout]    |     ^^^^^^^ use of unresolved module or unlinked crate `tantale`
[INFO] [stdout]    |
[INFO] [stdout]    = help: if you wanted to use a crate named `tantale`, use `cargo add tantale` to add it to your `Cargo.toml`
[INFO] [stdout] 
[INFO] [stdout] error: aborting due to 1 previous error
[INFO] [stdout] 
[INFO] [stdout] For more information about this error, try `rustc --explain E0433`.
[INFO] [stdout] Couldn't compile the test.
[INFO] [stdout] ---- src/domain/bounded.rs - domain::bounded::Nat (line 500) stdout ----
[INFO] [stdout] error[E0433]: cannot find module or crate `tantale` in this scope
[INFO] [stdout]    --> src/domain/bounded.rs:501:5
[INFO] [stdout]     |
[INFO] [stdout] 501 | use tantale::core::{Nat,Domain,Uniform};
[INFO] [stdout]     |     ^^^^^^^ use of unresolved module or unlinked crate `tantale`
[INFO] [stdout]     |
[INFO] [stdout]     = help: if you wanted to use a crate named `tantale`, use `cargo add tantale` to add it to your `Cargo.toml`
[INFO] [stdout] 
[INFO] [stdout] error: aborting due to 1 previous error
[INFO] [stdout] 
[INFO] [stdout] For more information about this error, try `rustc --explain E0433`.
[INFO] [stdout] Couldn't compile the test.
[INFO] [stdout] ---- src/domain/grid.rs - domain::grid::GridDom (line 29) stdout ----
[INFO] [stdout] error[E0433]: cannot find module or crate `tantale` in this scope
[INFO] [stdout]   --> src/domain/grid.rs:30:5
[INFO] [stdout]    |
[INFO] [stdout] 30 | use tantale::core::{Domain, GridDom, Uniform};
[INFO] [stdout]    |     ^^^^^^^ use of unresolved module or unlinked crate `tantale`
[INFO] [stdout]    |
[INFO] [stdout]    = help: if you wanted to use a crate named `tantale`, use `cargo add tantale` to add it to your `Cargo.toml`
[INFO] [stdout] 
[INFO] [stdout] error: aborting due to 1 previous error
[INFO] [stdout] 
[INFO] [stdout] For more information about this error, try `rustc --explain E0433`.
[INFO] [stdout] Couldn't compile the test.
[INFO] [stdout] ---- src/domain/bounded.rs - domain::bounded::Real (line 466) stdout ----
[INFO] [stdout] error[E0433]: cannot find module or crate `tantale` in this scope
[INFO] [stdout]    --> src/domain/bounded.rs:467:5
[INFO] [stdout]     |
[INFO] [stdout] 467 | use tantale::core::{Real,Domain,Uniform};
[INFO] [stdout]     |     ^^^^^^^ use of unresolved module or unlinked crate `tantale`
[INFO] [stdout]     |
[INFO] [stdout]     = help: if you wanted to use a crate named `tantale`, use `cargo add tantale` to add it to your `Cargo.toml`
[INFO] [stdout] 
[INFO] [stdout] error: aborting due to 1 previous error
[INFO] [stdout] 
[INFO] [stdout] For more information about this error, try `rustc --explain E0433`.
[INFO] [stdout] Couldn't compile the test.
[INFO] [stdout] ---- src/domain/grid.rs - domain::grid::GridReal (line 325) stdout ----
[INFO] [stdout] error[E0433]: cannot find module or crate `tantale` in this scope
[INFO] [stdout]    --> src/domain/grid.rs:326:5
[INFO] [stdout]     |
[INFO] [stdout] 326 | use tantale::core::{GridReal,Domain,Uniform};
[INFO] [stdout]     |     ^^^^^^^ use of unresolved module or unlinked crate `tantale`
[INFO] [stdout]     |
[INFO] [stdout]     = help: if you wanted to use a crate named `tantale`, use `cargo add tantale` to add it to your `Cargo.toml`
[INFO] [stdout] 
[INFO] [stdout] error: aborting due to 1 previous error
[INFO] [stdout] 
[INFO] [stdout] For more information about this error, try `rustc --explain E0433`.
[INFO] [stdout] Couldn't compile the test.
[INFO] [stdout] ---- src/sampler.rs - sampler::Uniform (line 239) stdout ----
[INFO] [stdout] error[E0433]: cannot find module or crate `tantale` in this scope
[INFO] [stdout]    --> src/sampler.rs:240:5
[INFO] [stdout]     |
[INFO] [stdout] 240 | use tantale::core::{Sampler, Uniform, Real, Domain};
[INFO] [stdout]     |     ^^^^^^^ use of unresolved module or unlinked crate `tantale`
[INFO] [stdout]     |
[INFO] [stdout]     = help: if you wanted to use a crate named `tantale`, use `cargo add tantale` to add it to your `Cargo.toml`
[INFO] [stdout] 
[INFO] [stdout] error: aborting due to 1 previous error
[INFO] [stdout] 
[INFO] [stdout] For more information about this error, try `rustc --explain E0433`.
[INFO] [stdout] Couldn't compile the test.
[INFO] [stdout] ---- src/sampler.rs - sampler (line 32) stdout ----
[INFO] [stdout] error[E0433]: cannot find module or crate `tantale` in this scope
[INFO] [stdout]   --> src/sampler.rs:33:5
[INFO] [stdout]    |
[INFO] [stdout] 33 | use tantale::core::{Domain, Real, Sampler, Uniform};
[INFO] [stdout]    |     ^^^^^^^ use of unresolved module or unlinked crate `tantale`
[INFO] [stdout]    |
[INFO] [stdout]    = help: if you wanted to use a crate named `tantale`, use `cargo add tantale` to add it to your `Cargo.toml`
[INFO] [stdout] 
[INFO] [stdout] error: aborting due to 1 previous error
[INFO] [stdout] 
[INFO] [stdout] For more information about this error, try `rustc --explain E0433`.
[INFO] [stdout] Couldn't compile the test.
[INFO] [stdout] ---- src/sampler.rs - sampler::BoolDistribution (line 156) stdout ----
[INFO] [stdout] error[E0433]: cannot find module or crate `tantale` in this scope
[INFO] [stdout]    --> src/sampler.rs:157:5
[INFO] [stdout]     |
[INFO] [stdout] 157 | use tantale::core::{Bernoulli,BoolDistribution};
[INFO] [stdout]     |     ^^^^^^^ use of unresolved module or unlinked crate `tantale`
[INFO] [stdout]     |
[INFO] [stdout]     = help: if you wanted to use a crate named `tantale`, use `cargo add tantale` to add it to your `Cargo.toml`
[INFO] [stdout] 
[INFO] [stdout] error: aborting due to 1 previous error
[INFO] [stdout] 
[INFO] [stdout] For more information about this error, try `rustc --explain E0433`.
[INFO] [stdout] Couldn't compile the test.
[INFO] [stdout] ---- src/domain/unit.rs - domain::unit::Unit (line 25) stdout ----
[INFO] [stdout] error[E0433]: cannot find module or crate `tantale` in this scope
[INFO] [stdout]   --> src/domain/unit.rs:26:5
[INFO] [stdout]    |
[INFO] [stdout] 26 | use tantale::core::{Unit, Domain,Uniform};
[INFO] [stdout]    |     ^^^^^^^ use of unresolved module or unlinked crate `tantale`
[INFO] [stdout]    |
[INFO] [stdout]    = help: if you wanted to use a crate named `tantale`, use `cargo add tantale` to add it to your `Cargo.toml`
[INFO] [stdout] 
[INFO] [stdout] error: aborting due to 1 previous error
[INFO] [stdout] 
[INFO] [stdout] For more information about this error, try `rustc --explain E0433`.
[INFO] [stdout] Couldn't compile the test.
[INFO] [stdout] ---- src/sampler.rs - sampler::BoundedDistribution (line 120) stdout ----
[INFO] [stdout] error[E0433]: cannot find module or crate `tantale` in this scope
[INFO] [stdout]    --> src/sampler.rs:121:5
[INFO] [stdout]     |
[INFO] [stdout] 121 | use tantale::core::{Uniform,BoundedDistribution};
[INFO] [stdout]     |     ^^^^^^^ use of unresolved module or unlinked crate `tantale`
[INFO] [stdout]     |
[INFO] [stdout]     = help: if you wanted to use a crate named `tantale`, use `cargo add tantale` to add it to your `Cargo.toml`
[INFO] [stdout] 
[INFO] [stdout] error: aborting due to 1 previous error
[INFO] [stdout] 
[INFO] [stdout] For more information about this error, try `rustc --explain E0433`.
[INFO] [stdout] Couldn't compile the test.
[INFO] [stdout] ---- src/sampler.rs - sampler::Bernoulli (line 292) stdout ----
[INFO] [stdout] error[E0433]: cannot find module or crate `tantale` in this scope
[INFO] [stdout]    --> src/sampler.rs:293:5
[INFO] [stdout]     |
[INFO] [stdout] 293 | use tantale::core::{Sampler, Bernoulli, Bool, Domain};
[INFO] [stdout]     |     ^^^^^^^ use of unresolved module or unlinked crate `tantale`
[INFO] [stdout]     |
[INFO] [stdout]     = help: if you wanted to use a crate named `tantale`, use `cargo add tantale` to add it to your `Cargo.toml`
[INFO] [stdout] 
[INFO] [stdout] error: aborting due to 1 previous error
[INFO] [stdout] 
[INFO] [stdout] For more information about this error, try `rustc --explain E0433`.
[INFO] [stdout] Couldn't compile the test.
[INFO] [stdout] ---- src/sampler.rs - sampler::GridDomDistribution (line 184) stdout ----
[INFO] [stdout] error[E0433]: cannot find module or crate `tantale` in this scope
[INFO] [stdout]    --> src/sampler.rs:185:5
[INFO] [stdout]     |
[INFO] [stdout] 185 | use tantale::core::{GridDomDistribution,Uniform};
[INFO] [stdout]     |     ^^^^^^^ use of unresolved module or unlinked crate `tantale`
[INFO] [stdout]     |
[INFO] [stdout]     = help: if you wanted to use a crate named `tantale`, use `cargo add tantale` to add it to your `Cargo.toml`
[INFO] [stdout] 
[INFO] [stdout] error: aborting due to 1 previous error
[INFO] [stdout] 
[INFO] [stdout] For more information about this error, try `rustc --explain E0433`.
[INFO] [stdout] Couldn't compile the test.
[INFO] [stdout] ---- src/sampler.rs - sampler::DomainSampler (line 81) stdout ----
[INFO] [stdout] error[E0433]: cannot find module or crate `tantale` in this scope
[INFO] [stdout]   --> src/sampler.rs:82:5
[INFO] [stdout]    |
[INFO] [stdout] 82 | use tantale::core::{Domain, Real, Sampler, Uniform};
[INFO] [stdout]    |     ^^^^^^^ use of unresolved module or unlinked crate `tantale`
[INFO] [stdout]    |
[INFO] [stdout]    = help: if you wanted to use a crate named `tantale`, use `cargo add tantale` to add it to your `Cargo.toml`
[INFO] [stdout] 
[INFO] [stdout] error: aborting due to 1 previous error
[INFO] [stdout] 
[INFO] [stdout] For more information about this error, try `rustc --explain E0433`.
[INFO] [stdout] Couldn't compile the test.
[INFO] [stdout] ---- src/objective/outcome.rs - objective::outcome (line 100) stdout ----
[INFO] [stdout] error[E0433]: cannot find module or crate `tantale` in this scope
[INFO] [stdout]    --> src/objective/outcome.rs:101:5
[INFO] [stdout]     |
[INFO] [stdout] 101 | use tantale::macros::Outcome;
[INFO] [stdout]     |     ^^^^^^^ use of unresolved module or unlinked crate `tantale`
[INFO] [stdout]     |
[INFO] [stdout]     = help: if you wanted to use a crate named `tantale`, use `cargo add tantale` to add it to your `Cargo.toml`
[INFO] [stdout] 
[INFO] [stdout] error[E0433]: cannot find module or crate `tantale` in this scope
[INFO] [stdout]    --> src/objective/outcome.rs:102:5
[INFO] [stdout]     |
[INFO] [stdout] 102 | use tantale::core::{Outcome, FidOutcome, Codomain, Step, EvalStep, CostConstMultiCodomain};
[INFO] [stdout]     |     ^^^^^^^ use of unresolved module or unlinked crate `tantale`
[INFO] [stdout]     |
[INFO] [stdout]     = help: if you wanted to use a crate named `tantale`, use `cargo add tantale` to add it to your `Cargo.toml`
[INFO] [stdout] 
[INFO] [stdout] error: aborting due to 2 previous errors
[INFO] [stdout] 
[INFO] [stdout] For more information about this error, try `rustc --explain E0433`.
[INFO] [stdout] Couldn't compile the test.
[INFO] [stdout] ---- src/lib.rs - (line 72) stdout ----
[INFO] [stdout] error[E0433]: cannot find module or crate `tantale` in this scope
[INFO] [stdout]   --> src/lib.rs:73:5
[INFO] [stdout]    |
[INFO] [stdout] 73 | use tantale::core::{Bool, Cat, Int, Nat, Real, Bernoulli, Uniform};
[INFO] [stdout]    |     ^^^^^^^ use of unresolved module or unlinked crate `tantale`
[INFO] [stdout]    |
[INFO] [stdout]    = help: if you wanted to use a crate named `tantale`, use `cargo add tantale` to add it to your `Cargo.toml`
[INFO] [stdout] 
[INFO] [stdout] error[E0433]: cannot find module or crate `tantale` in this scope
[INFO] [stdout]   --> src/lib.rs:74:5
[INFO] [stdout]    |
[INFO] [stdout] 74 | use tantale::macros::{objective, Outcome, CSVWritable};
[INFO] [stdout]    |     ^^^^^^^ use of unresolved module or unlinked crate `tantale`
[INFO] [stdout]    |
[INFO] [stdout]    = help: if you wanted to use a crate named `tantale`, use `cargo add tantale` to add it to your `Cargo.toml`
[INFO] [stdout] 
[INFO] [stdout] error: cannot find attribute `maximize` in this scope
[INFO] [stdout]   --> src/lib.rs:79:7
[INFO] [stdout]    |
[INFO] [stdout] 79 |     #[maximize]
[INFO] [stdout]    |       ^^^^^^^^
[INFO] [stdout] 
[INFO] [stdout] error: aborting due to 3 previous errors
[INFO] [stdout] 
[INFO] [stdout] For more information about this error, try `rustc --explain E0433`.
[INFO] [stdout] Couldn't compile the test.
[INFO] [stdout] ---- src/lib.rs - (line 115) stdout ----
[INFO] [stdout] error[E0433]: cannot find module or crate `tantale` in this scope
[INFO] [stdout]    --> src/lib.rs:116:5
[INFO] [stdout]     |
[INFO] [stdout] 116 | use tantale::core::{FuncState, Bool, Cat, Int, Nat, Real, Bernoulli, Uniform, Step};
[INFO] [stdout]     |     ^^^^^^^ use of unresolved module or unlinked crate `tantale`
[INFO] [stdout]     |
[INFO] [stdout]     = help: if you wanted to use a crate named `tantale`, use `cargo add tantale` to add it to your `Cargo.toml`
[INFO] [stdout] 
[INFO] [stdout] error[E0433]: cannot find module or crate `tantale` in this scope
[INFO] [stdout]    --> src/lib.rs:117:5
[INFO] [stdout]     |
[INFO] [stdout] 117 | use tantale::macros::{objective, Outcome, CSVWritable};
[INFO] [stdout]     |     ^^^^^^^ use of unresolved module or unlinked crate `tantale`
[INFO] [stdout]     |
[INFO] [stdout]     = help: if you wanted to use a crate named `tantale`, use `cargo add tantale` to add it to your `Cargo.toml`
[INFO] [stdout] 
[INFO] [stdout] error: cannot find attribute `maximize` in this scope
[INFO] [stdout]    --> src/lib.rs:122:7
[INFO] [stdout]     |
[INFO] [stdout] 122 |     #[maximize]
[INFO] [stdout]     |       ^^^^^^^^
[INFO] [stdout] 
[INFO] [stdout] error: cannot find attribute `step` in this scope
[INFO] [stdout]    --> src/lib.rs:125:7
[INFO] [stdout]     |
[INFO] [stdout] 125 |     #[step]
[INFO] [stdout]     |       ^^^^
[INFO] [stdout] 
[INFO] [stdout] error: aborting due to 4 previous errors
[INFO] [stdout] 
[INFO] [stdout] For more information about this error, try `rustc --explain E0433`.
[INFO] [stdout] Couldn't compile the test.
[INFO] [stdout] ---- src/searchspace.rs - searchspace::Searchspace::contains_opt (line 582) stdout ----
[INFO] [stdout] error[E0433]: cannot find module or crate `tantale` in this scope
[INFO] [stdout]    --> src/searchspace.rs:596:5
[INFO] [stdout]     |
[INFO] [stdout] 596 | use tantale::core::{Sp, BaseSol, Real, Mixed, Solution, EmptyInfo, SId, Searchspace};
[INFO] [stdout]     |     ^^^^^^^ use of unresolved module or unlinked crate `tantale`
[INFO] [stdout]     |
[INFO] [stdout]     = help: if you wanted to use a crate named `tantale`, use `cargo add tantale` to add it to your `Cargo.toml`
[INFO] [stdout] 
[INFO] [stdout] error[E0433]: cannot find module or crate `tantale` in this scope
[INFO] [stdout]    --> src/searchspace.rs:584:12
[INFO] [stdout]     |
[INFO] [stdout] 584 |        use tantale::core::{Bool, Cat, Nat, Real, Searchspace, Uniform, Bernoulli};
[INFO] [stdout]     |            ^^^^^^^ use of unresolved module or unlinked crate `tantale`
[INFO] [stdout]     |
[INFO] [stdout]     = help: if you wanted to use a crate named `tantale`, use `cargo add tantale` to add it to your `Cargo.toml`
[INFO] [stdout] 
[INFO] [stdout] error[E0433]: cannot find module or crate `tantale` in this scope
[INFO] [stdout]    --> src/searchspace.rs:585:12
[INFO] [stdout]     |
[INFO] [stdout] 585 |        use tantale::macros::hpo;
[INFO] [stdout]     |            ^^^^^^^ use of unresolved module or unlinked crate `tantale`
[INFO] [stdout]     |
[INFO] [stdout]     = help: if you wanted to use a crate named `tantale`, use `cargo add tantale` to add it to your `Cargo.toml`
[INFO] [stdout] 
[INFO] [stdout] error[E0425]: cannot find function `get_searchspace` in module `sp`
[INFO] [stdout]    --> src/searchspace.rs:601:31
[INFO] [stdout]     |
[INFO] [stdout] 601 | let sp: Sp<Mixed, Real> = sp::get_searchspace();
[INFO] [stdout]     |                               ^^^^^^^^^^^^^^^ not found in `sp`
[INFO] [stdout] 
[INFO] [stdout] error: aborting due to 4 previous errors
[INFO] [stdout] 
[INFO] [stdout] Some errors have detailed explanations: E0425, E0433.
[INFO] [stdout] For more information about an error, try `rustc --explain E0425`.
[INFO] [stdout] Couldn't compile the test.
[INFO] [stdout] ---- src/searchspace.rs - searchspace (line 38) stdout ----
[INFO] [stdout] error[E0433]: cannot find module or crate `tantale` in this scope
[INFO] [stdout]   --> src/searchspace.rs:80:5
[INFO] [stdout]    |
[INFO] [stdout] 80 | use tantale::core::{HasX, Sp, BaseSol, EmptyInfo,Searchspace,Solution,SId, HasId};
[INFO] [stdout]    |     ^^^^^^^ use of unresolved module or unlinked crate `tantale`
[INFO] [stdout]    |
[INFO] [stdout]    = help: if you wanted to use a crate named `tantale`, use `cargo add tantale` to add it to your `Cargo.toml`
[INFO] [stdout] 
[INFO] [stdout] error[E0433]: cannot find module or crate `tantale` in this scope
[INFO] [stdout]   --> src/searchspace.rs:40:9
[INFO] [stdout]    |
[INFO] [stdout] 40 |     use tantale::core::{Bool, Cat, Nat, Real, Searchspace, Uniform, Bernoulli};
[INFO] [stdout]    |         ^^^^^^^ use of unresolved module or unlinked crate `tantale`
[INFO] [stdout]    |
[INFO] [stdout]    = help: if you wanted to use a crate named `tantale`, use `cargo add tantale` to add it to your `Cargo.toml`
[INFO] [stdout] 
[INFO] [stdout] error[E0433]: cannot find module or crate `tantale` in this scope
[INFO] [stdout]   --> src/searchspace.rs:41:9
[INFO] [stdout]    |
[INFO] [stdout] 41 |     use tantale::macros::{hpo, Outcome};
[INFO] [stdout]    |         ^^^^^^^ use of unresolved module or unlinked crate `tantale`
[INFO] [stdout]    |
[INFO] [stdout]    = help: if you wanted to use a crate named `tantale`, use `cargo add tantale` to add it to your `Cargo.toml`
[INFO] [stdout] 
[INFO] [stdout] error[E0432]: unresolved imports `searchspace::ObjType`, `searchspace::OptType`
[INFO] [stdout]   --> src/searchspace.rs:81:19
[INFO] [stdout]    |
[INFO] [stdout] 81 | use searchspace::{ObjType, OptType};
[INFO] [stdout]    |                   ^^^^^^^  ^^^^^^^ no `OptType` in `<opaque>::<opaque>::searchspace`
[INFO] [stdout]    |                   |
[INFO] [stdout]    |                   no `ObjType` in `<opaque>::<opaque>::searchspace`
[INFO] [stdout] 
[INFO] [stdout] error: cannot find attribute `maximize` in this scope
[INFO] [stdout]   --> src/searchspace.rs:54:28
[INFO] [stdout]    |
[INFO] [stdout] 54 |     pub struct OutStruct{#[maximize] pub out:f64}
[INFO] [stdout]    |                            ^^^^^^^^
[INFO] [stdout] 
[INFO] [stdout] error[E0405]: cannot find trait `Domain` in this scope
[INFO] [stdout]   --> src/searchspace.rs:57:52
[INFO] [stdout]    |
[INFO] [stdout] 57 |     pub fn example(tantale_in : Arc::<[<ObjType as Domain>::TypeDom]>) -> OutStruct{
[INFO] [stdout]    |                                                    ^^^^^^ not found in this scope
[INFO] [stdout] 
[INFO] [stdout] error[E0425]: cannot find type `ObjType` in this scope
[INFO] [stdout]   --> src/searchspace.rs:57:41
[INFO] [stdout]    |
[INFO] [stdout] 57 |     pub fn example(tantale_in : Arc::<[<ObjType as Domain>::TypeDom]>) -> OutStruct{
[INFO] [stdout]    |                                         ^^^^^^^ not found in this scope
[INFO] [stdout]    |
[INFO] [stdout] help: you might be missing a type parameter
[INFO] [stdout]    |
[INFO] [stdout] 57 |     pub fn example<ObjType>(tantale_in : Arc::<[<ObjType as Domain>::TypeDom]>) -> OutStruct{
[INFO] [stdout]    |                   +++++++++
[INFO] [stdout] 
[INFO] [stdout] error[E0425]: cannot find function `get_searchspace` in module `searchspace`
[INFO] [stdout]   --> src/searchspace.rs:83:23
[INFO] [stdout]    |
[INFO] [stdout] 83 | let sp = searchspace::get_searchspace();
[INFO] [stdout]    |                       ^^^^^^^^^^^^^^^ not found in `searchspace`
[INFO] [stdout] 
[INFO] [stdout] error[E0433]: cannot find type `MixedTypeDom` in this scope
[INFO] [stdout]   --> src/searchspace.rs:59:13
[INFO] [stdout]    |
[INFO] [stdout] 59 |             MixedTypeDom::Real(value) => value,
[INFO] [stdout]    |             ^^^^^^^^^^^^ use of undeclared type `MixedTypeDom`
[INFO] [stdout] 
[INFO] [stdout] error[E0433]: cannot find type `MixedTypeDom` in this scope
[INFO] [stdout]   --> src/searchspace.rs:63:13
[INFO] [stdout]    |
[INFO] [stdout] 63 |             MixedTypeDom::Nat(value) => value,
[INFO] [stdout]    |             ^^^^^^^^^^^^ use of undeclared type `MixedTypeDom`
[INFO] [stdout] 
[INFO] [stdout] error[E0433]: cannot find type `MixedTypeDom` in this scope
[INFO] [stdout]   --> src/searchspace.rs:67:13
[INFO] [stdout]    |
[INFO] [stdout] 67 |             MixedTypeDom::Cat(ref value) => value,
[INFO] [stdout]    |             ^^^^^^^^^^^^ use of undeclared type `MixedTypeDom`
[INFO] [stdout] 
[INFO] [stdout] error[E0433]: cannot find type `MixedTypeDom` in this scope
[INFO] [stdout]   --> src/searchspace.rs:71:13
[INFO] [stdout]    |
[INFO] [stdout] 71 |             MixedTypeDom::Bool(value) => value,
[INFO] [stdout]    |             ^^^^^^^^^^^^ use of undeclared type `MixedTypeDom`
[INFO] [stdout] 
[INFO] [stdout] error: aborting due to 12 previous errors
[INFO] [stdout] 
[INFO] [stdout] Some errors have detailed explanations: E0405, E0425, E0432, E0433.
[INFO] [stdout] For more information about an error, try `rustc --explain E0405`.
[INFO] [stdout] Couldn't compile the test.
[INFO] [stdout] ---- src/objective/obj.rs - objective::obj (line 63) stdout ----
[INFO] [stdout] error[E0433]: cannot find module or crate `tantale` in this scope
[INFO] [stdout]   --> src/objective/obj.rs:64:5
[INFO] [stdout]    |
[INFO] [stdout] 64 | use tantale::core::{FuncState,Step, Bool, Cat, Int, Nat, Real, Bernoulli, Uniform};
[INFO] [stdout]    |     ^^^^^^^ use of unresolved module or unlinked crate `tantale`
[INFO] [stdout]    |
[INFO] [stdout]    = help: if you wanted to use a crate named `tantale`, use `cargo add tantale` to add it to your `Cargo.toml`
[INFO] [stdout] 
[INFO] [stdout] error[E0433]: cannot find module or crate `tantale` in this scope
[INFO] [stdout]   --> src/objective/obj.rs:65:5
[INFO] [stdout]    |
[INFO] [stdout] 65 | use tantale::macros::{Outcome, objective};
[INFO] [stdout]    |     ^^^^^^^ use of unresolved module or unlinked crate `tantale`
[INFO] [stdout]    |
[INFO] [stdout]    = help: if you wanted to use a crate named `tantale`, use `cargo add tantale` to add it to your `Cargo.toml`
[INFO] [stdout] 
[INFO] [stdout] error: cannot find attribute `maximize` in this scope
[INFO] [stdout]   --> src/objective/obj.rs:70:7
[INFO] [stdout]    |
[INFO] [stdout] 70 |     #[maximize]
[INFO] [stdout]    |       ^^^^^^^^
[INFO] [stdout] 
[INFO] [stdout] error: cannot find attribute `step` in this scope
[INFO] [stdout]   --> src/objective/obj.rs:80:7
[INFO] [stdout]    |
[INFO] [stdout] 80 |     #[step]
[INFO] [stdout]    |       ^^^^
[INFO] [stdout] 
[INFO] [stdout] error: aborting due to 4 previous errors
[INFO] [stdout] 
[INFO] [stdout] For more information about this error, try `rustc --explain E0433`.
[INFO] [stdout] Couldn't compile the test.
[INFO] [stdout] ---- src/searchspace.rs - searchspace::Searchspace::sample_pair (line 495) stdout ----
[INFO] [stdout] error[E0433]: cannot find module or crate `tantale` in this scope
[INFO] [stdout]    --> src/searchspace.rs:509:5
[INFO] [stdout]     |
[INFO] [stdout] 509 | use tantale::core::{HasX,Sp, BaseSol, Real, Mixed, Pair, Solution, EmptyInfo, SId, Searchspace, SolutionShape, HasId};
[INFO] [stdout]     |     ^^^^^^^ use of unresolved module or unlinked crate `tantale`
[INFO] [stdout]     |
[INFO] [stdout]     = help: if you wanted to use a crate named `tantale`, use `cargo add tantale` to add it to your `Cargo.toml`
[INFO] [stdout] 
[INFO] [stdout] error[E0433]: cannot find module or crate `tantale` in this scope
[INFO] [stdout]    --> src/searchspace.rs:497:12
[INFO] [stdout]     |
[INFO] [stdout] 497 |        use tantale::core::{Bool, Cat, Nat, Real, Searchspace, Uniform, Bernoulli};
[INFO] [stdout]     |            ^^^^^^^ use of unresolved module or unlinked crate `tantale`
[INFO] [stdout]     |
[INFO] [stdout]     = help: if you wanted to use a crate named `tantale`, use `cargo add tantale` to add it to your `Cargo.toml`
[INFO] [stdout] 
[INFO] [stdout] error[E0433]: cannot find module or crate `tantale` in this scope
[INFO] [stdout]    --> src/searchspace.rs:498:12
[INFO] [stdout]     |
[INFO] [stdout] 498 |        use tantale::macros::hpo;
[INFO] [stdout]     |            ^^^^^^^ use of unresolved module or unlinked crate `tantale`
[INFO] [stdout]     |
[INFO] [stdout]     = help: if you wanted to use a crate named `tantale`, use `cargo add tantale` to add it to your `Cargo.toml`
[INFO] [stdout] 
[INFO] [stdout] error[E0425]: cannot find function `get_searchspace` in module `sp`
[INFO] [stdout]    --> src/searchspace.rs:514:31
[INFO] [stdout]     |
[INFO] [stdout] 514 | let sp: Sp<Mixed, Real> = sp::get_searchspace();
[INFO] [stdout]     |                               ^^^^^^^^^^^^^^^ not found in `sp`
[INFO] [stdout] 
[INFO] [stdout] error: aborting due to 4 previous errors
[INFO] [stdout] 
[INFO] [stdout] Some errors have detailed explanations: E0425, E0433.
[INFO] [stdout] For more information about an error, try `rustc --explain E0425`.
[INFO] [stdout] Couldn't compile the test.
[INFO] [stdout] ---- src/searchspace.rs - searchspace::Searchspace::sample_obj (line 342) stdout ----
[INFO] [stdout] error[E0433]: cannot find module or crate `tantale` in this scope
[INFO] [stdout]    --> src/searchspace.rs:356:5
[INFO] [stdout]     |
[INFO] [stdout] 356 | use tantale::core::{HasX, Sp, BaseSol, Mixed, Real, Solution, EmptyInfo, SId, Searchspace};
[INFO] [stdout]     |     ^^^^^^^ use of unresolved module or unlinked crate `tantale`
[INFO] [stdout]     |
[INFO] [stdout]     = help: if you wanted to use a crate named `tantale`, use `cargo add tantale` to add it to your `Cargo.toml`
[INFO] [stdout] 
[INFO] [stdout] error[E0433]: cannot find module or crate `tantale` in this scope
[INFO] [stdout]    --> src/searchspace.rs:344:12
[INFO] [stdout]     |
[INFO] [stdout] 344 |        use tantale::core::{Bool, Cat, Nat, Real, Searchspace, Uniform, Bernoulli};
[INFO] [stdout]     |            ^^^^^^^ use of unresolved module or unlinked crate `tantale`
[INFO] [stdout]     |
[INFO] [stdout]     = help: if you wanted to use a crate named `tantale`, use `cargo add tantale` to add it to your `Cargo.toml`
[INFO] [stdout] 
[INFO] [stdout] error[E0433]: cannot find module or crate `tantale` in this scope
[INFO] [stdout]    --> src/searchspace.rs:345:12
[INFO] [stdout]     |
[INFO] [stdout] 345 |        use tantale::macros::hpo;
[INFO] [stdout]     |            ^^^^^^^ use of unresolved module or unlinked crate `tantale`
[INFO] [stdout]     |
[INFO] [stdout]     = help: if you wanted to use a crate named `tantale`, use `cargo add tantale` to add it to your `Cargo.toml`
[INFO] [stdout] 
[INFO] [stdout] error[E0425]: cannot find function `get_searchspace` in module `sp`
[INFO] [stdout]    --> src/searchspace.rs:361:31
[INFO] [stdout]     |
[INFO] [stdout] 361 | let sp: Sp<Mixed, Real> = sp::get_searchspace();
[INFO] [stdout]     |                               ^^^^^^^^^^^^^^^ not found in `sp`
[INFO] [stdout] 
[INFO] [stdout] error: aborting due to 4 previous errors
[INFO] [stdout] 
[INFO] [stdout] Some errors have detailed explanations: E0425, E0433.
[INFO] [stdout] For more information about an error, try `rustc --explain E0425`.
[INFO] [stdout] Couldn't compile the test.
[INFO] [stdout] ---- src/searchspace.rs - searchspace::Searchspace::onto_obj (line 302) stdout ----
[INFO] [stdout] error[E0433]: cannot find module or crate `tantale` in this scope
[INFO] [stdout]    --> src/searchspace.rs:316:5
[INFO] [stdout]     |
[INFO] [stdout] 316 | use tantale::core::{HasX, Sp, BaseSol, Bounded, Mixed, Real, Solution, EmptyInfo, SId, Searchspace, SolutionShape};
[INFO] [stdout]     |     ^^^^^^^ use of unresolved module or unlinked crate `tantale`
[INFO] [stdout]     |
[INFO] [stdout]     = help: if you wanted to use a crate named `tantale`, use `cargo add tantale` to add it to your `Cargo.toml`
[INFO] [stdout] 
[INFO] [stdout] error[E0433]: cannot find module or crate `tantale` in this scope
[INFO] [stdout]    --> src/searchspace.rs:304:12
[INFO] [stdout]     |
[INFO] [stdout] 304 |        use tantale::core::{Bool, Cat, Nat, Real, Searchspace, Uniform, Bernoulli};
[INFO] [stdout]     |            ^^^^^^^ use of unresolved module or unlinked crate `tantale`
[INFO] [stdout]     |
[INFO] [stdout]     = help: if you wanted to use a crate named `tantale`, use `cargo add tantale` to add it to your `Cargo.toml`
[INFO] [stdout] 
[INFO] [stdout] error[E0433]: cannot find module or crate `tantale` in this scope
[INFO] [stdout]    --> src/searchspace.rs:305:12
[INFO] [stdout]     |
[INFO] [stdout] 305 |        use tantale::macros::hpo;
[INFO] [stdout]     |            ^^^^^^^ use of unresolved module or unlinked crate `tantale`
[INFO] [stdout]     |
[INFO] [stdout]     = help: if you wanted to use a crate named `tantale`, use `cargo add tantale` to add it to your `Cargo.toml`
[INFO] [stdout] 
[INFO] [stdout] error[E0425]: cannot find function `get_searchspace` in module `sp`
[INFO] [stdout]    --> src/searchspace.rs:321:31
[INFO] [stdout]     |
[INFO] [stdout] 321 | let sp: Sp<Mixed, Real> = sp::get_searchspace();
[INFO] [stdout]     |                               ^^^^^^^^^^^^^^^ not found in `sp`
[INFO] [stdout] 
[INFO] [stdout] error: aborting due to 4 previous errors
[INFO] [stdout] 
[INFO] [stdout] Some errors have detailed explanations: E0425, E0433.
[INFO] [stdout] For more information about an error, try `rustc --explain E0425`.
[INFO] [stdout] Couldn't compile the test.
[INFO] [stdout] ---- src/searchspace.rs - searchspace::Searchspace::sample_opt (line 418) stdout ----
[INFO] [stdout] error[E0433]: cannot find module or crate `tantale` in this scope
[INFO] [stdout]    --> src/searchspace.rs:432:5
[INFO] [stdout]     |
[INFO] [stdout] 432 | use tantale::core::{HasX, Sp, BaseSol, Bounded, Mixed, Real, Solution, EmptyInfo, SId, Searchspace};
[INFO] [stdout]     |     ^^^^^^^ use of unresolved module or unlinked crate `tantale`
[INFO] [stdout]     |
[INFO] [stdout]     = help: if you wanted to use a crate named `tantale`, use `cargo add tantale` to add it to your `Cargo.toml`
[INFO] [stdout] 
[INFO] [stdout] error[E0433]: cannot find module or crate `tantale` in this scope
[INFO] [stdout]    --> src/searchspace.rs:420:12
[INFO] [stdout]     |
[INFO] [stdout] 420 |        use tantale::core::{Bool, Cat, Nat, Real, Searchspace, Uniform, Bernoulli};
[INFO] [stdout]     |            ^^^^^^^ use of unresolved module or unlinked crate `tantale`
[INFO] [stdout]     |
[INFO] [stdout]     = help: if you wanted to use a crate named `tantale`, use `cargo add tantale` to add it to your `Cargo.toml`
[INFO] [stdout] 
[INFO] [stdout] error[E0433]: cannot find module or crate `tantale` in this scope
[INFO] [stdout]    --> src/searchspace.rs:421:12
[INFO] [stdout]     |
[INFO] [stdout] 421 |        use tantale::macros::hpo;
[INFO] [stdout]     |            ^^^^^^^ use of unresolved module or unlinked crate `tantale`
[INFO] [stdout]     |
[INFO] [stdout]     = help: if you wanted to use a crate named `tantale`, use `cargo add tantale` to add it to your `Cargo.toml`
[INFO] [stdout] 
[INFO] [stdout] error[E0425]: cannot find function `get_searchspace` in module `sp`
[INFO] [stdout]    --> src/searchspace.rs:437:31
[INFO] [stdout]     |
[INFO] [stdout] 437 | let sp: Sp<Mixed, Real> = sp::get_searchspace();
[INFO] [stdout]     |                               ^^^^^^^^^^^^^^^ not found in `sp`
[INFO] [stdout] 
[INFO] [stdout] error: aborting due to 4 previous errors
[INFO] [stdout] 
[INFO] [stdout] Some errors have detailed explanations: E0425, E0433.
[INFO] [stdout] For more information about an error, try `rustc --explain E0425`.
[INFO] [stdout] Couldn't compile the test.
[INFO] [stdout] ---- src/searchspace.rs - searchspace::Searchspace::contains_obj (line 539) stdout ----
[INFO] [stdout] error[E0433]: cannot find module or crate `tantale` in this scope
[INFO] [stdout]    --> src/searchspace.rs:553:5
[INFO] [stdout]     |
[INFO] [stdout] 553 | use tantale::core::{Sp, BaseSol, Mixed, Real, Solution, EmptyInfo, SId, Searchspace};
[INFO] [stdout]     |     ^^^^^^^ use of unresolved module or unlinked crate `tantale`
[INFO] [stdout]     |
[INFO] [stdout]     = help: if you wanted to use a crate named `tantale`, use `cargo add tantale` to add it to your `Cargo.toml`
[INFO] [stdout] 
[INFO] [stdout] error[E0433]: cannot find module or crate `tantale` in this scope
[INFO] [stdout]    --> src/searchspace.rs:541:12
[INFO] [stdout]     |
[INFO] [stdout] 541 |        use tantale::core::{Bool, Cat, Nat, Real, Searchspace, Uniform, Bernoulli};
[INFO] [stdout]     |            ^^^^^^^ use of unresolved module or unlinked crate `tantale`
[INFO] [stdout]     |
[INFO] [stdout]     = help: if you wanted to use a crate named `tantale`, use `cargo add tantale` to add it to your `Cargo.toml`
[INFO] [stdout] 
[INFO] [stdout] error[E0433]: cannot find module or crate `tantale` in this scope
[INFO] [stdout]    --> src/searchspace.rs:542:12
[INFO] [stdout]     |
[INFO] [stdout] 542 |        use tantale::macros::hpo;
[INFO] [stdout]     |            ^^^^^^^ use of unresolved module or unlinked crate `tantale`
[INFO] [stdout]     |
[INFO] [stdout]     = help: if you wanted to use a crate named `tantale`, use `cargo add tantale` to add it to your `Cargo.toml`
[INFO] [stdout] 
[INFO] [stdout] error[E0425]: cannot find function `get_searchspace` in module `sp`
[INFO] [stdout]    --> src/searchspace.rs:558:31
[INFO] [stdout]     |
[INFO] [stdout] 558 | let sp: Sp<Mixed, Real> = sp::get_searchspace();
[INFO] [stdout]     |                               ^^^^^^^^^^^^^^^ not found in `sp`
[INFO] [stdout] 
[INFO] [stdout] error: aborting due to 4 previous errors
[INFO] [stdout] 
[INFO] [stdout] Some errors have detailed explanations: E0425, E0433.
[INFO] [stdout] For more information about an error, try `rustc --explain E0425`.
[INFO] [stdout] Couldn't compile the test.
[INFO] [stdout] ---- src/searchspace.rs - searchspace::Searchspace::onto_opt (line 265) stdout ----
[INFO] [stdout] error[E0433]: cannot find module or crate `tantale` in this scope
[INFO] [stdout]    --> src/searchspace.rs:279:5
[INFO] [stdout]     |
[INFO] [stdout] 279 | use tantale::core::{HasX, Sp, BaseSol, Bounded, Mixed, Real, Pair, Solution, EmptyInfo, SId, Searchspace, SolutionShape};
[INFO] [stdout]     |     ^^^^^^^ use of unresolved module or unlinked crate `tantale`
[INFO] [stdout]     |
[INFO] [stdout]     = help: if you wanted to use a crate named `tantale`, use `cargo add tantale` to add it to your `Cargo.toml`
[INFO] [stdout] 
[INFO] [stdout] error[E0433]: cannot find module or crate `tantale` in this scope
[INFO] [stdout]    --> src/searchspace.rs:267:12
[INFO] [stdout]     |
[INFO] [stdout] 267 |        use tantale::core::{Bool, Cat, Nat, Real, Searchspace, Uniform, Bernoulli};
[INFO] [stdout]     |            ^^^^^^^ use of unresolved module or unlinked crate `tantale`
[INFO] [stdout]     |
[INFO] [stdout]     = help: if you wanted to use a crate named `tantale`, use `cargo add tantale` to add it to your `Cargo.toml`
[INFO] [stdout] 
[INFO] [stdout] error[E0433]: cannot find module or crate `tantale` in this scope
[INFO] [stdout]    --> src/searchspace.rs:268:12
[INFO] [stdout]     |
[INFO] [stdout] 268 |        use tantale::macros::hpo;
[INFO] [stdout]     |            ^^^^^^^ use of unresolved module or unlinked crate `tantale`
[INFO] [stdout]     |
[INFO] [stdout]     = help: if you wanted to use a crate named `tantale`, use `cargo add tantale` to add it to your `Cargo.toml`
[INFO] [stdout] 
[INFO] [stdout] error[E0425]: cannot find function `get_searchspace` in module `sp`
[INFO] [stdout]    --> src/searchspace.rs:284:31
[INFO] [stdout]     |
[INFO] [stdout] 284 | let sp: Sp<Mixed, Real> = sp::get_searchspace();
[INFO] [stdout]     |                               ^^^^^^^^^^^^^^^ not found in `sp`
[INFO] [stdout] 
[INFO] [stdout] error: aborting due to 4 previous errors
[INFO] [stdout] 
[INFO] [stdout] Some errors have detailed explanations: E0425, E0433.
[INFO] [stdout] For more information about an error, try `rustc --explain E0425`.
[INFO] [stdout] Couldn't compile the test.
[INFO] [stdout] ---- src/searchspace.rs - searchspace (line 96) stdout ----
[INFO] [stdout] error[E0433]: cannot find module or crate `tantale` in this scope
[INFO] [stdout]    --> src/searchspace.rs:118:5
[INFO] [stdout]     |
[INFO] [stdout] 118 | use tantale::core::{HasX, Sp, BaseSol, EmptyInfo,Searchspace,Solution,SId, HasId};
[INFO] [stdout]     |     ^^^^^^^ use of unresolved module or unlinked crate `tantale`
[INFO] [stdout]     |
[INFO] [stdout]     = help: if you wanted to use a crate named `tantale`, use `cargo add tantale` to add it to your `Cargo.toml`
[INFO] [stdout] 
[INFO] [stdout] error[E0433]: cannot find module or crate `tantale` in this scope
[INFO] [stdout]   --> src/searchspace.rs:98:9
[INFO] [stdout]    |
[INFO] [stdout] 98 |     use tantale::core::{Bool, Cat, Nat, Real, Uniform, Bernoulli};
[INFO] [stdout]    |         ^^^^^^^ use of unresolved module or unlinked crate `tantale`
[INFO] [stdout]    |
[INFO] [stdout]    = help: if you wanted to use a crate named `tantale`, use `cargo add tantale` to add it to your `Cargo.toml`
[INFO] [stdout] 
[INFO] [stdout] error[E0433]: cannot find module or crate `tantale` in this scope
[INFO] [stdout]   --> src/searchspace.rs:99:9
[INFO] [stdout]    |
[INFO] [stdout] 99 |     use tantale::macros::{objective,Outcome};
[INFO] [stdout]    |         ^^^^^^^ use of unresolved module or unlinked crate `tantale`
[INFO] [stdout]    |
[INFO] [stdout]    = help: if you wanted to use a crate named `tantale`, use `cargo add tantale` to add it to your `Cargo.toml`
[INFO] [stdout] 
[INFO] [stdout] error[E0432]: unresolved imports `searchspace::ObjType`, `searchspace::OptType`
[INFO] [stdout]    --> src/searchspace.rs:119:19
[INFO] [stdout]     |
[INFO] [stdout] 119 | use searchspace::{ObjType, OptType};
[INFO] [stdout]     |                   ^^^^^^^  ^^^^^^^ no `OptType` in `<opaque>::<opaque>::searchspace`
[INFO] [stdout]     |                   |
[INFO] [stdout]     |                   no `ObjType` in `<opaque>::<opaque>::searchspace`
[INFO] [stdout] 
[INFO] [stdout] error: cannot find attribute `maximize` in this scope
[INFO] [stdout]    --> src/searchspace.rs:103:28
[INFO] [stdout]     |
[INFO] [stdout] 103 |     pub struct OutStruct{#[maximize] pub out:f64}
[INFO] [stdout]     |                            ^^^^^^^^
[INFO] [stdout] 
[INFO] [stdout] error[E0425]: cannot find function `get_searchspace` in module `searchspace`
[INFO] [stdout]    --> src/searchspace.rs:121:23
[INFO] [stdout]     |
[INFO] [stdout] 121 | let sp = searchspace::get_searchspace();
[INFO] [stdout]     |                       ^^^^^^^^^^^^^^^ not found in `searchspace`
[INFO] [stdout] 
[INFO] [stdout] error[E0425]: cannot find function `example` in module `searchspace`
[INFO] [stdout]    --> src/searchspace.rs:128:24
[INFO] [stdout]     |
[INFO] [stdout] 128 | let out = searchspace::example(sample.clone_x());
[INFO] [stdout]     |                        ^^^^^^^ not found in `searchspace`
[INFO] [stdout] 
[INFO] [stdout] error: aborting due to 7 previous errors
[INFO] [stdout] 
[INFO] [stdout] Some errors have detailed explanations: E0425, E0432, E0433.
[INFO] [stdout] For more information about an error, try `rustc --explain E0425`.
[INFO] [stdout] Couldn't compile the test.
[INFO] [stdout] ---- src/searchspace.rs - searchspace::Searchspace::sample_raw_opt (line 457) stdout ----
[INFO] [stdout] error[E0433]: cannot find module or crate `tantale` in this scope
[INFO] [stdout]    --> src/searchspace.rs:471:5
[INFO] [stdout]     |
[INFO] [stdout] 471 | use tantale::core::{HasX, Sp, BaseSol, Mixed, Real, Solution, EmptyInfo, SId, Searchspace};
[INFO] [stdout]     |     ^^^^^^^ use of unresolved module or unlinked crate `tantale`
[INFO] [stdout]     |
[INFO] [stdout]     = help: if you wanted to use a crate named `tantale`, use `cargo add tantale` to add it to your `Cargo.toml`
[INFO] [stdout] 
[INFO] [stdout] error[E0433]: cannot find module or crate `tantale` in this scope
[INFO] [stdout]    --> src/searchspace.rs:459:12
[INFO] [stdout]     |
[INFO] [stdout] 459 |        use tantale::core::{Bool, Cat, Nat, Real, Searchspace, Uniform, Bernoulli};
[INFO] [stdout]     |            ^^^^^^^ use of unresolved module or unlinked crate `tantale`
[INFO] [stdout]     |
[INFO] [stdout]     = help: if you wanted to use a crate named `tantale`, use `cargo add tantale` to add it to your `Cargo.toml`
[INFO] [stdout] 
[INFO] [stdout] error[E0433]: cannot find module or crate `tantale` in this scope
[INFO] [stdout]    --> src/searchspace.rs:460:12
[INFO] [stdout]     |
[INFO] [stdout] 460 |        use tantale::macros::hpo;
[INFO] [stdout]     |            ^^^^^^^ use of unresolved module or unlinked crate `tantale`
[INFO] [stdout]     |
[INFO] [stdout]     = help: if you wanted to use a crate named `tantale`, use `cargo add tantale` to add it to your `Cargo.toml`
[INFO] [stdout] 
[INFO] [stdout] error[E0425]: cannot find function `get_searchspace` in module `sp`
[INFO] [stdout]    --> src/searchspace.rs:476:31
[INFO] [stdout]     |
[INFO] [stdout] 476 | let sp: Sp<Mixed, Real> = sp::get_searchspace();
[INFO] [stdout]     |                               ^^^^^^^^^^^^^^^ not found in `sp`
[INFO] [stdout] 
[INFO] [stdout] error: aborting due to 4 previous errors
[INFO] [stdout] 
[INFO] [stdout] Some errors have detailed explanations: E0425, E0433.
[INFO] [stdout] For more information about an error, try `rustc --explain E0425`.
[INFO] [stdout] Couldn't compile the test.
[INFO] [stdout] ---- src/searchspace.rs - searchspace::Searchspace::vec_apply_opt (line 1010) stdout ----
[INFO] [stdout] error[E0433]: cannot find module or crate `tantale` in this scope
[INFO] [stdout]     --> src/searchspace.rs:1023:5
[INFO] [stdout]      |
[INFO] [stdout] 1023 | use tantale::core::{Sp, Mixed, Real, FidelitySol, EmptyInfo, Searchspace, StepSId, HasFidelity};
[INFO] [stdout]      |     ^^^^^^^ use of unresolved module or unlinked crate `tantale`
[INFO] [stdout]      |
[INFO] [stdout]      = help: if you wanted to use a crate named `tantale`, use `cargo add tantale` to add it to your `Cargo.toml`
[INFO] [stdout] 
[INFO] [stdout] error[E0433]: cannot find module or crate `tantale` in this scope
[INFO] [stdout]     --> src/searchspace.rs:1012:12
[INFO] [stdout]      |
[INFO] [stdout] 1012 |        use tantale::core::{Bool, Cat, Nat, Real, Searchspace, Uniform, Bernoulli};
[INFO] [stdout]      |            ^^^^^^^ use of unresolved module or unlinked crate `tantale`
[INFO] [stdout]      |
[INFO] [stdout]      = help: if you wanted to use a crate named `tantale`, use `cargo add tantale` to add it to your `Cargo.toml`
[INFO] [stdout] 
[INFO] [stdout] error[E0433]: cannot find module or crate `tantale` in this scope
[INFO] [stdout]     --> src/searchspace.rs:1013:12
[INFO] [stdout]      |
[INFO] [stdout] 1013 |        use tantale::macros::hpo;
[INFO] [stdout]      |            ^^^^^^^ use of unresolved module or unlinked crate `tantale`
[INFO] [stdout]      |
[INFO] [stdout]      = help: if you wanted to use a crate named `tantale`, use `cargo add tantale` to add it to your `Cargo.toml`
[INFO] [stdout] 
[INFO] [stdout] error[E0425]: cannot find function `get_searchspace` in module `sp`
[INFO] [stdout]     --> src/searchspace.rs:1026:31
[INFO] [stdout]      |
[INFO] [stdout] 1026 | let sp: Sp<Mixed, Real> = sp::get_searchspace();
[INFO] [stdout]      |                               ^^^^^^^^^^^^^^^ not found in `sp`
[INFO] [stdout] 
[INFO] [stdout] error: aborting due to 4 previous errors
[INFO] [stdout] 
[INFO] [stdout] Some errors have detailed explanations: E0425, E0433.
[INFO] [stdout] For more information about an error, try `rustc --explain E0425`.
[INFO] [stdout] Couldn't compile the test.
[INFO] [stdout] ---- src/searchspace.rs - searchspace::Searchspace::sample_raw_obj (line 381) stdout ----
[INFO] [stdout] error[E0433]: cannot find module or crate `tantale` in this scope
[INFO] [stdout]    --> src/searchspace.rs:395:5
[INFO] [stdout]     |
[INFO] [stdout] 395 | use tantale::core::{HasX, Sp, BaseSol, Mixed, Real, Solution, EmptyInfo, SId, Searchspace};
[INFO] [stdout]     |     ^^^^^^^ use of unresolved module or unlinked crate `tantale`
[INFO] [stdout]     |
[INFO] [stdout]     = help: if you wanted to use a crate named `tantale`, use `cargo add tantale` to add it to your `Cargo.toml`
[INFO] [stdout] 
[INFO] [stdout] error[E0433]: cannot find module or crate `tantale` in this scope
[INFO] [stdout]    --> src/searchspace.rs:383:12
[INFO] [stdout]     |
[INFO] [stdout] 383 |        use tantale::core::{Bool, Cat, Nat, Real, Searchspace, Uniform, Bernoulli};
[INFO] [stdout]     |            ^^^^^^^ use of unresolved module or unlinked crate `tantale`
[INFO] [stdout]     |
[INFO] [stdout]     = help: if you wanted to use a crate named `tantale`, use `cargo add tantale` to add it to your `Cargo.toml`
[INFO] [stdout] 
[INFO] [stdout] error[E0433]: cannot find module or crate `tantale` in this scope
[INFO] [stdout]    --> src/searchspace.rs:384:12
[INFO] [stdout]     |
[INFO] [stdout] 384 |        use tantale::macros::hpo;
[INFO] [stdout]     |            ^^^^^^^ use of unresolved module or unlinked crate `tantale`
[INFO] [stdout]     |
[INFO] [stdout]     = help: if you wanted to use a crate named `tantale`, use `cargo add tantale` to add it to your `Cargo.toml`
[INFO] [stdout] 
[INFO] [stdout] error[E0425]: cannot find function `get_searchspace` in module `sp`
[INFO] [stdout]    --> src/searchspace.rs:400:31
[INFO] [stdout]     |
[INFO] [stdout] 400 | let sp: Sp<Mixed, Real> = sp::get_searchspace();
[INFO] [stdout]     |                               ^^^^^^^^^^^^^^^ not found in `sp`
[INFO] [stdout] 
[INFO] [stdout] error: aborting due to 4 previous errors
[INFO] [stdout] 
[INFO] [stdout] Some errors have detailed explanations: E0425, E0433.
[INFO] [stdout] For more information about an error, try `rustc --explain E0425`.
[INFO] [stdout] Couldn't compile the test.
[INFO] [stdout] ---- src/searchspace.rs - searchspace::Searchspace::vec_apply_obj (line 949) stdout ----
[INFO] [stdout] error[E0433]: cannot find module or crate `tantale` in this scope
[INFO] [stdout]    --> src/searchspace.rs:962:5
[INFO] [stdout]     |
[INFO] [stdout] 962 | use tantale::core::{Sp, Mixed, Real, EmptyInfo, Searchspace, StepSId, FidelitySol, HasFidelity};
[INFO] [stdout]     |     ^^^^^^^ use of unresolved module or unlinked crate `tantale`
[INFO] [stdout]     |
[INFO] [stdout]     = help: if you wanted to use a crate named `tantale`, use `cargo add tantale` to add it to your `Cargo.toml`
[INFO] [stdout] 
[INFO] [stdout] error[E0433]: cannot find module or crate `tantale` in this scope
[INFO] [stdout]    --> src/searchspace.rs:951:12
[INFO] [stdout]     |
[INFO] [stdout] 951 |        use tantale::core::{Bool, Cat, Nat, Real, Searchspace, Uniform, Bernoulli};
[INFO] [stdout]     |            ^^^^^^^ use of unresolved module or unlinked crate `tantale`
[INFO] [stdout]     |
[INFO] [stdout]     = help: if you wanted to use a crate named `tantale`, use `cargo add tantale` to add it to your `Cargo.toml`
[INFO] [stdout] 
[INFO] [stdout] error[E0433]: cannot find module or crate `tantale` in this scope
[INFO] [stdout]    --> src/searchspace.rs:952:12
[INFO] [stdout]     |
[INFO] [stdout] 952 |        use tantale::macros::hpo;
[INFO] [stdout]     |            ^^^^^^^ use of unresolved module or unlinked crate `tantale`
[INFO] [stdout]     |
[INFO] [stdout]     = help: if you wanted to use a crate named `tantale`, use `cargo add tantale` to add it to your `Cargo.toml`
[INFO] [stdout] 
[INFO] [stdout] error[E0425]: cannot find function `get_searchspace` in module `sp`
[INFO] [stdout]    --> src/searchspace.rs:965:31
[INFO] [stdout]     |
[INFO] [stdout] 965 | let sp: Sp<Mixed, Real> = sp::get_searchspace();
[INFO] [stdout]     |                               ^^^^^^^^^^^^^^^ not found in `sp`
[INFO] [stdout] 
[INFO] [stdout] error: aborting due to 4 previous errors
[INFO] [stdout] 
[INFO] [stdout] Some errors have detailed explanations: E0425, E0433.
[INFO] [stdout] For more information about an error, try `rustc --explain E0425`.
[INFO] [stdout] Couldn't compile the test.
[INFO] [stdout] ---- src/searchspace.rs - searchspace::Searchspace::vec_contains_obj (line 1122) stdout ----
[INFO] [stdout] error[E0433]: cannot find module or crate `tantale` in this scope
[INFO] [stdout]     --> src/searchspace.rs:1136:5
[INFO] [stdout]      |
[INFO] [stdout] 1136 | use tantale::core::{BaseSol, Sp, Mixed, Real, Searchspace, Solution, EmptyInfo, SId};
[INFO] [stdout]      |     ^^^^^^^ use of unresolved module or unlinked crate `tantale`
[INFO] [stdout]      |
[INFO] [stdout]      = help: if you wanted to use a crate named `tantale`, use `cargo add tantale` to add it to your `Cargo.toml`
[INFO] [stdout] 
[INFO] [stdout] error[E0433]: cannot find module or crate `tantale` in this scope
[INFO] [stdout]     --> src/searchspace.rs:1124:12
[INFO] [stdout]      |
[INFO] [stdout] 1124 |        use tantale::core::{Bool, Cat, Nat, Real, Searchspace, Uniform, Bernoulli};
[INFO] [stdout]      |            ^^^^^^^ use of unresolved module or unlinked crate `tantale`
[INFO] [stdout]      |
[INFO] [stdout]      = help: if you wanted to use a crate named `tantale`, use `cargo add tantale` to add it to your `Cargo.toml`
[INFO] [stdout] 
[INFO] [stdout] error[E0433]: cannot find module or crate `tantale` in this scope
[INFO] [stdout]     --> src/searchspace.rs:1125:12
[INFO] [stdout]      |
[INFO] [stdout] 1125 |        use tantale::macros::hpo;
[INFO] [stdout]      |            ^^^^^^^ use of unresolved module or unlinked crate `tantale`
[INFO] [stdout]      |
[INFO] [stdout]      = help: if you wanted to use a crate named `tantale`, use `cargo add tantale` to add it to your `Cargo.toml`
[INFO] [stdout] 
[INFO] [stdout] error[E0425]: cannot find function `get_searchspace` in module `sp`
[INFO] [stdout]     --> src/searchspace.rs:1141:31
[INFO] [stdout]      |
[INFO] [stdout] 1141 | let sp: Sp<Mixed, Real> = sp::get_searchspace();
[INFO] [stdout]      |                               ^^^^^^^^^^^^^^^ not found in `sp`
[INFO] [stdout] 
[INFO] [stdout] error: aborting due to 4 previous errors
[INFO] [stdout] 
[INFO] [stdout] Some errors have detailed explanations: E0425, E0433.
[INFO] [stdout] For more information about an error, try `rustc --explain E0425`.
[INFO] [stdout] Couldn't compile the test.
[INFO] [stdout] ---- src/searchspace.rs - searchspace::Searchspace::vec_sample_raw_obj (line 758) stdout ----
[INFO] [stdout] error[E0433]: cannot find module or crate `tantale` in this scope
[INFO] [stdout]    --> src/searchspace.rs:772:5
[INFO] [stdout]     |
[INFO] [stdout] 772 | use tantale::core::{HasX, Sp, BaseSol, Real, Mixed, Solution, EmptyInfo, SId, Searchspace};
[INFO] [stdout]     |     ^^^^^^^ use of unresolved module or unlinked crate `tantale`
[INFO] [stdout]     |
[INFO] [stdout]     = help: if you wanted to use a crate named `tantale`, use `cargo add tantale` to add it to your `Cargo.toml`
[INFO] [stdout] 
[INFO] [stdout] error[E0433]: cannot find module or crate `tantale` in this scope
[INFO] [stdout]    --> src/searchspace.rs:760:12
[INFO] [stdout]     |
[INFO] [stdout] 760 |        use tantale::core::{Bool, Cat, Nat, Real, Searchspace, Uniform, Bernoulli};
[INFO] [stdout]     |            ^^^^^^^ use of unresolved module or unlinked crate `tantale`
[INFO] [stdout]     |
[INFO] [stdout]     = help: if you wanted to use a crate named `tantale`, use `cargo add tantale` to add it to your `Cargo.toml`
[INFO] [stdout] 
[INFO] [stdout] error[E0433]: cannot find module or crate `tantale` in this scope
[INFO] [stdout]    --> src/searchspace.rs:761:12
[INFO] [stdout]     |
[INFO] [stdout] 761 |        use tantale::macros::hpo;
[INFO] [stdout]     |            ^^^^^^^ use of unresolved module or unlinked crate `tantale`
[INFO] [stdout]     |
[INFO] [stdout]     = help: if you wanted to use a crate named `tantale`, use `cargo add tantale` to add it to your `Cargo.toml`
[INFO] [stdout] 
[INFO] [stdout] error[E0425]: cannot find function `get_searchspace` in module `sp`
[INFO] [stdout]    --> src/searchspace.rs:777:31
[INFO] [stdout]     |
[INFO] [stdout] 777 | let sp: Sp<Mixed, Real> = sp::get_searchspace();
[INFO] [stdout]     |                               ^^^^^^^^^^^^^^^ not found in `sp`
[INFO] [stdout] 
[INFO] [stdout] error: aborting due to 4 previous errors
[INFO] [stdout] 
[INFO] [stdout] Some errors have detailed explanations: E0425, E0433.
[INFO] [stdout] For more information about an error, try `rustc --explain E0425`.
[INFO] [stdout] Couldn't compile the test.
[INFO] [stdout] ---- src/domain/codomain.rs - domain::codomain (line 26) stdout ----
[INFO] [stdout] error[E0433]: cannot find module or crate `tantale` in this scope
[INFO] [stdout]   --> src/domain/codomain.rs:28:5
[INFO] [stdout]    |
[INFO] [stdout] 28 | use tantale::core::{Outcome, Codomain};
[INFO] [stdout]    |     ^^^^^^^ use of unresolved module or unlinked crate `tantale`
[INFO] [stdout]    |
[INFO] [stdout]    = help: if you wanted to use a crate named `tantale`, use `cargo add tantale` to add it to your `Cargo.toml`
[INFO] [stdout] 
[INFO] [stdout] error[E0433]: cannot find module or crate `tantale` in this scope
[INFO] [stdout]   --> src/domain/codomain.rs:29:5
[INFO] [stdout]    |
[INFO] [stdout] 29 | use tantale::macros::Outcome;
[INFO] [stdout]    |     ^^^^^^^ use of unresolved module or unlinked crate `tantale`
[INFO] [stdout]    |
[INFO] [stdout]    = help: if you wanted to use a crate named `tantale`, use `cargo add tantale` to add it to your `Cargo.toml`
[INFO] [stdout] 
[INFO] [stdout] error: cannot find attribute `maximize` in this scope
[INFO] [stdout]   --> src/domain/codomain.rs:35:7
[INFO] [stdout]    |
[INFO] [stdout] 35 |     #[maximize]
[INFO] [stdout]    |       ^^^^^^^^
[INFO] [stdout] 
[INFO] [stdout] error: cannot find attribute `minimize` in this scope
[INFO] [stdout]   --> src/domain/codomain.rs:37:7
[INFO] [stdout]    |
[INFO] [stdout] 37 |     #[minimize]
[INFO] [stdout]    |       ^^^^^^^^
[INFO] [stdout] 
[INFO] [stdout] error: cannot find attribute `minimize` in this scope
[INFO] [stdout]   --> src/domain/codomain.rs:39:7
[INFO] [stdout]    |
[INFO] [stdout] 39 |     #[minimize]
[INFO] [stdout]    |       ^^^^^^^^
[INFO] [stdout] 
[INFO] [stdout] error: cannot find attribute `maximize` in this scope
[INFO] [stdout]   --> src/domain/codomain.rs:41:7
[INFO] [stdout]    |
[INFO] [stdout] 41 |     #[maximize]
[INFO] [stdout]    |       ^^^^^^^^
[INFO] [stdout] 
[INFO] [stdout] error: cannot find attribute `cost` in this scope
[INFO] [stdout]   --> src/domain/codomain.rs:43:7
[INFO] [stdout]    |
[INFO] [stdout] 43 |     #[cost]
[INFO] [stdout]    |       ^^^^
[INFO] [stdout] 
[INFO] [stdout] error: cannot find attribute `constraint` in this scope
[INFO] [stdout]   --> src/domain/codomain.rs:45:7
[INFO] [stdout]    |
[INFO] [stdout] 45 |     #[constraint]
[INFO] [stdout]    |       ^^^^^^^^^^
[INFO] [stdout] 
[INFO] [stdout] error: cannot find attribute `constraint` in this scope
[INFO] [stdout]   --> src/domain/codomain.rs:47:7
[INFO] [stdout]    |
[INFO] [stdout] 47 |     #[constraint]
[INFO] [stdout]    |       ^^^^^^^^^^
[INFO] [stdout] 
[INFO] [stdout] error: cannot find attribute `constraint` in this scope
[INFO] [stdout]   --> src/domain/codomain.rs:49:7
[INFO] [stdout]    |
[INFO] [stdout] 49 |     #[constraint]
[INFO] [stdout]    |       ^^^^^^^^^^
[INFO] [stdout] 
[INFO] [stdout] error[E0599]: no associated function or constant named `codomain` found for struct `OutExample` in the current scope
[INFO] [stdout]   --> src/domain/codomain.rs:68:25
[INFO] [stdout]    |
[INFO] [stdout] 34 | pub struct  OutExample{
[INFO] [stdout]    | ---------------------- associated function or constant `codomain` not found for this struct
[INFO] [stdout] ...
[INFO] [stdout] 68 | let codom = OutExample::codomain();
[INFO] [stdout]    |                         ^^^^^^^^ associated function or constant not found in `OutExample`
[INFO] [stdout]    |
[INFO] [stdout]    = help: items from traits can only be used if the trait is implemented and in scope
[INFO] [stdout]    = note: the following trait defines an item `codomain`, perhaps you need to implement it:
[INFO] [stdout]            candidate #1: `tantale_core::Outcome`
[INFO] [stdout] 
[INFO] [stdout] error: aborting due to 11 previous errors
[INFO] [stdout] 
[INFO] [stdout] Some errors have detailed explanations: E0433, E0599.
[INFO] [stdout] For more information about an error, try `rustc --explain E0433`.
[INFO] [stdout] Couldn't compile the test.
[INFO] [stdout] ---- src/searchspace.rs - searchspace::Searchspace::vec_sample_obj (line 708) stdout ----
[INFO] [stdout] error[E0433]: cannot find module or crate `tantale` in this scope
[INFO] [stdout]    --> src/searchspace.rs:722:5
[INFO] [stdout]     |
[INFO] [stdout] 722 | use tantale::core::{HasX, Sp, BaseSol, Real, Mixed, Solution, EmptyInfo, SId, Searchspace};
[INFO] [stdout]     |     ^^^^^^^ use of unresolved module or unlinked crate `tantale`
[INFO] [stdout]     |
[INFO] [stdout]     = help: if you wanted to use a crate named `tantale`, use `cargo add tantale` to add it to your `Cargo.toml`
[INFO] [stdout] 
[INFO] [stdout] error[E0433]: cannot find module or crate `tantale` in this scope
[INFO] [stdout]    --> src/searchspace.rs:710:12
[INFO] [stdout]     |
[INFO] [stdout] 710 |        use tantale::core::{Bool, Cat, Nat, Real, Searchspace, Uniform, Bernoulli};
[INFO] [stdout]     |            ^^^^^^^ use of unresolved module or unlinked crate `tantale`
[INFO] [stdout]     |
[INFO] [stdout]     = help: if you wanted to use a crate named `tantale`, use `cargo add tantale` to add it to your `Cargo.toml`
[INFO] [stdout] 
[INFO] [stdout] error[E0433]: cannot find module or crate `tantale` in this scope
[INFO] [stdout]    --> src/searchspace.rs:711:12
[INFO] [stdout]     |
[INFO] [stdout] 711 |        use tantale::macros::hpo;
[INFO] [stdout]     |            ^^^^^^^ use of unresolved module or unlinked crate `tantale`
[INFO] [stdout]     |
[INFO] [stdout]     = help: if you wanted to use a crate named `tantale`, use `cargo add tantale` to add it to your `Cargo.toml`
[INFO] [stdout] 
[INFO] [stdout] error[E0425]: cannot find function `get_searchspace` in module `sp`
[INFO] [stdout]    --> src/searchspace.rs:727:31
[INFO] [stdout]     |
[INFO] [stdout] 727 | let sp: Sp<Mixed, Real> = sp::get_searchspace();
[INFO] [stdout]     |                               ^^^^^^^^^^^^^^^ not found in `sp`
[INFO] [stdout] 
[INFO] [stdout] error: aborting due to 4 previous errors
[INFO] [stdout] 
[INFO] [stdout] Some errors have detailed explanations: E0425, E0433.
[INFO] [stdout] For more information about an error, try `rustc --explain E0425`.
[INFO] [stdout] Couldn't compile the test.
[INFO] [stdout] ---- src/searchspace.rs - searchspace::Searchspace::vec_sample_raw_opt (line 847) stdout ----
[INFO] [stdout] error[E0433]: cannot find module or crate `tantale` in this scope
[INFO] [stdout]    --> src/searchspace.rs:861:5
[INFO] [stdout]     |
[INFO] [stdout] 861 | use tantale::core::{HasX, Sp, BaseSol, Real, Mixed, Solution, EmptyInfo, SId, Searchspace};
[INFO] [stdout]     |     ^^^^^^^ use of unresolved module or unlinked crate `tantale`
[INFO] [stdout]     |
[INFO] [stdout]     = help: if you wanted to use a crate named `tantale`, use `cargo add tantale` to add it to your `Cargo.toml`
[INFO] [stdout] 
[INFO] [stdout] error[E0433]: cannot find module or crate `tantale` in this scope
[INFO] [stdout]    --> src/searchspace.rs:849:12
[INFO] [stdout]     |
[INFO] [stdout] 849 |        use tantale::core::{Bool, Cat, Nat, Real, Searchspace, Uniform, Bernoulli};
[INFO] [stdout]     |            ^^^^^^^ use of unresolved module or unlinked crate `tantale`
[INFO] [stdout]     |
[INFO] [stdout]     = help: if you wanted to use a crate named `tantale`, use `cargo add tantale` to add it to your `Cargo.toml`
[INFO] [stdout] 
[INFO] [stdout] error[E0433]: cannot find module or crate `tantale` in this scope
[INFO] [stdout]    --> src/searchspace.rs:850:12
[INFO] [stdout]     |
[INFO] [stdout] 850 |        use tantale::macros::hpo;
[INFO] [stdout]     |            ^^^^^^^ use of unresolved module or unlinked crate `tantale`
[INFO] [stdout]     |
[INFO] [stdout]     = help: if you wanted to use a crate named `tantale`, use `cargo add tantale` to add it to your `Cargo.toml`
[INFO] [stdout] 
[INFO] [stdout] error[E0425]: cannot find function `get_searchspace` in module `sp`
[INFO] [stdout]    --> src/searchspace.rs:866:31
[INFO] [stdout]     |
[INFO] [stdout] 866 | let sp: Sp<Mixed, Real> = sp::get_searchspace();
[INFO] [stdout]     |                               ^^^^^^^^^^^^^^^ not found in `sp`
[INFO] [stdout] 
[INFO] [stdout] error: aborting due to 4 previous errors
[INFO] [stdout] 
[INFO] [stdout] Some errors have detailed explanations: E0425, E0433.
[INFO] [stdout] For more information about an error, try `rustc --explain E0425`.
[INFO] [stdout] Couldn't compile the test.
[INFO] [stdout] ---- src/searchspace/spbase.rs - searchspace::spbase (line 11) stdout ----
[INFO] [stdout] error[E0433]: cannot find module or crate `tantale` in this scope
[INFO] [stdout]   --> src/searchspace/spbase.rs:12:5
[INFO] [stdout]    |
[INFO] [stdout] 12 | use tantale::core::{Sp, Var, Real, Unit, Uniform};
[INFO] [stdout]    |     ^^^^^^^ use of unresolved module or unlinked crate `tantale`
[INFO] [stdout]    |
[INFO] [stdout]    = help: if you wanted to use a crate named `tantale`, use `cargo add tantale` to add it to your `Cargo.toml`
[INFO] [stdout] 
[INFO] [stdout] error: aborting due to 1 previous error
[INFO] [stdout] 
[INFO] [stdout] For more information about this error, try `rustc --explain E0433`.
[INFO] [stdout] Couldn't compile the test.
[INFO] [stdout] ---- src/objective/outcome.rs - objective::outcome (line 47) stdout ----
[INFO] [stdout] error[E0433]: cannot find module or crate `tantale` in this scope
[INFO] [stdout]   --> src/objective/outcome.rs:48:5
[INFO] [stdout]    |
[INFO] [stdout] 48 | use tantale::macros::Outcome;
[INFO] [stdout]    |     ^^^^^^^ use of unresolved module or unlinked crate `tantale`
[INFO] [stdout]    |
[INFO] [stdout]    = help: if you wanted to use a crate named `tantale`, use `cargo add tantale` to add it to your `Cargo.toml`
[INFO] [stdout] 
[INFO] [stdout] error[E0433]: cannot find module or crate `tantale` in this scope
[INFO] [stdout]   --> src/objective/outcome.rs:49:5
[INFO] [stdout]    |
[INFO] [stdout] 49 | use tantale::core::{Outcome, FidOutcome, Codomain, Step};
[INFO] [stdout]    |     ^^^^^^^ use of unresolved module or unlinked crate `tantale`
[INFO] [stdout]    |
[INFO] [stdout]    = help: if you wanted to use a crate named `tantale`, use `cargo add tantale` to add it to your `Cargo.toml`
[INFO] [stdout] 
[INFO] [stdout] error: cannot find attribute `cost` in this scope
[INFO] [stdout]   --> src/objective/outcome.rs:55:7
[INFO] [stdout]    |
[INFO] [stdout] 55 |     #[cost]
[INFO] [stdout]    |       ^^^^
[INFO] [stdout] 
[INFO] [stdout] error: cannot find attribute `constraint` in this scope
[INFO] [stdout]   --> src/objective/outcome.rs:57:7
[INFO] [stdout]    |
[INFO] [stdout] 57 |     #[constraint]
[INFO] [stdout]    |       ^^^^^^^^^^
[INFO] [stdout] 
[INFO] [stdout] error: cannot find attribute `constraint` in this scope
[INFO] [stdout]   --> src/objective/outcome.rs:59:7
[INFO] [stdout]    |
[INFO] [stdout] 59 |     #[constraint]
[INFO] [stdout]    |       ^^^^^^^^^^
[INFO] [stdout] 
[INFO] [stdout] error: cannot find attribute `constraint` in this scope
[INFO] [stdout]   --> src/objective/outcome.rs:61:7
[INFO] [stdout]    |
[INFO] [stdout] 61 |     #[constraint]
[INFO] [stdout]    |       ^^^^^^^^^^
[INFO] [stdout] 
[INFO] [stdout] error: cannot find attribute `maximize` in this scope
[INFO] [stdout]   --> src/objective/outcome.rs:63:7
[INFO] [stdout]    |
[INFO] [stdout] 63 |     #[maximize]
[INFO] [stdout]    |       ^^^^^^^^
[INFO] [stdout] 
[INFO] [stdout] error: cannot find attribute `minimize` in this scope
[INFO] [stdout]   --> src/objective/outcome.rs:65:7
[INFO] [stdout]    |
[INFO] [stdout] 65 |     #[minimize]
[INFO] [stdout]    |       ^^^^^^^^
[INFO] [stdout] 
[INFO] [stdout] error: cannot find attribute `minimize` in this scope
[INFO] [stdout]   --> src/objective/outcome.rs:67:7
[INFO] [stdout]    |
[INFO] [stdout] 67 |     #[minimize]
[INFO] [stdout]    |       ^^^^^^^^
[INFO] [stdout] 
[INFO] [stdout] error: cannot find attribute `maximize` in this scope
[INFO] [stdout]   --> src/objective/outcome.rs:69:7
[INFO] [stdout]    |
[INFO] [stdout] 69 |     #[maximize]
[INFO] [stdout]    |       ^^^^^^^^
[INFO] [stdout] 
[INFO] [stdout] error: cannot find attribute `step` in this scope
[INFO] [stdout]   --> src/objective/outcome.rs:71:7
[INFO] [stdout]    |
[INFO] [stdout] 71 |     #[step]
[INFO] [stdout]    |       ^^^^
[INFO] [stdout] 
[INFO] [stdout] error[E0599]: no associated function or constant named `codomain` found for struct `OutExample` in the current scope
[INFO] [stdout]   --> src/objective/outcome.rs:90:25
[INFO] [stdout]    |
[INFO] [stdout] 54 | pub struct OutExample {
[INFO] [stdout]    | --------------------- associated function or constant `codomain` not found for this struct
[INFO] [stdout] ...
[INFO] [stdout] 90 | let codom = OutExample::codomain();
[INFO] [stdout]    |                         ^^^^^^^^ associated function or constant not found in `OutExample`
[INFO] [stdout]    |
[INFO] [stdout]    = help: items from traits can only be used if the trait is implemented and in scope
[INFO] [stdout]    = note: the following trait defines an item `codomain`, perhaps you need to implement it:
[INFO] [stdout]            candidate #1: `tantale_core::Outcome`
[INFO] [stdout] 
[INFO] [stdout] error[E0599]: no method named `get_step` found for struct `OutExample` in the current scope
[INFO] [stdout]   --> src/objective/outcome.rs:95:29
[INFO] [stdout]    |
[INFO] [stdout] 54 | pub struct OutExample {
[INFO] [stdout]    | --------------------- method `get_step` not found for this struct
[INFO] [stdout] ...
[INFO] [stdout] 95 | println!("Step : {:?}", out.get_step());
[INFO] [stdout]    |                             ^^^^^^^^ method not found in `OutExample`
[INFO] [stdout]    |
[INFO] [stdout]    = help: items from traits can only be used if the trait is implemented and in scope
[INFO] [stdout]    = note: the following trait defines an item `get_step`, perhaps you need to implement it:
[INFO] [stdout]            candidate #1: `tantale_core::FidOutcome`
[INFO] [stdout] 
[INFO] [stdout] error: aborting due to 13 previous errors
[INFO] [stdout] 
[INFO] [stdout] Some errors have detailed explanations: E0433, E0599.
[INFO] [stdout] For more information about an error, try `rustc --explain E0433`.
[INFO] [stdout] Couldn't compile the test.
[INFO] [stdout] ---- src/searchspace.rs - searchspace::Searchspace::vec_sample_pair (line 892) stdout ----
[INFO] [stdout] error[E0433]: cannot find module or crate `tantale` in this scope
[INFO] [stdout]    --> src/searchspace.rs:906:5
[INFO] [stdout]     |
[INFO] [stdout] 906 | use tantale::core::{HasX, Solution, Sp, BaseSol, Real, Mixed, Pair, EmptyInfo, HasId, SId, Searchspace, SolutionShape};
[INFO] [stdout]     |     ^^^^^^^ use of unresolved module or unlinked crate `tantale`
[INFO] [stdout]     |
[INFO] [stdout]     = help: if you wanted to use a crate named `tantale`, use `cargo add tantale` to add it to your `Cargo.toml`
[INFO] [stdout] 
[INFO] [stdout] error[E0433]: cannot find module or crate `tantale` in this scope
[INFO] [stdout]    --> src/searchspace.rs:894:12
[INFO] [stdout]     |
[INFO] [stdout] 894 |        use tantale::core::{Bool, Cat, Nat, Real, Searchspace, Uniform, Bernoulli};
[INFO] [stdout]     |            ^^^^^^^ use of unresolved module or unlinked crate `tantale`
[INFO] [stdout]     |
[INFO] [stdout]     = help: if you wanted to use a crate named `tantale`, use `cargo add tantale` to add it to your `Cargo.toml`
[INFO] [stdout] 
[INFO] [stdout] error[E0433]: cannot find module or crate `tantale` in this scope
[INFO] [stdout]    --> src/searchspace.rs:895:12
[INFO] [stdout]     |
[INFO] [stdout] 895 |        use tantale::macros::hpo;
[INFO] [stdout]     |            ^^^^^^^ use of unresolved module or unlinked crate `tantale`
[INFO] [stdout]     |
[INFO] [stdout]     = help: if you wanted to use a crate named `tantale`, use `cargo add tantale` to add it to your `Cargo.toml`
[INFO] [stdout] 
[INFO] [stdout] error[E0425]: cannot find function `get_searchspace` in module `sp`
[INFO] [stdout]    --> src/searchspace.rs:911:31
[INFO] [stdout]     |
[INFO] [stdout] 911 | let sp: Sp<Mixed, Real> = sp::get_searchspace();
[INFO] [stdout]     |                               ^^^^^^^^^^^^^^^ not found in `sp`
[INFO] [stdout] 
[INFO] [stdout] error: aborting due to 4 previous errors
[INFO] [stdout] 
[INFO] [stdout] Some errors have detailed explanations: E0425, E0433.
[INFO] [stdout] For more information about an error, try `rustc --explain E0425`.
[INFO] [stdout] Couldn't compile the test.
[INFO] [stdout] ---- src/searchspace.rs - searchspace::Searchspace::vec_sample_opt (line 803) stdout ----
[INFO] [stdout] error[E0433]: cannot find module or crate `tantale` in this scope
[INFO] [stdout]    --> src/searchspace.rs:817:5
[INFO] [stdout]     |
[INFO] [stdout] 817 | use tantale::core::{HasX, Sp, BaseSol, Mixed, Real, Solution, EmptyInfo, SId, Searchspace};
[INFO] [stdout]     |     ^^^^^^^ use of unresolved module or unlinked crate `tantale`
[INFO] [stdout]     |
[INFO] [stdout]     = help: if you wanted to use a crate named `tantale`, use `cargo add tantale` to add it to your `Cargo.toml`
[INFO] [stdout] 
[INFO] [stdout] error[E0433]: cannot find module or crate `tantale` in this scope
[INFO] [stdout]    --> src/searchspace.rs:805:12
[INFO] [stdout]     |
[INFO] [stdout] 805 |        use tantale::core::{Bool, Cat, Nat, Real, Searchspace, Uniform, Bernoulli};
[INFO] [stdout]     |            ^^^^^^^ use of unresolved module or unlinked crate `tantale`
[INFO] [stdout]     |
[INFO] [stdout]     = help: if you wanted to use a crate named `tantale`, use `cargo add tantale` to add it to your `Cargo.toml`
[INFO] [stdout] 
[INFO] [stdout] error[E0433]: cannot find module or crate `tantale` in this scope
[INFO] [stdout]    --> src/searchspace.rs:806:12
[INFO] [stdout]     |
[INFO] [stdout] 806 |        use tantale::macros::hpo;
[INFO] [stdout]     |            ^^^^^^^ use of unresolved module or unlinked crate `tantale`
[INFO] [stdout]     |
[INFO] [stdout]     = help: if you wanted to use a crate named `tantale`, use `cargo add tantale` to add it to your `Cargo.toml`
[INFO] [stdout] 
[INFO] [stdout] error[E0425]: cannot find function `get_searchspace` in module `sp`
[INFO] [stdout]    --> src/searchspace.rs:822:31
[INFO] [stdout]     |
[INFO] [stdout] 822 | let sp: Sp<Mixed, Real> = sp::get_searchspace();
[INFO] [stdout]     |                               ^^^^^^^^^^^^^^^ not found in `sp`
[INFO] [stdout] 
[INFO] [stdout] error: aborting due to 4 previous errors
[INFO] [stdout] 
[INFO] [stdout] Some errors have detailed explanations: E0425, E0433.
[INFO] [stdout] For more information about an error, try `rustc --explain E0425`.
[INFO] [stdout] Couldn't compile the test.
[INFO] [stdout] ---- src/solution/batchtype.rs - solution::batchtype::Batch<SolId,SInfo,Info,Shape>::chunk_by_step (line 244) stdout ----
[INFO] [stdout] error[E0433]: cannot find module or crate `tantale` in this scope
[INFO] [stdout]    --> src/solution/batchtype.rs:245:5
[INFO] [stdout]     |
[INFO] [stdout] 245 | use tantale::core::{Batch, EmptyInfo, FidelitySol, HasStep, Id, HasId, Pair, Real, StepSId, Unit, Uncomputed};
[INFO] [stdout]     |     ^^^^^^^ use of unresolved module or unlinked crate `tantale`
[INFO] [stdout]     |
[INFO] [stdout]     = help: if you wanted to use a crate named `tantale`, use `cargo add tantale` to add it to your `Cargo.toml`
[INFO] [stdout] 
[INFO] [stdout] error: aborting due to 1 previous error
[INFO] [stdout] 
[INFO] [stdout] For more information about this error, try `rustc --explain E0433`.
[INFO] [stdout] Couldn't compile the test.
[INFO] [stdout] ---- src/searchspace.rs - searchspace::Searchspace::vec_onto_obj (line 614) stdout ----
[INFO] [stdout] error[E0433]: cannot find module or crate `tantale` in this scope
[INFO] [stdout]    --> src/searchspace.rs:628:5
[INFO] [stdout]     |
[INFO] [stdout] 628 | use tantale::core::{HasX, Sp, BaseSol, Mixed, Real, Solution, EmptyInfo, SId, Searchspace, Pair, SolutionShape};
[INFO] [stdout]     |     ^^^^^^^ use of unresolved module or unlinked crate `tantale`
[INFO] [stdout]     |
[INFO] [stdout]     = help: if you wanted to use a crate named `tantale`, use `cargo add tantale` to add it to your `Cargo.toml`
[INFO] [stdout] 
[INFO] [stdout] error[E0433]: cannot find module or crate `tantale` in this scope
[INFO] [stdout]    --> src/searchspace.rs:616:12
[INFO] [stdout]     |
[INFO] [stdout] 616 |        use tantale::core::{Bool, Cat, Nat, Real, Searchspace, Uniform, Bernoulli};
[INFO] [stdout]     |            ^^^^^^^ use of unresolved module or unlinked crate `tantale`
[INFO] [stdout]     |
[INFO] [stdout]     = help: if you wanted to use a crate named `tantale`, use `cargo add tantale` to add it to your `Cargo.toml`
[INFO] [stdout] 
[INFO] [stdout] error[E0433]: cannot find module or crate `tantale` in this scope
[INFO] [stdout]    --> src/searchspace.rs:617:12
[INFO] [stdout]     |
[INFO] [stdout] 617 |        use tantale::macros::hpo;
[INFO] [stdout]     |            ^^^^^^^ use of unresolved module or unlinked crate `tantale`
[INFO] [stdout]     |
[INFO] [stdout]     = help: if you wanted to use a crate named `tantale`, use `cargo add tantale` to add it to your `Cargo.toml`
[INFO] [stdout] 
[INFO] [stdout] error[E0425]: cannot find function `get_searchspace` in module `sp`
[INFO] [stdout]    --> src/searchspace.rs:633:31
[INFO] [stdout]     |
[INFO] [stdout] 633 | let sp: Sp<Mixed, Real> = sp::get_searchspace();
[INFO] [stdout]     |                               ^^^^^^^^^^^^^^^ not found in `sp`
[INFO] [stdout] 
[INFO] [stdout] error: aborting due to 4 previous errors
[INFO] [stdout] 
[INFO] [stdout] Some errors have detailed explanations: E0425, E0433.
[INFO] [stdout] For more information about an error, try `rustc --explain E0425`.
[INFO] [stdout] Couldn't compile the test.
[INFO] [stdout] ---- src/searchspace/spbase.rs - searchspace::spbase (line 22) stdout ----
[INFO] [stdout] error[E0433]: cannot find module or crate `tantale` in this scope
[INFO] [stdout]   --> src/searchspace/spbase.rs:23:5
[INFO] [stdout]    |
[INFO] [stdout] 23 | use tantale::core::{Sp, SpPar, Var, Real, Unit, Uniform};
[INFO] [stdout]    |     ^^^^^^^ use of unresolved module or unlinked crate `tantale`
[INFO] [stdout]    |
[INFO] [stdout]    = help: if you wanted to use a crate named `tantale`, use `cargo add tantale` to add it to your `Cargo.toml`
[INFO] [stdout] 
[INFO] [stdout] error: aborting due to 1 previous error
[INFO] [stdout] 
[INFO] [stdout] For more information about this error, try `rustc --explain E0433`.
[INFO] [stdout] Couldn't compile the test.
[INFO] [stdout] ---- src/searchspace.rs - searchspace::Searchspace::vec_contains_opt (line 1165) stdout ----
[INFO] [stdout] error[E0433]: cannot find module or crate `tantale` in this scope
[INFO] [stdout]     --> src/searchspace.rs:1179:5
[INFO] [stdout]      |
[INFO] [stdout] 1179 | use tantale::core::{BaseSol, Sp, Real, Mixed, Solution, EmptyInfo, SId, Searchspace};
[INFO] [stdout]      |     ^^^^^^^ use of unresolved module or unlinked crate `tantale`
[INFO] [stdout]      |
[INFO] [stdout]      = help: if you wanted to use a crate named `tantale`, use `cargo add tantale` to add it to your `Cargo.toml`
[INFO] [stdout] 
[INFO] [stdout] error[E0433]: cannot find module or crate `tantale` in this scope
[INFO] [stdout]     --> src/searchspace.rs:1167:12
[INFO] [stdout]      |
[INFO] [stdout] 1167 |        use tantale::core::{Bool, Cat, Nat, Real, Searchspace, Uniform, Bernoulli};
[INFO] [stdout]      |            ^^^^^^^ use of unresolved module or unlinked crate `tantale`
[INFO] [stdout]      |
[INFO] [stdout]      = help: if you wanted to use a crate named `tantale`, use `cargo add tantale` to add it to your `Cargo.toml`
[INFO] [stdout] 
[INFO] [stdout] error[E0433]: cannot find module or crate `tantale` in this scope
[INFO] [stdout]     --> src/searchspace.rs:1168:12
[INFO] [stdout]      |
[INFO] [stdout] 1168 |        use tantale::macros::hpo;
[INFO] [stdout]      |            ^^^^^^^ use of unresolved module or unlinked crate `tantale`
[INFO] [stdout]      |
[INFO] [stdout]      = help: if you wanted to use a crate named `tantale`, use `cargo add tantale` to add it to your `Cargo.toml`
[INFO] [stdout] 
[INFO] [stdout] error[E0425]: cannot find function `get_searchspace` in module `sp`
[INFO] [stdout]     --> src/searchspace.rs:1184:31
[INFO] [stdout]      |
[INFO] [stdout] 1184 | let sp: Sp<Mixed, Real> = sp::get_searchspace();
[INFO] [stdout]      |                               ^^^^^^^^^^^^^^^ not found in `sp`
[INFO] [stdout] 
[INFO] [stdout] error: aborting due to 4 previous errors
[INFO] [stdout] 
[INFO] [stdout] Some errors have detailed explanations: E0425, E0433.
[INFO] [stdout] For more information about an error, try `rustc --explain E0425`.
[INFO] [stdout] Couldn't compile the test.
[INFO] [stdout] ---- src/searchspace.rs - searchspace::Searchspace::vec_onto_opt (line 660) stdout ----
[INFO] [stdout] error[E0433]: cannot find module or crate `tantale` in this scope
[INFO] [stdout]    --> src/searchspace.rs:674:5
[INFO] [stdout]     |
[INFO] [stdout] 674 | use tantale::core::{HasX, Sp, BaseSol, Real, Mixed, Solution, EmptyInfo, SId, Searchspace, Pair, SolutionShape};
[INFO] [stdout]     |     ^^^^^^^ use of unresolved module or unlinked crate `tantale`
[INFO] [stdout]     |
[INFO] [stdout]     = help: if you wanted to use a crate named `tantale`, use `cargo add tantale` to add it to your `Cargo.toml`
[INFO] [stdout] 
[INFO] [stdout] error[E0433]: cannot find module or crate `tantale` in this scope
[INFO] [stdout]    --> src/searchspace.rs:662:12
[INFO] [stdout]     |
[INFO] [stdout] 662 |        use tantale::core::{Bool, Cat, Nat, Real, Searchspace, Uniform, Bernoulli};
[INFO] [stdout]     |            ^^^^^^^ use of unresolved module or unlinked crate `tantale`
[INFO] [stdout]     |
[INFO] [stdout]     = help: if you wanted to use a crate named `tantale`, use `cargo add tantale` to add it to your `Cargo.toml`
[INFO] [stdout] 
[INFO] [stdout] error[E0433]: cannot find module or crate `tantale` in this scope
[INFO] [stdout]    --> src/searchspace.rs:663:12
[INFO] [stdout]     |
[INFO] [stdout] 663 |        use tantale::macros::hpo;
[INFO] [stdout]     |            ^^^^^^^ use of unresolved module or unlinked crate `tantale`
[INFO] [stdout]     |
[INFO] [stdout]     = help: if you wanted to use a crate named `tantale`, use `cargo add tantale` to add it to your `Cargo.toml`
[INFO] [stdout] 
[INFO] [stdout] error[E0425]: cannot find function `get_searchspace` in module `sp`
[INFO] [stdout]    --> src/searchspace.rs:679:31
[INFO] [stdout]     |
[INFO] [stdout] 679 | let sp: Sp<Mixed, Real> = sp::get_searchspace();
[INFO] [stdout]     |                               ^^^^^^^^^^^^^^^ not found in `sp`
[INFO] [stdout] 
[INFO] [stdout] error: aborting due to 4 previous errors
[INFO] [stdout] 
[INFO] [stdout] Some errors have detailed explanations: E0425, E0433.
[INFO] [stdout] For more information about an error, try `rustc --explain E0425`.
[INFO] [stdout] Couldn't compile the test.
[INFO] [stdout] ---- src/searchspace/sppar.rs - searchspace::sppar (line 10) stdout ----
[INFO] [stdout] error[E0433]: cannot find module or crate `tantale` in this scope
[INFO] [stdout]   --> src/searchspace/sppar.rs:11:5
[INFO] [stdout]    |
[INFO] [stdout] 11 | use tantale::core::{SpPar, Var, Real, Unit, Uniform};
[INFO] [stdout]    |     ^^^^^^^ use of unresolved module or unlinked crate `tantale`
[INFO] [stdout]    |
[INFO] [stdout]    = help: if you wanted to use a crate named `tantale`, use `cargo add tantale` to add it to your `Cargo.toml`
[INFO] [stdout] 
[INFO] [stdout] error: aborting due to 1 previous error
[INFO] [stdout] 
[INFO] [stdout] For more information about this error, try `rustc --explain E0433`.
[INFO] [stdout] Couldn't compile the test.
[INFO] [stdout] ---- src/solution/batchtype.rs - solution::batchtype::Batch<SolId,SInfo,Info,Shape>::add (line 114) stdout ----
[INFO] [stdout] error[E0433]: cannot find module or crate `tantale` in this scope
[INFO] [stdout]    --> src/solution/batchtype.rs:115:5
[INFO] [stdout]     |
[INFO] [stdout] 115 | use tantale::core::{Batch, BaseSol, EmptyInfo, Id, HasId, Pair, Real, SId, Unit, Uncomputed};
[INFO] [stdout]     |     ^^^^^^^ use of unresolved module or unlinked crate `tantale`
[INFO] [stdout]     |
[INFO] [stdout]     = help: if you wanted to use a crate named `tantale`, use `cargo add tantale` to add it to your `Cargo.toml`
[INFO] [stdout] 
[INFO] [stdout] error: aborting due to 1 previous error
[INFO] [stdout] 
[INFO] [stdout] For more information about this error, try `rustc --explain E0433`.
[INFO] [stdout] Couldn't compile the test.
[INFO] [stdout] ---- src/searchspace/sppar.rs - searchspace::sppar (line 33) stdout ----
[INFO] [stdout] error[E0433]: cannot find module or crate `tantale` in this scope
[INFO] [stdout]   --> src/searchspace/sppar.rs:34:5
[INFO] [stdout]    |
[INFO] [stdout] 34 | use tantale::core::{BaseSol, EmptyInfo, HasId, SId, Searchspace, SpPar, Var, Real, Unit, Uniform};
[INFO] [stdout]    |     ^^^^^^^ use of unresolved module or unlinked crate `tantale`
[INFO] [stdout]    |
[INFO] [stdout]    = help: if you wanted to use a crate named `tantale`, use `cargo add tantale` to add it to your `Cargo.toml`
[INFO] [stdout] 
[INFO] [stdout] error: aborting due to 1 previous error
[INFO] [stdout] 
[INFO] [stdout] For more information about this error, try `rustc --explain E0433`.
[INFO] [stdout] Couldn't compile the test.
[INFO] [stdout] ---- src/objective/obj.rs - objective::obj (line 12) stdout ----
[INFO] [stdout] error[E0433]: cannot find module or crate `tantale` in this scope
[INFO] [stdout]   --> src/objective/obj.rs:14:6
[INFO] [stdout]    |
[INFO] [stdout] 14 |  use tantale::core::{Bool, Cat, Int, Nat, Real, Bernoulli, Uniform};
[INFO] [stdout]    |      ^^^^^^^ use of unresolved module or unlinked crate `tantale`
[INFO] [stdout]    |
[INFO] [stdout]    = help: if you wanted to use a crate named `tantale`, use `cargo add tantale` to add it to your `Cargo.toml`
[INFO] [stdout] 
[INFO] [stdout] error[E0433]: cannot find module or crate `tantale` in this scope
[INFO] [stdout]   --> src/objective/obj.rs:15:6
[INFO] [stdout]    |
[INFO] [stdout] 15 |  use tantale::macros::{Outcome, objective};
[INFO] [stdout]    |      ^^^^^^^ use of unresolved module or unlinked crate `tantale`
[INFO] [stdout]    |
[INFO] [stdout]    = help: if you wanted to use a crate named `tantale`, use `cargo add tantale` to add it to your `Cargo.toml`
[INFO] [stdout] 
[INFO] [stdout] error: cannot find attribute `maximize` in this scope
[INFO] [stdout]   --> src/objective/obj.rs:19:8
[INFO] [stdout]    |
[INFO] [stdout] 19 |      #[maximize]
[INFO] [stdout]    |        ^^^^^^^^
[INFO] [stdout] 
[INFO] [stdout] error: aborting due to 3 previous errors
[INFO] [stdout] 
[INFO] [stdout] For more information about this error, try `rustc --explain E0433`.
[INFO] [stdout] Couldn't compile the test.
[INFO] [stdout] ---- src/searchspace/sppar.rs - searchspace::sppar (line 21) stdout ----
[INFO] [stdout] error[E0433]: cannot find module or crate `tantale` in this scope
[INFO] [stdout]   --> src/searchspace/sppar.rs:22:5
[INFO] [stdout]    |
[INFO] [stdout] 22 | use tantale::core::{Sp, SpPar, Var, Real, Unit, Uniform};
[INFO] [stdout]    |     ^^^^^^^ use of unresolved module or unlinked crate `tantale`
[INFO] [stdout]    |
[INFO] [stdout]    = help: if you wanted to use a crate named `tantale`, use `cargo add tantale` to add it to your `Cargo.toml`
[INFO] [stdout] 
[INFO] [stdout] error: aborting due to 1 previous error
[INFO] [stdout] 
[INFO] [stdout] For more information about this error, try `rustc --explain E0433`.
[INFO] [stdout] Couldn't compile the test.
[INFO] [stdout] ---- src/solution/batchtype.rs - solution::batchtype::Batch<SolId,SInfo,Info,Shape>::new (line 71) stdout ----
[INFO] [stdout] error[E0433]: cannot find module or crate `tantale` in this scope
[INFO] [stdout]   --> src/solution/batchtype.rs:72:5
[INFO] [stdout]    |
[INFO] [stdout] 72 | use tantale::core::{Batch, BaseSol, EmptyInfo, Id, HasId, Pair, Real, SId, Unit, Uncomputed};
[INFO] [stdout]    |     ^^^^^^^ use of unresolved module or unlinked crate `tantale`
[INFO] [stdout]    |
[INFO] [stdout]    = help: if you wanted to use a crate named `tantale`, use `cargo add tantale` to add it to your `Cargo.toml`
[INFO] [stdout] 
[INFO] [stdout] error: aborting due to 1 previous error
[INFO] [stdout] 
[INFO] [stdout] For more information about this error, try `rustc --explain E0433`.
[INFO] [stdout] Couldn't compile the test.
[INFO] [stdout] ---- src/solution/batchtype.rs - solution::batchtype (line 9) stdout ----
[INFO] [stdout] error[E0433]: cannot find module or crate `tantale` in this scope
[INFO] [stdout]   --> src/solution/batchtype.rs:10:5
[INFO] [stdout]    |
[INFO] [stdout] 10 | use tantale::core::{Batch, BaseSol, EmptyInfo, Id, HasId, Pair, Real, SId, Unit, Uncomputed};
[INFO] [stdout]    |     ^^^^^^^ use of unresolved module or unlinked crate `tantale`
[INFO] [stdout]    |
[INFO] [stdout]    = help: if you wanted to use a crate named `tantale`, use `cargo add tantale` to add it to your `Cargo.toml`
[INFO] [stdout] 
[INFO] [stdout] error: aborting due to 1 previous error
[INFO] [stdout] 
[INFO] [stdout] For more information about this error, try `rustc --explain E0433`.
[INFO] [stdout] Couldn't compile the test.
[INFO] [stdout] ---- src/solution/batchtype.rs - solution::batchtype::Batch<SolId,SInfo,Info,Shape>::size (line 177) stdout ----
[INFO] [stdout] error[E0433]: cannot find module or crate `tantale` in this scope
[INFO] [stdout]    --> src/solution/batchtype.rs:178:5
[INFO] [stdout]     |
[INFO] [stdout] 178 | use tantale::core::{BaseSol, Batch, EmptyInfo, Lone, Real, SId, Uncomputed};
[INFO] [stdout]     |     ^^^^^^^ use of unresolved module or unlinked crate `tantale`
[INFO] [stdout]     |
[INFO] [stdout]     = help: if you wanted to use a crate named `tantale`, use `cargo add tantale` to add it to your `Cargo.toml`
[INFO] [stdout] 
[INFO] [stdout] error: aborting due to 1 previous error
[INFO] [stdout] 
[INFO] [stdout] For more information about this error, try `rustc --explain E0433`.
[INFO] [stdout] Couldn't compile the test.
[INFO] [stdout] ---- src/solution/batchtype.rs - solution::batchtype::Batch<SolId,SInfo,Info,Shape>::is_empty (line 191) stdout ----
[INFO] [stdout] error[E0433]: cannot find module or crate `tantale` in this scope
[INFO] [stdout]    --> src/solution/batchtype.rs:192:5
[INFO] [stdout]     |
[INFO] [stdout] 192 | use tantale::core::{BaseSol, Batch, EmptyInfo, Lone, Real, SId, Uncomputed};
[INFO] [stdout]     |     ^^^^^^^ use of unresolved module or unlinked crate `tantale`
[INFO] [stdout]     |
[INFO] [stdout]     = help: if you wanted to use a crate named `tantale`, use `cargo add tantale` to add it to your `Cargo.toml`
[INFO] [stdout] 
[INFO] [stdout] error: aborting due to 1 previous error
[INFO] [stdout] 
[INFO] [stdout] For more information about this error, try `rustc --explain E0433`.
[INFO] [stdout] Couldn't compile the test.
[INFO] [stdout] ---- src/searchspace/spbase.rs - searchspace::spbase (line 34) stdout ----
[INFO] [stdout] error[E0433]: cannot find module or crate `tantale` in this scope
[INFO] [stdout]   --> src/searchspace/spbase.rs:35:5
[INFO] [stdout]    |
[INFO] [stdout] 35 | use tantale::core::{BaseSol, EmptyInfo, HasId, SId, Searchspace, Sp, Var, Real, Unit, Uniform};
[INFO] [stdout]    |     ^^^^^^^ use of unresolved module or unlinked crate `tantale`
[INFO] [stdout]    |
[INFO] [stdout]    = help: if you wanted to use a crate named `tantale`, use `cargo add tantale` to add it to your `Cargo.toml`
[INFO] [stdout] 
[INFO] [stdout] error: aborting due to 1 previous error
[INFO] [stdout] 
[INFO] [stdout] For more information about this error, try `rustc --explain E0433`.
[INFO] [stdout] Couldn't compile the test.
[INFO] [stdout] ---- src/solution/batchtype.rs - solution::batchtype::OutBatch<SolId,Info,Out>::add (line 518) stdout ----
[INFO] [stdout] error[E0433]: cannot find module or crate `tantale` in this scope
[INFO] [stdout]    --> src/solution/batchtype.rs:519:5
[INFO] [stdout]     |
[INFO] [stdout] 519 | use tantale::core::{EmptyInfo, Id, OutBatch, SId};
[INFO] [stdout]     |     ^^^^^^^ use of unresolved module or unlinked crate `tantale`
[INFO] [stdout]     |
[INFO] [stdout]     = help: if you wanted to use a crate named `tantale`, use `cargo add tantale` to add it to your `Cargo.toml`
[INFO] [stdout] 
[INFO] [stdout] error[E0433]: cannot find module or crate `tantale` in this scope
[INFO] [stdout]    --> src/solution/batchtype.rs:522:5
[INFO] [stdout]     |
[INFO] [stdout] 522 | use tantale::macros::Outcome;
[INFO] [stdout]     |     ^^^^^^^ use of unresolved module or unlinked crate `tantale`
[INFO] [stdout]     |
[INFO] [stdout]     = help: if you wanted to use a crate named `tantale`, use `cargo add tantale` to add it to your `Cargo.toml`
[INFO] [stdout] 
[INFO] [stdout] error: cannot find attribute `maximize` in this scope
[INFO] [stdout]    --> src/solution/batchtype.rs:525:16
[INFO] [stdout]     |
[INFO] [stdout] 525 | struct Out { #[maximize] value: f64 }
[INFO] [stdout]     |                ^^^^^^^^
[INFO] [stdout] 
[INFO] [stdout] error: aborting due to 3 previous errors
[INFO] [stdout] 
[INFO] [stdout] For more information about this error, try `rustc --explain E0433`.
[INFO] [stdout] Couldn't compile the test.
[INFO] [stdout] ---- src/solution/batchtype.rs - solution::batchtype::Batch<SolId,SInfo,Info,Shape>::add_vec (line 134) stdout ----
[INFO] [stdout] error[E0433]: cannot find module or crate `tantale` in this scope
[INFO] [stdout]    --> src/solution/batchtype.rs:135:5
[INFO] [stdout]     |
[INFO] [stdout] 135 | use tantale::core::{Batch, BaseSol, EmptyInfo, Id, HasId, Pair, Real, SId, Unit, Uncomputed};
[INFO] [stdout]     |     ^^^^^^^ use of unresolved module or unlinked crate `tantale`
[INFO] [stdout]     |
[INFO] [stdout]     = help: if you wanted to use a crate named `tantale`, use `cargo add tantale` to add it to your `Cargo.toml`
[INFO] [stdout] 
[INFO] [stdout] error: aborting due to 1 previous error
[INFO] [stdout] 
[INFO] [stdout] For more information about this error, try `rustc --explain E0433`.
[INFO] [stdout] Couldn't compile the test.
[INFO] [stdout] ---- src/solution/batchtype.rs - solution::batchtype::Batch<SolId,SInfo,Info,Shape>::empty (line 95) stdout ----
[INFO] [stdout] error[E0433]: cannot find module or crate `tantale` in this scope
[INFO] [stdout]   --> src/solution/batchtype.rs:96:5
[INFO] [stdout]    |
[INFO] [stdout] 96 | use tantale::core::{BaseSol, Batch, EmptyInfo, Lone, Real, SId, Uncomputed};
[INFO] [stdout]    |     ^^^^^^^ use of unresolved module or unlinked crate `tantale`
[INFO] [stdout]    |
[INFO] [stdout]    = help: if you wanted to use a crate named `tantale`, use `cargo add tantale` to add it to your `Cargo.toml`
[INFO] [stdout] 
[INFO] [stdout] error: aborting due to 1 previous error
[INFO] [stdout] 
[INFO] [stdout] For more information about this error, try `rustc --explain E0433`.
[INFO] [stdout] Couldn't compile the test.
[INFO] [stdout] ---- src/searchspace.rs - searchspace::Searchspace::vec_apply_pair (line 1066) stdout ----
[INFO] [stdout] error[E0433]: cannot find module or crate `tantale` in this scope
[INFO] [stdout]     --> src/searchspace.rs:1079:5
[INFO] [stdout]      |
[INFO] [stdout] 1079 | use tantale::core::{FidelitySol, EmptyInfo, Searchspace, Pair, Sp, Mixed, Real, StepSId, HasFidelity};
[INFO] [stdout]      |     ^^^^^^^ use of unresolved module or unlinked crate `tantale`
[INFO] [stdout]      |
[INFO] [stdout]      = help: if you wanted to use a crate named `tantale`, use `cargo add tantale` to add it to your `Cargo.toml`
[INFO] [stdout] 
[INFO] [stdout] error[E0433]: cannot find module or crate `tantale` in this scope
[INFO] [stdout]     --> src/searchspace.rs:1068:12
[INFO] [stdout]      |
[INFO] [stdout] 1068 |        use tantale::core::{Bool, Cat, Nat, Real, Searchspace, Uniform, Bernoulli};
[INFO] [stdout]      |            ^^^^^^^ use of unresolved module or unlinked crate `tantale`
[INFO] [stdout]      |
[INFO] [stdout]      = help: if you wanted to use a crate named `tantale`, use `cargo add tantale` to add it to your `Cargo.toml`
[INFO] [stdout] 
[INFO] [stdout] error[E0433]: cannot find module or crate `tantale` in this scope
[INFO] [stdout]     --> src/searchspace.rs:1069:12
[INFO] [stdout]      |
[INFO] [stdout] 1069 |        use tantale::macros::hpo;
[INFO] [stdout]      |            ^^^^^^^ use of unresolved module or unlinked crate `tantale`
[INFO] [stdout]      |
[INFO] [stdout]      = help: if you wanted to use a crate named `tantale`, use `cargo add tantale` to add it to your `Cargo.toml`
[INFO] [stdout] 
[INFO] [stdout] error[E0425]: cannot find function `get_searchspace` in module `sp`
[INFO] [stdout]     --> src/searchspace.rs:1082:31
[INFO] [stdout]      |
[INFO] [stdout] 1082 | let sp: Sp<Mixed, Real> = sp::get_searchspace();
[INFO] [stdout]      |                               ^^^^^^^^^^^^^^^ not found in `sp`
[INFO] [stdout] 
[INFO] [stdout] error: aborting due to 4 previous errors
[INFO] [stdout] 
[INFO] [stdout] Some errors have detailed explanations: E0425, E0433.
[INFO] [stdout] For more information about an error, try `rustc --explain E0425`.
[INFO] [stdout] Couldn't compile the test.
[INFO] [stdout] ---- src/solution/batchtype.rs - solution::batchtype::Batch<SolId,SInfo,Info,Shape>::extend (line 156) stdout ----
[INFO] [stdout] error[E0433]: cannot find module or crate `tantale` in this scope
[INFO] [stdout]    --> src/solution/batchtype.rs:157:5
[INFO] [stdout]     |
[INFO] [stdout] 157 | use tantale::core::{Batch, BaseSol, EmptyInfo, Id, HasId, Pair, Real, SId, Unit, Uncomputed};
[INFO] [stdout]     |     ^^^^^^^ use of unresolved module or unlinked crate `tantale`
[INFO] [stdout]     |
[INFO] [stdout]     = help: if you wanted to use a crate named `tantale`, use `cargo add tantale` to add it to your `Cargo.toml`
[INFO] [stdout] 
[INFO] [stdout] error: aborting due to 1 previous error
[INFO] [stdout] 
[INFO] [stdout] For more information about this error, try `rustc --explain E0433`.
[INFO] [stdout] Couldn't compile the test.
[INFO] [stdout] ---- src/solution/id.rs - solution::id::Id (line 42) stdout ----
[INFO] [stdout] error[E0433]: cannot find module or crate `tantale` in this scope
[INFO] [stdout]   --> src/solution/id.rs:43:5
[INFO] [stdout]    |
[INFO] [stdout] 43 | use tantale::core::{Id, SId};
[INFO] [stdout]    |     ^^^^^^^ use of unresolved module or unlinked crate `tantale`
[INFO] [stdout]    |
[INFO] [stdout]    = help: if you wanted to use a crate named `tantale`, use `cargo add tantale` to add it to your `Cargo.toml`
[INFO] [stdout] 
[INFO] [stdout] error: aborting due to 1 previous error
[INFO] [stdout] 
[INFO] [stdout] For more information about this error, try `rustc --explain E0433`.
[INFO] [stdout] Couldn't compile the test.
[INFO] [stdout] ---- src/solution/id.rs - solution::id (line 15) stdout ----
[INFO] [stdout] error[E0433]: cannot find module or crate `tantale` in this scope
[INFO] [stdout]   --> src/solution/id.rs:16:5
[INFO] [stdout]    |
[INFO] [stdout] 16 | use tantale::core::{Id, ParSId};
[INFO] [stdout]    |     ^^^^^^^ use of unresolved module or unlinked crate `tantale`
[INFO] [stdout]    |
[INFO] [stdout]    = help: if you wanted to use a crate named `tantale`, use `cargo add tantale` to add it to your `Cargo.toml`
[INFO] [stdout] 
[INFO] [stdout] error: aborting due to 1 previous error
[INFO] [stdout] 
[INFO] [stdout] For more information about this error, try `rustc --explain E0433`.
[INFO] [stdout] Couldn't compile the test.
[INFO] [stdout] ---- src/solution/id.rs - solution::id::SId (line 204) stdout ----
[INFO] [stdout] error[E0433]: cannot find module or crate `tantale` in this scope
[INFO] [stdout]    --> src/solution/id.rs:205:5
[INFO] [stdout]     |
[INFO] [stdout] 205 | use tantale::core::{Id, SId};
[INFO] [stdout]     |     ^^^^^^^ use of unresolved module or unlinked crate `tantale`
[INFO] [stdout]     |
[INFO] [stdout]     = help: if you wanted to use a crate named `tantale`, use `cargo add tantale` to add it to your `Cargo.toml`
[INFO] [stdout] 
[INFO] [stdout] error: aborting due to 1 previous error
[INFO] [stdout] 
[INFO] [stdout] For more information about this error, try `rustc --explain E0433`.
[INFO] [stdout] Couldn't compile the test.
[INFO] [stdout] ---- src/solution/id.rs - solution::id::StepSId (line 266) stdout ----
[INFO] [stdout] error[E0433]: cannot find module or crate `tantale` in this scope
[INFO] [stdout]    --> src/solution/id.rs:267:5
[INFO] [stdout]     |
[INFO] [stdout] 267 | use tantale::core::{Id, StepSId};
[INFO] [stdout]     |     ^^^^^^^ use of unresolved module or unlinked crate `tantale`
[INFO] [stdout]     |
[INFO] [stdout]     = help: if you wanted to use a crate named `tantale`, use `cargo add tantale` to add it to your `Cargo.toml`
[INFO] [stdout] 
[INFO] [stdout] error: aborting due to 1 previous error
[INFO] [stdout] 
[INFO] [stdout] For more information about this error, try `rustc --explain E0433`.
[INFO] [stdout] Couldn't compile the test.
[INFO] [stdout] ---- src/solution/id.rs - solution::id (line 7) stdout ----
[INFO] [stdout] error[E0433]: cannot find module or crate `tantale` in this scope
[INFO] [stdout]  --> src/solution/id.rs:8:5
[INFO] [stdout]   |
[INFO] [stdout] 8 | use tantale::core::{Id, SId};
[INFO] [stdout]   |     ^^^^^^^ use of unresolved module or unlinked crate `tantale`
[INFO] [stdout]   |
[INFO] [stdout]   = help: if you wanted to use a crate named `tantale`, use `cargo add tantale` to add it to your `Cargo.toml`
[INFO] [stdout] 
[INFO] [stdout] error: aborting due to 1 previous error
[INFO] [stdout] 
[INFO] [stdout] For more information about this error, try `rustc --explain E0433`.
[INFO] [stdout] Couldn't compile the test.
[INFO] [stdout] ---- src/solution/partial.rs - solution::partial::FidelitySol (line 284) stdout ----
[INFO] [stdout] error[E0433]: cannot find module or crate `tantale` in this scope
[INFO] [stdout]    --> src/solution/partial.rs:285:5
[INFO] [stdout]     |
[INFO] [stdout] 285 | use tantale::core::{HasX, Id, Step, Fidelity, Uncomputed, FidelitySol, HasFidelity, HasId, HasStep, EmptyInfo, Real, StepSId, Solut...
[INFO] [stdout]     |     ^^^^^^^ use of unresolved module or unlinked crate `tantale`
[INFO] [stdout]     |
[INFO] [stdout]     = help: if you wanted to use a crate named `tantale`, use `cargo add tantale` to add it to your `Cargo.toml`
[INFO] [stdout] 
[INFO] [stdout] error: aborting due to 1 previous error
[INFO] [stdout] 
[INFO] [stdout] For more information about this error, try `rustc --explain E0433`.
[INFO] [stdout] Couldn't compile the test.
[INFO] [stdout] ---- src/solution/partial.rs - solution::partial::BaseSol (line 74) stdout ----
[INFO] [stdout] error[E0433]: cannot find module or crate `tantale` in this scope
[INFO] [stdout]   --> src/solution/partial.rs:75:5
[INFO] [stdout]    |
[INFO] [stdout] 75 | use tantale::core::{HasX, Uncomputed, BaseSol, EmptyInfo, Id, Real, SId, Solution};
[INFO] [stdout]    |     ^^^^^^^ use of unresolved module or unlinked crate `tantale`
[INFO] [stdout]    |
[INFO] [stdout]    = help: if you wanted to use a crate named `tantale`, use `cargo add tantale` to add it to your `Cargo.toml`
[INFO] [stdout] 
[INFO] [stdout] error: aborting due to 1 previous error
[INFO] [stdout] 
[INFO] [stdout] For more information about this error, try `rustc --explain E0433`.
[INFO] [stdout] Couldn't compile the test.
[INFO] [stdout] ---- src/solution/partial.rs - solution::partial::BaseSol<SolId,Dom,Info>::new (line 196) stdout ----
[INFO] [stdout] error[E0433]: cannot find module or crate `tantale` in this scope
[INFO] [stdout]    --> src/solution/partial.rs:197:5
[INFO] [stdout]     |
[INFO] [stdout] 197 | use tantale::core::{HasX, Solution, Uncomputed, BaseSol, Id, Real, EmptyInfo, SId};
[INFO] [stdout]     |     ^^^^^^^ use of unresolved module or unlinked crate `tantale`
[INFO] [stdout]     |
[INFO] [stdout]     = help: if you wanted to use a crate named `tantale`, use `cargo add tantale` to add it to your `Cargo.toml`
[INFO] [stdout] 
[INFO] [stdout] error: aborting due to 1 previous error
[INFO] [stdout] 
[INFO] [stdout] For more information about this error, try `rustc --explain E0433`.
[INFO] [stdout] Couldn't compile the test.
[INFO] [stdout] ---- src/solution/partial.rs - solution::partial (line 9) stdout ----
[INFO] [stdout] error[E0433]: cannot find module or crate `tantale` in this scope
[INFO] [stdout]   --> src/solution/partial.rs:10:5
[INFO] [stdout]    |
[INFO] [stdout] 10 | use tantale::core::{Uncomputed, BaseSol, EmptyInfo, Id, Real, SId};
[INFO] [stdout]    |     ^^^^^^^ use of unresolved module or unlinked crate `tantale`
[INFO] [stdout]    |
[INFO] [stdout]    = help: if you wanted to use a crate named `tantale`, use `cargo add tantale` to add it to your `Cargo.toml`
[INFO] [stdout] 
[INFO] [stdout] error: aborting due to 1 previous error
[INFO] [stdout] 
[INFO] [stdout] For more information about this error, try `rustc --explain E0433`.
[INFO] [stdout] Couldn't compile the test.
[INFO] [stdout] ---- src/solution/shape.rs - solution::shape::Pair (line 89) stdout ----
[INFO] [stdout] error[E0433]: cannot find module or crate `tantale` in this scope
[INFO] [stdout]   --> src/solution/shape.rs:90:5
[INFO] [stdout]    |
[INFO] [stdout] 90 | use tantale::core::{SolutionShape, Uncomputed, BaseSol, EmptyInfo, HasId, Pair, Real, Id, SId, Unit};
[INFO] [stdout]    |     ^^^^^^^ use of unresolved module or unlinked crate `tantale`
[INFO] [stdout]    |
[INFO] [stdout]    = help: if you wanted to use a crate named `tantale`, use `cargo add tantale` to add it to your `Cargo.toml`
[INFO] [stdout] 
[INFO] [stdout] error: aborting due to 1 previous error
[INFO] [stdout] 
[INFO] [stdout] For more information about this error, try `rustc --explain E0433`.
[INFO] [stdout] Couldn't compile the test.
[INFO] [stdout] ---- src/solution/shape.rs - solution::shape (line 8) stdout ----
[INFO] [stdout] error[E0433]: cannot find module or crate `tantale` in this scope
[INFO] [stdout]  --> src/solution/shape.rs:9:5
[INFO] [stdout]   |
[INFO] [stdout] 9 | use tantale::core::{BaseSol, EmptyInfo, HasId, Id, Pair, Real, SId, SolutionShape, Unit, Uncomputed};
[INFO] [stdout]   |     ^^^^^^^ use of unresolved module or unlinked crate `tantale`
[INFO] [stdout]   |
[INFO] [stdout]   = help: if you wanted to use a crate named `tantale`, use `cargo add tantale` to add it to your `Cargo.toml`
[INFO] [stdout] 
[INFO] [stdout] error: aborting due to 1 previous error
[INFO] [stdout] 
[INFO] [stdout] For more information about this error, try `rustc --explain E0433`.
[INFO] [stdout] Couldn't compile the test.
[INFO] [stdout] ---- src/variable/var.rs - variable::var (line 23) stdout ----
[INFO] [stdout] error[E0433]: cannot find module or crate `tantale` in this scope
[INFO] [stdout]   --> src/variable/var.rs:24:5
[INFO] [stdout]    |
[INFO] [stdout] 24 | use tantale::core::{
[INFO] [stdout]    |     ^^^^^^^ use of unresolved module or unlinked crate `tantale`
[INFO] [stdout]    |
[INFO] [stdout]    = help: if you wanted to use a crate named `tantale`, use `cargo add tantale` to add it to your `Cargo.toml`
[INFO] [stdout] 
[INFO] [stdout] error: aborting due to 1 previous error
[INFO] [stdout] 
[INFO] [stdout] For more information about this error, try `rustc --explain E0433`.
[INFO] [stdout] Couldn't compile the test.
[INFO] [stdout] ---- src/stop/evaluated.rs - stop::evaluated::Evaluated::update (line 23) stdout ----
[INFO] [stdout] error[E0433]: cannot find module or crate `tantale` in this scope
[INFO] [stdout]   --> src/stop/evaluated.rs:24:5
[INFO] [stdout]    |
[INFO] [stdout] 24 | use tantale::core::{objective::Step, stop::{Stop, Evaluated, ExpStep}};
[INFO] [stdout]    |     ^^^^^^^ use of unresolved module or unlinked crate `tantale`
[INFO] [stdout]    |
[INFO] [stdout]    = help: if you wanted to use a crate named `tantale`, use `cargo add tantale` to add it to your `Cargo.toml`
[INFO] [stdout] 
[INFO] [stdout] error: aborting due to 1 previous error
[INFO] [stdout] 
[INFO] [stdout] For more information about this error, try `rustc --explain E0433`.
[INFO] [stdout] Couldn't compile the test.
[INFO] [stdout] ---- src/stop/time.rs - stop::time::Time::update (line 28) stdout ----
[INFO] [stdout] error[E0433]: cannot find module or crate `tantale` in this scope
[INFO] [stdout]   --> src/stop/time.rs:29:5
[INFO] [stdout]    |
[INFO] [stdout] 29 | use tantale::core::stop::{Stop, Time, ExpStep};
[INFO] [stdout]    |     ^^^^^^^ use of unresolved module or unlinked crate `tantale`
[INFO] [stdout]    |
[INFO] [stdout]    = help: if you wanted to use a crate named `tantale`, use `cargo add tantale` to add it to your `Cargo.toml`
[INFO] [stdout] 
[INFO] [stdout] error: aborting due to 1 previous error
[INFO] [stdout] 
[INFO] [stdout] For more information about this error, try `rustc --explain E0433`.
[INFO] [stdout] Couldn't compile the test.
[INFO] [stdout] ---- src/solution/batchtype.rs - solution::batchtype::OutBatch<SolId,Info,Out>::new (line 475) stdout ----
[INFO] [stdout] error[E0433]: cannot find module or crate `tantale` in this scope
[INFO] [stdout]    --> src/solution/batchtype.rs:476:5
[INFO] [stdout]     |
[INFO] [stdout] 476 | use tantale::core::{EmptyInfo, Id, OutBatch, SId};
[INFO] [stdout]     |     ^^^^^^^ use of unresolved module or unlinked crate `tantale`
[INFO] [stdout]     |
[INFO] [stdout]     = help: if you wanted to use a crate named `tantale`, use `cargo add tantale` to add it to your `Cargo.toml`
[INFO] [stdout] 
[INFO] [stdout] error[E0433]: cannot find module or crate `tantale` in this scope
[INFO] [stdout]    --> src/solution/batchtype.rs:479:5
[INFO] [stdout]     |
[INFO] [stdout] 479 | use tantale::macros::Outcome;
[INFO] [stdout]     |     ^^^^^^^ use of unresolved module or unlinked crate `tantale`
[INFO] [stdout]     |
[INFO] [stdout]     = help: if you wanted to use a crate named `tantale`, use `cargo add tantale` to add it to your `Cargo.toml`
[INFO] [stdout] 
[INFO] [stdout] error: cannot find attribute `maximize` in this scope
[INFO] [stdout]    --> src/solution/batchtype.rs:482:16
[INFO] [stdout]     |
[INFO] [stdout] 482 | struct Out { #[maximize] value: f64 }
[INFO] [stdout]     |                ^^^^^^^^
[INFO] [stdout] 
[INFO] [stdout] error: aborting due to 3 previous errors
[INFO] [stdout] 
[INFO] [stdout] For more information about this error, try `rustc --explain E0433`.
[INFO] [stdout] Couldn't compile the test.
[INFO] [stdout] ---- src/solution/batchtype.rs - solution::batchtype::OutBatch<SolId,Info,Out>::add_vec (line 539) stdout ----
[INFO] [stdout] error[E0433]: cannot find module or crate `tantale` in this scope
[INFO] [stdout]    --> src/solution/batchtype.rs:540:5
[INFO] [stdout]     |
[INFO] [stdout] 540 | use tantale::core::{EmptyInfo, Id, OutBatch, SId};
[INFO] [stdout]     |     ^^^^^^^ use of unresolved module or unlinked crate `tantale`
[INFO] [stdout]     |
[INFO] [stdout]     = help: if you wanted to use a crate named `tantale`, use `cargo add tantale` to add it to your `Cargo.toml`
[INFO] [stdout] 
[INFO] [stdout] error[E0433]: cannot find module or crate `tantale` in this scope
[INFO] [stdout]    --> src/solution/batchtype.rs:543:5
[INFO] [stdout]     |
[INFO] [stdout] 543 | use tantale::macros::Outcome;
[INFO] [stdout]     |     ^^^^^^^ use of unresolved module or unlinked crate `tantale`
[INFO] [stdout]     |
[INFO] [stdout]     = help: if you wanted to use a crate named `tantale`, use `cargo add tantale` to add it to your `Cargo.toml`
[INFO] [stdout] 
[INFO] [stdout] error: cannot find attribute `maximize` in this scope
[INFO] [stdout]    --> src/solution/batchtype.rs:546:16
[INFO] [stdout]     |
[INFO] [stdout] 546 | struct Out { #[maximize] value: f64 }
[INFO] [stdout]     |                ^^^^^^^^
[INFO] [stdout] 
[INFO] [stdout] error: aborting due to 3 previous errors
[INFO] [stdout] 
[INFO] [stdout] For more information about this error, try `rustc --explain E0433`.
[INFO] [stdout] Couldn't compile the test.
[INFO] [stdout] ---- src/variable/var.rs - variable::var::Var<Obj,NoDomain>::is_in_obj (line 575) stdout ----
[INFO] [stdout] error[E0433]: cannot find module or crate `tantale` in this scope
[INFO] [stdout]    --> src/variable/var.rs:576:5
[INFO] [stdout]     |
[INFO] [stdout] 576 | use tantale::core::{
[INFO] [stdout]     |     ^^^^^^^ use of unresolved module or unlinked crate `tantale`
[INFO] [stdout]     |
[INFO] [stdout]     = help: if you wanted to use a crate named `tantale`, use `cargo add tantale` to add it to your `Cargo.toml`
[INFO] [stdout] 
[INFO] [stdout] error: aborting due to 1 previous error
[INFO] [stdout] 
[INFO] [stdout] For more information about this error, try `rustc --explain E0433`.
[INFO] [stdout] Couldn't compile the test.
[INFO] [stdout] ---- src/variable/var.rs - variable::var (line 44) stdout ----
[INFO] [stdout] error[E0433]: cannot find module or crate `tantale` in this scope
[INFO] [stdout]   --> src/variable/var.rs:45:5
[INFO] [stdout]    |
[INFO] [stdout] 45 | use tantale::core::{
[INFO] [stdout]    |     ^^^^^^^ use of unresolved module or unlinked crate `tantale`
[INFO] [stdout]    |
[INFO] [stdout]    = help: if you wanted to use a crate named `tantale`, use `cargo add tantale` to add it to your `Cargo.toml`
[INFO] [stdout] 
[INFO] [stdout] error: aborting due to 1 previous error
[INFO] [stdout] 
[INFO] [stdout] For more information about this error, try `rustc --explain E0433`.
[INFO] [stdout] Couldn't compile the test.
[INFO] [stdout] ---- src/solution/shape.rs - solution::shape::Lone (line 538) stdout ----
[INFO] [stdout] error[E0433]: cannot find module or crate `tantale` in this scope
[INFO] [stdout]    --> src/solution/shape.rs:539:5
[INFO] [stdout]     |
[INFO] [stdout] 539 | use tantale::core::{Uncomputed, BaseSol, EmptyInfo, HasId, Id, SolutionShape, Lone, Real, SId};
[INFO] [stdout]     |     ^^^^^^^ use of unresolved module or unlinked crate `tantale`
[INFO] [stdout]     |
[INFO] [stdout]     = help: if you wanted to use a crate named `tantale`, use `cargo add tantale` to add it to your `Cargo.toml`
[INFO] [stdout] 
[INFO] [stdout] error: aborting due to 1 previous error
[INFO] [stdout] 
[INFO] [stdout] For more information about this error, try `rustc --explain E0433`.
[INFO] [stdout] Couldn't compile the test.
[INFO] [stdout] ---- src/stop/calls.rs - stop::calls::Calls::update (line 23) stdout ----
[INFO] [stdout] error[E0433]: cannot find module or crate `tantale` in this scope
[INFO] [stdout]   --> src/stop/calls.rs:24:5
[INFO] [stdout]    |
[INFO] [stdout] 24 | use tantale::core::{Step, stop::{Stop, Calls, ExpStep}};
[INFO] [stdout]    |     ^^^^^^^ use of unresolved module or unlinked crate `tantale`
[INFO] [stdout]    |
[INFO] [stdout]    = help: if you wanted to use a crate named `tantale`, use `cargo add tantale` to add it to your `Cargo.toml`
[INFO] [stdout] 
[INFO] [stdout] error: aborting due to 1 previous error
[INFO] [stdout] 
[INFO] [stdout] For more information about this error, try `rustc --explain E0433`.
[INFO] [stdout] Couldn't compile the test.
[INFO] [stdout] ---- src/variable/var.rs - variable::var::Var<Obj,NoDomain>::onto_obj (line 499) stdout ----
[INFO] [stdout] error[E0433]: cannot find module or crate `tantale` in this scope
[INFO] [stdout]    --> src/variable/var.rs:500:5
[INFO] [stdout]     |
[INFO] [stdout] 500 | use tantale::core::{
[INFO] [stdout]     |     ^^^^^^^ use of unresolved module or unlinked crate `tantale`
[INFO] [stdout]     |
[INFO] [stdout]     = help: if you wanted to use a crate named `tantale`, use `cargo add tantale` to add it to your `Cargo.toml`
[INFO] [stdout] 
[INFO] [stdout] error: aborting due to 1 previous error
[INFO] [stdout] 
[INFO] [stdout] For more information about this error, try `rustc --explain E0433`.
[INFO] [stdout] Couldn't compile the test.
[INFO] [stdout] ---- src/variable/var.rs - variable::var::Var<Obj,NoDomain>::is_in_opt (line 592) stdout ----
[INFO] [stdout] error[E0433]: cannot find module or crate `tantale` in this scope
[INFO] [stdout]    --> src/variable/var.rs:593:5
[INFO] [stdout]     |
[INFO] [stdout] 593 | use tantale::core::{
[INFO] [stdout]     |     ^^^^^^^ use of unresolved module or unlinked crate `tantale`
[INFO] [stdout]     |
[INFO] [stdout]     = help: if you wanted to use a crate named `tantale`, use `cargo add tantale` to add it to your `Cargo.toml`
[INFO] [stdout] 
[INFO] [stdout] error: aborting due to 1 previous error
[INFO] [stdout] 
[INFO] [stdout] For more information about this error, try `rustc --explain E0433`.
[INFO] [stdout] Couldn't compile the test.
[INFO] [stdout] ---- src/variable/var.rs - variable::var (line 69) stdout ----
[INFO] [stdout] error[E0433]: cannot find module or crate `tantale` in this scope
[INFO] [stdout]   --> src/variable/var.rs:70:5
[INFO] [stdout]    |
[INFO] [stdout] 70 | use tantale::core::{
[INFO] [stdout]    |     ^^^^^^^ use of unresolved module or unlinked crate `tantale`
[INFO] [stdout]    |
[INFO] [stdout]    = help: if you wanted to use a crate named `tantale`, use `cargo add tantale` to add it to your `Cargo.toml`
[INFO] [stdout] 
[INFO] [stdout] error: aborting due to 1 previous error
[INFO] [stdout] 
[INFO] [stdout] For more information about this error, try `rustc --explain E0433`.
[INFO] [stdout] Couldn't compile the test.
[INFO] [stdout] ---- src/variable/var.rs - variable::var::Var<Obj,NoDomain>::replicate (line 611) stdout ----
[INFO] [stdout] error[E0433]: cannot find module or crate `tantale` in this scope
[INFO] [stdout]    --> src/variable/var.rs:612:5
[INFO] [stdout]     |
[INFO] [stdout] 612 | use tantale::core::{
[INFO] [stdout]     |     ^^^^^^^ use of unresolved module or unlinked crate `tantale`
[INFO] [stdout]     |
[INFO] [stdout]     = help: if you wanted to use a crate named `tantale`, use `cargo add tantale` to add it to your `Cargo.toml`
[INFO] [stdout] 
[INFO] [stdout] error: aborting due to 1 previous error
[INFO] [stdout] 
[INFO] [stdout] For more information about this error, try `rustc --explain E0433`.
[INFO] [stdout] Couldn't compile the test.
[INFO] [stdout] ---- src/variable/var.rs - variable::var::Var<Obj,NoDomain>::onto_opt (line 521) stdout ----
[INFO] [stdout] error[E0433]: cannot find module or crate `tantale` in this scope
[INFO] [stdout]    --> src/variable/var.rs:522:5
[INFO] [stdout]     |
[INFO] [stdout] 522 | use tantale::core::{
[INFO] [stdout]     |     ^^^^^^^ use of unresolved module or unlinked crate `tantale`
[INFO] [stdout]     |
[INFO] [stdout]     = help: if you wanted to use a crate named `tantale`, use `cargo add tantale` to add it to your `Cargo.toml`
[INFO] [stdout] 
[INFO] [stdout] error: aborting due to 1 previous error
[INFO] [stdout] 
[INFO] [stdout] For more information about this error, try `rustc --explain E0433`.
[INFO] [stdout] Couldn't compile the test.
[INFO] [stdout] ---- src/solution/batchtype.rs - solution::batchtype::OutBatch<SolId,Info,Out>::is_empty (line 601) stdout ----
[INFO] [stdout] error[E0433]: cannot find module or crate `tantale` in this scope
[INFO] [stdout]    --> src/solution/batchtype.rs:602:5
[INFO] [stdout]     |
[INFO] [stdout] 602 | use tantale::core::{EmptyInfo, Id, OutBatch, SId};
[INFO] [stdout]     |     ^^^^^^^ use of unresolved module or unlinked crate `tantale`
[INFO] [stdout]     |
[INFO] [stdout]     = help: if you wanted to use a crate named `tantale`, use `cargo add tantale` to add it to your `Cargo.toml`
[INFO] [stdout] 
[INFO] [stdout] error[E0433]: cannot find module or crate `tantale` in this scope
[INFO] [stdout]    --> src/solution/batchtype.rs:605:5
[INFO] [stdout]     |
[INFO] [stdout] 605 | use tantale::macros::Outcome;
[INFO] [stdout]     |     ^^^^^^^ use of unresolved module or unlinked crate `tantale`
[INFO] [stdout]     |
[INFO] [stdout]     = help: if you wanted to use a crate named `tantale`, use `cargo add tantale` to add it to your `Cargo.toml`
[INFO] [stdout] 
[INFO] [stdout] error: cannot find attribute `maximize` in this scope
[INFO] [stdout]    --> src/solution/batchtype.rs:608:16
[INFO] [stdout]     |
[INFO] [stdout] 608 | struct Out { #[maximize] value: f64 }
[INFO] [stdout]     |                ^^^^^^^^
[INFO] [stdout] 
[INFO] [stdout] error: aborting due to 3 previous errors
[INFO] [stdout] 
[INFO] [stdout] For more information about this error, try `rustc --explain E0433`.
[INFO] [stdout] Couldn't compile the test.
[INFO] [stdout] ---- src/variable/var.rs - variable::var::Var<Obj,Opt>::is_in_obj (line 341) stdout ----
[INFO] [stdout] error[E0433]: cannot find module or crate `tantale` in this scope
[INFO] [stdout]    --> src/variable/var.rs:342:5
[INFO] [stdout]     |
[INFO] [stdout] 342 | use tantale::core::{
[INFO] [stdout]     |     ^^^^^^^ use of unresolved module or unlinked crate `tantale`
[INFO] [stdout]     |
[INFO] [stdout]     = help: if you wanted to use a crate named `tantale`, use `cargo add tantale` to add it to your `Cargo.toml`
[INFO] [stdout] 
[INFO] [stdout] error: aborting due to 1 previous error
[INFO] [stdout] 
[INFO] [stdout] For more information about this error, try `rustc --explain E0433`.
[INFO] [stdout] Couldn't compile the test.
[INFO] [stdout] ---- src/solution/batchtype.rs - solution::batchtype::OutBatch<SolId,Info,Out>::size (line 582) stdout ----
[INFO] [stdout] error[E0433]: cannot find module or crate `tantale` in this scope
[INFO] [stdout]    --> src/solution/batchtype.rs:583:5
[INFO] [stdout]     |
[INFO] [stdout] 583 | use tantale::core::{EmptyInfo, Id, OutBatch, SId};
[INFO] [stdout]     |     ^^^^^^^ use of unresolved module or unlinked crate `tantale`
[INFO] [stdout]     |
[INFO] [stdout]     = help: if you wanted to use a crate named `tantale`, use `cargo add tantale` to add it to your `Cargo.toml`
[INFO] [stdout] 
[INFO] [stdout] error[E0433]: cannot find module or crate `tantale` in this scope
[INFO] [stdout]    --> src/solution/batchtype.rs:586:5
[INFO] [stdout]     |
[INFO] [stdout] 586 | use tantale::macros::Outcome;
[INFO] [stdout]     |     ^^^^^^^ use of unresolved module or unlinked crate `tantale`
[INFO] [stdout]     |
[INFO] [stdout]     = help: if you wanted to use a crate named `tantale`, use `cargo add tantale` to add it to your `Cargo.toml`
[INFO] [stdout] 
[INFO] [stdout] error: cannot find attribute `maximize` in this scope
[INFO] [stdout]    --> src/solution/batchtype.rs:589:16
[INFO] [stdout]     |
[INFO] [stdout] 589 | struct Out { #[maximize] value: f64 }
[INFO] [stdout]     |                ^^^^^^^^
[INFO] [stdout] 
[INFO] [stdout] error: aborting due to 3 previous errors
[INFO] [stdout] 
[INFO] [stdout] For more information about this error, try `rustc --explain E0433`.
[INFO] [stdout] Couldn't compile the test.
[INFO] [stdout] ---- src/variable/var.rs - variable::var::Var<Obj,Opt>::new (line 165) stdout ----
[INFO] [stdout] error[E0433]: cannot find module or crate `tantale` in this scope
[INFO] [stdout]    --> src/variable/var.rs:166:5
[INFO] [stdout]     |
[INFO] [stdout] 166 | use tantale::core::{
[INFO] [stdout]     |     ^^^^^^^ use of unresolved module or unlinked crate `tantale`
[INFO] [stdout]     |
[INFO] [stdout]     = help: if you wanted to use a crate named `tantale`, use `cargo add tantale` to add it to your `Cargo.toml`
[INFO] [stdout] 
[INFO] [stdout] error: aborting due to 1 previous error
[INFO] [stdout] 
[INFO] [stdout] For more information about this error, try `rustc --explain E0433`.
[INFO] [stdout] Couldn't compile the test.
[INFO] [stdout] ---- src/variable/var.rs - variable::var::Var<Obj,Opt>::onto_opt (line 245) stdout ----
[INFO] [stdout] error[E0433]: cannot find module or crate `tantale` in this scope
[INFO] [stdout]    --> src/variable/var.rs:246:5
[INFO] [stdout]     |
[INFO] [stdout] 246 | use tantale::core::{
[INFO] [stdout]     |     ^^^^^^^ use of unresolved module or unlinked crate `tantale`
[INFO] [stdout]     |
[INFO] [stdout]     = help: if you wanted to use a crate named `tantale`, use `cargo add tantale` to add it to your `Cargo.toml`
[INFO] [stdout] 
[INFO] [stdout] error: aborting due to 1 previous error
[INFO] [stdout] 
[INFO] [stdout] For more information about this error, try `rustc --explain E0433`.
[INFO] [stdout] Couldn't compile the test.
[INFO] [stdout] ---- src/variable/var.rs - variable::var::Var<Obj,Opt>::is_in_opt (line 374) stdout ----
[INFO] [stdout] error[E0433]: cannot find module or crate `tantale` in this scope
[INFO] [stdout]    --> src/variable/var.rs:375:5
[INFO] [stdout]     |
[INFO] [stdout] 375 | use tantale::core::{
[INFO] [stdout]     |     ^^^^^^^ use of unresolved module or unlinked crate `tantale`
[INFO] [stdout]     |
[INFO] [stdout]     = help: if you wanted to use a crate named `tantale`, use `cargo add tantale` to add it to your `Cargo.toml`
[INFO] [stdout] 
[INFO] [stdout] error: aborting due to 1 previous error
[INFO] [stdout] 
[INFO] [stdout] For more information about this error, try `rustc --explain E0433`.
[INFO] [stdout] Couldn't compile the test.
[INFO] [stdout] ---- src/variable/var.rs - variable::var::Var<Obj,Opt>::sample_obj (line 275) stdout ----
[INFO] [stdout] error[E0433]: cannot find module or crate `tantale` in this scope
[INFO] [stdout]    --> src/variable/var.rs:276:5
[INFO] [stdout]     |
[INFO] [stdout] 276 | use tantale::core::{
[INFO] [stdout]     |     ^^^^^^^ use of unresolved module or unlinked crate `tantale`
[INFO] [stdout]     |
[INFO] [stdout]     = help: if you wanted to use a crate named `tantale`, use `cargo add tantale` to add it to your `Cargo.toml`
[INFO] [stdout] 
[INFO] [stdout] error: aborting due to 1 previous error
[INFO] [stdout] 
[INFO] [stdout] For more information about this error, try `rustc --explain E0433`.
[INFO] [stdout] Couldn't compile the test.
[INFO] [stdout] ---- src/solution/computed.rs - solution::computed (line 36) stdout ----
[INFO] [stdout] error[E0433]: cannot find module or crate `tantale` in this scope
[INFO] [stdout]   --> src/solution/computed.rs:37:5
[INFO] [stdout]    |
[INFO] [stdout] 37 | use tantale::core::{HasX, Solution, BaseSol, Outcome, Codomain, EmptyInfo, IntoComputed, Real, Id, SId, Uncomputed};
[INFO] [stdout]    |     ^^^^^^^ use of unresolved module or unlinked crate `tantale`
[INFO] [stdout]    |
[INFO] [stdout]    = help: if you wanted to use a crate named `tantale`, use `cargo add tantale` to add it to your `Cargo.toml`
[INFO] [stdout] 
[INFO] [stdout] error[E0433]: cannot find module or crate `tantale` in this scope
[INFO] [stdout]   --> src/solution/computed.rs:38:5
[INFO] [stdout]    |
[INFO] [stdout] 38 | use tantale::macros::Outcome;
[INFO] [stdout]    |     ^^^^^^^ use of unresolved module or unlinked crate `tantale`
[INFO] [stdout]    |
[INFO] [stdout]    = help: if you wanted to use a crate named `tantale`, use `cargo add tantale` to add it to your `Cargo.toml`
[INFO] [stdout] 
[INFO] [stdout] error: cannot find attribute `maximize` in this scope
[INFO] [stdout]   --> src/solution/computed.rs:43:16
[INFO] [stdout]    |
[INFO] [stdout] 43 | struct Out { #[maximize] value: f64 }
[INFO] [stdout]    |                ^^^^^^^^
[INFO] [stdout] 
[INFO] [stdout] error[E0599]: no associated function or constant named `codomain` found for struct `Out` in the current scope
[INFO] [stdout]   --> src/solution/computed.rs:45:16
[INFO] [stdout]    |
[INFO] [stdout] 43 | struct Out { #[maximize] value: f64 }
[INFO] [stdout]    | ---------- associated function or constant `codomain` not found for this struct
[INFO] [stdout] 44 |
[INFO] [stdout] 45 | let cod = Out::codomain();
[INFO] [stdout]    |                ^^^^^^^^ associated function or constant not found in `Out`
[INFO] [stdout]    |
[INFO] [stdout]    = help: items from traits can only be used if the trait is implemented and in scope
[INFO] [stdout]    = note: the following trait defines an item `codomain`, perhaps you need to implement it:
[INFO] [stdout]            candidate #1: `tantale_core::Outcome`
[INFO] [stdout] 
[INFO] [stdout] error: aborting due to 4 previous errors
[INFO] [stdout] 
[INFO] [stdout] Some errors have detailed explanations: E0433, E0599.
[INFO] [stdout] For more information about an error, try `rustc --explain E0433`.
[INFO] [stdout] Couldn't compile the test.
[INFO] [stdout] ---- src/variable/var.rs - variable::var::Var<Obj,Opt>::replicate (line 415) stdout ----
[INFO] [stdout] error[E0433]: cannot find module or crate `tantale` in this scope
[INFO] [stdout]    --> src/variable/var.rs:416:5
[INFO] [stdout]     |
[INFO] [stdout] 416 | use tantale::core::{
[INFO] [stdout]     |     ^^^^^^^ use of unresolved module or unlinked crate `tantale`
[INFO] [stdout]     |
[INFO] [stdout]     = help: if you wanted to use a crate named `tantale`, use `cargo add tantale` to add it to your `Cargo.toml`
[INFO] [stdout] 
[INFO] [stdout] error: aborting due to 1 previous error
[INFO] [stdout] 
[INFO] [stdout] For more information about this error, try `rustc --explain E0433`.
[INFO] [stdout] Couldn't compile the test.
[INFO] [stdout] ---- src/variable/var.rs - variable::var::Var<Obj,NoDomain>::sample_obj (line 539) stdout ----
[INFO] [stdout] error[E0433]: cannot find module or crate `tantale` in this scope
[INFO] [stdout]    --> src/variable/var.rs:540:5
[INFO] [stdout]     |
[INFO] [stdout] 540 | use tantale::core::{
[INFO] [stdout]     |     ^^^^^^^ use of unresolved module or unlinked crate `tantale`
[INFO] [stdout]     |
[INFO] [stdout]     = help: if you wanted to use a crate named `tantale`, use `cargo add tantale` to add it to your `Cargo.toml`
[INFO] [stdout] 
[INFO] [stdout] error: aborting due to 1 previous error
[INFO] [stdout] 
[INFO] [stdout] For more information about this error, try `rustc --explain E0433`.
[INFO] [stdout] Couldn't compile the test.
[INFO] [stdout] ---- src/variable/var.rs - variable::var::Var<Obj,NoDomain>::sample_opt (line 557) stdout ----
[INFO] [stdout] error[E0433]: cannot find module or crate `tantale` in this scope
[INFO] [stdout]    --> src/variable/var.rs:558:5
[INFO] [stdout]     |
[INFO] [stdout] 558 | use tantale::core::{
[INFO] [stdout]     |     ^^^^^^^ use of unresolved module or unlinked crate `tantale`
[INFO] [stdout]     |
[INFO] [stdout]     = help: if you wanted to use a crate named `tantale`, use `cargo add tantale` to add it to your `Cargo.toml`
[INFO] [stdout] 
[INFO] [stdout] error: aborting due to 1 previous error
[INFO] [stdout] 
[INFO] [stdout] For more information about this error, try `rustc --explain E0433`.
[INFO] [stdout] Couldn't compile the test.
[INFO] [stdout] ---- src/variable/var.rs - variable::var::Var<Obj,Opt>::onto_obj (line 209) stdout ----
[INFO] [stdout] error[E0433]: cannot find module or crate `tantale` in this scope
[INFO] [stdout]    --> src/variable/var.rs:210:5
[INFO] [stdout]     |
[INFO] [stdout] 210 | use tantale::core::{
[INFO] [stdout]     |     ^^^^^^^ use of unresolved module or unlinked crate `tantale`
[INFO] [stdout]     |
[INFO] [stdout]     = help: if you wanted to use a crate named `tantale`, use `cargo add tantale` to add it to your `Cargo.toml`
[INFO] [stdout] 
[INFO] [stdout] error: aborting due to 1 previous error
[INFO] [stdout] 
[INFO] [stdout] For more information about this error, try `rustc --explain E0433`.
[INFO] [stdout] Couldn't compile the test.
[INFO] [stdout] ---- src/solution/batchtype.rs - solution::batchtype::OutBatch<SolId,Info,Out>::empty (line 496) stdout ----
[INFO] [stdout] error[E0433]: cannot find module or crate `tantale` in this scope
[INFO] [stdout]    --> src/solution/batchtype.rs:497:5
[INFO] [stdout]     |
[INFO] [stdout] 497 | use tantale::core::{EmptyInfo, Id, OutBatch, SId};
[INFO] [stdout]     |     ^^^^^^^ use of unresolved module or unlinked crate `tantale`
[INFO] [stdout]     |
[INFO] [stdout]     = help: if you wanted to use a crate named `tantale`, use `cargo add tantale` to add it to your `Cargo.toml`
[INFO] [stdout] 
[INFO] [stdout] error[E0433]: cannot find module or crate `tantale` in this scope
[INFO] [stdout]    --> src/solution/batchtype.rs:500:5
[INFO] [stdout]     |
[INFO] [stdout] 500 | use tantale::macros::Outcome;
[INFO] [stdout]     |     ^^^^^^^ use of unresolved module or unlinked crate `tantale`
[INFO] [stdout]     |
[INFO] [stdout]     = help: if you wanted to use a crate named `tantale`, use `cargo add tantale` to add it to your `Cargo.toml`
[INFO] [stdout] 
[INFO] [stdout] error: cannot find attribute `maximize` in this scope
[INFO] [stdout]    --> src/solution/batchtype.rs:503:16
[INFO] [stdout]     |
[INFO] [stdout] 503 | struct Out { #[maximize] value: f64 }
[INFO] [stdout]     |                ^^^^^^^^
[INFO] [stdout] 
[INFO] [stdout] error: aborting due to 3 previous errors
[INFO] [stdout] 
[INFO] [stdout] For more information about this error, try `rustc --explain E0433`.
[INFO] [stdout] Couldn't compile the test.
[INFO] [stdout] ---- src/solution/batchtype.rs - solution::batchtype::OutBatch<SolId,Info,Out>::extend (line 560) stdout ----
[INFO] [stdout] error[E0433]: cannot find module or crate `tantale` in this scope
[INFO] [stdout]    --> src/solution/batchtype.rs:561:5
[INFO] [stdout]     |
[INFO] [stdout] 561 | use tantale::core::{EmptyInfo, Id, OutBatch, SId};
[INFO] [stdout]     |     ^^^^^^^ use of unresolved module or unlinked crate `tantale`
[INFO] [stdout]     |
[INFO] [stdout]     = help: if you wanted to use a crate named `tantale`, use `cargo add tantale` to add it to your `Cargo.toml`
[INFO] [stdout] 
[INFO] [stdout] error[E0433]: cannot find module or crate `tantale` in this scope
[INFO] [stdout]    --> src/solution/batchtype.rs:564:5
[INFO] [stdout]     |
[INFO] [stdout] 564 | use tantale::macros::Outcome;
[INFO] [stdout]     |     ^^^^^^^ use of unresolved module or unlinked crate `tantale`
[INFO] [stdout]     |
[INFO] [stdout]     = help: if you wanted to use a crate named `tantale`, use `cargo add tantale` to add it to your `Cargo.toml`
[INFO] [stdout] 
[INFO] [stdout] error: cannot find attribute `maximize` in this scope
[INFO] [stdout]    --> src/solution/batchtype.rs:567:16
[INFO] [stdout]     |
[INFO] [stdout] 567 | struct Out { #[maximize] value: f64 }
[INFO] [stdout]     |                ^^^^^^^^
[INFO] [stdout] 
[INFO] [stdout] error: aborting due to 3 previous errors
[INFO] [stdout] 
[INFO] [stdout] For more information about this error, try `rustc --explain E0433`.
[INFO] [stdout] Couldn't compile the test.
[INFO] [stdout] ---- src/variable/var.rs - variable::var::Var<Obj,NoDomain>::new (line 463) stdout ----
[INFO] [stdout] error[E0433]: cannot find module or crate `tantale` in this scope
[INFO] [stdout]    --> src/variable/var.rs:464:5
[INFO] [stdout]     |
[INFO] [stdout] 464 | use tantale::core::{
[INFO] [stdout]     |     ^^^^^^^ use of unresolved module or unlinked crate `tantale`
[INFO] [stdout]     |
[INFO] [stdout]     = help: if you wanted to use a crate named `tantale`, use `cargo add tantale` to add it to your `Cargo.toml`
[INFO] [stdout] 
[INFO] [stdout] error: aborting due to 1 previous error
[INFO] [stdout] 
[INFO] [stdout] For more information about this error, try `rustc --explain E0433`.
[INFO] [stdout] Couldn't compile the test.
[INFO] [stdout] ---- src/variable/var.rs - variable::var::Var<Obj,Opt>::sample_opt (line 304) stdout ----
[INFO] [stdout] error[E0433]: cannot find module or crate `tantale` in this scope
[INFO] [stdout]    --> src/variable/var.rs:305:5
[INFO] [stdout]     |
[INFO] [stdout] 305 | use tantale::core::{
[INFO] [stdout]     |     ^^^^^^^ use of unresolved module or unlinked crate `tantale`
[INFO] [stdout]     |
[INFO] [stdout]     = help: if you wanted to use a crate named `tantale`, use `cargo add tantale` to add it to your `Cargo.toml`
[INFO] [stdout] 
[INFO] [stdout] error: aborting due to 1 previous error
[INFO] [stdout] 
[INFO] [stdout] For more information about this error, try `rustc --explain E0433`.
[INFO] [stdout] Couldn't compile the test.
[INFO] [stdout] ---- src/solution/computed.rs - solution::computed (line 17) stdout ----
[INFO] [stdout] error[E0433]: cannot find module or crate `tantale` in this scope
[INFO] [stdout]   --> src/solution/computed.rs:18:5
[INFO] [stdout]    |
[INFO] [stdout] 18 | use tantale::core::{HasX, Solution, BaseSol, Outcome, Computed, Codomain, EmptyInfo, Real, Id, SId, Uncomputed};
[INFO] [stdout]    |     ^^^^^^^ use of unresolved module or unlinked crate `tantale`
[INFO] [stdout]    |
[INFO] [stdout]    = help: if you wanted to use a crate named `tantale`, use `cargo add tantale` to add it to your `Cargo.toml`
[INFO] [stdout] 
[INFO] [stdout] error[E0433]: cannot find module or crate `tantale` in this scope
[INFO] [stdout]   --> src/solution/computed.rs:19:5
[INFO] [stdout]    |
[INFO] [stdout] 19 | use tantale::macros::Outcome;
[INFO] [stdout]    |     ^^^^^^^ use of unresolved module or unlinked crate `tantale`
[INFO] [stdout]    |
[INFO] [stdout]    = help: if you wanted to use a crate named `tantale`, use `cargo add tantale` to add it to your `Cargo.toml`
[INFO] [stdout] 
[INFO] [stdout] error: cannot find attribute `maximize` in this scope
[INFO] [stdout]   --> src/solution/computed.rs:24:16
[INFO] [stdout]    |
[INFO] [stdout] 24 | struct Out { #[maximize] value: f64 }
[INFO] [stdout]    |                ^^^^^^^^
[INFO] [stdout] 
[INFO] [stdout] error[E0599]: no associated function or constant named `codomain` found for struct `Out` in the current scope
[INFO] [stdout]   --> src/solution/computed.rs:26:16
[INFO] [stdout]    |
[INFO] [stdout] 24 | struct Out { #[maximize] value: f64 }
[INFO] [stdout]    | ---------- associated function or constant `codomain` not found for this struct
[INFO] [stdout] 25 |
[INFO] [stdout] 26 | let cod = Out::codomain();
[INFO] [stdout]    |                ^^^^^^^^ associated function or constant not found in `Out`
[INFO] [stdout]    |
[INFO] [stdout]    = help: items from traits can only be used if the trait is implemented and in scope
[INFO] [stdout]    = note: the following trait defines an item `codomain`, perhaps you need to implement it:
[INFO] [stdout]            candidate #1: `tantale_core::Outcome`
[INFO] [stdout] 
[INFO] [stdout] error: aborting due to 4 previous errors
[INFO] [stdout] 
[INFO] [stdout] Some errors have detailed explanations: E0433, E0599.
[INFO] [stdout] For more information about an error, try `rustc --explain E0433`.
[INFO] [stdout] Couldn't compile the test.
[INFO] [stdout] 
[INFO] [stdout] failures:
[INFO] [stdout]     src/domain.rs - domain::Domain (line 118)
[INFO] [stdout]     src/domain.rs - domain::Domain::sample (line 205)
[INFO] [stdout]     src/domain/bool.rs - domain::bool::Bool (line 24)
[INFO] [stdout]     src/domain/bool.rs - domain::bool::Bool::contains (line 68)
[INFO] [stdout]     src/domain/bounded.rs - domain::bounded (line 17)
[INFO] [stdout]     src/domain/bounded.rs - domain::bounded::Int (line 534)
[INFO] [stdout]     src/domain/bounded.rs - domain::bounded::Nat (line 500)
[INFO] [stdout]     src/domain/bounded.rs - domain::bounded::Real (line 466)
[INFO] [stdout]     src/domain/codomain.rs - domain::codomain (line 26)
[INFO] [stdout]     src/domain/grid.rs - domain::grid::Cat (line 415)
[INFO] [stdout]     src/domain/grid.rs - domain::grid::GridDom (line 29)
[INFO] [stdout]     src/domain/grid.rs - domain::grid::GridDom<T>::new (line 54)
[INFO] [stdout]     src/domain/grid.rs - domain::grid::GridInt (line 355)
[INFO] [stdout]     src/domain/grid.rs - domain::grid::GridNat (line 385)
[INFO] [stdout]     src/domain/grid.rs - domain::grid::GridReal (line 325)
[INFO] [stdout]     src/domain/onto.rs - domain::onto (line 8)
[INFO] [stdout]     src/domain/unit.rs - domain::unit::Unit (line 25)
[INFO] [stdout]     src/lib.rs - (line 115)
[INFO] [stdout]     src/lib.rs - (line 72)
[INFO] [stdout]     src/objective/obj.rs - objective::obj (line 12)
[INFO] [stdout]     src/objective/obj.rs - objective::obj (line 63)
[INFO] [stdout]     src/objective/outcome.rs - objective::outcome (line 100)
[INFO] [stdout]     src/objective/outcome.rs - objective::outcome (line 47)
[INFO] [stdout]     src/sampler.rs - sampler (line 32)
[INFO] [stdout]     src/sampler.rs - sampler::Bernoulli (line 292)
[INFO] [stdout]     src/sampler.rs - sampler::BoolDistribution (line 156)
[INFO] [stdout]     src/sampler.rs - sampler::BoundedDistribution (line 120)
[INFO] [stdout]     src/sampler.rs - sampler::DomainSampler (line 81)
[INFO] [stdout]     src/sampler.rs - sampler::GridDomDistribution (line 184)
[INFO] [stdout]     src/sampler.rs - sampler::Uniform (line 239)
[INFO] [stdout]     src/searchspace.rs - searchspace (line 38)
[INFO] [stdout]     src/searchspace.rs - searchspace (line 96)
[INFO] [stdout]     src/searchspace.rs - searchspace::Searchspace::contains_obj (line 539)
[INFO] [stdout]     src/searchspace.rs - searchspace::Searchspace::contains_opt (line 582)
[INFO] [stdout]     src/searchspace.rs - searchspace::Searchspace::onto_obj (line 302)
[INFO] [stdout]     src/searchspace.rs - searchspace::Searchspace::onto_opt (line 265)
[INFO] [stdout]     src/searchspace.rs - searchspace::Searchspace::sample_obj (line 342)
[INFO] [stdout]     src/searchspace.rs - searchspace::Searchspace::sample_opt (line 418)
[INFO] [stdout]     src/searchspace.rs - searchspace::Searchspace::sample_pair (line 495)
[INFO] [stdout]     src/searchspace.rs - searchspace::Searchspace::sample_raw_obj (line 381)
[INFO] [stdout]     src/searchspace.rs - searchspace::Searchspace::sample_raw_opt (line 457)
[INFO] [stdout]     src/searchspace.rs - searchspace::Searchspace::vec_apply_obj (line 949)
[INFO] [stdout]     src/searchspace.rs - searchspace::Searchspace::vec_apply_opt (line 1010)
[INFO] [stdout]     src/searchspace.rs - searchspace::Searchspace::vec_apply_pair (line 1066)
[INFO] [stdout]     src/searchspace.rs - searchspace::Searchspace::vec_contains_obj (line 1122)
[INFO] [stdout]     src/searchspace.rs - searchspace::Searchspace::vec_contains_opt (line 1165)
[INFO] [stdout]     src/searchspace.rs - searchspace::Searchspace::vec_onto_obj (line 614)
[INFO] [stdout]     src/searchspace.rs - searchspace::Searchspace::vec_onto_opt (line 660)
[INFO] [stdout]     src/searchspace.rs - searchspace::Searchspace::vec_sample_obj (line 708)
[INFO] [stdout]     src/searchspace.rs - searchspace::Searchspace::vec_sample_opt (line 803)
[INFO] [stdout]     src/searchspace.rs - searchspace::Searchspace::vec_sample_pair (line 892)
[INFO] [stdout]     src/searchspace.rs - searchspace::Searchspace::vec_sample_raw_obj (line 758)
[INFO] [stdout]     src/searchspace.rs - searchspace::Searchspace::vec_sample_raw_opt (line 847)
[INFO] [stdout]     src/searchspace/spbase.rs - searchspace::spbase (line 11)
[INFO] [stdout]     src/searchspace/spbase.rs - searchspace::spbase (line 22)
[INFO] [stdout]     src/searchspace/spbase.rs - searchspace::spbase (line 34)
[INFO] [stdout]     src/searchspace/sppar.rs - searchspace::sppar (line 10)
[INFO] [stdout]     src/searchspace/sppar.rs - searchspace::sppar (line 21)
[INFO] [stdout]     src/searchspace/sppar.rs - searchspace::sppar (line 33)
[INFO] [stdout]     src/solution/batchtype.rs - solution::batchtype (line 9)
[INFO] [stdout]     src/solution/batchtype.rs - solution::batchtype::Batch<SolId,SInfo,Info,Shape>::add (line 114)
[INFO] [stdout]     src/solution/batchtype.rs - solution::batchtype::Batch<SolId,SInfo,Info,Shape>::add_vec (line 134)
[INFO] [stdout]     src/solution/batchtype.rs - solution::batchtype::Batch<SolId,SInfo,Info,Shape>::chunk_by_step (line 244)
[INFO] [stdout]     src/solution/batchtype.rs - solution::batchtype::Batch<SolId,SInfo,Info,Shape>::empty (line 95)
[INFO] [stdout]     src/solution/batchtype.rs - solution::batchtype::Batch<SolId,SInfo,Info,Shape>::extend (line 156)
[INFO] [stdout]     src/solution/batchtype.rs - solution::batchtype::Batch<SolId,SInfo,Info,Shape>::is_empty (line 191)
[INFO] [stdout]     src/solution/batchtype.rs - solution::batchtype::Batch<SolId,SInfo,Info,Shape>::new (line 71)
[INFO] [stdout]     src/solution/batchtype.rs - solution::batchtype::Batch<SolId,SInfo,Info,Shape>::size (line 177)
[INFO] [stdout]     src/solution/batchtype.rs - solution::batchtype::OutBatch<SolId,Info,Out>::add (line 518)
[INFO] [stdout]     src/solution/batchtype.rs - solution::batchtype::OutBatch<SolId,Info,Out>::add_vec (line 539)
[INFO] [stdout]     src/solution/batchtype.rs - solution::batchtype::OutBatch<SolId,Info,Out>::empty (line 496)
[INFO] [stdout]     src/solution/batchtype.rs - solution::batchtype::OutBatch<SolId,Info,Out>::extend (line 560)
[INFO] [stdout]     src/solution/batchtype.rs - solution::batchtype::OutBatch<SolId,Info,Out>::is_empty (line 601)
[INFO] [stdout]     src/solution/batchtype.rs - solution::batchtype::OutBatch<SolId,Info,Out>::new (line 475)
[INFO] [stdout]     src/solution/batchtype.rs - solution::batchtype::OutBatch<SolId,Info,Out>::size (line 582)
[INFO] [stdout]     src/solution/computed.rs - solution::computed (line 17)
[INFO] [stdout]     src/solution/computed.rs - solution::computed (line 36)
[INFO] [stdout]     src/solution/id.rs - solution::id (line 15)
[INFO] [stdout]     src/solution/id.rs - solution::id (line 7)
[INFO] [stdout]     src/solution/id.rs - solution::id::Id (line 42)
[INFO] [stdout]     src/solution/id.rs - solution::id::SId (line 204)
[INFO] [stdout]     src/solution/id.rs - solution::id::StepSId (line 266)
[INFO] [stdout]     src/solution/partial.rs - solution::partial (line 9)
[INFO] [stdout]     src/solution/partial.rs - solution::partial::BaseSol (line 74)
[INFO] [stdout]     src/solution/partial.rs - solution::partial::BaseSol<SolId,Dom,Info>::new (line 196)
[INFO] [stdout]     src/solution/partial.rs - solution::partial::FidelitySol (line 284)
[INFO] [stdout]     src/solution/shape.rs - solution::shape (line 8)
[INFO] [stdout]     src/solution/shape.rs - solution::shape::Lone (line 538)
[INFO] [stdout]     src/solution/shape.rs - solution::shape::Pair (line 89)
[INFO] [stdout]     src/stop/calls.rs - stop::calls::Calls::update (line 23)
[INFO] [stdout]     src/stop/evaluated.rs - stop::evaluated::Evaluated::update (line 23)
[INFO] [stdout]     src/stop/time.rs - stop::time::Time::update (line 28)
[INFO] [stdout]     src/variable/var.rs - variable::var (line 23)
[INFO] [stdout]     src/variable/var.rs - variable::var (line 44)
[INFO] [stdout]     src/variable/var.rs - variable::var (line 69)
[INFO] [stdout]     src/variable/var.rs - variable::var::Var<Obj,NoDomain>::is_in_obj (line 575)
[INFO] [stdout]     src/variable/var.rs - variable::var::Var<Obj,NoDomain>::is_in_opt (line 592)
[INFO] [stdout]     src/variable/var.rs - variable::var::Var<Obj,NoDomain>::new (line 463)
[INFO] [stdout]     src/variable/var.rs - variable::var::Var<Obj,NoDomain>::onto_obj (line 499)
[INFO] [stdout]     src/variable/var.rs - variable::var::Var<Obj,NoDomain>::onto_opt (line 521)
[INFO] [stdout]     src/variable/var.rs - variable::var::Var<Obj,NoDomain>::replicate (line 611)
[INFO] [stdout]     src/variable/var.rs - variable::var::Var<Obj,NoDomain>::sample_obj (line 539)
[INFO] [stdout]     src/variable/var.rs - variable::var::Var<Obj,NoDomain>::sample_opt (line 557)
[INFO] [stdout]     src/variable/var.rs - variable::var::Var<Obj,Opt>::is_in_obj (line 341)
[INFO] [stdout]     src/variable/var.rs - variable::var::Var<Obj,Opt>::is_in_opt (line 374)
[INFO] [stdout]     src/variable/var.rs - variable::var::Var<Obj,Opt>::new (line 165)
[INFO] [stdout]     src/variable/var.rs - variable::var::Var<Obj,Opt>::onto_obj (line 209)
[INFO] [stdout]     src/variable/var.rs - variable::var::Var<Obj,Opt>::onto_opt (line 245)
[INFO] [stdout]     src/variable/var.rs - variable::var::Var<Obj,Opt>::replicate (line 415)
[INFO] [stdout]     src/variable/var.rs - variable::var::Var<Obj,Opt>::sample_obj (line 275)
[INFO] [stdout]     src/variable/var.rs - variable::var::Var<Obj,Opt>::sample_opt (line 304)
[INFO] [stdout] 
[INFO] [stdout] test result: FAILED. 1 passed; 111 failed; 39 ignored; 0 measured; 0 filtered out; finished in 2.60s
[INFO] [stdout] 
[INFO] [stdout] all doctests ran in 3.21s; merged doctests compilation took 0.59s
[INFO] [stderr] error: doctest failed, to rerun pass `--doc`
[INFO] running `Command { std: "docker" "inspect" "38e564469576f600a5ab638da67cf1724be3aedbd5db7a93ea313046eb7bed3f", kill_on_drop: false }`
[INFO] running `Command { std: "docker" "rm" "-f" "38e564469576f600a5ab638da67cf1724be3aedbd5db7a93ea313046eb7bed3f", kill_on_drop: false }`
[INFO] [stdout] 38e564469576f600a5ab638da67cf1724be3aedbd5db7a93ea313046eb7bed3f
