[INFO] fetching crate tantale 0.3.2...
[INFO] testing tantale-0.3.2 against 1.99.0-beta.8+cargoflags=--release for beta-release-1.100-2
[INFO] extracting crate tantale 0.3.2 into /workspace/builds/worker-2-tc1/source
[INFO] removed /workspace/builds/worker-2-tc1/source/.cargo/config.toml
[INFO] started tweaking crates.io crate tantale 0.3.2
[INFO] finished tweaking crates.io crate tantale 0.3.2
[INFO] tweaked toml for crates.io crate tantale 0.3.2 written to /workspace/builds/worker-2-tc1/source/Cargo.toml
[INFO] validating manifest of crates.io crate tantale 0.3.2 on toolchain 1.99.0-beta.8
[INFO] running `Command { std: CARGO_HOME="/workspace/cargo-home" RUSTUP_HOME="/workspace/rustup-home" "/workspace/cargo-home/bin/cargo" "+1.99.0-beta.8" "metadata" "--manifest-path" "Cargo.toml" "--no-deps", kill_on_drop: false }`
[INFO] crate crates.io crate tantale 0.3.2 already has a lockfile, it will not be regenerated
[INFO] running `Command { std: CARGO_HOME="/workspace/cargo-home" RUSTUP_HOME="/workspace/rustup-home" "/workspace/cargo-home/bin/cargo" "+1.99.0-beta.8" "fetch" "--manifest-path" "Cargo.toml", kill_on_drop: false }`
[INFO] [stderr]     Updating crates.io index
[INFO] [stderr]  Downloading crates ...
[INFO] [stderr]   Downloaded mpi-sys v0.2.3
[INFO] [stderr]   Downloaded build-probe-mpi v0.1.5
[INFO] [stderr]   Downloaded tantale_python v0.3.2
[INFO] [stderr]   Downloaded mpi-derive v0.1.3
[INFO] [stderr]   Downloaded mpi v0.8.1
[INFO] [stderr]   Downloaded custom_derive v0.1.7
[INFO] [stderr]   Downloaded conv v0.3.3
[INFO] [stderr]   Downloaded wfg_rs v1.0.2
[INFO] [stderr]   Downloaded tantale_macros v0.3.2
[INFO] [stderr]   Downloaded tantale_algos v0.3.2
[INFO] [stderr]   Downloaded libffi v5.1.0
[INFO] [stderr]   Downloaded tantale_core v0.3.2
[INFO] [stderr]   Downloaded nalgebra v0.33.3
[INFO] [stderr]   Downloaded libffi-sys v4.1.0
[INFO] running `Command { std: "docker" "create" "-v" "/var/lib/crater-agent-workspace/builds/worker-2-tc1/source:/opt/rustwide/workdir:ro,Z" "-v" "/var/lib/crater-agent-workspace/builds/worker-2-tc1/target:/opt/rustwide/target:rw,Z" "-v" "/var/lib/crater-agent-workspace/cargo-home:/opt/rustwide/cargo-home:ro,Z" "-v" "/var/lib/crater-agent-workspace/rustup-home:/opt/rustwide/rustup-home:ro,Z" "-m" "1610612736" "--network" "none" "ghcr.io/rust-lang/crates-build-env/linux@sha256:77db811e55d90add9212f6832c23229e3de5f1c1f9905e8cb07319ea15df73ac" "sleep" "infinity", kill_on_drop: false }`
[INFO] [stdout] 86bfb431582db1685a57cc47e8c5f024e1a343095fe607f0e4a57500c356844b
[INFO] running `Command { std: "docker" "start" "86bfb431582db1685a57cc47e8c5f024e1a343095fe607f0e4a57500c356844b", kill_on_drop: false }`
[INFO] running `Command { std: "docker" "inspect" "86bfb431582db1685a57cc47e8c5f024e1a343095fe607f0e4a57500c356844b", kill_on_drop: false }`
[INFO] running `Command { std: "docker" "exec" "-e" "SOURCE_DIR=/opt/rustwide/workdir" "-e" "CARGO_HOME=/opt/rustwide/cargo-home" "-e" "RUSTUP_HOME=/opt/rustwide/rustup-home" "-e" "CARGO_TARGET_DIR=/opt/rustwide/target" "-w" "/opt/rustwide/workdir" "--user" "0:0" "86bfb431582db1685a57cc47e8c5f024e1a343095fe607f0e4a57500c356844b" "/opt/rustwide/cargo-home/bin/cargo" "+1.99.0-beta.8" "metadata" "--no-deps" "--format-version=1", kill_on_drop: false }`
[INFO] running `Command { std: "docker" "inspect" "86bfb431582db1685a57cc47e8c5f024e1a343095fe607f0e4a57500c356844b", kill_on_drop: false }`
[INFO] running `Command { std: "docker" "exec" "-e" "SOURCE_DIR=/opt/rustwide/workdir" "-e" "CARGO_HOME=/opt/rustwide/cargo-home" "-e" "RUSTUP_HOME=/opt/rustwide/rustup-home" "-e" "CARGO_TARGET_DIR=/opt/rustwide/target" "-e" "CARGO_INCREMENTAL=0" "-e" "RUST_BACKTRACE=full" "-e" "RUSTFLAGS=--cap-lints=warn" "-e" "RUSTDOCFLAGS=--cap-lints=warn" "-w" "/opt/rustwide/workdir" "--user" "0:0" "86bfb431582db1685a57cc47e8c5f024e1a343095fe607f0e4a57500c356844b" "/opt/rustwide/cargo-home/bin/cargo" "+1.99.0-beta.8" "build" "--frozen" "--message-format=json" "--release", kill_on_drop: false }`
[INFO] [stderr]    Compiling num-traits v0.2.19
[INFO] [stderr]    Compiling matrixmultiply v0.3.10
[INFO] [stderr]    Compiling rawpointer v0.2.1
[INFO] [stderr]    Compiling memchr v2.8.0
[INFO] [stderr]    Compiling getrandom v0.4.2
[INFO] [stderr]    Compiling num_cpus v1.17.0
[INFO] [stderr]    Compiling serde_derive v1.0.228
[INFO] [stderr]    Compiling tantale_macros v0.3.2
[INFO] [stderr]    Compiling rand v0.10.1
[INFO] [stderr]    Compiling csv-core v0.1.13
[INFO] [stderr]    Compiling csv v1.4.0
[INFO] [stderr]    Compiling num-integer v0.1.46
[INFO] [stderr]    Compiling num-complex v0.4.6
[INFO] [stderr]    Compiling rmp v0.8.15
[INFO] [stderr]    Compiling num-bigint v0.4.6
[INFO] [stderr]    Compiling num-iter v0.1.45
[INFO] [stderr]    Compiling serde v1.0.228
[INFO] [stderr]    Compiling num-rational v0.4.2
[INFO] [stderr]    Compiling num v0.4.3
[INFO] [stderr]    Compiling ndarray v0.17.2
[INFO] [stderr]    Compiling rmp-serde v1.3.1
[INFO] [stderr]    Compiling tantale_core v0.3.2
[INFO] [stderr]    Compiling wfg_rs v1.0.2
[INFO] [stderr]    Compiling tantale_algos v0.3.2
[INFO] [stderr]    Compiling tantale v0.3.2 (/opt/rustwide/workdir)
[INFO] [stderr]     Finished `release` profile [optimized] target(s) in 27.88s
[INFO] running `Command { std: "docker" "inspect" "86bfb431582db1685a57cc47e8c5f024e1a343095fe607f0e4a57500c356844b", kill_on_drop: false }`
[INFO] running `Command { std: "docker" "exec" "-e" "SOURCE_DIR=/opt/rustwide/workdir" "-e" "CARGO_HOME=/opt/rustwide/cargo-home" "-e" "RUSTUP_HOME=/opt/rustwide/rustup-home" "-e" "CARGO_TARGET_DIR=/opt/rustwide/target" "-e" "CARGO_INCREMENTAL=0" "-e" "RUST_BACKTRACE=full" "-e" "RUSTFLAGS=--cap-lints=warn" "-e" "RUSTDOCFLAGS=--cap-lints=warn" "-w" "/opt/rustwide/workdir" "--user" "0:0" "86bfb431582db1685a57cc47e8c5f024e1a343095fe607f0e4a57500c356844b" "/opt/rustwide/cargo-home/bin/cargo" "+1.99.0-beta.8" "test" "--frozen" "--no-run" "--message-format=json" "--release", kill_on_drop: false }`
[INFO] [stderr]    Compiling target-lexicon v0.13.5
[INFO] [stderr]    Compiling serde_derive v1.0.228
[INFO] [stderr]    Compiling tantale_macros v0.3.2
[INFO] [stderr]    Compiling pyo3-build-config v0.28.3
[INFO] [stderr]    Compiling pyo3-ffi v0.28.3
[INFO] [stderr]    Compiling pyo3-macros-backend v0.28.3
[INFO] [stderr]    Compiling pyo3 v0.28.3
[INFO] [stderr]    Compiling serde v1.0.228
[INFO] [stderr]    Compiling ndarray v0.17.2
[INFO] [stderr]    Compiling rmp-serde v1.3.1
[INFO] [stderr]    Compiling pyo3-macros v0.28.3
[INFO] [stderr]    Compiling tantale_core v0.3.2
[INFO] [stderr]    Compiling wfg_rs v1.0.2
[INFO] [stderr]    Compiling tantale_algos v0.3.2
[INFO] [stderr]    Compiling tantale_python v0.3.2
[INFO] [stderr]    Compiling tantale v0.3.2 (/opt/rustwide/workdir)
[INFO] [stderr]     Finished `release` profile [optimized] target(s) in 26.09s
[INFO] running `Command { std: "docker" "inspect" "86bfb431582db1685a57cc47e8c5f024e1a343095fe607f0e4a57500c356844b", kill_on_drop: false }`
[INFO] running `Command { std: "docker" "exec" "-e" "SOURCE_DIR=/opt/rustwide/workdir" "-e" "CARGO_HOME=/opt/rustwide/cargo-home" "-e" "RUSTUP_HOME=/opt/rustwide/rustup-home" "-e" "CARGO_TARGET_DIR=/opt/rustwide/target" "-e" "CARGO_INCREMENTAL=0" "-e" "RUST_BACKTRACE=full" "-e" "RUSTFLAGS=--cap-lints=warn" "-e" "RUSTDOCFLAGS=--cap-lints=warn" "-w" "/opt/rustwide/workdir" "--user" "0:0" "86bfb431582db1685a57cc47e8c5f024e1a343095fe607f0e4a57500c356844b" "/opt/rustwide/cargo-home/bin/cargo" "+1.99.0-beta.8" "test" "--frozen" "--release", kill_on_drop: false }`
[INFO] [stderr]     Finished `release` profile [optimized] target(s) in 0.13s
[INFO] [stderr]      Running unittests src/lib.rs (/opt/rustwide/target/release/deps/tantale-527b2a92315c2a2f)
[INFO] [stdout] 
[INFO] [stdout] running 0 tests
[INFO] [stdout] 
[INFO] [stdout] test result: ok. 0 passed; 0 failed; 0 ignored; 0 measured; 0 filtered out; finished in 0.00s
[INFO] [stdout] 
[INFO] [stderr]    Doc-tests tantale
[INFO] [stdout] 
[INFO] [stdout] running 41 tests
[INFO] [stdout] test src/create_seq_optimizer.md - docs::CreateSingleOptimizer (line 47) ... ignored
[INFO] [stdout] test src/create_batch_optimizer.md - docs::CreateBatchOptimizer (line 40) ... ok
[INFO] [stdout] test src/create_batch_optimizer.md - docs::CreateBatchOptimizer (line 112) ... ok
[INFO] [stdout] test src/create_seq_optimizer.md - docs::CreateSingleOptimizer (line 328) ... ok
[INFO] [stdout] test src/quick_start.md - docs::QuickStart (line 283) ... ignored
[INFO] [stdout] test src/quick_start.md - docs::QuickStart (line 383) ... ignored
[INFO] [stdout] test src/create_batch_optimizer.md - docs::CreateBatchOptimizer (line 294) ... ok
[INFO] [stdout] test src/create_batch_optimizer.md - docs::CreateBatchOptimizer (line 77) ... ok
[INFO] [stdout] test src/create_seq_optimizer.md - docs::CreateSingleOptimizer (line 77) ... ok
[INFO] [stdout] test src/mo_example.md - docs::MOExample (line 28) ... ok
[INFO] [stdout] test src/tantale_x_burn.md - docs::TantaleBurnExample (line 127) ... ignored
[INFO] [stdout] test src/tantale_x_burn.md - docs::TantaleBurnExample (line 184) ... ignored
[INFO] [stdout] test src/tantale_x_burn.md - docs::TantaleBurnExample (line 238) ... ignored
[INFO] [stdout] test src/tantale_x_burn.md - docs::TantaleBurnExample (line 273) ... ignored
[INFO] [stdout] test src/tantale_x_burn.md - docs::TantaleBurnExample (line 291) ... ignored
[INFO] [stdout] test src/tantale_x_burn.md - docs::TantaleBurnExample (line 300) ... ignored
[INFO] [stdout] test src/tantale_x_burn.md - docs::TantaleBurnExample (line 309) ... ignored
[INFO] [stdout] test src/tantale_x_burn.md - docs::TantaleBurnExample (line 344) ... ignored
[INFO] [stdout] test src/tantale_x_burn.md - docs::TantaleBurnExample (line 378) ... ignored
[INFO] [stdout] test src/tantale_x_burn.md - docs::TantaleBurnExample (line 387) ... ignored
[INFO] [stdout] test src/tantale_x_burn.md - docs::TantaleBurnExample (line 433) ... ignored
[INFO] [stdout] test src/tantale_x_burn.md - docs::TantaleBurnExample (line 453) ... ignored
[INFO] [stdout] test src/tantale_x_burn.md - docs::TantaleBurnExample (line 481) ... ignored
[INFO] [stdout] test src/tantale_x_burn.md - docs::TantaleBurnExample (line 615) ... ignored
[INFO] [stdout] test src/tantale_x_burn.md - docs::TantaleBurnExample (line 89) ... ignored
[INFO] [stdout] test src/tantale_x_pytorch.md - docs::TantalePyTorchExample (line 385) ... ignored
[INFO] [stdout] test src/tantale_x_pytorch.md - docs::TantalePyTorchExample (line 448) ... ignored
[INFO] [stdout] test src/create_batch_optimizer.md - docs::CreateBatchOptimizer (line 64) ... ok
[INFO] [stdout] test src/create_seq_optimizer.md - docs::CreateSingleOptimizer (line 220) ... ok
[INFO] [stdout] test src/create_seq_optimizer.md - docs::CreateSingleOptimizer (line 38) ... ok
[INFO] [stdout] test src/create_batch_optimizer.md - docs::CreateBatchOptimizer (line 212) ... ok
[INFO] [stdout] test src/quick_start.md - docs::QuickStart (line 50) ... ok
[INFO] [stdout] test src/rs_example.md - docs::RSExample (line 8) ... ok
[INFO] [stdout] test src/create_batch_optimizer.md - docs::CreateBatchOptimizer (line 152) ... ok
[INFO] [stdout] test src/gs_example.md - docs::GSExample (line 8) ... ok
[INFO] [stdout] test src/create_seq_optimizer.md - docs::CreateSingleOptimizer (line 136) ... ok
[INFO] [stdout] test src/quick_start.md - docs::QuickStart (line 197) ... FAILED
[INFO] [stdout] test src/rs_example.md - docs::RSExample (line 45) ... FAILED
[INFO] [stdout] test src/quick_start.md - docs::QuickStart (line 114) ... FAILED
[INFO] [stdout] test src/gs_example.md - docs::GSExample (line 43) ... FAILED
[INFO] [stdout] test src/mo_example.md - docs::MOExample (line 126) ... FAILED
[INFO] [stdout] 
[INFO] [stdout] failures:
[INFO] [stdout] 
[INFO] [stdout] ---- src/quick_start.md - docs::QuickStart (line 197) stdout ----
[INFO] [stdout] Test executable failed (exit status: 101).
[INFO] [stdout] 
[INFO] [stdout] stderr:
[INFO] [stdout] 
[INFO] [stdout] thread 'main' (1070) panicked at /opt/rustwide/cargo-home/registry/src/index.crates.io-1949cf8c6b5b557f/tantale_core-0.3.2/src/recorder/csv.rs:1107:51:
[INFO] [stdout] called `Result::unwrap()` on an `Err` value: Os { code: 30, kind: ReadOnlyFilesystem, message: "Read-only file system" }
[INFO] [stdout] stack backtrace:
[INFO] [stdout]    0:     0x5fc11cdf7011 - std[70759c8f55707aa4]::backtrace_rs::backtrace::libunwind::trace
[INFO] [stdout]                                at /rustc/dfb0accb7f508ae8be965d8629557221c889dd98/library/std/src/../../backtrace/src/backtrace/libunwind.rs:117:9
[INFO] [stdout]    1:     0x5fc11cdf7011 - std[70759c8f55707aa4]::backtrace_rs::backtrace::trace_unsynchronized::<std[70759c8f55707aa4]::sys::backtrace::_print_fmt::{closure#1}>
[INFO] [stdout]                                at /rustc/dfb0accb7f508ae8be965d8629557221c889dd98/library/std/src/../../backtrace/src/backtrace/mod.rs:66:14
[INFO] [stdout]    2:     0x5fc11cdf7011 - std[70759c8f55707aa4]::sys::backtrace::_print_fmt
[INFO] [stdout]                                at /rustc/dfb0accb7f508ae8be965d8629557221c889dd98/library/std/src/sys/backtrace.rs:74:9
[INFO] [stdout]    3:     0x5fc11cdf7011 - <<std[70759c8f55707aa4]::sys::backtrace::BacktraceLock>::print::DisplayBacktrace as core[df12db4294e9bfd3]::fmt::Display>::fmt
[INFO] [stdout]                                at /rustc/dfb0accb7f508ae8be965d8629557221c889dd98/library/std/src/sys/backtrace.rs:44:26
[INFO] [stdout]    4:     0x5fc11ce0ca2a - <core[df12db4294e9bfd3]::fmt::rt::Argument>::fmt
[INFO] [stdout]                                at /rustc/dfb0accb7f508ae8be965d8629557221c889dd98/library/core/src/fmt/rt.rs:152:76
[INFO] [stdout]    5:     0x5fc11ce0ca2a - core[df12db4294e9bfd3]::fmt::write
[INFO] [stdout]    6:     0x5fc11cdfc6ac - core[df12db4294e9bfd3]::io::write::default_write_fmt::<std[70759c8f55707aa4]::sys::stdio::unix::Stderr>
[INFO] [stdout]                                at /rustc/dfb0accb7f508ae8be965d8629557221c889dd98/library/core/src/io/write.rs:402:11
[INFO] [stdout]    7:     0x5fc11cdfc6ac - <std[70759c8f55707aa4]::sys::stdio::unix::Stderr as core[df12db4294e9bfd3]::io::write::Write>::write_fmt
[INFO] [stdout]                                at /rustc/dfb0accb7f508ae8be965d8629557221c889dd98/library/core/src/io/write.rs:335:13
[INFO] [stdout]    8:     0x5fc11cdd1676 - <std[70759c8f55707aa4]::sys::backtrace::BacktraceLock>::print
[INFO] [stdout]                                at /rustc/dfb0accb7f508ae8be965d8629557221c889dd98/library/std/src/sys/backtrace.rs:47:9
[INFO] [stdout]    9:     0x5fc11cdd1676 - std[70759c8f55707aa4]::panicking::default_hook::{closure#0}
[INFO] [stdout]                                at /rustc/dfb0accb7f508ae8be965d8629557221c889dd98/library/std/src/panicking.rs:292:27
[INFO] [stdout]   10:     0x5fc11cdee7c1 - std[70759c8f55707aa4]::panicking::default_hook
[INFO] [stdout]                                at /rustc/dfb0accb7f508ae8be965d8629557221c889dd98/library/std/src/panicking.rs:319:9
[INFO] [stdout]   11:     0x5fc11cdeeaeb - std[70759c8f55707aa4]::panicking::panic_with_hook
[INFO] [stdout]                                at /rustc/dfb0accb7f508ae8be965d8629557221c889dd98/library/std/src/panicking.rs:815:13
[INFO] [stdout]   12:     0x5fc11cdd1722 - std[70759c8f55707aa4]::panicking::panic_handler::{closure#0}
[INFO] [stdout]                                at /rustc/dfb0accb7f508ae8be965d8629557221c889dd98/library/std/src/panicking.rs:688:13
[INFO] [stdout]   13:     0x5fc11cdca329 - std[70759c8f55707aa4]::sys::backtrace::__rust_end_short_backtrace::<std[70759c8f55707aa4]::panicking::panic_handler::{closure#0}, !>
[INFO] [stdout]                                at /rustc/dfb0accb7f508ae8be965d8629557221c889dd98/library/std/src/sys/backtrace.rs:182:18
[INFO] [stdout]   14:     0x5fc11cdd258d - __rustc[8fa7c3cbc660c2b3]::rust_begin_unwind
[INFO] [stdout]                                at /rustc/dfb0accb7f508ae8be965d8629557221c889dd98/library/std/src/panicking.rs:679:5
[INFO] [stdout]   15:     0x5fc11ce0d1fc - core[df12db4294e9bfd3]::panicking::panic_fmt
[INFO] [stdout]                                at /rustc/dfb0accb7f508ae8be965d8629557221c889dd98/library/core/src/panicking.rs:80:14
[INFO] [stdout]   16:     0x5fc11ce0cf72 - core[df12db4294e9bfd3]::result::unwrap_failed
[INFO] [stdout]                                at /rustc/dfb0accb7f508ae8be965d8629557221c889dd98/library/core/src/result.rs:1871:5
[INFO] [stdout]   17:     0x5fc11cd56902 - <tantale_core[a38b65ff58608123]::recorder::csv::CSVRecorder as tantale_core[a38b65ff58608123]::recorder::BatchRecorder<tantale_core[a38b65ff58608123]::solution::partial::BaseSol<tantale_core[a38b65ff58608123]::solution::id::SId, tantale_core[a38b65ff58608123]::domain::mixed::Mixed, tantale_core[a38b65ff58608123]::optimizer::opt::EmptyInfo>, tantale_core[a38b65ff58608123]::solution::id::SId, doctest_bundle_2024[72c4b0461e1faad2]::__doctest_18::main::searchspace::OutExample, tantale_core[a38b65ff58608123]::searchspace::spbase::Sp<tantale_core[a38b65ff58608123]::domain::mixed::Mixed, tantale_core[a38b65ff58608123]::domain::nodomain::NoDomain>, tantale_algos[4a42fcc56bbdb05f]::random_search::BatchRandomSearch, tantale_core[a38b65ff58608123]::objective::obj::Objective<alloc[2182bb758b4b3781]::sync::Arc<[tantale_core[a38b65ff58608123]::domain::mixed::MixedTypeDom]>, doctest_bundle_2024[72c4b0461e1faad2]::__doctest_18::main::searchspace::OutExample>>>::init
[INFO] [stdout]   18:     0x5fc11cd3a5e3 - <tantale_core[a38b65ff58608123]::experiment::basics::ThrExperiment<tantale_core[a38b65ff58608123]::solution::partial::BaseSol<tantale_core[a38b65ff58608123]::solution::id::SId, tantale_core[a38b65ff58608123]::domain::mixed::Mixed, tantale_core[a38b65ff58608123]::optimizer::opt::EmptyInfo>, tantale_core[a38b65ff58608123]::solution::id::SId, tantale_core[a38b65ff58608123]::searchspace::spbase::Sp<tantale_core[a38b65ff58608123]::domain::mixed::Mixed, tantale_core[a38b65ff58608123]::domain::nodomain::NoDomain>, tantale_algos[4a42fcc56bbdb05f]::random_search::BatchRandomSearch, tantale_core[a38b65ff58608123]::stop::calls::Calls, tantale_core[a38b65ff58608123]::recorder::csv::CSVRecorder, tantale_core[a38b65ff58608123]::checkpointer::messagepack::MessagePack, doctest_bundle_2024[72c4b0461e1faad2]::__doctest_18::main::searchspace::OutExample, tantale_core[a38b65ff58608123]::objective::obj::Objective<alloc[2182bb758b4b3781]::sync::Arc<[tantale_core[a38b65ff58608123]::domain::mixed::MixedTypeDom]>, doctest_bundle_2024[72c4b0461e1faad2]::__doctest_18::main::searchspace::OutExample>, tantale_core[a38b65ff58608123]::experiment::batched::batchevaluator::ThrBatchEvaluator<tantale_core[a38b65ff58608123]::solution::id::SId, tantale_core[a38b65ff58608123]::optimizer::opt::EmptyInfo, tantale_algos[4a42fcc56bbdb05f]::random_search::RSInfo, tantale_core[a38b65ff58608123]::solution::shape::Lone<tantale_core[a38b65ff58608123]::solution::partial::BaseSol<tantale_core[a38b65ff58608123]::solution::id::SId, tantale_core[a38b65ff58608123]::domain::mixed::Mixed, tantale_core[a38b65ff58608123]::optimizer::opt::EmptyInfo>, tantale_core[a38b65ff58608123]::solution::id::SId, tantale_core[a38b65ff58608123]::domain::mixed::Mixed, tantale_core[a38b65ff58608123]::optimizer::opt::EmptyInfo>>> as tantale_core[a38b65ff58608123]::experiment::Runable<tantale_core[a38b65ff58608123]::solution::partial::BaseSol<tantale_core[a38b65ff58608123]::solution::id::SId, tantale_core[a38b65ff58608123]::domain::mixed::Mixed, tantale_core[a38b65ff58608123]::optimizer::opt::EmptyInfo>, tantale_core[a38b65ff58608123]::solution::id::SId, tantale_core[a38b65ff58608123]::searchspace::spbase::Sp<tantale_core[a38b65ff58608123]::domain::mixed::Mixed, tantale_core[a38b65ff58608123]::domain::nodomain::NoDomain>, tantale_algos[4a42fcc56bbdb05f]::random_search::BatchRandomSearch, tantale_core[a38b65ff58608123]::stop::calls::Calls, tantale_core[a38b65ff58608123]::recorder::csv::CSVRecorder, tantale_core[a38b65ff58608123]::checkpointer::messagepack::MessagePack, doctest_bundle_2024[72c4b0461e1faad2]::__doctest_18::main::searchspace::OutExample, tantale_core[a38b65ff58608123]::objective::obj::Objective<alloc[2182bb758b4b3781]::sync::Arc<[tantale_core[a38b65ff58608123]::domain::mixed::MixedTypeDom]>, doctest_bundle_2024[72c4b0461e1faad2]::__doctest_18::main::searchspace::OutExample>>>::new_with_pool
[INFO] [stdout]   19:     0x5fc11cd69620 - <tantale_core[a38b65ff58608123]::experiment::basics::ThrExperiment<tantale_core[a38b65ff58608123]::solution::partial::BaseSol<tantale_core[a38b65ff58608123]::solution::id::SId, tantale_core[a38b65ff58608123]::domain::mixed::Mixed, tantale_core[a38b65ff58608123]::optimizer::opt::EmptyInfo>, tantale_core[a38b65ff58608123]::solution::id::SId, tantale_core[a38b65ff58608123]::searchspace::spbase::Sp<tantale_core[a38b65ff58608123]::domain::mixed::Mixed, tantale_core[a38b65ff58608123]::domain::nodomain::NoDomain>, tantale_algos[4a42fcc56bbdb05f]::random_search::BatchRandomSearch, tantale_core[a38b65ff58608123]::stop::calls::Calls, tantale_core[a38b65ff58608123]::recorder::csv::CSVRecorder, tantale_core[a38b65ff58608123]::checkpointer::messagepack::MessagePack, doctest_bundle_2024[72c4b0461e1faad2]::__doctest_18::main::searchspace::OutExample, tantale_core[a38b65ff58608123]::objective::obj::Objective<alloc[2182bb758b4b3781]::sync::Arc<[tantale_core[a38b65ff58608123]::domain::mixed::MixedTypeDom]>, doctest_bundle_2024[72c4b0461e1faad2]::__doctest_18::main::searchspace::OutExample>, tantale_core[a38b65ff58608123]::experiment::batched::batchevaluator::ThrBatchEvaluator<tantale_core[a38b65ff58608123]::solution::id::SId, tantale_core[a38b65ff58608123]::optimizer::opt::EmptyInfo, tantale_algos[4a42fcc56bbdb05f]::random_search::RSInfo, tantale_core[a38b65ff58608123]::solution::shape::Lone<tantale_core[a38b65ff58608123]::solution::partial::BaseSol<tantale_core[a38b65ff58608123]::solution::id::SId, tantale_core[a38b65ff58608123]::domain::mixed::Mixed, tantale_core[a38b65ff58608123]::optimizer::opt::EmptyInfo>, tantale_core[a38b65ff58608123]::solution::id::SId, tantale_core[a38b65ff58608123]::domain::mixed::Mixed, tantale_core[a38b65ff58608123]::optimizer::opt::EmptyInfo>>> as tantale_core[a38b65ff58608123]::experiment::Runable<tantale_core[a38b65ff58608123]::solution::partial::BaseSol<tantale_core[a38b65ff58608123]::solution::id::SId, tantale_core[a38b65ff58608123]::domain::mixed::Mixed, tantale_core[a38b65ff58608123]::optimizer::opt::EmptyInfo>, tantale_core[a38b65ff58608123]::solution::id::SId, tantale_core[a38b65ff58608123]::searchspace::spbase::Sp<tantale_core[a38b65ff58608123]::domain::mixed::Mixed, tantale_core[a38b65ff58608123]::domain::nodomain::NoDomain>, tantale_algos[4a42fcc56bbdb05f]::random_search::BatchRandomSearch, tantale_core[a38b65ff58608123]::stop::calls::Calls, tantale_core[a38b65ff58608123]::recorder::csv::CSVRecorder, tantale_core[a38b65ff58608123]::checkpointer::messagepack::MessagePack, doctest_bundle_2024[72c4b0461e1faad2]::__doctest_18::main::searchspace::OutExample, tantale_core[a38b65ff58608123]::objective::obj::Objective<alloc[2182bb758b4b3781]::sync::Arc<[tantale_core[a38b65ff58608123]::domain::mixed::MixedTypeDom]>, doctest_bundle_2024[72c4b0461e1faad2]::__doctest_18::main::searchspace::OutExample>>>::new
[INFO] [stdout]   20:     0x5fc11ccb7475 - tantale_core[a38b65ff58608123]::experiment::threaded::<tantale_core[a38b65ff58608123]::solution::id::SId, tantale_core[a38b65ff58608123]::solution::partial::BaseSol<tantale_core[a38b65ff58608123]::solution::id::SId, tantale_core[a38b65ff58608123]::domain::mixed::Mixed, tantale_core[a38b65ff58608123]::optimizer::opt::EmptyInfo>, tantale_core[a38b65ff58608123]::searchspace::spbase::Sp<tantale_core[a38b65ff58608123]::domain::mixed::Mixed, tantale_core[a38b65ff58608123]::domain::nodomain::NoDomain>, tantale_algos[4a42fcc56bbdb05f]::random_search::BatchRandomSearch, tantale_core[a38b65ff58608123]::stop::calls::Calls, tantale_core[a38b65ff58608123]::recorder::csv::CSVRecorder, tantale_core[a38b65ff58608123]::checkpointer::messagepack::MessagePack, doctest_bundle_2024[72c4b0461e1faad2]::__doctest_18::main::searchspace::OutExample, tantale_core[a38b65ff58608123]::objective::obj::Objective<alloc[2182bb758b4b3781]::sync::Arc<[tantale_core[a38b65ff58608123]::domain::mixed::MixedTypeDom]>, doctest_bundle_2024[72c4b0461e1faad2]::__doctest_18::main::searchspace::OutExample>, tantale_core[a38b65ff58608123]::experiment::batched::batchevaluator::ThrBatchEvaluator<tantale_core[a38b65ff58608123]::solution::id::SId, tantale_core[a38b65ff58608123]::optimizer::opt::EmptyInfo, tantale_algos[4a42fcc56bbdb05f]::random_search::RSInfo, tantale_core[a38b65ff58608123]::solution::shape::Lone<tantale_core[a38b65ff58608123]::solution::partial::BaseSol<tantale_core[a38b65ff58608123]::solution::id::SId, tantale_core[a38b65ff58608123]::domain::mixed::Mixed, tantale_core[a38b65ff58608123]::optimizer::opt::EmptyInfo>, tantale_core[a38b65ff58608123]::solution::id::SId, tantale_core[a38b65ff58608123]::domain::mixed::Mixed, tantale_core[a38b65ff58608123]::optimizer::opt::EmptyInfo>>>
[INFO] [stdout]   21:     0x5fc11cd28d01 - doctest_bundle_2024[72c4b0461e1faad2]::__doctest_18::main
[INFO] [stdout]   22:     0x5fc11cd28fc6 - doctest_bundle_2024[72c4b0461e1faad2]::__doctest_18::__main_fn
[INFO] [stdout]   23:     0x5fc11cc9df71 - doctest_runner_2024[37d7b32fe5ed358d]::__doctest_18::TEST::{closure#0}
[INFO] [stdout]   24:     0x5fc11cca2666 - <doctest_runner_2024[37d7b32fe5ed358d]::__doctest_18::TEST::{closure#0} as core[df12db4294e9bfd3]::ops::function::FnOnce<()>>::call_once
[INFO] [stdout]   25:     0x5fc11cc9f308 - doctest_runner_2024[37d7b32fe5ed358d]::main
[INFO] [stdout]   26:     0x5fc11cca23b3 - <fn() -> std[70759c8f55707aa4]::process::ExitCode as core[df12db4294e9bfd3]::ops::function::FnOnce<()>>::call_once
[INFO] [stdout]   27:     0x5fc11cc9cfc6 - std[70759c8f55707aa4]::sys::backtrace::__rust_begin_short_backtrace::<fn() -> std[70759c8f55707aa4]::process::ExitCode, std[70759c8f55707aa4]::process::ExitCode>
[INFO] [stdout]   28:     0x5fc11cc9d4f9 - std[70759c8f55707aa4]::rt::lang_start::<std[70759c8f55707aa4]::process::ExitCode>::{closure#0}
[INFO] [stdout]   29:     0x5fc11cded739 - <&dyn core[df12db4294e9bfd3]::ops::function::Fn<(), Output = i32> + core[df12db4294e9bfd3]::panic::unwind_safe::RefUnwindSafe + core[df12db4294e9bfd3]::marker::Sync as core[df12db4294e9bfd3]::ops::function::FnOnce<()>>::call_once
[INFO] [stdout]                                at /rustc/dfb0accb7f508ae8be965d8629557221c889dd98/library/core/src/ops/function.rs:287:21
[INFO] [stdout]   30:     0x5fc11cded739 - std[70759c8f55707aa4]::panicking::catch_unwind::do_call::<&dyn core[df12db4294e9bfd3]::ops::function::Fn<(), Output = i32> + core[df12db4294e9bfd3]::panic::unwind_safe::RefUnwindSafe + core[df12db4294e9bfd3]::marker::Sync, i32>
[INFO] [stdout]                                at /rustc/dfb0accb7f508ae8be965d8629557221c889dd98/library/std/src/panicking.rs:576:43
[INFO] [stdout]   31:     0x5fc11cded739 - std[70759c8f55707aa4]::panicking::catch_unwind::<i32, &dyn core[df12db4294e9bfd3]::ops::function::Fn<(), Output = i32> + core[df12db4294e9bfd3]::panic::unwind_safe::RefUnwindSafe + core[df12db4294e9bfd3]::marker::Sync>
[INFO] [stdout]                                at /rustc/dfb0accb7f508ae8be965d8629557221c889dd98/library/std/src/panicking.rs:544:19
[INFO] [stdout]   32:     0x5fc11cded739 - std[70759c8f55707aa4]::panic::catch_unwind::<&dyn core[df12db4294e9bfd3]::ops::function::Fn<(), Output = i32> + core[df12db4294e9bfd3]::panic::unwind_safe::RefUnwindSafe + core[df12db4294e9bfd3]::marker::Sync, i32>
[INFO] [stdout]                                at /rustc/dfb0accb7f508ae8be965d8629557221c889dd98/library/std/src/panic.rs:359:14
[INFO] [stdout]   33:     0x5fc11cded739 - std[70759c8f55707aa4]::rt::lang_start_internal::{closure#0}
[INFO] [stdout]                                at /rustc/dfb0accb7f508ae8be965d8629557221c889dd98/library/std/src/rt.rs:175:24
[INFO] [stdout]   34:     0x5fc11cded739 - std[70759c8f55707aa4]::panicking::catch_unwind::do_call::<std[70759c8f55707aa4]::rt::lang_start_internal::{closure#0}, isize>
[INFO] [stdout]                                at /rustc/dfb0accb7f508ae8be965d8629557221c889dd98/library/std/src/panicking.rs:576:43
[INFO] [stdout]   35:     0x5fc11cded739 - std[70759c8f55707aa4]::panicking::catch_unwind::<isize, std[70759c8f55707aa4]::rt::lang_start_internal::{closure#0}>
[INFO] [stdout]                                at /rustc/dfb0accb7f508ae8be965d8629557221c889dd98/library/std/src/panicking.rs:544:19
[INFO] [stdout]   36:     0x5fc11cded739 - std[70759c8f55707aa4]::panic::catch_unwind::<std[70759c8f55707aa4]::rt::lang_start_internal::{closure#0}, isize>
[INFO] [stdout]                                at /rustc/dfb0accb7f508ae8be965d8629557221c889dd98/library/std/src/panic.rs:359:14
[INFO] [stdout]   37:     0x5fc11cded739 - std[70759c8f55707aa4]::rt::lang_start_internal
[INFO] [stdout]                                at /rustc/dfb0accb7f508ae8be965d8629557221c889dd98/library/std/src/rt.rs:171:5
[INFO] [stdout]   38:     0x5fc11cc9c441 - std[70759c8f55707aa4]::rt::lang_start::<std[70759c8f55707aa4]::process::ExitCode>
[INFO] [stdout]   39:     0x5fc11cca2a05 - main
[INFO] [stdout]   40:     0x7e7225712601 - <unknown>
[INFO] [stdout]   41:     0x7e7225712718 - __libc_start_main
[INFO] [stdout]   42:     0x5fc11cc9b595 - _start
[INFO] [stdout]   43:                0x0 - <unknown>
[INFO] [stdout] 
[INFO] [stdout] 
[INFO] [stdout] ---- src/rs_example.md - docs::RSExample (line 45) stdout ----
[INFO] [stdout] Test executable failed (exit status: 101).
[INFO] [stdout] 
[INFO] [stdout] stderr:
[INFO] [stdout] 
[INFO] [stdout] thread 'main' (1071) panicked at /opt/rustwide/cargo-home/registry/src/index.crates.io-1949cf8c6b5b557f/tantale_core-0.3.2/src/recorder/csv.rs:1107:51:
[INFO] [stdout] called `Result::unwrap()` on an `Err` value: Os { code: 30, kind: ReadOnlyFilesystem, message: "Read-only file system" }
[INFO] [stdout] stack backtrace:
[INFO] [stdout]    0:     0x649ade326011 - std[70759c8f55707aa4]::backtrace_rs::backtrace::libunwind::trace
[INFO] [stdout]                                at /rustc/dfb0accb7f508ae8be965d8629557221c889dd98/library/std/src/../../backtrace/src/backtrace/libunwind.rs:117:9
[INFO] [stdout]    1:     0x649ade326011 - std[70759c8f55707aa4]::backtrace_rs::backtrace::trace_unsynchronized::<std[70759c8f55707aa4]::sys::backtrace::_print_fmt::{closure#1}>
[INFO] [stdout]                                at /rustc/dfb0accb7f508ae8be965d8629557221c889dd98/library/std/src/../../backtrace/src/backtrace/mod.rs:66:14
[INFO] [stdout]    2:     0x649ade326011 - std[70759c8f55707aa4]::sys::backtrace::_print_fmt
[INFO] [stdout]                                at /rustc/dfb0accb7f508ae8be965d8629557221c889dd98/library/std/src/sys/backtrace.rs:74:9
[INFO] [stdout]    3:     0x649ade326011 - <<std[70759c8f55707aa4]::sys::backtrace::BacktraceLock>::print::DisplayBacktrace as core[df12db4294e9bfd3]::fmt::Display>::fmt
[INFO] [stdout]                                at /rustc/dfb0accb7f508ae8be965d8629557221c889dd98/library/std/src/sys/backtrace.rs:44:26
[INFO] [stdout]    4:     0x649ade33ba2a - <core[df12db4294e9bfd3]::fmt::rt::Argument>::fmt
[INFO] [stdout]                                at /rustc/dfb0accb7f508ae8be965d8629557221c889dd98/library/core/src/fmt/rt.rs:152:76
[INFO] [stdout]    5:     0x649ade33ba2a - core[df12db4294e9bfd3]::fmt::write
[INFO] [stdout]    6:     0x649ade32b6ac - core[df12db4294e9bfd3]::io::write::default_write_fmt::<std[70759c8f55707aa4]::sys::stdio::unix::Stderr>
[INFO] [stdout]                                at /rustc/dfb0accb7f508ae8be965d8629557221c889dd98/library/core/src/io/write.rs:402:11
[INFO] [stdout]    7:     0x649ade32b6ac - <std[70759c8f55707aa4]::sys::stdio::unix::Stderr as core[df12db4294e9bfd3]::io::write::Write>::write_fmt
[INFO] [stdout]                                at /rustc/dfb0accb7f508ae8be965d8629557221c889dd98/library/core/src/io/write.rs:335:13
[INFO] [stdout]    8:     0x649ade300676 - <std[70759c8f55707aa4]::sys::backtrace::BacktraceLock>::print
[INFO] [stdout]                                at /rustc/dfb0accb7f508ae8be965d8629557221c889dd98/library/std/src/sys/backtrace.rs:47:9
[INFO] [stdout]    9:     0x649ade300676 - std[70759c8f55707aa4]::panicking::default_hook::{closure#0}
[INFO] [stdout]                                at /rustc/dfb0accb7f508ae8be965d8629557221c889dd98/library/std/src/panicking.rs:292:27
[INFO] [stdout]   10:     0x649ade31d7c1 - std[70759c8f55707aa4]::panicking::default_hook
[INFO] [stdout]                                at /rustc/dfb0accb7f508ae8be965d8629557221c889dd98/library/std/src/panicking.rs:319:9
[INFO] [stdout]   11:     0x649ade31daeb - std[70759c8f55707aa4]::panicking::panic_with_hook
[INFO] [stdout]                                at /rustc/dfb0accb7f508ae8be965d8629557221c889dd98/library/std/src/panicking.rs:815:13
[INFO] [stdout]   12:     0x649ade300722 - std[70759c8f55707aa4]::panicking::panic_handler::{closure#0}
[INFO] [stdout]                                at /rustc/dfb0accb7f508ae8be965d8629557221c889dd98/library/std/src/panicking.rs:688:13
[INFO] [stdout]   13:     0x649ade2f9329 - std[70759c8f55707aa4]::sys::backtrace::__rust_end_short_backtrace::<std[70759c8f55707aa4]::panicking::panic_handler::{closure#0}, !>
[INFO] [stdout]                                at /rustc/dfb0accb7f508ae8be965d8629557221c889dd98/library/std/src/sys/backtrace.rs:182:18
[INFO] [stdout]   14:     0x649ade30158d - __rustc[8fa7c3cbc660c2b3]::rust_begin_unwind
[INFO] [stdout]                                at /rustc/dfb0accb7f508ae8be965d8629557221c889dd98/library/std/src/panicking.rs:679:5
[INFO] [stdout]   15:     0x649ade33c1fc - core[df12db4294e9bfd3]::panicking::panic_fmt
[INFO] [stdout]                                at /rustc/dfb0accb7f508ae8be965d8629557221c889dd98/library/core/src/panicking.rs:80:14
[INFO] [stdout]   16:     0x649ade33bf72 - core[df12db4294e9bfd3]::result::unwrap_failed
[INFO] [stdout]                                at /rustc/dfb0accb7f508ae8be965d8629557221c889dd98/library/core/src/result.rs:1871:5
[INFO] [stdout]   17:     0x649ade2863f2 - <tantale_core[a38b65ff58608123]::recorder::csv::CSVRecorder as tantale_core[a38b65ff58608123]::recorder::BatchRecorder<tantale_core[a38b65ff58608123]::solution::partial::BaseSol<tantale_core[a38b65ff58608123]::solution::id::SId, tantale_core[a38b65ff58608123]::domain::mixed::Mixed, tantale_core[a38b65ff58608123]::optimizer::opt::EmptyInfo>, tantale_core[a38b65ff58608123]::solution::id::SId, doctest_bundle_2024[72c4b0461e1faad2]::__doctest_22::main::searchspace::OutExample, tantale_core[a38b65ff58608123]::searchspace::spbase::Sp<tantale_core[a38b65ff58608123]::domain::mixed::Mixed, tantale_core[a38b65ff58608123]::domain::nodomain::NoDomain>, tantale_algos[4a42fcc56bbdb05f]::random_search::BatchRandomSearch, tantale_core[a38b65ff58608123]::objective::obj::Objective<alloc[2182bb758b4b3781]::sync::Arc<[tantale_core[a38b65ff58608123]::domain::mixed::MixedTypeDom]>, doctest_bundle_2024[72c4b0461e1faad2]::__doctest_22::main::searchspace::OutExample>>>::init
[INFO] [stdout]   18:     0x649ade264181 - <tantale_core[a38b65ff58608123]::experiment::basics::MonoExperiment<tantale_core[a38b65ff58608123]::solution::partial::BaseSol<tantale_core[a38b65ff58608123]::solution::id::SId, tantale_core[a38b65ff58608123]::domain::mixed::Mixed, tantale_core[a38b65ff58608123]::optimizer::opt::EmptyInfo>, tantale_core[a38b65ff58608123]::solution::id::SId, tantale_core[a38b65ff58608123]::searchspace::spbase::Sp<tantale_core[a38b65ff58608123]::domain::mixed::Mixed, tantale_core[a38b65ff58608123]::domain::nodomain::NoDomain>, tantale_algos[4a42fcc56bbdb05f]::random_search::BatchRandomSearch, tantale_core[a38b65ff58608123]::stop::calls::Calls, tantale_core[a38b65ff58608123]::recorder::csv::CSVRecorder, tantale_core[a38b65ff58608123]::checkpointer::messagepack::MessagePack, doctest_bundle_2024[72c4b0461e1faad2]::__doctest_22::main::searchspace::OutExample, tantale_core[a38b65ff58608123]::objective::obj::Objective<alloc[2182bb758b4b3781]::sync::Arc<[tantale_core[a38b65ff58608123]::domain::mixed::MixedTypeDom]>, doctest_bundle_2024[72c4b0461e1faad2]::__doctest_22::main::searchspace::OutExample>, tantale_core[a38b65ff58608123]::experiment::batched::batchevaluator::BatchEvaluator<tantale_core[a38b65ff58608123]::solution::id::SId, tantale_core[a38b65ff58608123]::optimizer::opt::EmptyInfo, tantale_algos[4a42fcc56bbdb05f]::random_search::RSInfo, tantale_core[a38b65ff58608123]::solution::shape::Lone<tantale_core[a38b65ff58608123]::solution::partial::BaseSol<tantale_core[a38b65ff58608123]::solution::id::SId, tantale_core[a38b65ff58608123]::domain::mixed::Mixed, tantale_core[a38b65ff58608123]::optimizer::opt::EmptyInfo>, tantale_core[a38b65ff58608123]::solution::id::SId, tantale_core[a38b65ff58608123]::domain::mixed::Mixed, tantale_core[a38b65ff58608123]::optimizer::opt::EmptyInfo>>> as tantale_core[a38b65ff58608123]::experiment::Runable<tantale_core[a38b65ff58608123]::solution::partial::BaseSol<tantale_core[a38b65ff58608123]::solution::id::SId, tantale_core[a38b65ff58608123]::domain::mixed::Mixed, tantale_core[a38b65ff58608123]::optimizer::opt::EmptyInfo>, tantale_core[a38b65ff58608123]::solution::id::SId, tantale_core[a38b65ff58608123]::searchspace::spbase::Sp<tantale_core[a38b65ff58608123]::domain::mixed::Mixed, tantale_core[a38b65ff58608123]::domain::nodomain::NoDomain>, tantale_algos[4a42fcc56bbdb05f]::random_search::BatchRandomSearch, tantale_core[a38b65ff58608123]::stop::calls::Calls, tantale_core[a38b65ff58608123]::recorder::csv::CSVRecorder, tantale_core[a38b65ff58608123]::checkpointer::messagepack::MessagePack, doctest_bundle_2024[72c4b0461e1faad2]::__doctest_22::main::searchspace::OutExample, tantale_core[a38b65ff58608123]::objective::obj::Objective<alloc[2182bb758b4b3781]::sync::Arc<[tantale_core[a38b65ff58608123]::domain::mixed::MixedTypeDom]>, doctest_bundle_2024[72c4b0461e1faad2]::__doctest_22::main::searchspace::OutExample>>>::new_with_pool
[INFO] [stdout]   19:     0x649ade2986e0 - <tantale_core[a38b65ff58608123]::experiment::basics::MonoExperiment<tantale_core[a38b65ff58608123]::solution::partial::BaseSol<tantale_core[a38b65ff58608123]::solution::id::SId, tantale_core[a38b65ff58608123]::domain::mixed::Mixed, tantale_core[a38b65ff58608123]::optimizer::opt::EmptyInfo>, tantale_core[a38b65ff58608123]::solution::id::SId, tantale_core[a38b65ff58608123]::searchspace::spbase::Sp<tantale_core[a38b65ff58608123]::domain::mixed::Mixed, tantale_core[a38b65ff58608123]::domain::nodomain::NoDomain>, tantale_algos[4a42fcc56bbdb05f]::random_search::BatchRandomSearch, tantale_core[a38b65ff58608123]::stop::calls::Calls, tantale_core[a38b65ff58608123]::recorder::csv::CSVRecorder, tantale_core[a38b65ff58608123]::checkpointer::messagepack::MessagePack, doctest_bundle_2024[72c4b0461e1faad2]::__doctest_22::main::searchspace::OutExample, tantale_core[a38b65ff58608123]::objective::obj::Objective<alloc[2182bb758b4b3781]::sync::Arc<[tantale_core[a38b65ff58608123]::domain::mixed::MixedTypeDom]>, doctest_bundle_2024[72c4b0461e1faad2]::__doctest_22::main::searchspace::OutExample>, tantale_core[a38b65ff58608123]::experiment::batched::batchevaluator::BatchEvaluator<tantale_core[a38b65ff58608123]::solution::id::SId, tantale_core[a38b65ff58608123]::optimizer::opt::EmptyInfo, tantale_algos[4a42fcc56bbdb05f]::random_search::RSInfo, tantale_core[a38b65ff58608123]::solution::shape::Lone<tantale_core[a38b65ff58608123]::solution::partial::BaseSol<tantale_core[a38b65ff58608123]::solution::id::SId, tantale_core[a38b65ff58608123]::domain::mixed::Mixed, tantale_core[a38b65ff58608123]::optimizer::opt::EmptyInfo>, tantale_core[a38b65ff58608123]::solution::id::SId, tantale_core[a38b65ff58608123]::domain::mixed::Mixed, tantale_core[a38b65ff58608123]::optimizer::opt::EmptyInfo>>> as tantale_core[a38b65ff58608123]::experiment::Runable<tantale_core[a38b65ff58608123]::solution::partial::BaseSol<tantale_core[a38b65ff58608123]::solution::id::SId, tantale_core[a38b65ff58608123]::domain::mixed::Mixed, tantale_core[a38b65ff58608123]::optimizer::opt::EmptyInfo>, tantale_core[a38b65ff58608123]::solution::id::SId, tantale_core[a38b65ff58608123]::searchspace::spbase::Sp<tantale_core[a38b65ff58608123]::domain::mixed::Mixed, tantale_core[a38b65ff58608123]::domain::nodomain::NoDomain>, tantale_algos[4a42fcc56bbdb05f]::random_search::BatchRandomSearch, tantale_core[a38b65ff58608123]::stop::calls::Calls, tantale_core[a38b65ff58608123]::recorder::csv::CSVRecorder, tantale_core[a38b65ff58608123]::checkpointer::messagepack::MessagePack, doctest_bundle_2024[72c4b0461e1faad2]::__doctest_22::main::searchspace::OutExample, tantale_core[a38b65ff58608123]::objective::obj::Objective<alloc[2182bb758b4b3781]::sync::Arc<[tantale_core[a38b65ff58608123]::domain::mixed::MixedTypeDom]>, doctest_bundle_2024[72c4b0461e1faad2]::__doctest_22::main::searchspace::OutExample>>>::new
[INFO] [stdout]   20:     0x649ade1e6445 - tantale_core[a38b65ff58608123]::experiment::mono::<tantale_core[a38b65ff58608123]::solution::id::SId, tantale_core[a38b65ff58608123]::solution::partial::BaseSol<tantale_core[a38b65ff58608123]::solution::id::SId, tantale_core[a38b65ff58608123]::domain::mixed::Mixed, tantale_core[a38b65ff58608123]::optimizer::opt::EmptyInfo>, tantale_core[a38b65ff58608123]::searchspace::spbase::Sp<tantale_core[a38b65ff58608123]::domain::mixed::Mixed, tantale_core[a38b65ff58608123]::domain::nodomain::NoDomain>, tantale_algos[4a42fcc56bbdb05f]::random_search::BatchRandomSearch, tantale_core[a38b65ff58608123]::stop::calls::Calls, tantale_core[a38b65ff58608123]::recorder::csv::CSVRecorder, tantale_core[a38b65ff58608123]::checkpointer::messagepack::MessagePack, doctest_bundle_2024[72c4b0461e1faad2]::__doctest_22::main::searchspace::OutExample, tantale_core[a38b65ff58608123]::objective::obj::Objective<alloc[2182bb758b4b3781]::sync::Arc<[tantale_core[a38b65ff58608123]::domain::mixed::MixedTypeDom]>, doctest_bundle_2024[72c4b0461e1faad2]::__doctest_22::main::searchspace::OutExample>, tantale_core[a38b65ff58608123]::experiment::batched::batchevaluator::BatchEvaluator<tantale_core[a38b65ff58608123]::solution::id::SId, tantale_core[a38b65ff58608123]::optimizer::opt::EmptyInfo, tantale_algos[4a42fcc56bbdb05f]::random_search::RSInfo, tantale_core[a38b65ff58608123]::solution::shape::Lone<tantale_core[a38b65ff58608123]::solution::partial::BaseSol<tantale_core[a38b65ff58608123]::solution::id::SId, tantale_core[a38b65ff58608123]::domain::mixed::Mixed, tantale_core[a38b65ff58608123]::optimizer::opt::EmptyInfo>, tantale_core[a38b65ff58608123]::solution::id::SId, tantale_core[a38b65ff58608123]::domain::mixed::Mixed, tantale_core[a38b65ff58608123]::optimizer::opt::EmptyInfo>>>
[INFO] [stdout]   21:     0x649ade258441 - doctest_bundle_2024[72c4b0461e1faad2]::__doctest_22::main
[INFO] [stdout]   22:     0x649ade258706 - doctest_bundle_2024[72c4b0461e1faad2]::__doctest_22::__main_fn
[INFO] [stdout]   23:     0x649ade1cd0d1 - doctest_runner_2024[37d7b32fe5ed358d]::__doctest_22::TEST::{closure#0}
[INFO] [stdout]   24:     0x649ade1d16e6 - <doctest_runner_2024[37d7b32fe5ed358d]::__doctest_22::TEST::{closure#0} as core[df12db4294e9bfd3]::ops::function::FnOnce<()>>::call_once
[INFO] [stdout]   25:     0x649ade1ce308 - doctest_runner_2024[37d7b32fe5ed358d]::main
[INFO] [stdout]   26:     0x649ade1d13b3 - <fn() -> std[70759c8f55707aa4]::process::ExitCode as core[df12db4294e9bfd3]::ops::function::FnOnce<()>>::call_once
[INFO] [stdout]   27:     0x649ade1cbfc6 - std[70759c8f55707aa4]::sys::backtrace::__rust_begin_short_backtrace::<fn() -> std[70759c8f55707aa4]::process::ExitCode, std[70759c8f55707aa4]::process::ExitCode>
[INFO] [stdout]   28:     0x649ade1cc4f9 - std[70759c8f55707aa4]::rt::lang_start::<std[70759c8f55707aa4]::process::ExitCode>::{closure#0}
[INFO] [stdout]   29:     0x649ade31c739 - <&dyn core[df12db4294e9bfd3]::ops::function::Fn<(), Output = i32> + core[df12db4294e9bfd3]::panic::unwind_safe::RefUnwindSafe + core[df12db4294e9bfd3]::marker::Sync as core[df12db4294e9bfd3]::ops::function::FnOnce<()>>::call_once
[INFO] [stdout]                                at /rustc/dfb0accb7f508ae8be965d8629557221c889dd98/library/core/src/ops/function.rs:287:21
[INFO] [stdout]   30:     0x649ade31c739 - std[70759c8f55707aa4]::panicking::catch_unwind::do_call::<&dyn core[df12db4294e9bfd3]::ops::function::Fn<(), Output = i32> + core[df12db4294e9bfd3]::panic::unwind_safe::RefUnwindSafe + core[df12db4294e9bfd3]::marker::Sync, i32>
[INFO] [stdout]                                at /rustc/dfb0accb7f508ae8be965d8629557221c889dd98/library/std/src/panicking.rs:576:43
[INFO] [stdout]   31:     0x649ade31c739 - std[70759c8f55707aa4]::panicking::catch_unwind::<i32, &dyn core[df12db4294e9bfd3]::ops::function::Fn<(), Output = i32> + core[df12db4294e9bfd3]::panic::unwind_safe::RefUnwindSafe + core[df12db4294e9bfd3]::marker::Sync>
[INFO] [stdout]                                at /rustc/dfb0accb7f508ae8be965d8629557221c889dd98/library/std/src/panicking.rs:544:19
[INFO] [stdout]   32:     0x649ade31c739 - std[70759c8f55707aa4]::panic::catch_unwind::<&dyn core[df12db4294e9bfd3]::ops::function::Fn<(), Output = i32> + core[df12db4294e9bfd3]::panic::unwind_safe::RefUnwindSafe + core[df12db4294e9bfd3]::marker::Sync, i32>
[INFO] [stdout]                                at /rustc/dfb0accb7f508ae8be965d8629557221c889dd98/library/std/src/panic.rs:359:14
[INFO] [stdout]   33:     0x649ade31c739 - std[70759c8f55707aa4]::rt::lang_start_internal::{closure#0}
[INFO] [stdout]                                at /rustc/dfb0accb7f508ae8be965d8629557221c889dd98/library/std/src/rt.rs:175:24
[INFO] [stdout]   34:     0x649ade31c739 - std[70759c8f55707aa4]::panicking::catch_unwind::do_call::<std[70759c8f55707aa4]::rt::lang_start_internal::{closure#0}, isize>
[INFO] [stdout]                                at /rustc/dfb0accb7f508ae8be965d8629557221c889dd98/library/std/src/panicking.rs:576:43
[INFO] [stdout]   35:     0x649ade31c739 - std[70759c8f55707aa4]::panicking::catch_unwind::<isize, std[70759c8f55707aa4]::rt::lang_start_internal::{closure#0}>
[INFO] [stdout]                                at /rustc/dfb0accb7f508ae8be965d8629557221c889dd98/library/std/src/panicking.rs:544:19
[INFO] [stdout]   36:     0x649ade31c739 - std[70759c8f55707aa4]::panic::catch_unwind::<std[70759c8f55707aa4]::rt::lang_start_internal::{closure#0}, isize>
[INFO] [stdout]                                at /rustc/dfb0accb7f508ae8be965d8629557221c889dd98/library/std/src/panic.rs:359:14
[INFO] [stdout]   37:     0x649ade31c739 - std[70759c8f55707aa4]::rt::lang_start_internal
[INFO] [stdout]                                at /rustc/dfb0accb7f508ae8be965d8629557221c889dd98/library/std/src/rt.rs:171:5
[INFO] [stdout]   38:     0x649ade1cb441 - std[70759c8f55707aa4]::rt::lang_start::<std[70759c8f55707aa4]::process::ExitCode>
[INFO] [stdout]   39:     0x649ade1d1a05 - main
[INFO] [stdout]   40:     0x7a51c71ab601 - <unknown>
[INFO] [stdout]   41:     0x7a51c71ab718 - __libc_start_main
[INFO] [stdout]   42:     0x649ade1ca595 - _start
[INFO] [stdout]   43:                0x0 - <unknown>
[INFO] [stdout] 
[INFO] [stdout] 
[INFO] [stdout] ---- src/quick_start.md - docs::QuickStart (line 114) stdout ----
[INFO] [stdout] Test executable failed (exit status: 101).
[INFO] [stdout] 
[INFO] [stdout] stderr:
[INFO] [stdout] 
[INFO] [stdout] thread 'main' (1072) panicked at /opt/rustwide/cargo-home/registry/src/index.crates.io-1949cf8c6b5b557f/tantale_core-0.3.2/src/recorder/csv.rs:1107:51:
[INFO] [stdout] called `Result::unwrap()` on an `Err` value: Os { code: 30, kind: ReadOnlyFilesystem, message: "Read-only file system" }
[INFO] [stdout] stack backtrace:
[INFO] [stdout]    0:     0x5a754b27f011 - std[70759c8f55707aa4]::backtrace_rs::backtrace::libunwind::trace
[INFO] [stdout]                                at /rustc/dfb0accb7f508ae8be965d8629557221c889dd98/library/std/src/../../backtrace/src/backtrace/libunwind.rs:117:9
[INFO] [stdout]    1:     0x5a754b27f011 - std[70759c8f55707aa4]::backtrace_rs::backtrace::trace_unsynchronized::<std[70759c8f55707aa4]::sys::backtrace::_print_fmt::{closure#1}>
[INFO] [stdout]                                at /rustc/dfb0accb7f508ae8be965d8629557221c889dd98/library/std/src/../../backtrace/src/backtrace/mod.rs:66:14
[INFO] [stdout]    2:     0x5a754b27f011 - std[70759c8f55707aa4]::sys::backtrace::_print_fmt
[INFO] [stdout]                                at /rustc/dfb0accb7f508ae8be965d8629557221c889dd98/library/std/src/sys/backtrace.rs:74:9
[INFO] [stdout]    3:     0x5a754b27f011 - <<std[70759c8f55707aa4]::sys::backtrace::BacktraceLock>::print::DisplayBacktrace as core[df12db4294e9bfd3]::fmt::Display>::fmt
[INFO] [stdout]                                at /rustc/dfb0accb7f508ae8be965d8629557221c889dd98/library/std/src/sys/backtrace.rs:44:26
[INFO] [stdout]    4:     0x5a754b294a2a - <core[df12db4294e9bfd3]::fmt::rt::Argument>::fmt
[INFO] [stdout]                                at /rustc/dfb0accb7f508ae8be965d8629557221c889dd98/library/core/src/fmt/rt.rs:152:76
[INFO] [stdout]    5:     0x5a754b294a2a - core[df12db4294e9bfd3]::fmt::write
[INFO] [stdout]    6:     0x5a754b2846ac - core[df12db4294e9bfd3]::io::write::default_write_fmt::<std[70759c8f55707aa4]::sys::stdio::unix::Stderr>
[INFO] [stdout]                                at /rustc/dfb0accb7f508ae8be965d8629557221c889dd98/library/core/src/io/write.rs:402:11
[INFO] [stdout]    7:     0x5a754b2846ac - <std[70759c8f55707aa4]::sys::stdio::unix::Stderr as core[df12db4294e9bfd3]::io::write::Write>::write_fmt
[INFO] [stdout]                                at /rustc/dfb0accb7f508ae8be965d8629557221c889dd98/library/core/src/io/write.rs:335:13
[INFO] [stdout]    8:     0x5a754b259676 - <std[70759c8f55707aa4]::sys::backtrace::BacktraceLock>::print
[INFO] [stdout]                                at /rustc/dfb0accb7f508ae8be965d8629557221c889dd98/library/std/src/sys/backtrace.rs:47:9
[INFO] [stdout]    9:     0x5a754b259676 - std[70759c8f55707aa4]::panicking::default_hook::{closure#0}
[INFO] [stdout]                                at /rustc/dfb0accb7f508ae8be965d8629557221c889dd98/library/std/src/panicking.rs:292:27
[INFO] [stdout]   10:     0x5a754b2767c1 - std[70759c8f55707aa4]::panicking::default_hook
[INFO] [stdout]                                at /rustc/dfb0accb7f508ae8be965d8629557221c889dd98/library/std/src/panicking.rs:319:9
[INFO] [stderr] error: doctest failed, to rerun pass `--doc`
[INFO] [stdout]   11:     0x5a754b276aeb - std[70759c8f55707aa4]::panicking::panic_with_hook
[INFO] [stdout]                                at /rustc/dfb0accb7f508ae8be965d8629557221c889dd98/library/std/src/panicking.rs:815:13
[INFO] [stdout]   12:     0x5a754b259722 - std[70759c8f55707aa4]::panicking::panic_handler::{closure#0}
[INFO] [stdout]                                at /rustc/dfb0accb7f508ae8be965d8629557221c889dd98/library/std/src/panicking.rs:688:13
[INFO] [stdout]   13:     0x5a754b252329 - std[70759c8f55707aa4]::sys::backtrace::__rust_end_short_backtrace::<std[70759c8f55707aa4]::panicking::panic_handler::{closure#0}, !>
[INFO] [stdout]                                at /rustc/dfb0accb7f508ae8be965d8629557221c889dd98/library/std/src/sys/backtrace.rs:182:18
[INFO] [stdout]   14:     0x5a754b25a58d - __rustc[8fa7c3cbc660c2b3]::rust_begin_unwind
[INFO] [stdout]                                at /rustc/dfb0accb7f508ae8be965d8629557221c889dd98/library/std/src/panicking.rs:679:5
[INFO] [stdout]   15:     0x5a754b2951fc - core[df12db4294e9bfd3]::panicking::panic_fmt
[INFO] [stdout]                                at /rustc/dfb0accb7f508ae8be965d8629557221c889dd98/library/core/src/panicking.rs:80:14
[INFO] [stdout]   16:     0x5a754b294f72 - core[df12db4294e9bfd3]::result::unwrap_failed
[INFO] [stdout]                                at /rustc/dfb0accb7f508ae8be965d8629557221c889dd98/library/core/src/result.rs:1871:5
[INFO] [stdout]   17:     0x5a754b1dde12 - <tantale_core[a38b65ff58608123]::recorder::csv::CSVRecorder as tantale_core[a38b65ff58608123]::recorder::BatchRecorder<tantale_core[a38b65ff58608123]::solution::partial::BaseSol<tantale_core[a38b65ff58608123]::solution::id::SId, tantale_core[a38b65ff58608123]::domain::mixed::Mixed, tantale_core[a38b65ff58608123]::optimizer::opt::EmptyInfo>, tantale_core[a38b65ff58608123]::solution::id::SId, doctest_bundle_2024[72c4b0461e1faad2]::__doctest_17::main::searchspace::OutExample, tantale_core[a38b65ff58608123]::searchspace::spbase::Sp<tantale_core[a38b65ff58608123]::domain::mixed::Mixed, tantale_core[a38b65ff58608123]::domain::nodomain::NoDomain>, tantale_algos[4a42fcc56bbdb05f]::random_search::BatchRandomSearch, tantale_core[a38b65ff58608123]::objective::obj::Objective<alloc[2182bb758b4b3781]::sync::Arc<[tantale_core[a38b65ff58608123]::domain::mixed::MixedTypeDom]>, doctest_bundle_2024[72c4b0461e1faad2]::__doctest_17::main::searchspace::OutExample>>>::init
[INFO] [stdout]   18:     0x5a754b1bc471 - <tantale_core[a38b65ff58608123]::experiment::basics::MonoExperiment<tantale_core[a38b65ff58608123]::solution::partial::BaseSol<tantale_core[a38b65ff58608123]::solution::id::SId, tantale_core[a38b65ff58608123]::domain::mixed::Mixed, tantale_core[a38b65ff58608123]::optimizer::opt::EmptyInfo>, tantale_core[a38b65ff58608123]::solution::id::SId, tantale_core[a38b65ff58608123]::searchspace::spbase::Sp<tantale_core[a38b65ff58608123]::domain::mixed::Mixed, tantale_core[a38b65ff58608123]::domain::nodomain::NoDomain>, tantale_algos[4a42fcc56bbdb05f]::random_search::BatchRandomSearch, tantale_core[a38b65ff58608123]::stop::calls::Calls, tantale_core[a38b65ff58608123]::recorder::csv::CSVRecorder, tantale_core[a38b65ff58608123]::checkpointer::messagepack::MessagePack, doctest_bundle_2024[72c4b0461e1faad2]::__doctest_17::main::searchspace::OutExample, tantale_core[a38b65ff58608123]::objective::obj::Objective<alloc[2182bb758b4b3781]::sync::Arc<[tantale_core[a38b65ff58608123]::domain::mixed::MixedTypeDom]>, doctest_bundle_2024[72c4b0461e1faad2]::__doctest_17::main::searchspace::OutExample>, tantale_core[a38b65ff58608123]::experiment::batched::batchevaluator::BatchEvaluator<tantale_core[a38b65ff58608123]::solution::id::SId, tantale_core[a38b65ff58608123]::optimizer::opt::EmptyInfo, tantale_algos[4a42fcc56bbdb05f]::random_search::RSInfo, tantale_core[a38b65ff58608123]::solution::shape::Lone<tantale_core[a38b65ff58608123]::solution::partial::BaseSol<tantale_core[a38b65ff58608123]::solution::id::SId, tantale_core[a38b65ff58608123]::domain::mixed::Mixed, tantale_core[a38b65ff58608123]::optimizer::opt::EmptyInfo>, tantale_core[a38b65ff58608123]::solution::id::SId, tantale_core[a38b65ff58608123]::domain::mixed::Mixed, tantale_core[a38b65ff58608123]::optimizer::opt::EmptyInfo>>> as tantale_core[a38b65ff58608123]::experiment::Runable<tantale_core[a38b65ff58608123]::solution::partial::BaseSol<tantale_core[a38b65ff58608123]::solution::id::SId, tantale_core[a38b65ff58608123]::domain::mixed::Mixed, tantale_core[a38b65ff58608123]::optimizer::opt::EmptyInfo>, tantale_core[a38b65ff58608123]::solution::id::SId, tantale_core[a38b65ff58608123]::searchspace::spbase::Sp<tantale_core[a38b65ff58608123]::domain::mixed::Mixed, tantale_core[a38b65ff58608123]::domain::nodomain::NoDomain>, tantale_algos[4a42fcc56bbdb05f]::random_search::BatchRandomSearch, tantale_core[a38b65ff58608123]::stop::calls::Calls, tantale_core[a38b65ff58608123]::recorder::csv::CSVRecorder, tantale_core[a38b65ff58608123]::checkpointer::messagepack::MessagePack, doctest_bundle_2024[72c4b0461e1faad2]::__doctest_17::main::searchspace::OutExample, tantale_core[a38b65ff58608123]::objective::obj::Objective<alloc[2182bb758b4b3781]::sync::Arc<[tantale_core[a38b65ff58608123]::domain::mixed::MixedTypeDom]>, doctest_bundle_2024[72c4b0461e1faad2]::__doctest_17::main::searchspace::OutExample>>>::new_with_pool
[INFO] [stdout]   19:     0x5a754b1f16a0 - <tantale_core[a38b65ff58608123]::experiment::basics::MonoExperiment<tantale_core[a38b65ff58608123]::solution::partial::BaseSol<tantale_core[a38b65ff58608123]::solution::id::SId, tantale_core[a38b65ff58608123]::domain::mixed::Mixed, tantale_core[a38b65ff58608123]::optimizer::opt::EmptyInfo>, tantale_core[a38b65ff58608123]::solution::id::SId, tantale_core[a38b65ff58608123]::searchspace::spbase::Sp<tantale_core[a38b65ff58608123]::domain::mixed::Mixed, tantale_core[a38b65ff58608123]::domain::nodomain::NoDomain>, tantale_algos[4a42fcc56bbdb05f]::random_search::BatchRandomSearch, tantale_core[a38b65ff58608123]::stop::calls::Calls, tantale_core[a38b65ff58608123]::recorder::csv::CSVRecorder, tantale_core[a38b65ff58608123]::checkpointer::messagepack::MessagePack, doctest_bundle_2024[72c4b0461e1faad2]::__doctest_17::main::searchspace::OutExample, tantale_core[a38b65ff58608123]::objective::obj::Objective<alloc[2182bb758b4b3781]::sync::Arc<[tantale_core[a38b65ff58608123]::domain::mixed::MixedTypeDom]>, doctest_bundle_2024[72c4b0461e1faad2]::__doctest_17::main::searchspace::OutExample>, tantale_core[a38b65ff58608123]::experiment::batched::batchevaluator::BatchEvaluator<tantale_core[a38b65ff58608123]::solution::id::SId, tantale_core[a38b65ff58608123]::optimizer::opt::EmptyInfo, tantale_algos[4a42fcc56bbdb05f]::random_search::RSInfo, tantale_core[a38b65ff58608123]::solution::shape::Lone<tantale_core[a38b65ff58608123]::solution::partial::BaseSol<tantale_core[a38b65ff58608123]::solution::id::SId, tantale_core[a38b65ff58608123]::domain::mixed::Mixed, tantale_core[a38b65ff58608123]::optimizer::opt::EmptyInfo>, tantale_core[a38b65ff58608123]::solution::id::SId, tantale_core[a38b65ff58608123]::domain::mixed::Mixed, tantale_core[a38b65ff58608123]::optimizer::opt::EmptyInfo>>> as tantale_core[a38b65ff58608123]::experiment::Runable<tantale_core[a38b65ff58608123]::solution::partial::BaseSol<tantale_core[a38b65ff58608123]::solution::id::SId, tantale_core[a38b65ff58608123]::domain::mixed::Mixed, tantale_core[a38b65ff58608123]::optimizer::opt::EmptyInfo>, tantale_core[a38b65ff58608123]::solution::id::SId, tantale_core[a38b65ff58608123]::searchspace::spbase::Sp<tantale_core[a38b65ff58608123]::domain::mixed::Mixed, tantale_core[a38b65ff58608123]::domain::nodomain::NoDomain>, tantale_algos[4a42fcc56bbdb05f]::random_search::BatchRandomSearch, tantale_core[a38b65ff58608123]::stop::calls::Calls, tantale_core[a38b65ff58608123]::recorder::csv::CSVRecorder, tantale_core[a38b65ff58608123]::checkpointer::messagepack::MessagePack, doctest_bundle_2024[72c4b0461e1faad2]::__doctest_17::main::searchspace::OutExample, tantale_core[a38b65ff58608123]::objective::obj::Objective<alloc[2182bb758b4b3781]::sync::Arc<[tantale_core[a38b65ff58608123]::domain::mixed::MixedTypeDom]>, doctest_bundle_2024[72c4b0461e1faad2]::__doctest_17::main::searchspace::OutExample>>>::new
[INFO] [stdout]   20:     0x5a754b13f415 - tantale_core[a38b65ff58608123]::experiment::mono::<tantale_core[a38b65ff58608123]::solution::id::SId, tantale_core[a38b65ff58608123]::solution::partial::BaseSol<tantale_core[a38b65ff58608123]::solution::id::SId, tantale_core[a38b65ff58608123]::domain::mixed::Mixed, tantale_core[a38b65ff58608123]::optimizer::opt::EmptyInfo>, tantale_core[a38b65ff58608123]::searchspace::spbase::Sp<tantale_core[a38b65ff58608123]::domain::mixed::Mixed, tantale_core[a38b65ff58608123]::domain::nodomain::NoDomain>, tantale_algos[4a42fcc56bbdb05f]::random_search::BatchRandomSearch, tantale_core[a38b65ff58608123]::stop::calls::Calls, tantale_core[a38b65ff58608123]::recorder::csv::CSVRecorder, tantale_core[a38b65ff58608123]::checkpointer::messagepack::MessagePack, doctest_bundle_2024[72c4b0461e1faad2]::__doctest_17::main::searchspace::OutExample, tantale_core[a38b65ff58608123]::objective::obj::Objective<alloc[2182bb758b4b3781]::sync::Arc<[tantale_core[a38b65ff58608123]::domain::mixed::MixedTypeDom]>, doctest_bundle_2024[72c4b0461e1faad2]::__doctest_17::main::searchspace::OutExample>, tantale_core[a38b65ff58608123]::experiment::batched::batchevaluator::BatchEvaluator<tantale_core[a38b65ff58608123]::solution::id::SId, tantale_core[a38b65ff58608123]::optimizer::opt::EmptyInfo, tantale_algos[4a42fcc56bbdb05f]::random_search::RSInfo, tantale_core[a38b65ff58608123]::solution::shape::Lone<tantale_core[a38b65ff58608123]::solution::partial::BaseSol<tantale_core[a38b65ff58608123]::solution::id::SId, tantale_core[a38b65ff58608123]::domain::mixed::Mixed, tantale_core[a38b65ff58608123]::optimizer::opt::EmptyInfo>, tantale_core[a38b65ff58608123]::solution::id::SId, tantale_core[a38b65ff58608123]::domain::mixed::Mixed, tantale_core[a38b65ff58608123]::optimizer::opt::EmptyInfo>>>
[INFO] [stdout]   21:     0x5a754b1b05d1 - doctest_bundle_2024[72c4b0461e1faad2]::__doctest_17::main
[INFO] [stdout]   22:     0x5a754b1b0896 - doctest_bundle_2024[72c4b0461e1faad2]::__doctest_17::__main_fn
[INFO] [stdout]   23:     0x5a754b125ef1 - doctest_runner_2024[37d7b32fe5ed358d]::__doctest_17::TEST::{closure#0}
[INFO] [stdout]   24:     0x5a754b12a646 - <doctest_runner_2024[37d7b32fe5ed358d]::__doctest_17::TEST::{closure#0} as core[df12db4294e9bfd3]::ops::function::FnOnce<()>>::call_once
[INFO] [stdout]   25:     0x5a754b127308 - doctest_runner_2024[37d7b32fe5ed358d]::main
[INFO] [stdout]   26:     0x5a754b12a3b3 - <fn() -> std[70759c8f55707aa4]::process::ExitCode as core[df12db4294e9bfd3]::ops::function::FnOnce<()>>::call_once
[INFO] [stdout]   27:     0x5a754b124fc6 - std[70759c8f55707aa4]::sys::backtrace::__rust_begin_short_backtrace::<fn() -> std[70759c8f55707aa4]::process::ExitCode, std[70759c8f55707aa4]::process::ExitCode>
[INFO] [stdout]   28:     0x5a754b1254f9 - std[70759c8f55707aa4]::rt::lang_start::<std[70759c8f55707aa4]::process::ExitCode>::{closure#0}
[INFO] [stdout]   29:     0x5a754b275739 - <&dyn core[df12db4294e9bfd3]::ops::function::Fn<(), Output = i32> + core[df12db4294e9bfd3]::panic::unwind_safe::RefUnwindSafe + core[df12db4294e9bfd3]::marker::Sync as core[df12db4294e9bfd3]::ops::function::FnOnce<()>>::call_once
[INFO] [stdout]                                at /rustc/dfb0accb7f508ae8be965d8629557221c889dd98/library/core/src/ops/function.rs:287:21
[INFO] [stdout]   30:     0x5a754b275739 - std[70759c8f55707aa4]::panicking::catch_unwind::do_call::<&dyn core[df12db4294e9bfd3]::ops::function::Fn<(), Output = i32> + core[df12db4294e9bfd3]::panic::unwind_safe::RefUnwindSafe + core[df12db4294e9bfd3]::marker::Sync, i32>
[INFO] [stdout]                                at /rustc/dfb0accb7f508ae8be965d8629557221c889dd98/library/std/src/panicking.rs:576:43
[INFO] [stdout]   31:     0x5a754b275739 - std[70759c8f55707aa4]::panicking::catch_unwind::<i32, &dyn core[df12db4294e9bfd3]::ops::function::Fn<(), Output = i32> + core[df12db4294e9bfd3]::panic::unwind_safe::RefUnwindSafe + core[df12db4294e9bfd3]::marker::Sync>
[INFO] [stdout]                                at /rustc/dfb0accb7f508ae8be965d8629557221c889dd98/library/std/src/panicking.rs:544:19
[INFO] [stdout]   32:     0x5a754b275739 - std[70759c8f55707aa4]::panic::catch_unwind::<&dyn core[df12db4294e9bfd3]::ops::function::Fn<(), Output = i32> + core[df12db4294e9bfd3]::panic::unwind_safe::RefUnwindSafe + core[df12db4294e9bfd3]::marker::Sync, i32>
[INFO] [stdout]                                at /rustc/dfb0accb7f508ae8be965d8629557221c889dd98/library/std/src/panic.rs:359:14
[INFO] [stdout]   33:     0x5a754b275739 - std[70759c8f55707aa4]::rt::lang_start_internal::{closure#0}
[INFO] [stdout]                                at /rustc/dfb0accb7f508ae8be965d8629557221c889dd98/library/std/src/rt.rs:175:24
[INFO] [stdout]   34:     0x5a754b275739 - std[70759c8f55707aa4]::panicking::catch_unwind::do_call::<std[70759c8f55707aa4]::rt::lang_start_internal::{closure#0}, isize>
[INFO] [stdout]                                at /rustc/dfb0accb7f508ae8be965d8629557221c889dd98/library/std/src/panicking.rs:576:43
[INFO] [stdout]   35:     0x5a754b275739 - std[70759c8f55707aa4]::panicking::catch_unwind::<isize, std[70759c8f55707aa4]::rt::lang_start_internal::{closure#0}>
[INFO] [stdout]                                at /rustc/dfb0accb7f508ae8be965d8629557221c889dd98/library/std/src/panicking.rs:544:19
[INFO] [stdout]   36:     0x5a754b275739 - std[70759c8f55707aa4]::panic::catch_unwind::<std[70759c8f55707aa4]::rt::lang_start_internal::{closure#0}, isize>
[INFO] [stdout]                                at /rustc/dfb0accb7f508ae8be965d8629557221c889dd98/library/std/src/panic.rs:359:14
[INFO] [stdout]   37:     0x5a754b275739 - std[70759c8f55707aa4]::rt::lang_start_internal
[INFO] [stdout]                                at /rustc/dfb0accb7f508ae8be965d8629557221c889dd98/library/std/src/rt.rs:171:5
[INFO] [stdout]   38:     0x5a754b124441 - std[70759c8f55707aa4]::rt::lang_start::<std[70759c8f55707aa4]::process::ExitCode>
[INFO] [stdout]   39:     0x5a754b12aa05 - main
[INFO] [stdout]   40:     0x7734ac376601 - <unknown>
[INFO] [stdout]   41:     0x7734ac376718 - __libc_start_main
[INFO] [stdout]   42:     0x5a754b123595 - _start
[INFO] [stdout]   43:                0x0 - <unknown>
[INFO] [stdout] 
[INFO] [stdout] 
[INFO] [stdout] ---- src/gs_example.md - docs::GSExample (line 43) stdout ----
[INFO] [stdout] Test executable failed (exit status: 101).
[INFO] [stdout] 
[INFO] [stdout] stderr:
[INFO] [stdout] 
[INFO] [stdout] thread 'main' (1056) panicked at /opt/rustwide/cargo-home/registry/src/index.crates.io-1949cf8c6b5b557f/tantale_core-0.3.2/src/recorder/csv.rs:941:51:
[INFO] [stdout] called `Result::unwrap()` on an `Err` value: Os { code: 30, kind: ReadOnlyFilesystem, message: "Read-only file system" }
[INFO] [stdout] stack backtrace:
[INFO] [stdout]    0:     0x6158f363f011 - std[70759c8f55707aa4]::backtrace_rs::backtrace::libunwind::trace
[INFO] [stdout]                                at /rustc/dfb0accb7f508ae8be965d8629557221c889dd98/library/std/src/../../backtrace/src/backtrace/libunwind.rs:117:9
[INFO] [stdout]    1:     0x6158f363f011 - std[70759c8f55707aa4]::backtrace_rs::backtrace::trace_unsynchronized::<std[70759c8f55707aa4]::sys::backtrace::_print_fmt::{closure#1}>
[INFO] [stdout]                                at /rustc/dfb0accb7f508ae8be965d8629557221c889dd98/library/std/src/../../backtrace/src/backtrace/mod.rs:66:14
[INFO] [stdout]    2:     0x6158f363f011 - std[70759c8f55707aa4]::sys::backtrace::_print_fmt
[INFO] [stdout]                                at /rustc/dfb0accb7f508ae8be965d8629557221c889dd98/library/std/src/sys/backtrace.rs:74:9
[INFO] [stdout]    3:     0x6158f363f011 - <<std[70759c8f55707aa4]::sys::backtrace::BacktraceLock>::print::DisplayBacktrace as core[df12db4294e9bfd3]::fmt::Display>::fmt
[INFO] [stdout]                                at /rustc/dfb0accb7f508ae8be965d8629557221c889dd98/library/std/src/sys/backtrace.rs:44:26
[INFO] [stdout]    4:     0x6158f3654a2a - <core[df12db4294e9bfd3]::fmt::rt::Argument>::fmt
[INFO] [stdout]                                at /rustc/dfb0accb7f508ae8be965d8629557221c889dd98/library/core/src/fmt/rt.rs:152:76
[INFO] [stdout]    5:     0x6158f3654a2a - core[df12db4294e9bfd3]::fmt::write
[INFO] [stdout]    6:     0x6158f36446ac - core[df12db4294e9bfd3]::io::write::default_write_fmt::<std[70759c8f55707aa4]::sys::stdio::unix::Stderr>
[INFO] [stdout]                                at /rustc/dfb0accb7f508ae8be965d8629557221c889dd98/library/core/src/io/write.rs:402:11
[INFO] [stdout]    7:     0x6158f36446ac - <std[70759c8f55707aa4]::sys::stdio::unix::Stderr as core[df12db4294e9bfd3]::io::write::Write>::write_fmt
[INFO] [stdout]                                at /rustc/dfb0accb7f508ae8be965d8629557221c889dd98/library/core/src/io/write.rs:335:13
[INFO] [stdout]    8:     0x6158f3619676 - <std[70759c8f55707aa4]::sys::backtrace::BacktraceLock>::print
[INFO] [stdout]                                at /rustc/dfb0accb7f508ae8be965d8629557221c889dd98/library/std/src/sys/backtrace.rs:47:9
[INFO] [stdout]    9:     0x6158f3619676 - std[70759c8f55707aa4]::panicking::default_hook::{closure#0}
[INFO] [stdout]                                at /rustc/dfb0accb7f508ae8be965d8629557221c889dd98/library/std/src/panicking.rs:292:27
[INFO] [stdout]   10:     0x6158f36367c1 - std[70759c8f55707aa4]::panicking::default_hook
[INFO] [stdout]                                at /rustc/dfb0accb7f508ae8be965d8629557221c889dd98/library/std/src/panicking.rs:319:9
[INFO] [stdout]   11:     0x6158f3636aeb - std[70759c8f55707aa4]::panicking::panic_with_hook
[INFO] [stdout]                                at /rustc/dfb0accb7f508ae8be965d8629557221c889dd98/library/std/src/panicking.rs:815:13
[INFO] [stdout]   12:     0x6158f3619722 - std[70759c8f55707aa4]::panicking::panic_handler::{closure#0}
[INFO] [stdout]                                at /rustc/dfb0accb7f508ae8be965d8629557221c889dd98/library/std/src/panicking.rs:688:13
[INFO] [stdout]   13:     0x6158f3612329 - std[70759c8f55707aa4]::sys::backtrace::__rust_end_short_backtrace::<std[70759c8f55707aa4]::panicking::panic_handler::{closure#0}, !>
[INFO] [stdout]                                at /rustc/dfb0accb7f508ae8be965d8629557221c889dd98/library/std/src/sys/backtrace.rs:182:18
[INFO] [stdout]   14:     0x6158f361a58d - __rustc[8fa7c3cbc660c2b3]::rust_begin_unwind
[INFO] [stdout]                                at /rustc/dfb0accb7f508ae8be965d8629557221c889dd98/library/std/src/panicking.rs:679:5
[INFO] [stdout]   15:     0x6158f36551fc - core[df12db4294e9bfd3]::panicking::panic_fmt
[INFO] [stdout]                                at /rustc/dfb0accb7f508ae8be965d8629557221c889dd98/library/core/src/panicking.rs:80:14
[INFO] [stdout]   16:     0x6158f3654f72 - core[df12db4294e9bfd3]::result::unwrap_failed
[INFO] [stdout]                                at /rustc/dfb0accb7f508ae8be965d8629557221c889dd98/library/core/src/result.rs:1871:5
[INFO] [stdout]   17:     0x6158f359cb02 - <tantale_core[a38b65ff58608123]::recorder::csv::CSVRecorder as tantale_core[a38b65ff58608123]::recorder::SeqRecorder<tantale_core[a38b65ff58608123]::solution::partial::BaseSol<tantale_core[a38b65ff58608123]::solution::id::SId, tantale_core[a38b65ff58608123]::domain::grid::Grid, tantale_core[a38b65ff58608123]::optimizer::opt::EmptyInfo>, tantale_core[a38b65ff58608123]::solution::id::SId, doctest_bundle_2024[72c4b0461e1faad2]::__doctest_13::main::searchspace::OutExample, tantale_core[a38b65ff58608123]::searchspace::spbase::Sp<tantale_core[a38b65ff58608123]::domain::grid::Grid, tantale_core[a38b65ff58608123]::domain::nodomain::NoDomain>, tantale_algos[4a42fcc56bbdb05f]::grid_search::GridSearch, tantale_core[a38b65ff58608123]::objective::obj::Objective<alloc[2182bb758b4b3781]::sync::Arc<[tantale_core[a38b65ff58608123]::domain::mixed::MixedTypeDom]>, doctest_bundle_2024[72c4b0461e1faad2]::__doctest_13::main::searchspace::OutExample>>>::init
[INFO] [stdout]   18:     0x6158f357b7bc - <tantale_core[a38b65ff58608123]::experiment::basics::MonoExperiment<tantale_core[a38b65ff58608123]::solution::partial::BaseSol<tantale_core[a38b65ff58608123]::solution::id::SId, tantale_core[a38b65ff58608123]::domain::grid::Grid, tantale_core[a38b65ff58608123]::optimizer::opt::EmptyInfo>, tantale_core[a38b65ff58608123]::solution::id::SId, tantale_core[a38b65ff58608123]::searchspace::spbase::Sp<tantale_core[a38b65ff58608123]::domain::grid::Grid, tantale_core[a38b65ff58608123]::domain::nodomain::NoDomain>, tantale_algos[4a42fcc56bbdb05f]::grid_search::GridSearch, tantale_core[a38b65ff58608123]::stop::calls::Calls, tantale_core[a38b65ff58608123]::recorder::csv::CSVRecorder, tantale_core[a38b65ff58608123]::checkpointer::messagepack::MessagePack, doctest_bundle_2024[72c4b0461e1faad2]::__doctest_13::main::searchspace::OutExample, tantale_core[a38b65ff58608123]::objective::obj::Objective<alloc[2182bb758b4b3781]::sync::Arc<[tantale_core[a38b65ff58608123]::domain::mixed::MixedTypeDom]>, doctest_bundle_2024[72c4b0461e1faad2]::__doctest_13::main::searchspace::OutExample>, tantale_core[a38b65ff58608123]::experiment::sequential::seqevaluator::SeqEvaluator<tantale_core[a38b65ff58608123]::solution::id::SId, tantale_core[a38b65ff58608123]::optimizer::opt::EmptyInfo, tantale_core[a38b65ff58608123]::solution::shape::Lone<tantale_core[a38b65ff58608123]::solution::partial::BaseSol<tantale_core[a38b65ff58608123]::solution::id::SId, tantale_core[a38b65ff58608123]::domain::grid::Grid, tantale_core[a38b65ff58608123]::optimizer::opt::EmptyInfo>, tantale_core[a38b65ff58608123]::solution::id::SId, tantale_core[a38b65ff58608123]::domain::grid::Grid, tantale_core[a38b65ff58608123]::optimizer::opt::EmptyInfo>>> as tantale_core[a38b65ff58608123]::experiment::Runable<tantale_core[a38b65ff58608123]::solution::partial::BaseSol<tantale_core[a38b65ff58608123]::solution::id::SId, tantale_core[a38b65ff58608123]::domain::grid::Grid, tantale_core[a38b65ff58608123]::optimizer::opt::EmptyInfo>, tantale_core[a38b65ff58608123]::solution::id::SId, tantale_core[a38b65ff58608123]::searchspace::spbase::Sp<tantale_core[a38b65ff58608123]::domain::grid::Grid, tantale_core[a38b65ff58608123]::domain::nodomain::NoDomain>, tantale_algos[4a42fcc56bbdb05f]::grid_search::GridSearch, tantale_core[a38b65ff58608123]::stop::calls::Calls, tantale_core[a38b65ff58608123]::recorder::csv::CSVRecorder, tantale_core[a38b65ff58608123]::checkpointer::messagepack::MessagePack, doctest_bundle_2024[72c4b0461e1faad2]::__doctest_13::main::searchspace::OutExample, tantale_core[a38b65ff58608123]::objective::obj::Objective<alloc[2182bb758b4b3781]::sync::Arc<[tantale_core[a38b65ff58608123]::domain::mixed::MixedTypeDom]>, doctest_bundle_2024[72c4b0461e1faad2]::__doctest_13::main::searchspace::OutExample>>>::new_with_pool
[INFO] [stdout]   19:     0x6158f35b1660 - <tantale_core[a38b65ff58608123]::experiment::basics::MonoExperiment<tantale_core[a38b65ff58608123]::solution::partial::BaseSol<tantale_core[a38b65ff58608123]::solution::id::SId, tantale_core[a38b65ff58608123]::domain::grid::Grid, tantale_core[a38b65ff58608123]::optimizer::opt::EmptyInfo>, tantale_core[a38b65ff58608123]::solution::id::SId, tantale_core[a38b65ff58608123]::searchspace::spbase::Sp<tantale_core[a38b65ff58608123]::domain::grid::Grid, tantale_core[a38b65ff58608123]::domain::nodomain::NoDomain>, tantale_algos[4a42fcc56bbdb05f]::grid_search::GridSearch, tantale_core[a38b65ff58608123]::stop::calls::Calls, tantale_core[a38b65ff58608123]::recorder::csv::CSVRecorder, tantale_core[a38b65ff58608123]::checkpointer::messagepack::MessagePack, doctest_bundle_2024[72c4b0461e1faad2]::__doctest_13::main::searchspace::OutExample, tantale_core[a38b65ff58608123]::objective::obj::Objective<alloc[2182bb758b4b3781]::sync::Arc<[tantale_core[a38b65ff58608123]::domain::mixed::MixedTypeDom]>, doctest_bundle_2024[72c4b0461e1faad2]::__doctest_13::main::searchspace::OutExample>, tantale_core[a38b65ff58608123]::experiment::sequential::seqevaluator::SeqEvaluator<tantale_core[a38b65ff58608123]::solution::id::SId, tantale_core[a38b65ff58608123]::optimizer::opt::EmptyInfo, tantale_core[a38b65ff58608123]::solution::shape::Lone<tantale_core[a38b65ff58608123]::solution::partial::BaseSol<tantale_core[a38b65ff58608123]::solution::id::SId, tantale_core[a38b65ff58608123]::domain::grid::Grid, tantale_core[a38b65ff58608123]::optimizer::opt::EmptyInfo>, tantale_core[a38b65ff58608123]::solution::id::SId, tantale_core[a38b65ff58608123]::domain::grid::Grid, tantale_core[a38b65ff58608123]::optimizer::opt::EmptyInfo>>> as tantale_core[a38b65ff58608123]::experiment::Runable<tantale_core[a38b65ff58608123]::solution::partial::BaseSol<tantale_core[a38b65ff58608123]::solution::id::SId, tantale_core[a38b65ff58608123]::domain::grid::Grid, tantale_core[a38b65ff58608123]::optimizer::opt::EmptyInfo>, tantale_core[a38b65ff58608123]::solution::id::SId, tantale_core[a38b65ff58608123]::searchspace::spbase::Sp<tantale_core[a38b65ff58608123]::domain::grid::Grid, tantale_core[a38b65ff58608123]::domain::nodomain::NoDomain>, tantale_algos[4a42fcc56bbdb05f]::grid_search::GridSearch, tantale_core[a38b65ff58608123]::stop::calls::Calls, tantale_core[a38b65ff58608123]::recorder::csv::CSVRecorder, tantale_core[a38b65ff58608123]::checkpointer::messagepack::MessagePack, doctest_bundle_2024[72c4b0461e1faad2]::__doctest_13::main::searchspace::OutExample, tantale_core[a38b65ff58608123]::objective::obj::Objective<alloc[2182bb758b4b3781]::sync::Arc<[tantale_core[a38b65ff58608123]::domain::mixed::MixedTypeDom]>, doctest_bundle_2024[72c4b0461e1faad2]::__doctest_13::main::searchspace::OutExample>>>::new
[INFO] [stdout]   20:     0x6158f34ff3e5 - tantale_core[a38b65ff58608123]::experiment::mono::<tantale_core[a38b65ff58608123]::solution::id::SId, tantale_core[a38b65ff58608123]::solution::partial::BaseSol<tantale_core[a38b65ff58608123]::solution::id::SId, tantale_core[a38b65ff58608123]::domain::grid::Grid, tantale_core[a38b65ff58608123]::optimizer::opt::EmptyInfo>, tantale_core[a38b65ff58608123]::searchspace::spbase::Sp<tantale_core[a38b65ff58608123]::domain::grid::Grid, tantale_core[a38b65ff58608123]::domain::nodomain::NoDomain>, tantale_algos[4a42fcc56bbdb05f]::grid_search::GridSearch, tantale_core[a38b65ff58608123]::stop::calls::Calls, tantale_core[a38b65ff58608123]::recorder::csv::CSVRecorder, tantale_core[a38b65ff58608123]::checkpointer::messagepack::MessagePack, doctest_bundle_2024[72c4b0461e1faad2]::__doctest_13::main::searchspace::OutExample, tantale_core[a38b65ff58608123]::objective::obj::Objective<alloc[2182bb758b4b3781]::sync::Arc<[tantale_core[a38b65ff58608123]::domain::mixed::MixedTypeDom]>, doctest_bundle_2024[72c4b0461e1faad2]::__doctest_13::main::searchspace::OutExample>, tantale_core[a38b65ff58608123]::experiment::sequential::seqevaluator::SeqEvaluator<tantale_core[a38b65ff58608123]::solution::id::SId, tantale_core[a38b65ff58608123]::optimizer::opt::EmptyInfo, tantale_core[a38b65ff58608123]::solution::shape::Lone<tantale_core[a38b65ff58608123]::solution::partial::BaseSol<tantale_core[a38b65ff58608123]::solution::id::SId, tantale_core[a38b65ff58608123]::domain::grid::Grid, tantale_core[a38b65ff58608123]::optimizer::opt::EmptyInfo>, tantale_core[a38b65ff58608123]::solution::id::SId, tantale_core[a38b65ff58608123]::domain::grid::Grid, tantale_core[a38b65ff58608123]::optimizer::opt::EmptyInfo>>>
[INFO] [stdout]   21:     0x6158f356f6c4 - doctest_bundle_2024[72c4b0461e1faad2]::__doctest_13::main
[INFO] [stdout]   22:     0x6158f356f98e - doctest_bundle_2024[72c4b0461e1faad2]::__doctest_13::__main_fn
[INFO] [stdout]   23:     0x6158f34e5cf1 - doctest_runner_2024[37d7b32fe5ed358d]::__doctest_13::TEST::{closure#0}
[INFO] [stdout]   24:     0x6158f34ea5c6 - <doctest_runner_2024[37d7b32fe5ed358d]::__doctest_13::TEST::{closure#0} as core[df12db4294e9bfd3]::ops::function::FnOnce<()>>::call_once
[INFO] [stdout]   25:     0x6158f34e7308 - doctest_runner_2024[37d7b32fe5ed358d]::main
[INFO] [stdout]   26:     0x6158f34ea3b3 - <fn() -> std[70759c8f55707aa4]::process::ExitCode as core[df12db4294e9bfd3]::ops::function::FnOnce<()>>::call_once
[INFO] [stdout]   27:     0x6158f34e4fc6 - std[70759c8f55707aa4]::sys::backtrace::__rust_begin_short_backtrace::<fn() -> std[70759c8f55707aa4]::process::ExitCode, std[70759c8f55707aa4]::process::ExitCode>
[INFO] [stdout]   28:     0x6158f34e54f9 - std[70759c8f55707aa4]::rt::lang_start::<std[70759c8f55707aa4]::process::ExitCode>::{closure#0}
[INFO] [stdout]   29:     0x6158f3635739 - <&dyn core[df12db4294e9bfd3]::ops::function::Fn<(), Output = i32> + core[df12db4294e9bfd3]::panic::unwind_safe::RefUnwindSafe + core[df12db4294e9bfd3]::marker::Sync as core[df12db4294e9bfd3]::ops::function::FnOnce<()>>::call_once
[INFO] [stdout]                                at /rustc/dfb0accb7f508ae8be965d8629557221c889dd98/library/core/src/ops/function.rs:287:21
[INFO] [stdout]   30:     0x6158f3635739 - std[70759c8f55707aa4]::panicking::catch_unwind::do_call::<&dyn core[df12db4294e9bfd3]::ops::function::Fn<(), Output = i32> + core[df12db4294e9bfd3]::panic::unwind_safe::RefUnwindSafe + core[df12db4294e9bfd3]::marker::Sync, i32>
[INFO] [stdout]                                at /rustc/dfb0accb7f508ae8be965d8629557221c889dd98/library/std/src/panicking.rs:576:43
[INFO] [stdout]   31:     0x6158f3635739 - std[70759c8f55707aa4]::panicking::catch_unwind::<i32, &dyn core[df12db4294e9bfd3]::ops::function::Fn<(), Output = i32> + core[df12db4294e9bfd3]::panic::unwind_safe::RefUnwindSafe + core[df12db4294e9bfd3]::marker::Sync>
[INFO] [stdout]                                at /rustc/dfb0accb7f508ae8be965d8629557221c889dd98/library/std/src/panicking.rs:544:19
[INFO] [stdout]   32:     0x6158f3635739 - std[70759c8f55707aa4]::panic::catch_unwind::<&dyn core[df12db4294e9bfd3]::ops::function::Fn<(), Output = i32> + core[df12db4294e9bfd3]::panic::unwind_safe::RefUnwindSafe + core[df12db4294e9bfd3]::marker::Sync, i32>
[INFO] [stdout]                                at /rustc/dfb0accb7f508ae8be965d8629557221c889dd98/library/std/src/panic.rs:359:14
[INFO] [stdout]   33:     0x6158f3635739 - std[70759c8f55707aa4]::rt::lang_start_internal::{closure#0}
[INFO] [stdout]                                at /rustc/dfb0accb7f508ae8be965d8629557221c889dd98/library/std/src/rt.rs:175:24
[INFO] [stdout]   34:     0x6158f3635739 - std[70759c8f55707aa4]::panicking::catch_unwind::do_call::<std[70759c8f55707aa4]::rt::lang_start_internal::{closure#0}, isize>
[INFO] [stdout]                                at /rustc/dfb0accb7f508ae8be965d8629557221c889dd98/library/std/src/panicking.rs:576:43
[INFO] [stdout]   35:     0x6158f3635739 - std[70759c8f55707aa4]::panicking::catch_unwind::<isize, std[70759c8f55707aa4]::rt::lang_start_internal::{closure#0}>
[INFO] [stdout]                                at /rustc/dfb0accb7f508ae8be965d8629557221c889dd98/library/std/src/panicking.rs:544:19
[INFO] [stdout]   36:     0x6158f3635739 - std[70759c8f55707aa4]::panic::catch_unwind::<std[70759c8f55707aa4]::rt::lang_start_internal::{closure#0}, isize>
[INFO] [stdout]                                at /rustc/dfb0accb7f508ae8be965d8629557221c889dd98/library/std/src/panic.rs:359:14
[INFO] [stdout]   37:     0x6158f3635739 - std[70759c8f55707aa4]::rt::lang_start_internal
[INFO] [stdout]                                at /rustc/dfb0accb7f508ae8be965d8629557221c889dd98/library/std/src/rt.rs:171:5
[INFO] [stdout]   38:     0x6158f34e4441 - std[70759c8f55707aa4]::rt::lang_start::<std[70759c8f55707aa4]::process::ExitCode>
[INFO] [stdout]   39:     0x6158f34eaa05 - main
[INFO] [stdout]   40:     0x700c6c36a601 - <unknown>
[INFO] [stdout]   41:     0x700c6c36a718 - __libc_start_main
[INFO] [stdout]   42:     0x6158f34e3595 - _start
[INFO] [stdout]   43:                0x0 - <unknown>
[INFO] [stdout] 
[INFO] [stdout] 
[INFO] [stdout] ---- src/mo_example.md - docs::MOExample (line 126) stdout ----
[INFO] [stdout] Test executable failed (exit status: 101).
[INFO] [stdout] 
[INFO] [stdout] stderr:
[INFO] [stdout] 
[INFO] [stdout] thread 'main' (1074) panicked at /opt/rustwide/cargo-home/registry/src/index.crates.io-1949cf8c6b5b557f/tantale_core-0.3.2/src/recorder/csv.rs:941:51:
[INFO] [stdout] called `Result::unwrap()` on an `Err` value: Os { code: 30, kind: ReadOnlyFilesystem, message: "Read-only file system" }
[INFO] [stdout] stack backtrace:
[INFO] [stdout]    0:     0x591c32d23011 - std[70759c8f55707aa4]::backtrace_rs::backtrace::libunwind::trace
[INFO] [stdout]                                at /rustc/dfb0accb7f508ae8be965d8629557221c889dd98/library/std/src/../../backtrace/src/backtrace/libunwind.rs:117:9
[INFO] [stdout]    1:     0x591c32d23011 - std[70759c8f55707aa4]::backtrace_rs::backtrace::trace_unsynchronized::<std[70759c8f55707aa4]::sys::backtrace::_print_fmt::{closure#1}>
[INFO] [stdout]                                at /rustc/dfb0accb7f508ae8be965d8629557221c889dd98/library/std/src/../../backtrace/src/backtrace/mod.rs:66:14
[INFO] [stdout]    2:     0x591c32d23011 - std[70759c8f55707aa4]::sys::backtrace::_print_fmt
[INFO] [stdout]                                at /rustc/dfb0accb7f508ae8be965d8629557221c889dd98/library/std/src/sys/backtrace.rs:74:9
[INFO] [stdout]    3:     0x591c32d23011 - <<std[70759c8f55707aa4]::sys::backtrace::BacktraceLock>::print::DisplayBacktrace as core[df12db4294e9bfd3]::fmt::Display>::fmt
[INFO] [stdout]                                at /rustc/dfb0accb7f508ae8be965d8629557221c889dd98/library/std/src/sys/backtrace.rs:44:26
[INFO] [stdout]    4:     0x591c32d38a2a - <core[df12db4294e9bfd3]::fmt::rt::Argument>::fmt
[INFO] [stdout]                                at /rustc/dfb0accb7f508ae8be965d8629557221c889dd98/library/core/src/fmt/rt.rs:152:76
[INFO] [stdout]    5:     0x591c32d38a2a - core[df12db4294e9bfd3]::fmt::write
[INFO] [stdout]    6:     0x591c32d286ac - core[df12db4294e9bfd3]::io::write::default_write_fmt::<std[70759c8f55707aa4]::sys::stdio::unix::Stderr>
[INFO] [stdout]                                at /rustc/dfb0accb7f508ae8be965d8629557221c889dd98/library/core/src/io/write.rs:402:11
[INFO] [stdout]    7:     0x591c32d286ac - <std[70759c8f55707aa4]::sys::stdio::unix::Stderr as core[df12db4294e9bfd3]::io::write::Write>::write_fmt
[INFO] [stdout]                                at /rustc/dfb0accb7f508ae8be965d8629557221c889dd98/library/core/src/io/write.rs:335:13
[INFO] [stdout]    8:     0x591c32cfd676 - <std[70759c8f55707aa4]::sys::backtrace::BacktraceLock>::print
[INFO] [stdout]                                at /rustc/dfb0accb7f508ae8be965d8629557221c889dd98/library/std/src/sys/backtrace.rs:47:9
[INFO] [stdout]    9:     0x591c32cfd676 - std[70759c8f55707aa4]::panicking::default_hook::{closure#0}
[INFO] [stdout]                                at /rustc/dfb0accb7f508ae8be965d8629557221c889dd98/library/std/src/panicking.rs:292:27
[INFO] [stdout]   10:     0x591c32d1a7c1 - std[70759c8f55707aa4]::panicking::default_hook
[INFO] [stdout]                                at /rustc/dfb0accb7f508ae8be965d8629557221c889dd98/library/std/src/panicking.rs:319:9
[INFO] [stdout]   11:     0x591c32d1aaeb - std[70759c8f55707aa4]::panicking::panic_with_hook
[INFO] [stdout]                                at /rustc/dfb0accb7f508ae8be965d8629557221c889dd98/library/std/src/panicking.rs:815:13
[INFO] [stdout]   12:     0x591c32cfd722 - std[70759c8f55707aa4]::panicking::panic_handler::{closure#0}
[INFO] [stdout]                                at /rustc/dfb0accb7f508ae8be965d8629557221c889dd98/library/std/src/panicking.rs:688:13
[INFO] [stdout]   13:     0x591c32cf6329 - std[70759c8f55707aa4]::sys::backtrace::__rust_end_short_backtrace::<std[70759c8f55707aa4]::panicking::panic_handler::{closure#0}, !>
[INFO] [stdout]                                at /rustc/dfb0accb7f508ae8be965d8629557221c889dd98/library/std/src/sys/backtrace.rs:182:18
[INFO] [stdout]   14:     0x591c32cfe58d - __rustc[8fa7c3cbc660c2b3]::rust_begin_unwind
[INFO] [stdout]                                at /rustc/dfb0accb7f508ae8be965d8629557221c889dd98/library/std/src/panicking.rs:679:5
[INFO] [stdout]   15:     0x591c32d391fc - core[df12db4294e9bfd3]::panicking::panic_fmt
[INFO] [stdout]                                at /rustc/dfb0accb7f508ae8be965d8629557221c889dd98/library/core/src/panicking.rs:80:14
[INFO] [stdout]   16:     0x591c32d38f72 - core[df12db4294e9bfd3]::result::unwrap_failed
[INFO] [stdout]                                at /rustc/dfb0accb7f508ae8be965d8629557221c889dd98/library/core/src/result.rs:1871:5
[INFO] [stdout]   17:     0x591c32c7ff8d - <tantale_core[a38b65ff58608123]::recorder::csv::CSVRecorder as tantale_core[a38b65ff58608123]::recorder::SeqRecorder<tantale_core[a38b65ff58608123]::solution::partial::FidelitySol<tantale_core[a38b65ff58608123]::solution::id::StepSId, tantale_core[a38b65ff58608123]::domain::mixed::Mixed, tantale_core[a38b65ff58608123]::optimizer::opt::EmptyInfo>, tantale_core[a38b65ff58608123]::solution::id::StepSId, doctest_bundle_2024[72c4b0461e1faad2]::__doctest_15::main::searchspace::MoFidOutEvaluator, tantale_core[a38b65ff58608123]::searchspace::spbase::Sp<tantale_core[a38b65ff58608123]::domain::mixed::Mixed, tantale_core[a38b65ff58608123]::domain::nodomain::NoDomain>, tantale_algos[4a42fcc56bbdb05f]::moasha::MoAsha<tantale_algos[4a42fcc56bbdb05f]::random_search::RandomSearch, tantale_algos[4a42fcc56bbdb05f]::utils::mo::NSGA2Selector, tantale_core[a38b65ff58608123]::searchspace::spbase::Sp<tantale_core[a38b65ff58608123]::domain::mixed::Mixed, tantale_core[a38b65ff58608123]::domain::nodomain::NoDomain>, tantale_core[a38b65ff58608123]::solution::partial::FidelitySol<tantale_core[a38b65ff58608123]::solution::id::StepSId, tantale_core[a38b65ff58608123]::domain::mixed::Mixed, tantale_core[a38b65ff58608123]::optimizer::opt::EmptyInfo>, doctest_bundle_2024[72c4b0461e1faad2]::__doctest_15::main::searchspace::MoFidOutEvaluator, tantale_core[a38b65ff58608123]::objective::obj::Stepped<alloc[2182bb758b4b3781]::sync::Arc<[tantale_core[a38b65ff58608123]::domain::mixed::MixedTypeDom]>, doctest_bundle_2024[72c4b0461e1faad2]::__doctest_15::main::searchspace::MoFidOutEvaluator, doctest_bundle_2024[72c4b0461e1faad2]::__doctest_15::main::searchspace::FnState>>, tantale_core[a38b65ff58608123]::objective::obj::Stepped<alloc[2182bb758b4b3781]::sync::Arc<[tantale_core[a38b65ff58608123]::domain::mixed::MixedTypeDom]>, doctest_bundle_2024[72c4b0461e1faad2]::__doctest_15::main::searchspace::MoFidOutEvaluator, doctest_bundle_2024[72c4b0461e1faad2]::__doctest_15::main::searchspace::FnState>>>::init
[INFO] [stdout]   18:     0x591c32c6d1e2 - <tantale_core[a38b65ff58608123]::experiment::basics::ThrExperiment<tantale_core[a38b65ff58608123]::solution::partial::FidelitySol<tantale_core[a38b65ff58608123]::solution::id::StepSId, tantale_core[a38b65ff58608123]::domain::mixed::Mixed, tantale_core[a38b65ff58608123]::optimizer::opt::EmptyInfo>, tantale_core[a38b65ff58608123]::solution::id::StepSId, tantale_core[a38b65ff58608123]::searchspace::spbase::Sp<tantale_core[a38b65ff58608123]::domain::mixed::Mixed, tantale_core[a38b65ff58608123]::domain::nodomain::NoDomain>, tantale_algos[4a42fcc56bbdb05f]::moasha::MoAsha<tantale_algos[4a42fcc56bbdb05f]::random_search::RandomSearch, tantale_algos[4a42fcc56bbdb05f]::utils::mo::NSGA2Selector, tantale_core[a38b65ff58608123]::searchspace::spbase::Sp<tantale_core[a38b65ff58608123]::domain::mixed::Mixed, tantale_core[a38b65ff58608123]::domain::nodomain::NoDomain>, tantale_core[a38b65ff58608123]::solution::partial::FidelitySol<tantale_core[a38b65ff58608123]::solution::id::StepSId, tantale_core[a38b65ff58608123]::domain::mixed::Mixed, tantale_core[a38b65ff58608123]::optimizer::opt::EmptyInfo>, doctest_bundle_2024[72c4b0461e1faad2]::__doctest_15::main::searchspace::MoFidOutEvaluator, tantale_core[a38b65ff58608123]::objective::obj::Stepped<alloc[2182bb758b4b3781]::sync::Arc<[tantale_core[a38b65ff58608123]::domain::mixed::MixedTypeDom]>, doctest_bundle_2024[72c4b0461e1faad2]::__doctest_15::main::searchspace::MoFidOutEvaluator, doctest_bundle_2024[72c4b0461e1faad2]::__doctest_15::main::searchspace::FnState>>, tantale_core[a38b65ff58608123]::stop::calls::Calls, tantale_core[a38b65ff58608123]::recorder::csv::CSVRecorder, tantale_core[a38b65ff58608123]::checkpointer::messagepack::MessagePack, doctest_bundle_2024[72c4b0461e1faad2]::__doctest_15::main::searchspace::MoFidOutEvaluator, tantale_core[a38b65ff58608123]::objective::obj::Stepped<alloc[2182bb758b4b3781]::sync::Arc<[tantale_core[a38b65ff58608123]::domain::mixed::MixedTypeDom]>, doctest_bundle_2024[72c4b0461e1faad2]::__doctest_15::main::searchspace::MoFidOutEvaluator, doctest_bundle_2024[72c4b0461e1faad2]::__doctest_15::main::searchspace::FnState>, tantale_core[a38b65ff58608123]::experiment::sequential::seqfidevaluator::PoolFidThrSeqEvaluator<tantale_core[a38b65ff58608123]::solution::shape::Lone<tantale_core[a38b65ff58608123]::solution::partial::FidelitySol<tantale_core[a38b65ff58608123]::solution::id::StepSId, tantale_core[a38b65ff58608123]::domain::mixed::Mixed, tantale_core[a38b65ff58608123]::optimizer::opt::EmptyInfo>, tantale_core[a38b65ff58608123]::solution::id::StepSId, tantale_core[a38b65ff58608123]::domain::mixed::Mixed, tantale_core[a38b65ff58608123]::optimizer::opt::EmptyInfo>, tantale_core[a38b65ff58608123]::solution::id::StepSId, tantale_core[a38b65ff58608123]::optimizer::opt::EmptyInfo, doctest_bundle_2024[72c4b0461e1faad2]::__doctest_15::main::searchspace::FnState, tantale_core[a38b65ff58608123]::experiment::basics::Pool<tantale_core[a38b65ff58608123]::checkpointer::messagepack::MPFnStateCheckpointer, doctest_bundle_2024[72c4b0461e1faad2]::__doctest_15::main::searchspace::FnState, tantale_core[a38b65ff58608123]::solution::id::StepSId>>> as tantale_core[a38b65ff58608123]::experiment::Runable<tantale_core[a38b65ff58608123]::solution::partial::FidelitySol<tantale_core[a38b65ff58608123]::solution::id::StepSId, tantale_core[a38b65ff58608123]::domain::mixed::Mixed, tantale_core[a38b65ff58608123]::optimizer::opt::EmptyInfo>, tantale_core[a38b65ff58608123]::solution::id::StepSId, tantale_core[a38b65ff58608123]::searchspace::spbase::Sp<tantale_core[a38b65ff58608123]::domain::mixed::Mixed, tantale_core[a38b65ff58608123]::domain::nodomain::NoDomain>, tantale_algos[4a42fcc56bbdb05f]::moasha::MoAsha<tantale_algos[4a42fcc56bbdb05f]::random_search::RandomSearch, tantale_algos[4a42fcc56bbdb05f]::utils::mo::NSGA2Selector, tantale_core[a38b65ff58608123]::searchspace::spbase::Sp<tantale_core[a38b65ff58608123]::domain::mixed::Mixed, tantale_core[a38b65ff58608123]::domain::nodomain::NoDomain>, tantale_core[a38b65ff58608123]::solution::partial::FidelitySol<tantale_core[a38b65ff58608123]::solution::id::StepSId, tantale_core[a38b65ff58608123]::domain::mixed::Mixed, tantale_core[a38b65ff58608123]::optimizer::opt::EmptyInfo>, doctest_bundle_2024[72c4b0461e1faad2]::__doctest_15::main::searchspace::MoFidOutEvaluator, tantale_core[a38b65ff58608123]::objective::obj::Stepped<alloc[2182bb758b4b3781]::sync::Arc<[tantale_core[a38b65ff58608123]::domain::mixed::MixedTypeDom]>, doctest_bundle_2024[72c4b0461e1faad2]::__doctest_15::main::searchspace::MoFidOutEvaluator, doctest_bundle_2024[72c4b0461e1faad2]::__doctest_15::main::searchspace::FnState>>, tantale_core[a38b65ff58608123]::stop::calls::Calls, tantale_core[a38b65ff58608123]::recorder::csv::CSVRecorder, tantale_core[a38b65ff58608123]::checkpointer::messagepack::MessagePack, doctest_bundle_2024[72c4b0461e1faad2]::__doctest_15::main::searchspace::MoFidOutEvaluator, tantale_core[a38b65ff58608123]::objective::obj::Stepped<alloc[2182bb758b4b3781]::sync::Arc<[tantale_core[a38b65ff58608123]::domain::mixed::MixedTypeDom]>, doctest_bundle_2024[72c4b0461e1faad2]::__doctest_15::main::searchspace::MoFidOutEvaluator, doctest_bundle_2024[72c4b0461e1faad2]::__doctest_15::main::searchspace::FnState>>>::new_with_pool
[INFO] [stdout]   19:     0x591c32c955e0 - <tantale_core[a38b65ff58608123]::experiment::basics::ThrExperiment<tantale_core[a38b65ff58608123]::solution::partial::FidelitySol<tantale_core[a38b65ff58608123]::solution::id::StepSId, tantale_core[a38b65ff58608123]::domain::mixed::Mixed, tantale_core[a38b65ff58608123]::optimizer::opt::EmptyInfo>, tantale_core[a38b65ff58608123]::solution::id::StepSId, tantale_core[a38b65ff58608123]::searchspace::spbase::Sp<tantale_core[a38b65ff58608123]::domain::mixed::Mixed, tantale_core[a38b65ff58608123]::domain::nodomain::NoDomain>, tantale_algos[4a42fcc56bbdb05f]::moasha::MoAsha<tantale_algos[4a42fcc56bbdb05f]::random_search::RandomSearch, tantale_algos[4a42fcc56bbdb05f]::utils::mo::NSGA2Selector, tantale_core[a38b65ff58608123]::searchspace::spbase::Sp<tantale_core[a38b65ff58608123]::domain::mixed::Mixed, tantale_core[a38b65ff58608123]::domain::nodomain::NoDomain>, tantale_core[a38b65ff58608123]::solution::partial::FidelitySol<tantale_core[a38b65ff58608123]::solution::id::StepSId, tantale_core[a38b65ff58608123]::domain::mixed::Mixed, tantale_core[a38b65ff58608123]::optimizer::opt::EmptyInfo>, doctest_bundle_2024[72c4b0461e1faad2]::__doctest_15::main::searchspace::MoFidOutEvaluator, tantale_core[a38b65ff58608123]::objective::obj::Stepped<alloc[2182bb758b4b3781]::sync::Arc<[tantale_core[a38b65ff58608123]::domain::mixed::MixedTypeDom]>, doctest_bundle_2024[72c4b0461e1faad2]::__doctest_15::main::searchspace::MoFidOutEvaluator, doctest_bundle_2024[72c4b0461e1faad2]::__doctest_15::main::searchspace::FnState>>, tantale_core[a38b65ff58608123]::stop::calls::Calls, tantale_core[a38b65ff58608123]::recorder::csv::CSVRecorder, tantale_core[a38b65ff58608123]::checkpointer::messagepack::MessagePack, doctest_bundle_2024[72c4b0461e1faad2]::__doctest_15::main::searchspace::MoFidOutEvaluator, tantale_core[a38b65ff58608123]::objective::obj::Stepped<alloc[2182bb758b4b3781]::sync::Arc<[tantale_core[a38b65ff58608123]::domain::mixed::MixedTypeDom]>, doctest_bundle_2024[72c4b0461e1faad2]::__doctest_15::main::searchspace::MoFidOutEvaluator, doctest_bundle_2024[72c4b0461e1faad2]::__doctest_15::main::searchspace::FnState>, tantale_core[a38b65ff58608123]::experiment::sequential::seqfidevaluator::PoolFidThrSeqEvaluator<tantale_core[a38b65ff58608123]::solution::shape::Lone<tantale_core[a38b65ff58608123]::solution::partial::FidelitySol<tantale_core[a38b65ff58608123]::solution::id::StepSId, tantale_core[a38b65ff58608123]::domain::mixed::Mixed, tantale_core[a38b65ff58608123]::optimizer::opt::EmptyInfo>, tantale_core[a38b65ff58608123]::solution::id::StepSId, tantale_core[a38b65ff58608123]::domain::mixed::Mixed, tantale_core[a38b65ff58608123]::optimizer::opt::EmptyInfo>, tantale_core[a38b65ff58608123]::solution::id::StepSId, tantale_core[a38b65ff58608123]::optimizer::opt::EmptyInfo, doctest_bundle_2024[72c4b0461e1faad2]::__doctest_15::main::searchspace::FnState, tantale_core[a38b65ff58608123]::experiment::basics::Pool<tantale_core[a38b65ff58608123]::checkpointer::messagepack::MPFnStateCheckpointer, doctest_bundle_2024[72c4b0461e1faad2]::__doctest_15::main::searchspace::FnState, tantale_core[a38b65ff58608123]::solution::id::StepSId>>> as tantale_core[a38b65ff58608123]::experiment::Runable<tantale_core[a38b65ff58608123]::solution::partial::FidelitySol<tantale_core[a38b65ff58608123]::solution::id::StepSId, tantale_core[a38b65ff58608123]::domain::mixed::Mixed, tantale_core[a38b65ff58608123]::optimizer::opt::EmptyInfo>, tantale_core[a38b65ff58608123]::solution::id::StepSId, tantale_core[a38b65ff58608123]::searchspace::spbase::Sp<tantale_core[a38b65ff58608123]::domain::mixed::Mixed, tantale_core[a38b65ff58608123]::domain::nodomain::NoDomain>, tantale_algos[4a42fcc56bbdb05f]::moasha::MoAsha<tantale_algos[4a42fcc56bbdb05f]::random_search::RandomSearch, tantale_algos[4a42fcc56bbdb05f]::utils::mo::NSGA2Selector, tantale_core[a38b65ff58608123]::searchspace::spbase::Sp<tantale_core[a38b65ff58608123]::domain::mixed::Mixed, tantale_core[a38b65ff58608123]::domain::nodomain::NoDomain>, tantale_core[a38b65ff58608123]::solution::partial::FidelitySol<tantale_core[a38b65ff58608123]::solution::id::StepSId, tantale_core[a38b65ff58608123]::domain::mixed::Mixed, tantale_core[a38b65ff58608123]::optimizer::opt::EmptyInfo>, doctest_bundle_2024[72c4b0461e1faad2]::__doctest_15::main::searchspace::MoFidOutEvaluator, tantale_core[a38b65ff58608123]::objective::obj::Stepped<alloc[2182bb758b4b3781]::sync::Arc<[tantale_core[a38b65ff58608123]::domain::mixed::MixedTypeDom]>, doctest_bundle_2024[72c4b0461e1faad2]::__doctest_15::main::searchspace::MoFidOutEvaluator, doctest_bundle_2024[72c4b0461e1faad2]::__doctest_15::main::searchspace::FnState>>, tantale_core[a38b65ff58608123]::stop::calls::Calls, tantale_core[a38b65ff58608123]::recorder::csv::CSVRecorder, tantale_core[a38b65ff58608123]::checkpointer::messagepack::MessagePack, doctest_bundle_2024[72c4b0461e1faad2]::__doctest_15::main::searchspace::MoFidOutEvaluator, tantale_core[a38b65ff58608123]::objective::obj::Stepped<alloc[2182bb758b4b3781]::sync::Arc<[tantale_core[a38b65ff58608123]::domain::mixed::MixedTypeDom]>, doctest_bundle_2024[72c4b0461e1faad2]::__doctest_15::main::searchspace::MoFidOutEvaluator, doctest_bundle_2024[72c4b0461e1faad2]::__doctest_15::main::searchspace::FnState>>>::new
[INFO] [stdout]   20:     0x591c32be34a5 - tantale_core[a38b65ff58608123]::experiment::threaded::<tantale_core[a38b65ff58608123]::solution::id::StepSId, tantale_core[a38b65ff58608123]::solution::partial::FidelitySol<tantale_core[a38b65ff58608123]::solution::id::StepSId, tantale_core[a38b65ff58608123]::domain::mixed::Mixed, tantale_core[a38b65ff58608123]::optimizer::opt::EmptyInfo>, tantale_core[a38b65ff58608123]::searchspace::spbase::Sp<tantale_core[a38b65ff58608123]::domain::mixed::Mixed, tantale_core[a38b65ff58608123]::domain::nodomain::NoDomain>, tantale_algos[4a42fcc56bbdb05f]::moasha::MoAsha<tantale_algos[4a42fcc56bbdb05f]::random_search::RandomSearch, tantale_algos[4a42fcc56bbdb05f]::utils::mo::NSGA2Selector, tantale_core[a38b65ff58608123]::searchspace::spbase::Sp<tantale_core[a38b65ff58608123]::domain::mixed::Mixed, tantale_core[a38b65ff58608123]::domain::nodomain::NoDomain>, tantale_core[a38b65ff58608123]::solution::partial::FidelitySol<tantale_core[a38b65ff58608123]::solution::id::StepSId, tantale_core[a38b65ff58608123]::domain::mixed::Mixed, tantale_core[a38b65ff58608123]::optimizer::opt::EmptyInfo>, doctest_bundle_2024[72c4b0461e1faad2]::__doctest_15::main::searchspace::MoFidOutEvaluator, tantale_core[a38b65ff58608123]::objective::obj::Stepped<alloc[2182bb758b4b3781]::sync::Arc<[tantale_core[a38b65ff58608123]::domain::mixed::MixedTypeDom]>, doctest_bundle_2024[72c4b0461e1faad2]::__doctest_15::main::searchspace::MoFidOutEvaluator, doctest_bundle_2024[72c4b0461e1faad2]::__doctest_15::main::searchspace::FnState>>, tantale_core[a38b65ff58608123]::stop::calls::Calls, tantale_core[a38b65ff58608123]::recorder::csv::CSVRecorder, tantale_core[a38b65ff58608123]::checkpointer::messagepack::MessagePack, doctest_bundle_2024[72c4b0461e1faad2]::__doctest_15::main::searchspace::MoFidOutEvaluator, tantale_core[a38b65ff58608123]::objective::obj::Stepped<alloc[2182bb758b4b3781]::sync::Arc<[tantale_core[a38b65ff58608123]::domain::mixed::MixedTypeDom]>, doctest_bundle_2024[72c4b0461e1faad2]::__doctest_15::main::searchspace::MoFidOutEvaluator, doctest_bundle_2024[72c4b0461e1faad2]::__doctest_15::main::searchspace::FnState>, tantale_core[a38b65ff58608123]::experiment::sequential::seqfidevaluator::PoolFidThrSeqEvaluator<tantale_core[a38b65ff58608123]::solution::shape::Lone<tantale_core[a38b65ff58608123]::solution::partial::FidelitySol<tantale_core[a38b65ff58608123]::solution::id::StepSId, tantale_core[a38b65ff58608123]::domain::mixed::Mixed, tantale_core[a38b65ff58608123]::optimizer::opt::EmptyInfo>, tantale_core[a38b65ff58608123]::solution::id::StepSId, tantale_core[a38b65ff58608123]::domain::mixed::Mixed, tantale_core[a38b65ff58608123]::optimizer::opt::EmptyInfo>, tantale_core[a38b65ff58608123]::solution::id::StepSId, tantale_core[a38b65ff58608123]::optimizer::opt::EmptyInfo, doctest_bundle_2024[72c4b0461e1faad2]::__doctest_15::main::searchspace::FnState, tantale_core[a38b65ff58608123]::experiment::basics::Pool<tantale_core[a38b65ff58608123]::checkpointer::messagepack::MPFnStateCheckpointer, doctest_bundle_2024[72c4b0461e1faad2]::__doctest_15::main::searchspace::FnState, tantale_core[a38b65ff58608123]::solution::id::StepSId>>>
[INFO] [stdout]   21:     0x591c32c53e56 - doctest_bundle_2024[72c4b0461e1faad2]::__doctest_15::main
[INFO] [stdout]   22:     0x591c32c5415e - doctest_bundle_2024[72c4b0461e1faad2]::__doctest_15::__main_fn
[INFO] [stdout]   23:     0x591c32bc9df1 - doctest_runner_2024[37d7b32fe5ed358d]::__doctest_15::TEST::{closure#0}
[INFO] [stdout]   24:     0x591c32bce606 - <doctest_runner_2024[37d7b32fe5ed358d]::__doctest_15::TEST::{closure#0} as core[df12db4294e9bfd3]::ops::function::FnOnce<()>>::call_once
[INFO] [stdout]   25:     0x591c32bcb308 - doctest_runner_2024[37d7b32fe5ed358d]::main
[INFO] [stdout]   26:     0x591c32bce3b3 - <fn() -> std[70759c8f55707aa4]::process::ExitCode as core[df12db4294e9bfd3]::ops::function::FnOnce<()>>::call_once
[INFO] [stdout]   27:     0x591c32bc8fc6 - std[70759c8f55707aa4]::sys::backtrace::__rust_begin_short_backtrace::<fn() -> std[70759c8f55707aa4]::process::ExitCode, std[70759c8f55707aa4]::process::ExitCode>
[INFO] [stdout]   28:     0x591c32bc94f9 - std[70759c8f55707aa4]::rt::lang_start::<std[70759c8f55707aa4]::process::ExitCode>::{closure#0}
[INFO] [stdout]   29:     0x591c32d19739 - <&dyn core[df12db4294e9bfd3]::ops::function::Fn<(), Output = i32> + core[df12db4294e9bfd3]::panic::unwind_safe::RefUnwindSafe + core[df12db4294e9bfd3]::marker::Sync as core[df12db4294e9bfd3]::ops::function::FnOnce<()>>::call_once
[INFO] [stdout]                                at /rustc/dfb0accb7f508ae8be965d8629557221c889dd98/library/core/src/ops/function.rs:287:21
[INFO] [stdout]   30:     0x591c32d19739 - std[70759c8f55707aa4]::panicking::catch_unwind::do_call::<&dyn core[df12db4294e9bfd3]::ops::function::Fn<(), Output = i32> + core[df12db4294e9bfd3]::panic::unwind_safe::RefUnwindSafe + core[df12db4294e9bfd3]::marker::Sync, i32>
[INFO] [stdout]                                at /rustc/dfb0accb7f508ae8be965d8629557221c889dd98/library/std/src/panicking.rs:576:43
[INFO] [stdout]   31:     0x591c32d19739 - std[70759c8f55707aa4]::panicking::catch_unwind::<i32, &dyn core[df12db4294e9bfd3]::ops::function::Fn<(), Output = i32> + core[df12db4294e9bfd3]::panic::unwind_safe::RefUnwindSafe + core[df12db4294e9bfd3]::marker::Sync>
[INFO] [stdout]                                at /rustc/dfb0accb7f508ae8be965d8629557221c889dd98/library/std/src/panicking.rs:544:19
[INFO] [stdout]   32:     0x591c32d19739 - std[70759c8f55707aa4]::panic::catch_unwind::<&dyn core[df12db4294e9bfd3]::ops::function::Fn<(), Output = i32> + core[df12db4294e9bfd3]::panic::unwind_safe::RefUnwindSafe + core[df12db4294e9bfd3]::marker::Sync, i32>
[INFO] [stdout]                                at /rustc/dfb0accb7f508ae8be965d8629557221c889dd98/library/std/src/panic.rs:359:14
[INFO] [stdout]   33:     0x591c32d19739 - std[70759c8f55707aa4]::rt::lang_start_internal::{closure#0}
[INFO] [stdout]                                at /rustc/dfb0accb7f508ae8be965d8629557221c889dd98/library/std/src/rt.rs:175:24
[INFO] [stdout]   34:     0x591c32d19739 - std[70759c8f55707aa4]::panicking::catch_unwind::do_call::<std[70759c8f55707aa4]::rt::lang_start_internal::{closure#0}, isize>
[INFO] [stdout]                                at /rustc/dfb0accb7f508ae8be965d8629557221c889dd98/library/std/src/panicking.rs:576:43
[INFO] [stdout]   35:     0x591c32d19739 - std[70759c8f55707aa4]::panicking::catch_unwind::<isize, std[70759c8f55707aa4]::rt::lang_start_internal::{closure#0}>
[INFO] [stdout]                                at /rustc/dfb0accb7f508ae8be965d8629557221c889dd98/library/std/src/panicking.rs:544:19
[INFO] [stdout]   36:     0x591c32d19739 - std[70759c8f55707aa4]::panic::catch_unwind::<std[70759c8f55707aa4]::rt::lang_start_internal::{closure#0}, isize>
[INFO] [stdout]                                at /rustc/dfb0accb7f508ae8be965d8629557221c889dd98/library/std/src/panic.rs:359:14
[INFO] [stdout]   37:     0x591c32d19739 - std[70759c8f55707aa4]::rt::lang_start_internal
[INFO] [stdout]                                at /rustc/dfb0accb7f508ae8be965d8629557221c889dd98/library/std/src/rt.rs:171:5
[INFO] [stdout]   38:     0x591c32bc8441 - std[70759c8f55707aa4]::rt::lang_start::<std[70759c8f55707aa4]::process::ExitCode>
[INFO] [stdout]   39:     0x591c32bcea05 - main
[INFO] [stdout]   40:     0x7435ac8d3601 - <unknown>
[INFO] [stdout]   41:     0x7435ac8d3718 - __libc_start_main
[INFO] [stdout]   42:     0x591c32bc7595 - _start
[INFO] [stdout]   43:                0x0 - <unknown>
[INFO] [stdout] 
[INFO] [stdout] 
[INFO] [stdout] 
[INFO] [stdout] failures:
[INFO] [stdout]     src/gs_example.md - docs::GSExample (line 43)
[INFO] [stdout]     src/mo_example.md - docs::MOExample (line 126)
[INFO] [stdout]     src/quick_start.md - docs::QuickStart (line 114)
[INFO] [stdout]     src/quick_start.md - docs::QuickStart (line 197)
[INFO] [stdout]     src/rs_example.md - docs::RSExample (line 45)
[INFO] [stdout] 
[INFO] [stdout] test result: FAILED. 16 passed; 5 failed; 20 ignored; 0 measured; 0 filtered out; finished in 0.09s
[INFO] [stdout] 
[INFO] [stdout] 
[INFO] [stdout] running 4 tests
[INFO] [stdout] test src/create_seq_optimizer.md - docs::CreateSingleOptimizer (line 71) ... ignored
[INFO] [stdout] test src/quick_start.md - docs::QuickStart (line 390) ... ignored
[INFO] [stdout] test src/tantale_x_burn.md - docs::TantaleBurnExample (line 395) ... ignored
[INFO] [stdout] test src/tantale_x_burn.md - docs::TantaleBurnExample (line 409) ... ignored
[INFO] [stdout] 
[INFO] [stdout] test result: ok. 0 passed; 0 failed; 4 ignored; 0 measured; 0 filtered out; finished in 0.00s
[INFO] [stdout] 
[INFO] [stdout] all doctests ran in 2.95s; merged doctests compilation took 2.85s
[INFO] running `Command { std: "docker" "inspect" "86bfb431582db1685a57cc47e8c5f024e1a343095fe607f0e4a57500c356844b", kill_on_drop: false }`
[INFO] running `Command { std: "docker" "rm" "-f" "86bfb431582db1685a57cc47e8c5f024e1a343095fe607f0e4a57500c356844b", kill_on_drop: false }`
[INFO] [stdout] 86bfb431582db1685a57cc47e8c5f024e1a343095fe607f0e4a57500c356844b
