[INFO] fetching crate tan 0.16.0...
[INFO] testing tan-0.16.0 against 1.99.0-beta.8+cargoflags=--release for beta-release-1.100-2
[INFO] extracting crate tan 0.16.0 into /workspace/builds/worker-3-tc1/source
[INFO] started tweaking crates.io crate tan 0.16.0
[INFO] removed 0 missing examples
[INFO] removed 0 missing tests
[INFO] finished tweaking crates.io crate tan 0.16.0
[INFO] tweaked toml for crates.io crate tan 0.16.0 written to /workspace/builds/worker-3-tc1/source/Cargo.toml
[INFO] validating manifest of crates.io crate tan 0.16.0 on toolchain 1.99.0-beta.8
[INFO] running `Command { std: CARGO_HOME="/workspace/cargo-home" RUSTUP_HOME="/workspace/rustup-home" "/workspace/cargo-home/bin/cargo" "+1.99.0-beta.8" "metadata" "--manifest-path" "Cargo.toml" "--no-deps", kill_on_drop: false }`
[INFO] crate crates.io crate tan 0.16.0 already has a lockfile, it will not be regenerated
[INFO] running `Command { std: CARGO_HOME="/workspace/cargo-home" RUSTUP_HOME="/workspace/rustup-home" "/workspace/cargo-home/bin/cargo" "+1.99.0-beta.8" "fetch" "--manifest-path" "Cargo.toml", kill_on_drop: false }`
[INFO] [stderr]     Updating crates.io index
[INFO] [stderr]  Downloading crates ...
[INFO] [stderr]   Downloaded rust_decimal_macros v1.36.0
[INFO] [stderr]   Downloaded proc-macro2 v1.0.79
[INFO] [stderr]   Downloaded proc-macro-crate v3.2.0
[INFO] [stderr]   Downloaded syn_derive v0.1.8
[INFO] [stderr]   Downloaded borsh-derive v1.5.1
[INFO] [stderr]   Downloaded uuid v1.10.0
[INFO] [stderr]   Downloaded borsh v1.5.1
[INFO] [stderr]   Downloaded rust_decimal v1.36.0
[INFO] [stderr]   Downloaded bytes v1.7.2
[INFO] [stderr]   Downloaded winnow v0.6.20
[INFO] [stderr]   Downloaded hashbrown v0.15.0
[INFO] [stderr]   Downloaded serde_json v1.0.128
[INFO] [stderr]   Downloaded syn v2.0.58
[INFO] [stderr]   Downloaded libc v0.2.159
[INFO] running `Command { std: "docker" "create" "-v" "/var/lib/crater-agent-workspace/builds/worker-3-tc1/source:/opt/rustwide/workdir:ro,Z" "-v" "/var/lib/crater-agent-workspace/builds/worker-3-tc1/target:/opt/rustwide/target:rw,Z" "-v" "/var/lib/crater-agent-workspace/cargo-home:/opt/rustwide/cargo-home:ro,Z" "-v" "/var/lib/crater-agent-workspace/rustup-home:/opt/rustwide/rustup-home:ro,Z" "-m" "1610612736" "--network" "none" "ghcr.io/rust-lang/crates-build-env/linux@sha256:77db811e55d90add9212f6832c23229e3de5f1c1f9905e8cb07319ea15df73ac" "sleep" "infinity", kill_on_drop: false }`
[INFO] [stdout] 6580ada9397c5e51503a8ee4c1ba9e7d332801dd196351523bb3bdaad1eed6ea
[INFO] running `Command { std: "docker" "start" "6580ada9397c5e51503a8ee4c1ba9e7d332801dd196351523bb3bdaad1eed6ea", kill_on_drop: false }`
[INFO] running `Command { std: "docker" "inspect" "6580ada9397c5e51503a8ee4c1ba9e7d332801dd196351523bb3bdaad1eed6ea", kill_on_drop: false }`
[INFO] running `Command { std: "docker" "exec" "-e" "SOURCE_DIR=/opt/rustwide/workdir" "-e" "CARGO_HOME=/opt/rustwide/cargo-home" "-e" "RUSTUP_HOME=/opt/rustwide/rustup-home" "-e" "CARGO_TARGET_DIR=/opt/rustwide/target" "-w" "/opt/rustwide/workdir" "--user" "0:0" "6580ada9397c5e51503a8ee4c1ba9e7d332801dd196351523bb3bdaad1eed6ea" "/opt/rustwide/cargo-home/bin/cargo" "+1.99.0-beta.8" "metadata" "--no-deps" "--format-version=1", kill_on_drop: false }`
[INFO] running `Command { std: "docker" "inspect" "6580ada9397c5e51503a8ee4c1ba9e7d332801dd196351523bb3bdaad1eed6ea", kill_on_drop: false }`
[INFO] running `Command { std: "docker" "exec" "-e" "SOURCE_DIR=/opt/rustwide/workdir" "-e" "CARGO_HOME=/opt/rustwide/cargo-home" "-e" "RUSTUP_HOME=/opt/rustwide/rustup-home" "-e" "CARGO_TARGET_DIR=/opt/rustwide/target" "-e" "CARGO_INCREMENTAL=0" "-e" "RUST_BACKTRACE=full" "-e" "RUSTFLAGS=--cap-lints=warn" "-e" "RUSTDOCFLAGS=--cap-lints=warn" "-w" "/opt/rustwide/workdir" "--user" "0:0" "6580ada9397c5e51503a8ee4c1ba9e7d332801dd196351523bb3bdaad1eed6ea" "/opt/rustwide/cargo-home/bin/cargo" "+1.99.0-beta.8" "build" "--frozen" "--message-format=json" "--release", kill_on_drop: false }`
[INFO] [stderr]    Compiling num-traits v0.2.19
[INFO] [stderr]    Compiling proc-macro2 v1.0.79
[INFO] [stderr]    Compiling unicode-ident v1.0.9
[INFO] [stderr]    Compiling serde v1.0.210
[INFO] [stderr]    Compiling rust_decimal v1.36.0
[INFO] [stderr]    Compiling once_cell v1.18.0
[INFO] [stderr]    Compiling pin-project-lite v0.2.9
[INFO] [stderr]    Compiling arrayvec v0.7.6
[INFO] [stderr]    Compiling tracing-core v0.1.31
[INFO] [stderr]    Compiling quote v1.0.35
[INFO] [stderr]    Compiling syn v2.0.58
[INFO] [stderr]    Compiling rust_decimal_macros v1.36.0
[INFO] [stderr]    Compiling tracing-attributes v0.1.24
[INFO] [stderr]    Compiling tracing v0.1.37
[INFO] [stderr]    Compiling tan v0.16.0 (/opt/rustwide/workdir)
[INFO] [stderr]     Finished `release` profile [optimized] target(s) in 25.87s
[INFO] running `Command { std: "docker" "inspect" "6580ada9397c5e51503a8ee4c1ba9e7d332801dd196351523bb3bdaad1eed6ea", kill_on_drop: false }`
[INFO] running `Command { std: "docker" "exec" "-e" "SOURCE_DIR=/opt/rustwide/workdir" "-e" "CARGO_HOME=/opt/rustwide/cargo-home" "-e" "RUSTUP_HOME=/opt/rustwide/rustup-home" "-e" "CARGO_TARGET_DIR=/opt/rustwide/target" "-e" "CARGO_INCREMENTAL=0" "-e" "RUST_BACKTRACE=full" "-e" "RUSTFLAGS=--cap-lints=warn" "-e" "RUSTDOCFLAGS=--cap-lints=warn" "-w" "/opt/rustwide/workdir" "--user" "0:0" "6580ada9397c5e51503a8ee4c1ba9e7d332801dd196351523bb3bdaad1eed6ea" "/opt/rustwide/cargo-home/bin/cargo" "+1.99.0-beta.8" "test" "--frozen" "--no-run" "--message-format=json" "--release", kill_on_drop: false }`
[INFO] [stderr]    Compiling assert_matches v1.5.0
[INFO] [stderr]    Compiling tan v0.16.0 (/opt/rustwide/workdir)
[INFO] [stderr]     Finished `release` profile [optimized] target(s) in 12.27s
[INFO] running `Command { std: "docker" "inspect" "6580ada9397c5e51503a8ee4c1ba9e7d332801dd196351523bb3bdaad1eed6ea", kill_on_drop: false }`
[INFO] running `Command { std: "docker" "exec" "-e" "SOURCE_DIR=/opt/rustwide/workdir" "-e" "CARGO_HOME=/opt/rustwide/cargo-home" "-e" "RUSTUP_HOME=/opt/rustwide/rustup-home" "-e" "CARGO_TARGET_DIR=/opt/rustwide/target" "-e" "CARGO_INCREMENTAL=0" "-e" "RUST_BACKTRACE=full" "-e" "RUSTFLAGS=--cap-lints=warn" "-e" "RUSTDOCFLAGS=--cap-lints=warn" "-w" "/opt/rustwide/workdir" "--user" "0:0" "6580ada9397c5e51503a8ee4c1ba9e7d332801dd196351523bb3bdaad1eed6ea" "/opt/rustwide/cargo-home/bin/cargo" "+1.99.0-beta.8" "test" "--frozen" "--release", kill_on_drop: false }`
[INFO] [stderr]     Finished `release` profile [optimized] target(s) in 0.06s
[INFO] [stderr]      Running unittests src/lib.rs (/opt/rustwide/target/release/deps/tan-c7d6b2fdaf6bd200)
[INFO] [stdout] 
[INFO] [stdout] running 24 tests
[INFO] [stdout] test api::tests::has_tan_extension_usage ... ok
[INFO] [stdout] test check::tests::check_validates_array_expressions ... ok
[INFO] [stdout] test api::tests::strip_tan_extension_usage ... ok
[INFO] [stdout] test api::tests::has_tan_extension_strict_usage ... ok
[INFO] [stdout] test eval::util::tests::compute_module_file_paths_returns_only_strict_tan_files ... ok
[INFO] [stdout] test expr::expr_transform::tests::transform_with_identity_function ... ok
[INFO] [stdout] test expr::tests::expr_float_display ... ok
[INFO] [stdout] test expr::tests::expr_is_false ... ok
[INFO] [stdout] test eval::util::tests::resolve_module_path_should_handle_relative_urls ... FAILED
[INFO] [stdout] test expr::tests::expr_string_display ... ok
[INFO] [stdout] test module::tests::new_modules_do_not_duplicate_prelude ... ok
[INFO] [stdout] test parser::util::tests::desugar_key_path_usage ... ok
[INFO] [stdout] test optimize::tests::optimize_rewrites_array_expressions ... ok
[INFO] [stdout] test prune::tests::prune_transforms_template_strings ... ok
[INFO] [stdout] test parser::util::tests::is_key_path_usage ... ok
[INFO] [stdout] test util::args::tests::unpack_arg_none ... ok
[INFO] [stdout] test expr::expr_iter::tests::expr_iter_performs_depth_first_iteration ... ok
[INFO] [stdout] test prune::tests::prune_removes_comments ... ok
[INFO] [stdout] test parser::util::tests::is_potential_number_usage ... ok
[INFO] [stdout] test util::method::tests::compute_signature_from_annotations_usage ... FAILED
[INFO] [stdout] test util::module_util::tests::require_module_usage ... FAILED
[INFO] [stdout] test util::tests::is_dynamically_scoped_should_detect_special_names ... ok
[INFO] [stdout] test parser::util::tests::is_key_symbol_usage ... ok
[INFO] [stdout] test util::tests::is_type_should_detect_type_symbols ... ok
[INFO] [stdout] 
[INFO] [stdout] failures:
[INFO] [stdout] 
[INFO] [stdout] ---- eval::util::tests::resolve_module_path_should_handle_relative_urls stdout ----
[INFO] [stdout] 
[INFO] [stdout] thread 'eval::util::tests::resolve_module_path_should_handle_relative_urls' (711) panicked at src/context.rs:58:33:
[INFO] [stdout] env variable `TAN_ROOT` should be set
[INFO] [stdout] stack backtrace:
[INFO] [stdout]    0:     0x5b5c5aac8e31 - <<std[70759c8f55707aa4]::sys::backtrace::BacktraceLock>::print::DisplayBacktrace as core[df12db4294e9bfd3]::fmt::Display>::fmt
[INFO] [stdout]    1:     0x5b5c5aade09a - core[df12db4294e9bfd3]::fmt::write
[INFO] [stdout]    2:     0x5b5c5aacd5bc - <alloc[2182bb758b4b3781]::vec::Vec<u8> as core[df12db4294e9bfd3]::io::write::Write>::write_fmt
[INFO] [stdout]    3:     0x5b5c5aaa4896 - std[70759c8f55707aa4]::panicking::default_hook::{closure#0}
[INFO] [stdout]    4:     0x5b5c5aac0f79 - std[70759c8f55707aa4]::panicking::default_hook
[INFO] [stdout]    5:     0x5b5c5aa5a080 - test[9d35eded1c95d3be]::test_main_inner::<test[9d35eded1c95d3be]::test_main_static::{closure#0}>::{closure#0}
[INFO] [stdout]    6:     0x5b5c5aac1132 - std[70759c8f55707aa4]::panicking::panic_with_hook
[INFO] [stdout]    7:     0x5b5c5aaa4942 - std[70759c8f55707aa4]::panicking::panic_handler::{closure#0}
[INFO] [stdout]    8:     0x5b5c5aa9d499 - std[70759c8f55707aa4]::sys::backtrace::__rust_end_short_backtrace::<std[70759c8f55707aa4]::panicking::panic_handler::{closure#0}, !>
[INFO] [stdout]    9:     0x5b5c5aaa553d - __rustc[8fa7c3cbc660c2b3]::rust_begin_unwind
[INFO] [stdout]   10:     0x5b5c5aade7cc - core[df12db4294e9bfd3]::panicking::panic_fmt
[INFO] [stdout]   11:     0x5b5c5aa4ad8d - <tan[50be3e4a5be4e686]::context::Context>::new::{closure#0}
[INFO] [stdout]   12:     0x5b5c5aa4b12c - <tan[50be3e4a5be4e686]::context::Context>::new
[INFO] [stdout]   13:     0x5b5c5aa361f2 - tan[50be3e4a5be4e686]::eval::util::tests::resolve_module_path_should_handle_relative_urls
[INFO] [stdout]   14:     0x5b5c5aa410d9 - <tan[50be3e4a5be4e686]::eval::util::tests::resolve_module_path_should_handle_relative_urls::{closure#0} as core[df12db4294e9bfd3]::ops::function::FnOnce<()>>::call_once
[INFO] [stdout]   15:     0x5b5c5aa4d36b - test[9d35eded1c95d3be]::__rust_begin_short_backtrace::<core[df12db4294e9bfd3]::result::Result<(), alloc[2182bb758b4b3781]::string::String>, fn() -> core[df12db4294e9bfd3]::result::Result<(), alloc[2182bb758b4b3781]::string::String>>
[INFO] [stdout]   16:     0x5b5c5aa5a9d5 - test[9d35eded1c95d3be]::run_test::{closure#0}
[INFO] [stdout]   17:     0x5b5c5aa54294 - std[70759c8f55707aa4]::sys::backtrace::__rust_begin_short_backtrace::<test[9d35eded1c95d3be]::run_test::{closure#1}, ()>
[INFO] [stdout]   18:     0x5b5c5aa5db32 - <std[70759c8f55707aa4]::thread::lifecycle::spawn_unchecked<test[9d35eded1c95d3be]::run_test::{closure#1}, ()>::{closure#1} as core[df12db4294e9bfd3]::ops::function::FnOnce<()>>::call_once::{shim:vtable#0}
[INFO] [stdout]   19:     0x5b5c5aac8399 - <std[70759c8f55707aa4]::sys::thread::unix::Thread>::new::thread_start
[INFO] [stdout]   20:     0x7c9f385dedfa - <unknown>
[INFO] [stdout]   21:     0x7c9f386723d4 - clone
[INFO] [stdout]   22:                0x0 - <unknown>
[INFO] [stdout] 
[INFO] [stdout] ---- util::method::tests::compute_signature_from_annotations_usage stdout ----
[INFO] [stdout] 
[INFO] [stdout] thread 'util::method::tests::compute_signature_from_annotations_usage' (726) panicked at src/context.rs:58:33:
[INFO] [stdout] env variable `TAN_ROOT` should be set
[INFO] [stdout] stack backtrace:
[INFO] [stdout]    0:     0x5b5c5aac8e31 - <<std[70759c8f55707aa4]::sys::backtrace::BacktraceLock>::print::DisplayBacktrace as core[df12db4294e9bfd3]::fmt::Display>::fmt
[INFO] [stdout]    1:     0x5b5c5aade09a - core[df12db4294e9bfd3]::fmt::write
[INFO] [stdout]    2:     0x5b5c5aacd5bc - <alloc[2182bb758b4b3781]::vec::Vec<u8> as core[df12db4294e9bfd3]::io::write::Write>::write_fmt
[INFO] [stdout]    3:     0x5b5c5aaa4896 - std[70759c8f55707aa4]::panicking::default_hook::{closure#0}
[INFO] [stdout]    4:     0x5b5c5aac0f79 - std[70759c8f55707aa4]::panicking::default_hook
[INFO] [stdout]    5:     0x5b5c5aa5a080 - test[9d35eded1c95d3be]::test_main_inner::<test[9d35eded1c95d3be]::test_main_static::{closure#0}>::{closure#0}
[INFO] [stdout]    6:     0x5b5c5aac1132 - std[70759c8f55707aa4]::panicking::panic_with_hook
[INFO] [stdout]    7:     0x5b5c5aaa4942 - std[70759c8f55707aa4]::panicking::panic_handler::{closure#0}
[INFO] [stdout]    8:     0x5b5c5aa9d499 - std[70759c8f55707aa4]::sys::backtrace::__rust_end_short_backtrace::<std[70759c8f55707aa4]::panicking::panic_handler::{closure#0}, !>
[INFO] [stdout]    9:     0x5b5c5aaa553d - __rustc[8fa7c3cbc660c2b3]::rust_begin_unwind
[INFO] [stdout]   10:     0x5b5c5aade7cc - core[df12db4294e9bfd3]::panicking::panic_fmt
[INFO] [stdout]   11:     0x5b5c5aa4ad8d - <tan[50be3e4a5be4e686]::context::Context>::new::{closure#0}
[INFO] [stdout]   12:     0x5b5c5aa4b12c - <tan[50be3e4a5be4e686]::context::Context>::new
[INFO] [stdout]   13:     0x5b5c5aa3670e - tan[50be3e4a5be4e686]::util::method::tests::compute_signature_from_annotations_usage
[INFO] [stdout]   14:     0x5b5c5aa41399 - <tan[50be3e4a5be4e686]::util::method::tests::compute_signature_from_annotations_usage::{closure#0} as core[df12db4294e9bfd3]::ops::function::FnOnce<()>>::call_once
[INFO] [stdout]   15:     0x5b5c5aa4d36b - test[9d35eded1c95d3be]::__rust_begin_short_backtrace::<core[df12db4294e9bfd3]::result::Result<(), alloc[2182bb758b4b3781]::string::String>, fn() -> core[df12db4294e9bfd3]::result::Result<(), alloc[2182bb758b4b3781]::string::String>>
[INFO] [stdout]   16:     0x5b5c5aa5a9d5 - test[9d35eded1c95d3be]::run_test::{closure#0}
[INFO] [stdout]   17:     0x5b5c5aa54294 - std[70759c8f55707aa4]::sys::backtrace::__rust_begin_short_backtrace::<test[9d35eded1c95d3be]::run_test::{closure#1}, ()>
[INFO] [stdout]   18:     0x5b5c5aa5db32 - <std[70759c8f55707aa4]::thread::lifecycle::spawn_unchecked<test[9d35eded1c95d3be]::run_test::{closure#1}, ()>::{closure#1} as core[df12db4294e9bfd3]::ops::function::FnOnce<()>>::call_once::{shim:vtable#0}
[INFO] [stdout]   19:     0x5b5c5aac8399 - <std[70759c8f55707aa4]::sys::thread::unix::Thread>::new::thread_start
[INFO] [stdout]   20:     0x7c9f385dedfa - <unknown>
[INFO] [stdout]   21:     0x7c9f386723d4 - clone
[INFO] [stdout]   22:                0x0 - <unknown>
[INFO] [stdout] 
[INFO] [stdout] ---- util::module_util::tests::require_module_usage stdout ----
[INFO] [stdout] 
[INFO] [stdout] thread 'util::module_util::tests::require_module_usage' (727) panicked at src/context.rs:58:33:
[INFO] [stdout] env variable `TAN_ROOT` should be set
[INFO] [stdout] stack backtrace:
[INFO] [stdout]    0:     0x5b5c5aac8e31 - <<std[70759c8f55707aa4]::sys::backtrace::BacktraceLock>::print::DisplayBacktrace as core[df12db4294e9bfd3]::fmt::Display>::fmt
[INFO] [stdout]    1:     0x5b5c5aade09a - core[df12db4294e9bfd3]::fmt::write
[INFO] [stdout]    2:     0x5b5c5aacd5bc - <alloc[2182bb758b4b3781]::vec::Vec<u8> as core[df12db4294e9bfd3]::io::write::Write>::write_fmt
[INFO] [stdout]    3:     0x5b5c5aaa4896 - std[70759c8f55707aa4]::panicking::default_hook::{closure#0}
[INFO] [stdout]    4:     0x5b5c5aac0f79 - std[70759c8f55707aa4]::panicking::default_hook
[INFO] [stdout]    5:     0x5b5c5aa5a080 - test[9d35eded1c95d3be]::test_main_inner::<test[9d35eded1c95d3be]::test_main_static::{closure#0}>::{closure#0}
[INFO] [stdout]    6:     0x5b5c5aac1132 - std[70759c8f55707aa4]::panicking::panic_with_hook
[INFO] [stdout]    7:     0x5b5c5aaa4942 - std[70759c8f55707aa4]::panicking::panic_handler::{closure#0}
[INFO] [stdout]    8:     0x5b5c5aa9d499 - std[70759c8f55707aa4]::sys::backtrace::__rust_end_short_backtrace::<std[70759c8f55707aa4]::panicking::panic_handler::{closure#0}, !>
[INFO] [stdout]    9:     0x5b5c5aaa553d - __rustc[8fa7c3cbc660c2b3]::rust_begin_unwind
[INFO] [stdout]   10:     0x5b5c5aade7cc - core[df12db4294e9bfd3]::panicking::panic_fmt
[INFO] [stdout]   11:     0x5b5c5aa4ad8d - <tan[50be3e4a5be4e686]::context::Context>::new::{closure#0}
[INFO] [stdout]   12:     0x5b5c5aa4b12c - <tan[50be3e4a5be4e686]::context::Context>::new
[INFO] [stdout]   13:     0x5b5c5aa2b8e0 - tan[50be3e4a5be4e686]::util::module_util::tests::require_module_usage
[INFO] [stdout]   14:     0x5b5c5aa41159 - <tan[50be3e4a5be4e686]::util::module_util::tests::require_module_usage::{closure#0} as core[df12db4294e9bfd3]::ops::function::FnOnce<()>>::call_once
[INFO] [stdout]   15:     0x5b5c5aa4d36b - test[9d35eded1c95d3be]::__rust_begin_short_backtrace::<core[df12db4294e9bfd3]::result::Result<(), alloc[2182bb758b4b3781]::string::String>, fn() -> core[df12db4294e9bfd3]::result::Result<(), alloc[2182bb758b4b3781]::string::String>>
[INFO] [stdout]   16:     0x5b5c5aa5a9d5 - test[9d35eded1c95d3be]::run_test::{closure#0}
[INFO] [stdout]   17:     0x5b5c5aa54294 - std[70759c8f55707aa4]::sys::backtrace::__rust_begin_short_backtrace::<test[9d35eded1c95d3be]::run_test::{closure#1}, ()>
[INFO] [stdout]   18:     0x5b5c5aa5db32 - <std[70759c8f55707aa4]::thread::lifecycle::spawn_unchecked<test[9d35eded1c95d3be]::run_test::{closure#1}, ()>::{closure#1} as core[df12db4294e9bfd3]::ops::function::FnOnce<()>>::call_once::{shim:vtable#0}
[INFO] [stdout]   19:     0x5b5c5aac8399 - <std[70759c8f55707aa4]::sys::thread::unix::Thread>::new::thread_start
[INFO] [stdout]   20:     0x7c9f385dedfa - <unknown>
[INFO] [stdout]   21:     0x7c9f386723d4 - clone
[INFO] [stdout]   22:                0x0 - <unknown>
[INFO] [stdout] 
[INFO] [stdout] 
[INFO] [stdout] failures:
[INFO] [stdout]     eval::util::tests::resolve_module_path_should_handle_relative_urls
[INFO] [stdout]     util::method::tests::compute_signature_from_annotations_usage
[INFO] [stdout]     util::module_util::tests::require_module_usage
[INFO] [stdout] 
[INFO] [stdout] test result: FAILED. 21 passed; 3 failed; 0 ignored; 0 measured; 0 filtered out; finished in 0.00s
[INFO] [stdout] 
[INFO] [stderr] error: test failed, to rerun pass `--lib`
[INFO] running `Command { std: "docker" "inspect" "6580ada9397c5e51503a8ee4c1ba9e7d332801dd196351523bb3bdaad1eed6ea", kill_on_drop: false }`
[INFO] running `Command { std: "docker" "rm" "-f" "6580ada9397c5e51503a8ee4c1ba9e7d332801dd196351523bb3bdaad1eed6ea", kill_on_drop: false }`
[INFO] [stdout] 6580ada9397c5e51503a8ee4c1ba9e7d332801dd196351523bb3bdaad1eed6ea
