[INFO] fetching crate take_bytes 0.1.0...
[INFO] testing take_bytes-0.1.0 against 1.100.0-beta.1+cargoflags=--release for beta-release-1.100-2
[INFO] extracting crate take_bytes 0.1.0 into /workspace/builds/worker-1-tc2/source
[INFO] started tweaking crates.io crate take_bytes 0.1.0
[INFO] removed 0 missing tests
[INFO] finished tweaking crates.io crate take_bytes 0.1.0
[INFO] tweaked toml for crates.io crate take_bytes 0.1.0 written to /workspace/builds/worker-1-tc2/source/Cargo.toml
[INFO] validating manifest of crates.io crate take_bytes 0.1.0 on toolchain 1.100.0-beta.1
[INFO] running `Command { std: CARGO_HOME="/workspace/cargo-home" RUSTUP_HOME="/workspace/rustup-home" "/workspace/cargo-home/bin/cargo" "+1.100.0-beta.1" "metadata" "--manifest-path" "Cargo.toml" "--no-deps", kill_on_drop: false }`
[INFO] crate crates.io crate take_bytes 0.1.0 already has a lockfile, it will not be regenerated
[INFO] running `Command { std: CARGO_HOME="/workspace/cargo-home" RUSTUP_HOME="/workspace/rustup-home" "/workspace/cargo-home/bin/cargo" "+1.100.0-beta.1" "fetch" "--manifest-path" "Cargo.toml", kill_on_drop: false }`
[INFO] running `Command { std: "docker" "create" "-v" "/var/lib/crater-agent-workspace/builds/worker-1-tc2/source:/opt/rustwide/workdir:ro,Z" "-v" "/var/lib/crater-agent-workspace/builds/worker-1-tc2/target:/opt/rustwide/target:rw,Z" "-v" "/var/lib/crater-agent-workspace/cargo-home:/opt/rustwide/cargo-home:ro,Z" "-v" "/var/lib/crater-agent-workspace/rustup-home:/opt/rustwide/rustup-home:ro,Z" "-m" "1610612736" "--network" "none" "ghcr.io/rust-lang/crates-build-env/linux@sha256:77db811e55d90add9212f6832c23229e3de5f1c1f9905e8cb07319ea15df73ac" "sleep" "infinity", kill_on_drop: false }`
[INFO] [stdout] 1e9cfc885b6ff7d97ef9c4758c9f6d1e4b376cb35e4017ff0548f1fb7d92878e
[INFO] running `Command { std: "docker" "start" "1e9cfc885b6ff7d97ef9c4758c9f6d1e4b376cb35e4017ff0548f1fb7d92878e", kill_on_drop: false }`
[INFO] running `Command { std: "docker" "inspect" "1e9cfc885b6ff7d97ef9c4758c9f6d1e4b376cb35e4017ff0548f1fb7d92878e", kill_on_drop: false }`
[INFO] running `Command { std: "docker" "exec" "-e" "SOURCE_DIR=/opt/rustwide/workdir" "-e" "CARGO_HOME=/opt/rustwide/cargo-home" "-e" "RUSTUP_HOME=/opt/rustwide/rustup-home" "-e" "CARGO_TARGET_DIR=/opt/rustwide/target" "-w" "/opt/rustwide/workdir" "--user" "0:0" "1e9cfc885b6ff7d97ef9c4758c9f6d1e4b376cb35e4017ff0548f1fb7d92878e" "/opt/rustwide/cargo-home/bin/cargo" "+1.100.0-beta.1" "metadata" "--no-deps" "--format-version=1", kill_on_drop: false }`
[INFO] running `Command { std: "docker" "inspect" "1e9cfc885b6ff7d97ef9c4758c9f6d1e4b376cb35e4017ff0548f1fb7d92878e", kill_on_drop: false }`
[INFO] running `Command { std: "docker" "exec" "-e" "SOURCE_DIR=/opt/rustwide/workdir" "-e" "CARGO_HOME=/opt/rustwide/cargo-home" "-e" "RUSTUP_HOME=/opt/rustwide/rustup-home" "-e" "CARGO_TARGET_DIR=/opt/rustwide/target" "-e" "CARGO_INCREMENTAL=0" "-e" "RUST_BACKTRACE=full" "-e" "RUSTFLAGS=--cap-lints=warn" "-e" "RUSTDOCFLAGS=--cap-lints=warn" "-w" "/opt/rustwide/workdir" "--user" "0:0" "1e9cfc885b6ff7d97ef9c4758c9f6d1e4b376cb35e4017ff0548f1fb7d92878e" "/opt/rustwide/cargo-home/bin/cargo" "+1.100.0-beta.1" "build" "--frozen" "--message-format=json" "--release", kill_on_drop: false }`
[INFO] [stderr]    Compiling proc-macro2 v1.0.101
[INFO] [stderr]    Compiling anstyle v1.0.11
[INFO] [stderr]    Compiling anstyle-query v1.1.4
[INFO] [stderr]    Compiling colorchoice v1.0.4
[INFO] [stderr]    Compiling clap_lex v0.7.5
[INFO] [stderr]    Compiling anstyle-parse v0.2.7
[INFO] [stderr]    Compiling anstream v0.6.20
[INFO] [stderr]    Compiling clap_builder v4.5.46
[INFO] [stderr]    Compiling quote v1.0.40
[INFO] [stderr]    Compiling syn v2.0.106
[INFO] [stderr]    Compiling thiserror-impl v2.0.17
[INFO] [stderr]    Compiling clap_derive v4.5.45
[INFO] [stderr]    Compiling thiserror v2.0.17
[INFO] [stderr]    Compiling clap v4.5.46
[INFO] [stderr]    Compiling take_bytes v0.1.0 (/opt/rustwide/workdir)
[INFO] [stderr] warning: unused dependency `clap`
[INFO] [stderr]  --> Cargo.toml:1:15
[INFO] [stderr]   |
[INFO] [stderr] 1 | [dependencies.clap]
[INFO] [stderr]   |               ^^^^^
[INFO] [stderr]   |
[INFO] [stderr]   = note: `cargo::unused_dependencies` is set to `warn` by default
[INFO] [stderr] help: consider removing the dependency on `clap`
[INFO] [stderr] warning: `take_bytes` (manifest) generated 1 warning
[INFO] [stderr]     Finished `release` profile [optimized] target(s) in 13.43s
[INFO] running `Command { std: "docker" "inspect" "1e9cfc885b6ff7d97ef9c4758c9f6d1e4b376cb35e4017ff0548f1fb7d92878e", kill_on_drop: false }`
[INFO] running `Command { std: "docker" "exec" "-e" "SOURCE_DIR=/opt/rustwide/workdir" "-e" "CARGO_HOME=/opt/rustwide/cargo-home" "-e" "RUSTUP_HOME=/opt/rustwide/rustup-home" "-e" "CARGO_TARGET_DIR=/opt/rustwide/target" "-e" "CARGO_INCREMENTAL=0" "-e" "RUST_BACKTRACE=full" "-e" "RUSTFLAGS=--cap-lints=warn" "-e" "RUSTDOCFLAGS=--cap-lints=warn" "-w" "/opt/rustwide/workdir" "--user" "0:0" "1e9cfc885b6ff7d97ef9c4758c9f6d1e4b376cb35e4017ff0548f1fb7d92878e" "/opt/rustwide/cargo-home/bin/cargo" "+1.100.0-beta.1" "test" "--frozen" "--no-run" "--message-format=json" "--release", kill_on_drop: false }`
[INFO] [stderr]    Compiling libc v0.2.175
[INFO] [stderr]    Compiling memchr v2.7.5
[INFO] [stderr]    Compiling regex-syntax v0.8.6
[INFO] [stderr]    Compiling predicates-core v1.0.9
[INFO] [stderr]    Compiling getrandom v0.3.3
[INFO] [stderr]    Compiling difflib v0.4.0
[INFO] [stderr]    Compiling rustix v1.0.8
[INFO] [stderr]    Compiling doc-comment v0.3.3
[INFO] [stderr]    Compiling num-traits v0.2.19
[INFO] [stderr]    Compiling cfg-if v1.0.3
[INFO] [stderr]    Compiling linux-raw-sys v0.9.4
[INFO] [stderr]    Compiling termtree v0.5.1
[INFO] [stderr]    Compiling assert_cmd v2.0.17
[INFO] [stderr]    Compiling bitflags v2.9.3
[INFO] [stderr]    Compiling itertools v0.10.5
[INFO] [stderr]    Compiling once_cell v1.21.3
[INFO] [stderr]    Compiling normalize-line-endings v0.3.0
[INFO] [stderr]    Compiling predicates-tree v1.0.12
[INFO] [stderr]    Compiling predicates v3.1.3
[INFO] [stderr]    Compiling aho-corasick v1.1.3
[INFO] [stderr]    Compiling float-cmp v0.9.0
[INFO] [stderr]    Compiling wait-timeout v0.2.1
[INFO] [stderr]    Compiling tempfile v3.23.0
[INFO] [stderr]    Compiling regex-automata v0.4.13
[INFO] [stderr]    Compiling bstr v1.12.0
[INFO] [stderr]    Compiling regex v1.12.2
[INFO] [stderr]    Compiling predicates v2.1.5
[INFO] [stderr]    Compiling take_bytes v0.1.0 (/opt/rustwide/workdir)
[INFO] [stderr] warning: unused dependency `clap`
[INFO] [stderr]  --> Cargo.toml:1:15
[INFO] [stderr]   |
[INFO] [stderr] 1 | [dependencies.clap]
[INFO] [stderr]   |               ^^^^^
[INFO] [stderr]   |
[INFO] [stderr]   = note: `cargo::unused_dependencies` is set to `warn` by default
[INFO] [stderr] help: consider removing the dependency on `clap`
[INFO] [stderr] warning: `take_bytes` (manifest) generated 1 warning
[INFO] [stderr]     Finished `release` profile [optimized] target(s) in 24.89s
[INFO] running `Command { std: "docker" "inspect" "1e9cfc885b6ff7d97ef9c4758c9f6d1e4b376cb35e4017ff0548f1fb7d92878e", kill_on_drop: false }`
[INFO] running `Command { std: "docker" "exec" "-e" "SOURCE_DIR=/opt/rustwide/workdir" "-e" "CARGO_HOME=/opt/rustwide/cargo-home" "-e" "RUSTUP_HOME=/opt/rustwide/rustup-home" "-e" "CARGO_TARGET_DIR=/opt/rustwide/target" "-e" "CARGO_INCREMENTAL=0" "-e" "RUST_BACKTRACE=full" "-e" "RUSTFLAGS=--cap-lints=warn" "-e" "RUSTDOCFLAGS=--cap-lints=warn" "-w" "/opt/rustwide/workdir" "--user" "0:0" "1e9cfc885b6ff7d97ef9c4758c9f6d1e4b376cb35e4017ff0548f1fb7d92878e" "/opt/rustwide/cargo-home/bin/cargo" "+1.100.0-beta.1" "test" "--frozen" "--release", kill_on_drop: false }`
[INFO] [stderr] warning: unused dependency `clap`
[INFO] [stderr]  --> Cargo.toml:1:15
[INFO] [stderr]   |
[INFO] [stderr] 1 | [dependencies.clap]
[INFO] [stderr]   |               ^^^^^
[INFO] [stderr]   |
[INFO] [stderr]   = note: `cargo::unused_dependencies` is set to `warn` by default
[INFO] [stderr] help: consider removing the dependency on `clap`
[INFO] [stderr] warning: `take_bytes` (manifest) generated 1 warning
[INFO] [stderr]     Finished `release` profile [optimized] target(s) in 0.07s
[INFO] [stderr]      Running unittests src/lib.rs (/opt/rustwide/target/release/build/take_bytes/fb70a87c091b14c5/out/take_bytes-fb70a87c091b14c5)
[INFO] [stdout] 
[INFO] [stdout] running 9 tests
[INFO] [stdout] test tests::file_constructor ... ok
[INFO] [stdout] test tests::from_str_nonexistent_file_err ... ok
[INFO] [stdout] test tests::read_as_bytes_returns_decoding_error_for_missing_file ... ok
[INFO] [stdout] test tests::stdin_constructor ... ok
[INFO] [stdout] test tests::from_str_existing_file_ok_and_read_bytes ... ok
[INFO] [stdout] test tests::decode_utf8_string_errors_on_invalid_bytes ... ok
[INFO] [stdout] test tests::try_as_bytes_reads_file_contents ... ok
[INFO] [stdout] test tests::from_str_dash_is_stdin ... ok
[INFO] [stdout] test tests::stdin_branch_via_pipe_variant ... ok
[INFO] [stdout] 
[INFO] [stdout] test result: ok. 9 passed; 0 failed; 0 ignored; 0 measured; 0 filtered out; finished in 0.01s
[INFO] [stdout] 
[INFO] [stderr]      Running tests/test_cli.rs (/opt/rustwide/target/release/build/take_bytes/26715dad096f03b2/out/test_cli-26715dad096f03b2)
[INFO] [stdout] 
[INFO] [stdout] running 2 tests
[INFO] [stdout] test cli_reads_file ... FAILED
[INFO] [stdout] test cli_reads_stdin ... FAILED
[INFO] [stdout] 
[INFO] [stdout] failures:
[INFO] [stdout] 
[INFO] [stdout] ---- cli_reads_file stdout ----
[INFO] [stdout] Error: CargoError { cause: Some(NotFoundError { path: "/opt/rustwide/target/release/build/take_bytes/26715dad096f03b2/out/test_bin" }) }
[INFO] [stdout] 
[INFO] [stdout] ---- cli_reads_stdin stdout ----
[INFO] [stdout] Error: CargoError { cause: Some(NotFoundError { path: "/opt/rustwide/target/release/build/take_bytes/26715dad096f03b2/out/test_bin" }) }
[INFO] [stdout] 
[INFO] [stdout] 
[INFO] [stdout] failures:
[INFO] [stdout]     cli_reads_file
[INFO] [stdout]     cli_reads_stdin
[INFO] [stdout] 
[INFO] [stdout] test result: FAILED. 0 passed; 2 failed; 0 ignored; 0 measured; 0 filtered out; finished in 0.00s
[INFO] [stdout] 
[INFO] [stderr] error: test failed, to rerun pass `--test test_cli`
[INFO] running `Command { std: "docker" "inspect" "1e9cfc885b6ff7d97ef9c4758c9f6d1e4b376cb35e4017ff0548f1fb7d92878e", kill_on_drop: false }`
[INFO] running `Command { std: "docker" "rm" "-f" "1e9cfc885b6ff7d97ef9c4758c9f6d1e4b376cb35e4017ff0548f1fb7d92878e", kill_on_drop: false }`
[INFO] [stdout] 1e9cfc885b6ff7d97ef9c4758c9f6d1e4b376cb35e4017ff0548f1fb7d92878e
