[INFO] fetching crate taitan-orm-askama 0.14.0...
[INFO] testing taitan-orm-askama-0.14.0 against 1.100.0-beta.1+cargoflags=--release for beta-release-1.100-2
[INFO] extracting crate taitan-orm-askama 0.14.0 into /workspace/builds/worker-7-tc2/source
[INFO] started tweaking crates.io crate taitan-orm-askama 0.14.0
[INFO] finished tweaking crates.io crate taitan-orm-askama 0.14.0
[INFO] tweaked toml for crates.io crate taitan-orm-askama 0.14.0 written to /workspace/builds/worker-7-tc2/source/Cargo.toml
[INFO] validating manifest of crates.io crate taitan-orm-askama 0.14.0 on toolchain 1.100.0-beta.1
[INFO] running `Command { std: CARGO_HOME="/workspace/cargo-home" RUSTUP_HOME="/workspace/rustup-home" "/workspace/cargo-home/bin/cargo" "+1.100.0-beta.1" "metadata" "--manifest-path" "Cargo.toml" "--no-deps", kill_on_drop: false }`
[INFO] crate crates.io crate taitan-orm-askama 0.14.0 already has a lockfile, it will not be regenerated
[INFO] running `Command { std: CARGO_HOME="/workspace/cargo-home" RUSTUP_HOME="/workspace/rustup-home" "/workspace/cargo-home/bin/cargo" "+1.100.0-beta.1" "fetch" "--manifest-path" "Cargo.toml", kill_on_drop: false }`
[INFO] [stderr] warning: `package.homepage` is redundant with `package.repository`
[INFO] [stderr]   --> Cargo.toml:78:12
[INFO] [stderr]    |
[INFO] [stderr] 78 | homepage = "https://github.com/askama-rs/askama"
[INFO] [stderr]    |            ^^^^^^^^^^^^^^^^^^^^^^^^^^^^^^^^^^^^^
[INFO] [stderr] ...
[INFO] [stderr] 82 | repository = "https://github.com/askama-rs/askama"
[INFO] [stderr]    |              -------------------------------------
[INFO] [stderr]    |
[INFO] [stderr]    = note: `cargo::redundant_homepage` is set to `warn` by default
[INFO] [stderr] help: consider removing `package.homepage`
[INFO] [stderr] warning: `taitan-orm-askama` (manifest) generated 1 warning
[INFO] running `Command { std: "docker" "create" "-v" "/var/lib/crater-agent-workspace/builds/worker-7-tc2/source:/opt/rustwide/workdir:ro,Z" "-v" "/var/lib/crater-agent-workspace/builds/worker-7-tc2/target:/opt/rustwide/target:rw,Z" "-v" "/var/lib/crater-agent-workspace/cargo-home:/opt/rustwide/cargo-home:ro,Z" "-v" "/var/lib/crater-agent-workspace/rustup-home:/opt/rustwide/rustup-home:ro,Z" "-m" "1610612736" "--network" "none" "ghcr.io/rust-lang/crates-build-env/linux@sha256:77db811e55d90add9212f6832c23229e3de5f1c1f9905e8cb07319ea15df73ac" "sleep" "infinity", kill_on_drop: false }`
[INFO] [stdout] cd16bcb827bcb2e9141b1c382a61f3f26ee0bd27e2f2455685062ece5e58cbb6
[INFO] running `Command { std: "docker" "start" "cd16bcb827bcb2e9141b1c382a61f3f26ee0bd27e2f2455685062ece5e58cbb6", kill_on_drop: false }`
[INFO] running `Command { std: "docker" "inspect" "cd16bcb827bcb2e9141b1c382a61f3f26ee0bd27e2f2455685062ece5e58cbb6", kill_on_drop: false }`
[INFO] running `Command { std: "docker" "exec" "-e" "SOURCE_DIR=/opt/rustwide/workdir" "-e" "CARGO_HOME=/opt/rustwide/cargo-home" "-e" "RUSTUP_HOME=/opt/rustwide/rustup-home" "-e" "CARGO_TARGET_DIR=/opt/rustwide/target" "-w" "/opt/rustwide/workdir" "--user" "0:0" "cd16bcb827bcb2e9141b1c382a61f3f26ee0bd27e2f2455685062ece5e58cbb6" "/opt/rustwide/cargo-home/bin/cargo" "+1.100.0-beta.1" "metadata" "--no-deps" "--format-version=1", kill_on_drop: false }`
[INFO] running `Command { std: "docker" "inspect" "cd16bcb827bcb2e9141b1c382a61f3f26ee0bd27e2f2455685062ece5e58cbb6", kill_on_drop: false }`
[INFO] running `Command { std: "docker" "exec" "-e" "SOURCE_DIR=/opt/rustwide/workdir" "-e" "CARGO_HOME=/opt/rustwide/cargo-home" "-e" "RUSTUP_HOME=/opt/rustwide/rustup-home" "-e" "CARGO_TARGET_DIR=/opt/rustwide/target" "-e" "CARGO_INCREMENTAL=0" "-e" "RUST_BACKTRACE=full" "-e" "RUSTFLAGS=--cap-lints=warn" "-e" "RUSTDOCFLAGS=--cap-lints=warn" "-w" "/opt/rustwide/workdir" "--user" "0:0" "cd16bcb827bcb2e9141b1c382a61f3f26ee0bd27e2f2455685062ece5e58cbb6" "/opt/rustwide/cargo-home/bin/cargo" "+1.100.0-beta.1" "build" "--frozen" "--message-format=json" "--release", kill_on_drop: false }`
[INFO] [stderr] warning: `package.homepage` is redundant with `package.repository`
[INFO] [stderr]   --> Cargo.toml:78:12
[INFO] [stderr]    |
[INFO] [stderr] 78 | homepage = "https://github.com/askama-rs/askama"
[INFO] [stderr]    |            ^^^^^^^^^^^^^^^^^^^^^^^^^^^^^^^^^^^^^
[INFO] [stderr] ...
[INFO] [stderr] 82 | repository = "https://github.com/askama-rs/askama"
[INFO] [stderr]    |              -------------------------------------
[INFO] [stderr]    |
[INFO] [stderr]    = note: `cargo::redundant_homepage` is set to `warn` by default
[INFO] [stderr] help: consider removing `package.homepage`
[INFO] [stderr] warning: `taitan-orm-askama` (manifest) generated 1 warning
[INFO] [stderr]    Compiling proc-macro2 v1.0.92
[INFO] [stderr]    Compiling unicode-ident v1.0.14
[INFO] [stderr]    Compiling serde v1.0.217
[INFO] [stderr]    Compiling memchr v2.7.4
[INFO] [stderr]    Compiling winnow v0.7.4
[INFO] [stderr]    Compiling rustc-hash v2.1.0
[INFO] [stderr]    Compiling quote v1.0.38
[INFO] [stderr]    Compiling syn v2.0.99
[INFO] [stderr]    Compiling serde_derive v1.0.217
[INFO] [stderr]    Compiling basic-toml v0.1.9
[INFO] [stderr]    Compiling askama_parser v0.14.0
[INFO] [stderr]    Compiling taitan-orm-askama v0.14.0 (/opt/rustwide/workdir)
[INFO] [stdout] warning: unused import: `fmt`
[INFO] [stdout]  --> src/generator.rs:9:11
[INFO] [stdout]   |
[INFO] [stdout] 9 | use std::{fmt, str};
[INFO] [stdout]   |           ^^^
[INFO] [stdout]   |
[INFO] [stdout]   = note: `#[warn(unused_imports)]` (part of `#[warn(unused)]`) on by default
[INFO] [stdout] 
[INFO] [stdout] 
[INFO] [stdout] warning: struct `ResultIter` is never constructed
[INFO] [stdout]    --> src/input.rs:611:8
[INFO] [stdout]     |
[INFO] [stdout] 611 | struct ResultIter<I, E>(Result<I, Option<E>>);
[INFO] [stdout]     |        ^^^^^^^^^^
[INFO] [stdout]     |
[INFO] [stdout]     = note: `#[warn(dead_code)]` (part of `#[warn(unused)]`) on by default
[INFO] [stdout] 
[INFO] [stdout] 
[INFO] [stderr]     Finished `release` profile [optimized] target(s) in 53.03s
[INFO] running `Command { std: "docker" "inspect" "cd16bcb827bcb2e9141b1c382a61f3f26ee0bd27e2f2455685062ece5e58cbb6", kill_on_drop: false }`
[INFO] running `Command { std: "docker" "exec" "-e" "SOURCE_DIR=/opt/rustwide/workdir" "-e" "CARGO_HOME=/opt/rustwide/cargo-home" "-e" "RUSTUP_HOME=/opt/rustwide/rustup-home" "-e" "CARGO_TARGET_DIR=/opt/rustwide/target" "-e" "CARGO_INCREMENTAL=0" "-e" "RUST_BACKTRACE=full" "-e" "RUSTFLAGS=--cap-lints=warn" "-e" "RUSTDOCFLAGS=--cap-lints=warn" "-w" "/opt/rustwide/workdir" "--user" "0:0" "cd16bcb827bcb2e9141b1c382a61f3f26ee0bd27e2f2455685062ece5e58cbb6" "/opt/rustwide/cargo-home/bin/cargo" "+1.100.0-beta.1" "test" "--frozen" "--no-run" "--message-format=json" "--release", kill_on_drop: false }`
[INFO] [stderr] warning: `package.homepage` is redundant with `package.repository`
[INFO] [stderr]   --> Cargo.toml:78:12
[INFO] [stderr]    |
[INFO] [stderr] 78 | homepage = "https://github.com/askama-rs/askama"
[INFO] [stderr]    |            ^^^^^^^^^^^^^^^^^^^^^^^^^^^^^^^^^^^^^
[INFO] [stderr] ...
[INFO] [stderr] 82 | repository = "https://github.com/askama-rs/askama"
[INFO] [stderr]    |              -------------------------------------
[INFO] [stderr]    |
[INFO] [stderr]    = note: `cargo::redundant_homepage` is set to `warn` by default
[INFO] [stderr] help: consider removing `package.homepage`
[INFO] [stderr] warning: `taitan-orm-askama` (manifest) generated 1 warning
[INFO] [stderr]    Compiling libc v0.2.169
[INFO] [stderr]    Compiling prettyplease v0.2.32
[INFO] [stderr]    Compiling unicode-width v0.2.0
[INFO] [stderr]    Compiling similar v2.7.0
[INFO] [stderr]    Compiling quote v1.0.38
[INFO] [stderr]    Compiling syn v2.0.99
[INFO] [stderr]    Compiling console v0.15.11
[INFO] [stderr]    Compiling taitan-orm-askama v0.14.0 (/opt/rustwide/workdir)
[INFO] [stdout] warning: unused import: `fmt`
[INFO] [stdout]  --> src/generator.rs:9:11
[INFO] [stdout]   |
[INFO] [stdout] 9 | use std::{fmt, str};
[INFO] [stdout]   |           ^^^
[INFO] [stdout]   |
[INFO] [stdout]   = note: `#[warn(unused_imports)]` (part of `#[warn(unused)]`) on by default
[INFO] [stdout] 
[INFO] [stdout] 
[INFO] [stdout] warning: struct `ResultIter` is never constructed
[INFO] [stdout]    --> src/input.rs:611:8
[INFO] [stdout]     |
[INFO] [stdout] 611 | struct ResultIter<I, E>(Result<I, Option<E>>);
[INFO] [stdout]     |        ^^^^^^^^^^
[INFO] [stdout]     |
[INFO] [stdout]     = note: `#[warn(dead_code)]` (part of `#[warn(unused)]`) on by default
[INFO] [stdout] 
[INFO] [stdout] 
[INFO] [stdout] warning: unused import: `fmt`
[INFO] [stdout]  --> src/generator.rs:9:11
[INFO] [stdout]   |
[INFO] [stdout] 9 | use std::{fmt, str};
[INFO] [stdout]   |           ^^^
[INFO] [stdout]   |
[INFO] [stdout]   = note: `#[warn(unused_imports)]` (part of `#[warn(unused)]`) on by default
[INFO] [stdout] 
[INFO] [stdout] 
[INFO] [stdout] warning: unexpected `cfg` condition value: `__standalone`
[INFO] [stdout]     --> src/tests.rs:1174:7
[INFO] [stdout]      |
[INFO] [stdout] 1174 | #[cfg(feature = "__standalone")]
[INFO] [stdout]      |       ^^^^^^^^^^^^^^^^^^^^^^^^
[INFO] [stdout]      |
[INFO] [stdout]      = note: expected values for `feature` are: `alloc`, `blocks`, `code-in-doc`, `config`, `default`, `derive`, `full`, `serde_json`, `std`, and `urlencode`
[INFO] [stdout]      = help: consider adding `__standalone` as a feature in `Cargo.toml`
[INFO] [stdout]      = note: see <https://doc.rust-lang.org/nightly/rustc/check-cfg/cargo-specifics.html> for more information about checking conditional configuration
[INFO] [stdout]      = note: `#[warn(unexpected_cfgs)]` on by default
[INFO] [stdout] 
[INFO] [stdout] 
[INFO] [stdout] warning: struct `ResultIter` is never constructed
[INFO] [stdout]    --> src/input.rs:611:8
[INFO] [stdout]     |
[INFO] [stdout] 611 | struct ResultIter<I, E>(Result<I, Option<E>>);
[INFO] [stdout]     |        ^^^^^^^^^^
[INFO] [stdout]     |
[INFO] [stdout]     = note: `#[warn(dead_code)]` (part of `#[warn(unused)]`) on by default
[INFO] [stdout] 
[INFO] [stdout] 
[INFO] [stderr]     Finished `release` profile [optimized] target(s) in 1m 15s
[INFO] running `Command { std: "docker" "inspect" "cd16bcb827bcb2e9141b1c382a61f3f26ee0bd27e2f2455685062ece5e58cbb6", kill_on_drop: false }`
[INFO] running `Command { std: "docker" "exec" "-e" "SOURCE_DIR=/opt/rustwide/workdir" "-e" "CARGO_HOME=/opt/rustwide/cargo-home" "-e" "RUSTUP_HOME=/opt/rustwide/rustup-home" "-e" "CARGO_TARGET_DIR=/opt/rustwide/target" "-e" "CARGO_INCREMENTAL=0" "-e" "RUST_BACKTRACE=full" "-e" "RUSTFLAGS=--cap-lints=warn" "-e" "RUSTDOCFLAGS=--cap-lints=warn" "-w" "/opt/rustwide/workdir" "--user" "0:0" "cd16bcb827bcb2e9141b1c382a61f3f26ee0bd27e2f2455685062ece5e58cbb6" "/opt/rustwide/cargo-home/bin/cargo" "+1.100.0-beta.1" "test" "--frozen" "--release", kill_on_drop: false }`
[INFO] [stderr] warning: `package.homepage` is redundant with `package.repository`
[INFO] [stderr]   --> Cargo.toml:78:12
[INFO] [stderr]    |
[INFO] [stderr] 78 | homepage = "https://github.com/askama-rs/askama"
[INFO] [stderr]    |            ^^^^^^^^^^^^^^^^^^^^^^^^^^^^^^^^^^^^^
[INFO] [stderr] ...
[INFO] [stderr] 82 | repository = "https://github.com/askama-rs/askama"
[INFO] [stderr]    |              -------------------------------------
[INFO] [stderr]    |
[INFO] [stderr]    = note: `cargo::redundant_homepage` is set to `warn` by default
[INFO] [stderr] help: consider removing `package.homepage`
[INFO] [stderr] warning: `taitan-orm-askama` (manifest) generated 1 warning
[INFO] [stderr] warning: unused import: `fmt`
[INFO] [stderr]  --> src/generator.rs:9:11
[INFO] [stderr]   |
[INFO] [stderr] 9 | use std::{fmt, str};
[INFO] [stderr]   |           ^^^
[INFO] [stderr]   |
[INFO] [stderr]   = note: `#[warn(unused_imports)]` (part of `#[warn(unused)]`) on by default
[INFO] [stderr] 
[INFO] [stderr] warning: struct `ResultIter` is never constructed
[INFO] [stderr]    --> src/input.rs:611:8
[INFO] [stderr]     |
[INFO] [stderr] 611 | struct ResultIter<I, E>(Result<I, Option<E>>);
[INFO] [stderr]     |        ^^^^^^^^^^
[INFO] [stderr]     |
[INFO] [stderr]     = note: `#[warn(dead_code)]` (part of `#[warn(unused)]`) on by default
[INFO] [stderr] 
[INFO] [stderr] warning: `taitan-orm-askama` (lib) generated 2 warnings (run `cargo fix --lib -p taitan-orm-askama` to apply 1 suggestion)
[INFO] [stderr] warning: unexpected `cfg` condition value: `__standalone`
[INFO] [stderr]     --> src/tests.rs:1174:7
[INFO] [stderr]      |
[INFO] [stderr] 1174 | #[cfg(feature = "__standalone")]
[INFO] [stderr]      |       ^^^^^^^^^^^^^^^^^^^^^^^^
[INFO] [stderr]      |
[INFO] [stderr]      = note: expected values for `feature` are: `alloc`, `blocks`, `code-in-doc`, `config`, `default`, `derive`, `full`, `serde_json`, `std`, and `urlencode`
[INFO] [stderr]      = help: consider adding `__standalone` as a feature in `Cargo.toml`
[INFO] [stderr]      = note: see <https://doc.rust-lang.org/nightly/rustc/check-cfg/cargo-specifics.html> for more information about checking conditional configuration
[INFO] [stderr]      = note: `#[warn(unexpected_cfgs)]` on by default
[INFO] [stderr] 
[INFO] [stderr] warning: `taitan-orm-askama` (lib test) generated 3 warnings (2 duplicates)
[INFO] [stderr]     Finished `release` profile [optimized] target(s) in 0.11s
[INFO] [stderr]      Running unittests src/lib.rs (/opt/rustwide/target/release/build/taitan-orm-askama/53870d854506d8ca/out/taitan_orm_askama-53870d854506d8ca)
[INFO] [stdout] 
[INFO] [stdout] running 28 tests
[INFO] [stdout] test config::tests::escape_modes ... ok
[INFO] [stdout] test config::tests::add_syntax_two ... ok
[INFO] [stdout] test config::tests::add_syntax ... ok
[INFO] [stdout] test config::tests::find_absolute ... ok
[INFO] [stdout] test config::tests::find_relative_nonexistent - should panic ... ok
[INFO] [stdout] test config::tests::find_relative_sub ... ok
[INFO] [stdout] test config::tests::duplicated_syntax_name_on_list - should panic ... ok
[INFO] [stdout] test config::tests::find_relative ... ok
[INFO] [stdout] test config::tests::longer_delimiters ... ok
[INFO] [stdout] test config::tests::test_default_config ... ok
[INFO] [stdout] test html::test_simple_html_string_escaping ... ok
[INFO] [stdout] test input::get_source ... ok
[INFO] [stdout] test config::tests::test_config_dirs ... ok
[INFO] [stdout] test config::tests::use_default_at_syntax_name - should panic ... ok
[INFO] [stdout] test config::tests::test_whitespace_in_template ... ok
[INFO] [stdout] test config::tests::test_whitespace_parsing ... ok
[INFO] [stdout] test config::tests::illegal_delimiters ... ok
[INFO] [stdout] test config::tests::is_not_exist_default_syntax - should panic ... ok
[INFO] [stdout] test tests::check_escaping_at_compile_time ... ok
[INFO] [stdout] test tests::check_includes_only_once ... ok
[INFO] [stdout] test tests::check_if_let ... ok
[INFO] [stdout] test tests::test_concat ... ok
[INFO] [stdout] test tests::test_with_config ... FAILED
[INFO] [stdout] test tests::check_if_let_chain ... ok
[INFO] [stdout] test tests::check_is_defined ... ok
[INFO] [stdout] test tests::check_bool_conditions ... ok
[INFO] [stdout] test tests::test_pluralize ... ok
[INFO] [stdout] test tests::extends_with_whitespace_control ... ok
[INFO] [stdout] 
[INFO] [stdout] failures:
[INFO] [stdout] 
[INFO] [stdout] ---- tests::test_with_config stdout ----
[INFO] [stdout] 
[INFO] [stdout] thread 'tests::test_with_config' (755) panicked at src/tests.rs:1165:18:
[INFO] [stdout] called `Result::unwrap()` on an `Err` value: Os { code: 2, kind: NotFound, message: "No such file or directory" }
[INFO] [stdout] stack backtrace:
[INFO] [stdout]    0:     0x5e8b6b008fe1 - <<std[617be2ca0a6fd877]::sys::backtrace::BacktraceLock>::print::DisplayBacktrace as core[a373ad73a504971]::fmt::Display>::fmt
[INFO] [stdout]    1:     0x5e8b6b01f8ca - core[a373ad73a504971]::fmt::write
[INFO] [stdout]    2:     0x5e8b6b00d33c - <alloc[2e1b2a31b91974c5]::vec::Vec<u8> as core[a373ad73a504971]::io::write::Write>::write_fmt
[INFO] [stdout]    3:     0x5e8b6afe42a6 - std[617be2ca0a6fd877]::panicking::default_hook::{closure#0}
[INFO] [stdout]    4:     0x5e8b6b000f69 - std[617be2ca0a6fd877]::panicking::default_hook
[INFO] [stdout]    5:     0x5e8b6adf7330 - test[aada8e7e76ba119b]::test_main_inner::{closure#0}
[INFO] [stdout]    6:     0x5e8b6b001292 - std[617be2ca0a6fd877]::panicking::panic_with_hook
[INFO] [stdout]    7:     0x5e8b6afe4352 - std[617be2ca0a6fd877]::panicking::panic_handler::{closure#0}
[INFO] [stdout]    8:     0x5e8b6afdcea9 - std[617be2ca0a6fd877]::sys::backtrace::__rust_end_short_backtrace::<std[617be2ca0a6fd877]::panicking::panic_handler::{closure#0}, !>
[INFO] [stdout]    9:     0x5e8b6afe4f5d - __rustc[ea4f61d10b84890b]::rust_begin_unwind
[INFO] [stdout]   10:     0x5e8b6b0200ac - core[a373ad73a504971]::panicking::panic_fmt
[INFO] [stdout]   11:     0x5e8b6b01fe82 - core[a373ad73a504971]::result::unwrap_failed
[INFO] [stdout]   12:     0x5e8b6adb8739 - <taitan_orm_askama[eb21657d9f1c5e12]::tests::test_with_config::{closure#0} as core[a373ad73a504971]::ops::function::FnOnce<()>>::call_once
[INFO] [stdout]   13:     0x5e8b6adea77b - test[aada8e7e76ba119b]::__rust_begin_short_backtrace::<core[a373ad73a504971]::result::Result<(), alloc[2e1b2a31b91974c5]::string::String>, fn() -> core[a373ad73a504971]::result::Result<(), alloc[2e1b2a31b91974c5]::string::String>>
[INFO] [stdout]   14:     0x5e8b6adf7955 - test[aada8e7e76ba119b]::run_test::{closure#0}
[INFO] [stdout]   15:     0x5e8b6adf1244 - std[617be2ca0a6fd877]::sys::backtrace::__rust_begin_short_backtrace::<test[aada8e7e76ba119b]::run_test::{closure#1}, ()>
[INFO] [stdout]   16:     0x5e8b6adfa9e2 - <std[617be2ca0a6fd877]::thread::lifecycle::spawn_unchecked<test[aada8e7e76ba119b]::run_test::{closure#1}, ()>::{closure#1} as core[a373ad73a504971]::ops::function::FnOnce<()>>::call_once::{shim:vtable#0}
[INFO] [stdout]   17:     0x5e8b6b00849f - <std[617be2ca0a6fd877]::sys::thread::unix::Thread>::new::thread_start
[INFO] [stdout]   18:     0x7e07cdef8dfa - <unknown>
[INFO] [stdout]   19:     0x7e07cdf8c3d4 - clone
[INFO] [stdout]   20:                0x0 - <unknown>
[INFO] [stdout] 
[INFO] [stdout] 
[INFO] [stdout] failures:
[INFO] [stdout]     tests::test_with_config
[INFO] [stdout] 
[INFO] [stdout] test result: FAILED. 27 passed; 1 failed; 0 ignored; 0 measured; 0 filtered out; finished in 0.06s
[INFO] [stdout] 
[INFO] [stderr] error: test failed, to rerun pass `--lib`
[INFO] running `Command { std: "docker" "inspect" "cd16bcb827bcb2e9141b1c382a61f3f26ee0bd27e2f2455685062ece5e58cbb6", kill_on_drop: false }`
[INFO] running `Command { std: "docker" "rm" "-f" "cd16bcb827bcb2e9141b1c382a61f3f26ee0bd27e2f2455685062ece5e58cbb6", kill_on_drop: false }`
[INFO] [stdout] cd16bcb827bcb2e9141b1c382a61f3f26ee0bd27e2f2455685062ece5e58cbb6
