[INFO] fetching crate tailtriage-controller 0.3.0...
[INFO] testing tailtriage-controller-0.3.0 against 1.99.0-beta.8+cargoflags=--release for beta-release-1.100-2
[INFO] extracting crate tailtriage-controller 0.3.0 into /workspace/builds/worker-3-tc1/source
[INFO] started tweaking crates.io crate tailtriage-controller 0.3.0
[INFO] removed 0 missing examples
[INFO] finished tweaking crates.io crate tailtriage-controller 0.3.0
[INFO] tweaked toml for crates.io crate tailtriage-controller 0.3.0 written to /workspace/builds/worker-3-tc1/source/Cargo.toml
[INFO] validating manifest of crates.io crate tailtriage-controller 0.3.0 on toolchain 1.99.0-beta.8
[INFO] running `Command { std: CARGO_HOME="/workspace/cargo-home" RUSTUP_HOME="/workspace/rustup-home" "/workspace/cargo-home/bin/cargo" "+1.99.0-beta.8" "metadata" "--manifest-path" "Cargo.toml" "--no-deps", kill_on_drop: false }`
[INFO] crate crates.io crate tailtriage-controller 0.3.0 already has a lockfile, it will not be regenerated
[INFO] running `Command { std: CARGO_HOME="/workspace/cargo-home" RUSTUP_HOME="/workspace/rustup-home" "/workspace/cargo-home/bin/cargo" "+1.99.0-beta.8" "fetch" "--manifest-path" "Cargo.toml", kill_on_drop: false }`
[INFO] [stderr]     Updating crates.io index
[INFO] [stderr]  Downloading crates ...
[INFO] [stderr]   Downloaded tailtriage-core v0.3.0
[INFO] [stderr]   Downloaded tailtriage-tokio v0.3.0
[INFO] running `Command { std: "docker" "create" "-v" "/var/lib/crater-agent-workspace/builds/worker-3-tc1/source:/opt/rustwide/workdir:ro,Z" "-v" "/var/lib/crater-agent-workspace/builds/worker-3-tc1/target:/opt/rustwide/target:rw,Z" "-v" "/var/lib/crater-agent-workspace/cargo-home:/opt/rustwide/cargo-home:ro,Z" "-v" "/var/lib/crater-agent-workspace/rustup-home:/opt/rustwide/rustup-home:ro,Z" "-m" "1610612736" "--network" "none" "ghcr.io/rust-lang/crates-build-env/linux@sha256:77db811e55d90add9212f6832c23229e3de5f1c1f9905e8cb07319ea15df73ac" "sleep" "infinity", kill_on_drop: false }`
[INFO] [stdout] d9522f0afc2002cabbc44682cab0172c2caad1231328da570a30735f91ed8d1e
[INFO] running `Command { std: "docker" "start" "d9522f0afc2002cabbc44682cab0172c2caad1231328da570a30735f91ed8d1e", kill_on_drop: false }`
[INFO] running `Command { std: "docker" "inspect" "d9522f0afc2002cabbc44682cab0172c2caad1231328da570a30735f91ed8d1e", kill_on_drop: false }`
[INFO] running `Command { std: "docker" "exec" "-e" "SOURCE_DIR=/opt/rustwide/workdir" "-e" "CARGO_HOME=/opt/rustwide/cargo-home" "-e" "RUSTUP_HOME=/opt/rustwide/rustup-home" "-e" "CARGO_TARGET_DIR=/opt/rustwide/target" "-w" "/opt/rustwide/workdir" "--user" "0:0" "d9522f0afc2002cabbc44682cab0172c2caad1231328da570a30735f91ed8d1e" "/opt/rustwide/cargo-home/bin/cargo" "+1.99.0-beta.8" "metadata" "--no-deps" "--format-version=1", kill_on_drop: false }`
[INFO] running `Command { std: "docker" "inspect" "d9522f0afc2002cabbc44682cab0172c2caad1231328da570a30735f91ed8d1e", kill_on_drop: false }`
[INFO] running `Command { std: "docker" "exec" "-e" "SOURCE_DIR=/opt/rustwide/workdir" "-e" "CARGO_HOME=/opt/rustwide/cargo-home" "-e" "RUSTUP_HOME=/opt/rustwide/rustup-home" "-e" "CARGO_TARGET_DIR=/opt/rustwide/target" "-e" "CARGO_INCREMENTAL=0" "-e" "RUST_BACKTRACE=full" "-e" "RUSTFLAGS=--cap-lints=warn" "-e" "RUSTDOCFLAGS=--cap-lints=warn" "-w" "/opt/rustwide/workdir" "--user" "0:0" "d9522f0afc2002cabbc44682cab0172c2caad1231328da570a30735f91ed8d1e" "/opt/rustwide/cargo-home/bin/cargo" "+1.99.0-beta.8" "build" "--frozen" "--message-format=json" "--release", kill_on_drop: false }`
[INFO] [stderr]    Compiling indexmap v2.14.0
[INFO] [stderr]    Compiling serde_json v1.0.149
[INFO] [stderr]    Compiling hostname v0.4.2
[INFO] [stderr]    Compiling tokio-macros v2.7.0
[INFO] [stderr]    Compiling uuid v1.23.1
[INFO] [stderr]    Compiling serde v1.0.228
[INFO] [stderr]    Compiling tokio v1.52.1
[INFO] [stderr]    Compiling toml_datetime v0.6.11
[INFO] [stderr]    Compiling serde_spanned v0.6.9
[INFO] [stderr]    Compiling tailtriage-core v0.3.0
[INFO] [stderr]    Compiling toml_edit v0.22.27
[INFO] [stderr]    Compiling tailtriage-tokio v0.3.0
[INFO] [stderr]    Compiling toml v0.8.23
[INFO] [stderr]    Compiling tailtriage-controller v0.3.0 (/opt/rustwide/workdir)
[INFO] [stderr]     Finished `release` profile [optimized] target(s) in 20.57s
[INFO] running `Command { std: "docker" "inspect" "d9522f0afc2002cabbc44682cab0172c2caad1231328da570a30735f91ed8d1e", kill_on_drop: false }`
[INFO] running `Command { std: "docker" "exec" "-e" "SOURCE_DIR=/opt/rustwide/workdir" "-e" "CARGO_HOME=/opt/rustwide/cargo-home" "-e" "RUSTUP_HOME=/opt/rustwide/rustup-home" "-e" "CARGO_TARGET_DIR=/opt/rustwide/target" "-e" "CARGO_INCREMENTAL=0" "-e" "RUST_BACKTRACE=full" "-e" "RUSTFLAGS=--cap-lints=warn" "-e" "RUSTDOCFLAGS=--cap-lints=warn" "-w" "/opt/rustwide/workdir" "--user" "0:0" "d9522f0afc2002cabbc44682cab0172c2caad1231328da570a30735f91ed8d1e" "/opt/rustwide/cargo-home/bin/cargo" "+1.99.0-beta.8" "test" "--frozen" "--no-run" "--message-format=json" "--release", kill_on_drop: false }`
[INFO] [stderr]    Compiling tokio v1.52.1
[INFO] [stderr]    Compiling tailtriage-tokio v0.3.0
[INFO] [stderr]    Compiling tailtriage-controller v0.3.0 (/opt/rustwide/workdir)
[INFO] [stderr]     Finished `release` profile [optimized] target(s) in 15.29s
[INFO] running `Command { std: "docker" "inspect" "d9522f0afc2002cabbc44682cab0172c2caad1231328da570a30735f91ed8d1e", kill_on_drop: false }`
[INFO] running `Command { std: "docker" "exec" "-e" "SOURCE_DIR=/opt/rustwide/workdir" "-e" "CARGO_HOME=/opt/rustwide/cargo-home" "-e" "RUSTUP_HOME=/opt/rustwide/rustup-home" "-e" "CARGO_TARGET_DIR=/opt/rustwide/target" "-e" "CARGO_INCREMENTAL=0" "-e" "RUST_BACKTRACE=full" "-e" "RUSTFLAGS=--cap-lints=warn" "-e" "RUSTDOCFLAGS=--cap-lints=warn" "-w" "/opt/rustwide/workdir" "--user" "0:0" "d9522f0afc2002cabbc44682cab0172c2caad1231328da570a30735f91ed8d1e" "/opt/rustwide/cargo-home/bin/cargo" "+1.99.0-beta.8" "test" "--frozen" "--release", kill_on_drop: false }`
[INFO] [stderr]     Finished `release` profile [optimized] target(s) in 0.09s
[INFO] [stderr]      Running unittests src/lib.rs (/opt/rustwide/target/release/deps/tailtriage_controller-873443bda53adb6e)
[INFO] [stdout] 
[INFO] [stdout] running 49 tests
[INFO] [stdout] test tests::blank_builder_and_blank_toml_service_name_fail_build ... ok
[INFO] [stdout] test tests::build_from_toml_initially_enabled_sampler_without_runtime_returns_initial_enable_error ... ok
[INFO] [stdout] test tests::blank_builder_service_name_without_config_fails_build ... ok
[INFO] [stdout] test tests::build_with_missing_config_path_returns_config_load_error ... ok
[INFO] [stdout] test tests::blank_builder_service_name_uses_non_blank_toml_service_name ... ok
[INFO] [stdout] test tests::build_from_toml_with_invalid_run_end_policy_kind_returns_parse_error ... ok
[INFO] [stdout] test tests::controller_recovers_after_poisoned_lifecycle_lock ... ok
[INFO] [stdout] test tests::build_from_toml_with_invalid_mode_returns_parse_error ... ok
[INFO] [stdout] test tests::build_from_toml_with_run_end_policy_table_missing_kind_returns_parse_error ... ok
[INFO] [stdout] test tests::auto_seal_policy_ends_generation_after_limits_hit ... ok
[INFO] [stdout] test tests::config_service_name_overrides_builder_service_name_when_present ... ok
[INFO] [stdout] test tests::build_from_toml_with_invalid_sink_type_returns_parse_error ... ok
[INFO] [stdout] test tests::completion_drain_finalizes_once_without_duplicate_side_effects ... ok
[INFO] [stdout] test tests::build_from_toml_initially_enabled_starts_generation_with_toml_activation_settings ... ok
[INFO] [stdout] test tests::default_policy_preserves_cheap_drop_after_saturation ... ok
[INFO] [stdout] test tests::active_generation_keeps_original_config_after_reload ... ok
[INFO] [stdout] test tests::auto_seal_then_next_enable_creates_fresh_generation ... ok
[INFO] [stdout] test tests::build_from_toml_with_blank_service_name_returns_empty_service_name_error ... ok
[INFO] [stdout] test tests::disabled_status_reports_next_generation ... ok
[INFO] [stdout] test tests::drain_finalization_sink_failure_is_observable_and_retriable ... ok
[INFO] [stdout] test tests::one_active_generation_at_a_time ... FAILED
[INFO] [stdout] test tests::enable_with_sampler_without_tokio_runtime_returns_missing_runtime_error ... ok
[INFO] [stdout] test tests::inert_disabled_request_id_contract_preserves_explicit_and_generates_fallback ... ok
[INFO] [stdout] test tests::active_generation_started_at_matches_underlying_run_metadata ... ok
[INFO] [stdout] test tests::drain_finalization_failure_allows_recovery_after_environment_fix ... ok
[INFO] [stdout] test tests::reload_updates_next_activation_template_only ... ok
[INFO] [stdout] test tests::enable_capture_disable_finalizes_generation ... ok
[INFO] [stdout] test tests::reload_config_after_config_file_deleted_returns_load_error ... ok
[INFO] [stdout] test tests::disabled_handle_and_completion_operations_are_noop ... ok
[INFO] [stdout] test tests::reload_config_validates_template_before_enable ... ok
[INFO] [stdout] test tests::disabled_begin_request_is_inert_and_never_joins_later_generation ... ok
[INFO] [stdout] test tests::drain_finalization_strict_lifecycle_failure_is_observable_and_retriable ... ok
[INFO] [stdout] test tests::toml_parses_windows_style_escaped_output_path ... ok
[INFO] [stdout] test tests::enable_disable_reenable_creates_distinct_generation_and_artifact ... ok
[INFO] [stdout] test tests::no_new_admissions_after_disable ... ok
[INFO] [stdout] test tests::inert_closing_request_id_contract_preserves_explicit_and_generates_fallback ... ok
[INFO] [stdout] test tests::queue_saturation_triggers_auto_seal_and_waits_for_inflight_drain ... ok
[INFO] [stdout] test tests::initially_enabled_build_starts_first_active_generation ... ok
[INFO] [stdout] test tests::try_reload_template_validates_before_enable ... ok
[INFO] [stdout] test tests::toml_parsing_success_and_failure ... ok
[INFO] [stdout] test tests::runtime_snapshot_saturation_triggers_auto_seal ... ok
[INFO] [stdout] test tests::request_started_before_disable_can_finish_after_disable ... ok
[INFO] [stdout] test tests::shutdown_active_generation_finalizes_and_disables_even_with_inflight_request ... ok
[INFO] [stdout] test tests::sparse_toml_uses_builder_fallbacks_and_activation_defaults ... ok
[INFO] [stdout] test tests::request_completion_remains_bound_to_original_generation_after_reenable ... ok
[INFO] [stdout] test tests::rapid_enable_disable_boundaries_keep_generation_isolation ... ok
[INFO] [stdout] test tests::armed_generation_with_sampler_disabled_keeps_sampler_metadata_empty ... ok
[INFO] [stdout] test tests::armed_generation_with_sampler_enabled_records_effective_metadata ... ok
[INFO] [stdout] test tests::sampler_stops_on_disarm_and_reenable_uses_fresh_generation_sampler_lifecycle ... ok
[INFO] [stdout] 
[INFO] [stdout] failures:
[INFO] [stdout] 
[INFO] [stdout] ---- tests::one_active_generation_at_a_time stdout ----
[INFO] [stdout] 
[INFO] [stdout] thread 'tests::one_active_generation_at_a_time' (612) panicked at src/lib.rs:2263:9:
[INFO] [stdout] assertion failed: matches!(controller.disable(), Ok(DisableOutcome::Finalized { .. }))
[INFO] [stdout] stack backtrace:
[INFO] [stdout]    0:     0x64a714181b41 - <<std[70759c8f55707aa4]::sys::backtrace::BacktraceLock>::print::DisplayBacktrace as core[df12db4294e9bfd3]::fmt::Display>::fmt
[INFO] [stdout]    1:     0x64a714197caa - core[df12db4294e9bfd3]::fmt::write
[INFO] [stdout]    2:     0x64a71418607c - <alloc[2182bb758b4b3781]::vec::Vec<u8> as core[df12db4294e9bfd3]::io::write::Write>::write_fmt
[INFO] [stdout]    3:     0x64a71415c166 - std[70759c8f55707aa4]::panicking::default_hook::{closure#0}
[INFO] [stdout]    4:     0x64a7141797b9 - std[70759c8f55707aa4]::panicking::default_hook
[INFO] [stdout]    5:     0x64a7140e0540 - test[9d35eded1c95d3be]::test_main_inner::<test[9d35eded1c95d3be]::test_main_static::{closure#0}>::{closure#0}
[INFO] [stdout]    6:     0x64a714179ae2 - std[70759c8f55707aa4]::panicking::panic_with_hook
[INFO] [stdout]    7:     0x64a71415c244 - std[70759c8f55707aa4]::panicking::panic_handler::{closure#0}
[INFO] [stdout]    8:     0x64a714154c89 - std[70759c8f55707aa4]::sys::backtrace::__rust_end_short_backtrace::<std[70759c8f55707aa4]::panicking::panic_handler::{closure#0}, !>
[INFO] [stdout]    9:     0x64a71415cefd - __rustc[8fa7c3cbc660c2b3]::rust_begin_unwind
[INFO] [stdout]   10:     0x64a71419840c - core[df12db4294e9bfd3]::panicking::panic_fmt
[INFO] [stdout]   11:     0x64a7141983d2 - core[df12db4294e9bfd3]::panicking::panic
[INFO] [stdout]   12:     0x64a71404f4c2 - tailtriage_controller[d7806f0f9718d9fe]::tests::one_active_generation_at_a_time
[INFO] [stdout]   13:     0x64a71407a6f9 - <tailtriage_controller[d7806f0f9718d9fe]::tests::one_active_generation_at_a_time::{closure#0} as core[df12db4294e9bfd3]::ops::function::FnOnce<()>>::call_once
[INFO] [stdout]   14:     0x64a7140d382b - test[9d35eded1c95d3be]::__rust_begin_short_backtrace::<core[df12db4294e9bfd3]::result::Result<(), alloc[2182bb758b4b3781]::string::String>, fn() -> core[df12db4294e9bfd3]::result::Result<(), alloc[2182bb758b4b3781]::string::String>>
[INFO] [stdout]   15:     0x64a7140e0e95 - test[9d35eded1c95d3be]::run_test::{closure#0}
[INFO] [stdout]   16:     0x64a7140da754 - std[70759c8f55707aa4]::sys::backtrace::__rust_begin_short_backtrace::<test[9d35eded1c95d3be]::run_test::{closure#1}, ()>
[INFO] [stdout]   17:     0x64a7140e3ff2 - <std[70759c8f55707aa4]::thread::lifecycle::spawn_unchecked<test[9d35eded1c95d3be]::run_test::{closure#1}, ()>::{closure#1} as core[df12db4294e9bfd3]::ops::function::FnOnce<()>>::call_once::{shim:vtable#0}
[INFO] [stdout]   18:     0x64a714180ea9 - <std[70759c8f55707aa4]::sys::thread::unix::Thread>::new::thread_start
[INFO] [stdout]   19:     0x78e6a487adfa - <unknown>
[INFO] [stdout]   20:     0x78e6a490e3d4 - clone
[INFO] [stdout]   21:                0x0 - <unknown>
[INFO] [stdout] 
[INFO] [stdout] 
[INFO] [stdout] failures:
[INFO] [stdout]     tests::one_active_generation_at_a_time
[INFO] [stdout] 
[INFO] [stdout] test result: FAILED. 48 passed; 1 failed; 0 ignored; 0 measured; 0 filtered out; finished in 0.16s
[INFO] [stdout] 
[INFO] [stderr] error: test failed, to rerun pass `--lib`
[INFO] running `Command { std: "docker" "inspect" "d9522f0afc2002cabbc44682cab0172c2caad1231328da570a30735f91ed8d1e", kill_on_drop: false }`
[INFO] running `Command { std: "docker" "rm" "-f" "d9522f0afc2002cabbc44682cab0172c2caad1231328da570a30735f91ed8d1e", kill_on_drop: false }`
[INFO] [stdout] d9522f0afc2002cabbc44682cab0172c2caad1231328da570a30735f91ed8d1e
