[INFO] fetching crate taidb 0.4.0...
[INFO] testing taidb-0.4.0 against 1.99.0-beta.8+cargoflags=--release for beta-release-1.100-2
[INFO] extracting crate taidb 0.4.0 into /workspace/builds/worker-2-tc1/source
[INFO] started tweaking crates.io crate taidb 0.4.0
[INFO] removed 0 missing examples
[INFO] removed 0 missing tests
[INFO] finished tweaking crates.io crate taidb 0.4.0
[INFO] tweaked toml for crates.io crate taidb 0.4.0 written to /workspace/builds/worker-2-tc1/source/Cargo.toml
[INFO] validating manifest of crates.io crate taidb 0.4.0 on toolchain 1.99.0-beta.8
[INFO] running `Command { std: CARGO_HOME="/workspace/cargo-home" RUSTUP_HOME="/workspace/rustup-home" "/workspace/cargo-home/bin/cargo" "+1.99.0-beta.8" "metadata" "--manifest-path" "Cargo.toml" "--no-deps", kill_on_drop: false }`
[INFO] crate crates.io crate taidb 0.4.0 already has a lockfile, it will not be regenerated
[INFO] running `Command { std: CARGO_HOME="/workspace/cargo-home" RUSTUP_HOME="/workspace/rustup-home" "/workspace/cargo-home/bin/cargo" "+1.99.0-beta.8" "fetch" "--manifest-path" "Cargo.toml", kill_on_drop: false }`
[INFO] [stderr]     Updating crates.io index
[INFO] [stderr]  Downloading crates ...
[INFO] [stderr]   Downloaded predicates v3.1.4
[INFO] [stderr]   Downloaded predicates-core v1.0.10
[INFO] [stderr]   Downloaded page_size v0.6.0
[INFO] [stderr]   Downloaded bitflags v2.11.1
[INFO] [stderr]   Downloaded wasm-bindgen-shared v0.2.118
[INFO] [stderr]   Downloaded plotters-backend v0.3.7
[INFO] [stderr]   Downloaded difflib v0.4.0
[INFO] [stderr]   Downloaded plotters-svg v0.3.7
[INFO] [stderr]   Downloaded criterion-plot v0.8.2
[INFO] [stderr]   Downloaded cast v0.3.0
[INFO] [stderr]   Downloaded fs2 v0.4.3
[INFO] [stderr]   Downloaded wasm-bindgen-macro v0.2.118
[INFO] [stderr]   Downloaded clap_lex v1.1.0
[INFO] [stderr]   Downloaded opaque-debug v0.3.1
[INFO] [stderr]   Downloaded oorandom v11.1.5
[INFO] [stderr]   Downloaded alloca v0.4.0
[INFO] [stderr]   Downloaded universal-hash v0.5.1
[INFO] [stderr]   Downloaded inout v0.1.4
[INFO] [stderr]   Downloaded aead v0.5.2
[INFO] [stderr]   Downloaded wait-timeout v0.2.1
[INFO] [stderr]   Downloaded predicates-tree v1.0.13
[INFO] [stderr]   Downloaded termtree v0.5.1
[INFO] [stderr]   Downloaded float-cmp v0.10.0
[INFO] [stderr]   Downloaded normalize-line-endings v0.3.0
[INFO] [stderr]   Downloaded memmap2 v0.9.10
[INFO] [stderr]   Downloaded tinytemplate v1.2.1
[INFO] [stderr]   Downloaded either v1.15.0
[INFO] [stderr]   Downloaded clap_derive v4.6.1
[INFO] [stderr]   Downloaded poly1305 v0.8.0
[INFO] [stderr]   Downloaded cipher v0.4.4
[INFO] [stderr]   Downloaded chacha20 v0.9.1
[INFO] [stderr]   Downloaded anes v0.1.6
[INFO] [stderr]   Downloaded assert_cmd v2.2.1
[INFO] [stderr]   Downloaded cc v1.2.60
[INFO] [stderr]   Downloaded hashbrown v0.17.0
[INFO] [stderr]   Downloaded wasm-bindgen-macro-support v0.2.118
[INFO] [stderr]   Downloaded clap v4.6.1
[INFO] [stderr]   Downloaded wasm-bindgen v0.2.118
[INFO] [stderr]   Downloaded chacha20poly1305 v0.10.1
[INFO] [stderr]   Downloaded rayon-core v1.13.0
[INFO] [stderr]   Downloaded zerocopy-derive v0.8.48
[INFO] [stderr]   Downloaded wasip2 v1.0.3+wasi-0.2.9
[INFO] [stderr]   Downloaded plotters v0.3.7
[INFO] [stderr]   Downloaded js-sys v0.3.95
[INFO] [stderr]   Downloaded typenum v1.20.0
[INFO] [stderr]   Downloaded criterion v0.8.2
[INFO] [stderr]   Downloaded regex v1.12.3
[INFO] [stderr]   Downloaded clap_builder v4.6.0
[INFO] [stderr]   Downloaded rayon v1.12.0
[INFO] [stderr]   Downloaded zerocopy v0.8.48
[INFO] [stderr]   Downloaded bstr v1.12.1
[INFO] [stderr]   Downloaded regex-syntax v0.8.10
[INFO] [stderr]   Downloaded web-sys v0.3.95
[INFO] running `Command { std: "docker" "create" "-v" "/var/lib/crater-agent-workspace/builds/worker-2-tc1/source:/opt/rustwide/workdir:ro,Z" "-v" "/var/lib/crater-agent-workspace/builds/worker-2-tc1/target:/opt/rustwide/target:rw,Z" "-v" "/var/lib/crater-agent-workspace/cargo-home:/opt/rustwide/cargo-home:ro,Z" "-v" "/var/lib/crater-agent-workspace/rustup-home:/opt/rustwide/rustup-home:ro,Z" "-m" "1610612736" "--network" "none" "ghcr.io/rust-lang/crates-build-env/linux@sha256:77db811e55d90add9212f6832c23229e3de5f1c1f9905e8cb07319ea15df73ac" "sleep" "infinity", kill_on_drop: false }`
[INFO] [stdout] 90eec8cca56716e05ee26f89be42254d633eee2a376ea86cb37c9d2c3610e85d
[INFO] running `Command { std: "docker" "start" "90eec8cca56716e05ee26f89be42254d633eee2a376ea86cb37c9d2c3610e85d", kill_on_drop: false }`
[INFO] running `Command { std: "docker" "inspect" "90eec8cca56716e05ee26f89be42254d633eee2a376ea86cb37c9d2c3610e85d", kill_on_drop: false }`
[INFO] running `Command { std: "docker" "exec" "-e" "SOURCE_DIR=/opt/rustwide/workdir" "-e" "CARGO_HOME=/opt/rustwide/cargo-home" "-e" "RUSTUP_HOME=/opt/rustwide/rustup-home" "-e" "CARGO_TARGET_DIR=/opt/rustwide/target" "-w" "/opt/rustwide/workdir" "--user" "0:0" "90eec8cca56716e05ee26f89be42254d633eee2a376ea86cb37c9d2c3610e85d" "/opt/rustwide/cargo-home/bin/cargo" "+1.99.0-beta.8" "metadata" "--no-deps" "--format-version=1", kill_on_drop: false }`
[INFO] running `Command { std: "docker" "inspect" "90eec8cca56716e05ee26f89be42254d633eee2a376ea86cb37c9d2c3610e85d", kill_on_drop: false }`
[INFO] running `Command { std: "docker" "exec" "-e" "SOURCE_DIR=/opt/rustwide/workdir" "-e" "CARGO_HOME=/opt/rustwide/cargo-home" "-e" "RUSTUP_HOME=/opt/rustwide/rustup-home" "-e" "CARGO_TARGET_DIR=/opt/rustwide/target" "-e" "CARGO_INCREMENTAL=0" "-e" "RUST_BACKTRACE=full" "-e" "RUSTFLAGS=--cap-lints=warn" "-e" "RUSTDOCFLAGS=--cap-lints=warn" "-w" "/opt/rustwide/workdir" "--user" "0:0" "90eec8cca56716e05ee26f89be42254d633eee2a376ea86cb37c9d2c3610e85d" "/opt/rustwide/cargo-home/bin/cargo" "+1.99.0-beta.8" "build" "--frozen" "--message-format=json" "--release", kill_on_drop: false }`
[INFO] [stderr]    Compiling libc v0.2.186
[INFO] [stderr]    Compiling cfg-if v1.0.4
[INFO] [stderr]    Compiling version_check v0.9.5
[INFO] [stderr]    Compiling proc-macro2 v1.0.106
[INFO] [stderr]    Compiling quote v1.0.45
[INFO] [stderr]    Compiling unicode-ident v1.0.24
[INFO] [stderr]    Compiling typenum v1.20.0
[INFO] [stderr]    Compiling shlex v1.3.0
[INFO] [stderr]    Compiling find-msvc-tools v0.1.9
[INFO] [stderr]    Compiling pkg-config v0.3.33
[INFO] [stderr]    Compiling utf8parse v0.2.2
[INFO] [stderr]    Compiling serde_core v1.0.228
[INFO] [stderr]    Compiling anstyle-query v1.1.5
[INFO] [stderr]    Compiling zeroize v1.8.2
[INFO] [stderr]    Compiling anstyle v1.0.14
[INFO] [stderr]    Compiling zmij v1.0.21
[INFO] [stderr]    Compiling cpufeatures v0.2.17
[INFO] [stderr]    Compiling is_terminal_polyfill v1.70.2
[INFO] [stderr]    Compiling subtle v2.6.1
[INFO] [stderr]    Compiling anstyle-parse v1.0.0
[INFO] [stderr]    Compiling colorchoice v1.0.5
[INFO] [stderr]    Compiling zstd-safe v7.2.4
[INFO] [stderr]    Compiling heck v0.5.0
[INFO] [stderr]    Compiling strsim v0.11.1
[INFO] [stderr]    Compiling generic-array v0.14.7
[INFO] [stderr]    Compiling clap_lex v1.1.0
[INFO] [stderr]    Compiling getrandom v0.4.2
[INFO] [stderr]    Compiling serde v1.0.228
[INFO] [stderr]    Compiling opaque-debug v0.3.1
[INFO] [stderr]    Compiling crc32fast v1.5.0
[INFO] [stderr]    Compiling thiserror v2.0.18
[INFO] [stderr]    Compiling serde_json v1.0.149
[INFO] [stderr]    Compiling memchr v2.8.0
[INFO] [stderr]    Compiling anstream v1.0.0
[INFO] [stderr]    Compiling itoa v1.0.18
[INFO] [stderr]    Compiling base64 v0.22.1
[INFO] [stderr]    Compiling clap_builder v4.6.0
[INFO] [stderr]    Compiling syn v2.0.117
[INFO] [stderr]    Compiling jobserver v0.1.34
[INFO] [stderr]    Compiling getrandom v0.2.17
[INFO] [stderr]    Compiling fs2 v0.4.3
[INFO] [stderr]    Compiling memmap2 v0.9.10
[INFO] [stderr]    Compiling rand_core v0.6.4
[INFO] [stderr]    Compiling inout v0.1.4
[INFO] [stderr]    Compiling crypto-common v0.1.7
[INFO] [stderr]    Compiling cc v1.2.60
[INFO] [stderr]    Compiling cipher v0.4.4
[INFO] [stderr]    Compiling universal-hash v0.5.1
[INFO] [stderr]    Compiling aead v0.5.2
[INFO] [stderr]    Compiling poly1305 v0.8.0
[INFO] [stderr]    Compiling chacha20 v0.9.1
[INFO] [stderr]    Compiling chacha20poly1305 v0.10.1
[INFO] [stderr]    Compiling zstd-sys v2.0.16+zstd.1.5.7
[INFO] [stderr]    Compiling thiserror-impl v2.0.18
[INFO] [stderr]    Compiling clap_derive v4.6.1
[INFO] [stderr]    Compiling serde_derive v1.0.228
[INFO] [stderr]    Compiling clap v4.6.1
[INFO] [stderr]    Compiling zstd v0.13.3
[INFO] [stderr]    Compiling taidb v0.4.0 (/opt/rustwide/workdir)
[INFO] [stderr]     Finished `release` profile [optimized] target(s) in 1m 12s
[INFO] running `Command { std: "docker" "inspect" "90eec8cca56716e05ee26f89be42254d633eee2a376ea86cb37c9d2c3610e85d", kill_on_drop: false }`
[INFO] running `Command { std: "docker" "exec" "-e" "SOURCE_DIR=/opt/rustwide/workdir" "-e" "CARGO_HOME=/opt/rustwide/cargo-home" "-e" "RUSTUP_HOME=/opt/rustwide/rustup-home" "-e" "CARGO_TARGET_DIR=/opt/rustwide/target" "-e" "CARGO_INCREMENTAL=0" "-e" "RUST_BACKTRACE=full" "-e" "RUSTFLAGS=--cap-lints=warn" "-e" "RUSTDOCFLAGS=--cap-lints=warn" "-w" "/opt/rustwide/workdir" "--user" "0:0" "90eec8cca56716e05ee26f89be42254d633eee2a376ea86cb37c9d2c3610e85d" "/opt/rustwide/cargo-home/bin/cargo" "+1.99.0-beta.8" "test" "--frozen" "--no-run" "--message-format=json" "--release", kill_on_drop: false }`
[INFO] [stderr] warning: output filename collision at /opt/rustwide/target/release/deps/libtaidb.rlib
[INFO] [stderr]   |
[INFO] [stderr]   = note: the lib target `taidb` in package `taidb v0.4.0 (/opt/rustwide/workdir)` has the same output filename as the lib target `taidb` in package `taidb v0.4.0 (/opt/rustwide/workdir)`
[INFO] [stderr]   = note: this may become a hard error in the future; see <https://github.com/rust-lang/cargo/issues/6313>
[INFO] [stderr]   = help: consider changing their names to be unique or compiling them separately
[INFO] [stderr] warning: output filename collision at /opt/rustwide/target/release/deps/libtaidb.so
[INFO] [stderr]   |
[INFO] [stderr]   = note: the lib target `taidb` in package `taidb v0.4.0 (/opt/rustwide/workdir)` has the same output filename as the lib target `taidb` in package `taidb v0.4.0 (/opt/rustwide/workdir)`
[INFO] [stderr]   = note: this may become a hard error in the future; see <https://github.com/rust-lang/cargo/issues/6313>
[INFO] [stderr]   = help: consider changing their names to be unique or compiling them separately
[INFO] [stderr] warning: output filename collision at /opt/rustwide/target/release/deps/libtaidb.so.dwp
[INFO] [stderr]   |
[INFO] [stderr]   = note: the lib target `taidb` in package `taidb v0.4.0 (/opt/rustwide/workdir)` has the same output filename as the lib target `taidb` in package `taidb v0.4.0 (/opt/rustwide/workdir)`
[INFO] [stderr]   = note: this may become a hard error in the future; see <https://github.com/rust-lang/cargo/issues/6313>
[INFO] [stderr]   = help: consider changing their names to be unique or compiling them separately
[INFO] [stderr] warning: output filename collision at /opt/rustwide/target/release/deps/libtaidb.a
[INFO] [stderr]   |
[INFO] [stderr]   = note: the lib target `taidb` in package `taidb v0.4.0 (/opt/rustwide/workdir)` has the same output filename as the lib target `taidb` in package `taidb v0.4.0 (/opt/rustwide/workdir)`
[INFO] [stderr]   = note: this may become a hard error in the future; see <https://github.com/rust-lang/cargo/issues/6313>
[INFO] [stderr]   = help: consider changing their names to be unique or compiling them separately
[INFO] [stderr]    Compiling libc v0.2.186
[INFO] [stderr]    Compiling cfg-if v1.0.4
[INFO] [stderr]    Compiling serde_core v1.0.228
[INFO] [stderr]    Compiling typenum v1.20.0
[INFO] [stderr]    Compiling memchr v2.8.0
[INFO] [stderr]    Compiling serde v1.0.228
[INFO] [stderr]    Compiling autocfg v1.5.0
[INFO] [stderr]    Compiling crossbeam-utils v0.8.21
[INFO] [stderr]    Compiling anstyle v1.0.14
[INFO] [stderr]    Compiling zerocopy v0.8.48
[INFO] [stderr]    Compiling regex-syntax v0.8.10
[INFO] [stderr]    Compiling utf8parse v0.2.2
[INFO] [stderr]    Compiling zerocopy-derive v0.8.48
[INFO] [stderr]    Compiling colorchoice v1.0.5
[INFO] [stderr]    Compiling anstyle-query v1.1.5
[INFO] [stderr]    Compiling is_terminal_polyfill v1.70.2
[INFO] [stderr]    Compiling anstyle-parse v1.0.0
[INFO] [stderr]    Compiling zmij v1.0.21
[INFO] [stderr]    Compiling strsim v0.11.1
[INFO] [stderr]    Compiling clap_lex v1.1.0
[INFO] [stderr]    Compiling cpufeatures v0.2.17
[INFO] [stderr]    Compiling itoa v1.0.18
[INFO] [stderr]    Compiling rayon-core v1.13.0
[INFO] [stderr]    Compiling subtle v2.6.1
[INFO] [stderr]    Compiling anstream v1.0.0
[INFO] [stderr]    Compiling either v1.15.0
[INFO] [stderr]    Compiling zeroize v1.8.2
[INFO] [stderr]    Compiling zstd-sys v2.0.16+zstd.1.5.7
[INFO] [stderr]    Compiling alloca v0.4.0
[INFO] [stderr]    Compiling plotters-backend v0.3.7
[INFO] [stderr]    Compiling opaque-debug v0.3.1
[INFO] [stderr]    Compiling predicates-core v1.0.10
[INFO] [stderr]    Compiling rustix v1.1.4
[INFO] [stderr]    Compiling ciborium-io v0.2.2
[INFO] [stderr]    Compiling clap_builder v4.6.0
[INFO] [stderr]    Compiling itertools v0.13.0
[INFO] [stderr]    Compiling num-traits v0.2.19
[INFO] [stderr]    Compiling zstd-safe v7.2.4
[INFO] [stderr]    Compiling aho-corasick v1.1.4
[INFO] [stderr]    Compiling plotters-svg v0.3.7
[INFO] [stderr]    Compiling linux-raw-sys v0.12.1
[INFO] [stderr]    Compiling cast v0.3.0
[INFO] [stderr]    Compiling difflib v0.4.0
[INFO] [stderr]    Compiling termtree v0.5.1
[INFO] [stderr]    Compiling assert_cmd v2.2.1
[INFO] [stderr]    Compiling bitflags v2.11.1
[INFO] [stderr]    Compiling normalize-line-endings v0.3.0
[INFO] [stderr]    Compiling same-file v1.0.6
[INFO] [stderr]    Compiling walkdir v2.5.0
[INFO] [stderr]    Compiling predicates-tree v1.0.13
[INFO] [stderr]    Compiling generic-array v0.14.7
[INFO] [stderr]    Compiling crossbeam-epoch v0.9.18
[INFO] [stderr]    Compiling getrandom v0.2.17
[INFO] [stderr]    Compiling rand_core v0.6.4
[INFO] [stderr]    Compiling getrandom v0.4.2
[INFO] [stderr]    Compiling page_size v0.6.0
[INFO] [stderr]    Compiling crossbeam-deque v0.8.6
[INFO] [stderr]    Compiling fs2 v0.4.3
[INFO] [stderr]    Compiling memmap2 v0.9.10
[INFO] [stderr]    Compiling wait-timeout v0.2.1
[INFO] [stderr]    Compiling zstd v0.13.3
[INFO] [stderr]    Compiling crc32fast v1.5.0
[INFO] [stderr]    Compiling thiserror v2.0.18
[INFO] [stderr]    Compiling crypto-common v0.1.7
[INFO] [stderr]    Compiling inout v0.1.4
[INFO] [stderr]    Compiling once_cell v1.21.4
[INFO] [stderr]    Compiling cipher v0.4.4
[INFO] [stderr]    Compiling universal-hash v0.5.1
[INFO] [stderr]    Compiling poly1305 v0.8.0
[INFO] [stderr]    Compiling aead v0.5.2
[INFO] [stderr]    Compiling oorandom v11.1.5
[INFO] [stderr]    Compiling float-cmp v0.10.0
[INFO] [stderr]    Compiling plotters v0.3.7
[INFO] [stderr]    Compiling anes v0.1.6
[INFO] [stderr]    Compiling fastrand v2.4.1
[INFO] [stderr]    Compiling base64 v0.22.1
[INFO] [stderr]    Compiling chacha20 v0.9.1
[INFO] [stderr]    Compiling chacha20poly1305 v0.10.1
[INFO] [stderr]    Compiling rayon v1.12.0
[INFO] [stderr]    Compiling criterion-plot v0.8.2
[INFO] [stderr]    Compiling regex-automata v0.4.14
[INFO] [stderr]    Compiling tempfile v3.27.0
[INFO] [stderr]    Compiling serde_json v1.0.149
[INFO] [stderr]    Compiling clap v4.6.1
[INFO] [stderr]    Compiling tinytemplate v1.2.1
[INFO] [stderr]    Compiling half v2.7.1
[INFO] [stderr]    Compiling ciborium-ll v0.2.2
[INFO] [stderr]    Compiling ciborium v0.2.2
[INFO] [stderr]    Compiling taidb v0.4.0 (/opt/rustwide/workdir)
[INFO] [stderr]    Compiling regex v1.12.3
[INFO] [stderr]    Compiling bstr v1.12.1
[INFO] [stderr]    Compiling predicates v3.1.4
[INFO] [stderr]    Compiling criterion v0.8.2
[INFO] [stderr]     Finished `release` profile [optimized] target(s) in 2m 02s
[INFO] running `Command { std: "docker" "inspect" "90eec8cca56716e05ee26f89be42254d633eee2a376ea86cb37c9d2c3610e85d", kill_on_drop: false }`
[INFO] running `Command { std: "docker" "exec" "-e" "SOURCE_DIR=/opt/rustwide/workdir" "-e" "CARGO_HOME=/opt/rustwide/cargo-home" "-e" "RUSTUP_HOME=/opt/rustwide/rustup-home" "-e" "CARGO_TARGET_DIR=/opt/rustwide/target" "-e" "CARGO_INCREMENTAL=0" "-e" "RUST_BACKTRACE=full" "-e" "RUSTFLAGS=--cap-lints=warn" "-e" "RUSTDOCFLAGS=--cap-lints=warn" "-w" "/opt/rustwide/workdir" "--user" "0:0" "90eec8cca56716e05ee26f89be42254d633eee2a376ea86cb37c9d2c3610e85d" "/opt/rustwide/cargo-home/bin/cargo" "+1.99.0-beta.8" "test" "--frozen" "--release", kill_on_drop: false }`
[INFO] [stderr] warning: output filename collision at /opt/rustwide/target/release/deps/libtaidb.rlib
[INFO] [stderr]   |
[INFO] [stderr]   = note: the lib target `taidb` in package `taidb v0.4.0 (/opt/rustwide/workdir)` has the same output filename as the lib target `taidb` in package `taidb v0.4.0 (/opt/rustwide/workdir)`
[INFO] [stderr]   = note: this may become a hard error in the future; see <https://github.com/rust-lang/cargo/issues/6313>
[INFO] [stderr]   = help: consider changing their names to be unique or compiling them separately
[INFO] [stderr] warning: output filename collision at /opt/rustwide/target/release/deps/libtaidb.so
[INFO] [stderr]   |
[INFO] [stderr]   = note: the lib target `taidb` in package `taidb v0.4.0 (/opt/rustwide/workdir)` has the same output filename as the lib target `taidb` in package `taidb v0.4.0 (/opt/rustwide/workdir)`
[INFO] [stderr]   = note: this may become a hard error in the future; see <https://github.com/rust-lang/cargo/issues/6313>
[INFO] [stderr]   = help: consider changing their names to be unique or compiling them separately
[INFO] [stderr] warning: output filename collision at /opt/rustwide/target/release/deps/libtaidb.so.dwp
[INFO] [stderr]   |
[INFO] [stderr]   = note: the lib target `taidb` in package `taidb v0.4.0 (/opt/rustwide/workdir)` has the same output filename as the lib target `taidb` in package `taidb v0.4.0 (/opt/rustwide/workdir)`
[INFO] [stderr]   = note: this may become a hard error in the future; see <https://github.com/rust-lang/cargo/issues/6313>
[INFO] [stderr]   = help: consider changing their names to be unique or compiling them separately
[INFO] [stderr] warning: output filename collision at /opt/rustwide/target/release/deps/libtaidb.a
[INFO] [stderr]   |
[INFO] [stderr]   = note: the lib target `taidb` in package `taidb v0.4.0 (/opt/rustwide/workdir)` has the same output filename as the lib target `taidb` in package `taidb v0.4.0 (/opt/rustwide/workdir)`
[INFO] [stderr]   = note: this may become a hard error in the future; see <https://github.com/rust-lang/cargo/issues/6313>
[INFO] [stderr]   = help: consider changing their names to be unique or compiling them separately
[INFO] [stderr]    Compiling taidb v0.4.0 (/opt/rustwide/workdir)
[INFO] [stderr]     Finished `release` profile [optimized] target(s) in 6.22s
[INFO] [stderr]      Running unittests src/lib.rs (/opt/rustwide/target/release/deps/taidb-cc0bdb09401e1cf5)
[INFO] [stdout] 
[INFO] [stdout] running 0 tests
[INFO] [stdout] 
[INFO] [stdout] test result: ok. 0 passed; 0 failed; 0 ignored; 0 measured; 0 filtered out; finished in 0.00s
[INFO] [stdout] 
[INFO] [stderr]      Running unittests src/bin/taidb.rs (/opt/rustwide/target/release/deps/taidb-01c200bc6d9c66a2)
[INFO] [stderr]      Running tests/cli_tests.rs (/opt/rustwide/target/release/deps/cli_tests-7732ed6efc220dda)
[INFO] [stdout] 
[INFO] [stdout] running 0 tests
[INFO] [stdout] 
[INFO] [stdout] test result: ok. 0 passed; 0 failed; 0 ignored; 0 measured; 0 filtered out; finished in 0.00s
[INFO] [stdout] 
[INFO] [stdout] 
[INFO] [stdout] running 11 tests
[INFO] [stdout] test cli_enterprise_bench_exercises_mixed_workload ... ok
[INFO] [stdout] test cli_rejects_second_writer_while_database_is_locked ... ok
[INFO] [stdout] test cli_compression_bench_compares_modes ... ok
[INFO] [stdout] test cli_uses_zstd_compression_and_large_bench ... ok
[INFO] [stdout] test cli_vector_search ... ok
[INFO] [stdout] test cli_global_read_only_reads_and_rejects_writes ... ok
[INFO] [stdout] test cli_put_get_stats ... ok
[INFO] [stdout] test cli_keygen_encrypt_verify_and_read_only_snapshot ... ok
[INFO] [stdout] test cli_delete_prefix_and_snapshot ... ok
[INFO] [stdout] test cli_imports_jsonl_csv_directory_and_database ... ok
[INFO] [stderr]      Running tests/db_tests.rs (/opt/rustwide/target/release/deps/db_tests-ddd6964a7f249530)
[INFO] [stdout] test cli_repack_applies_dense_compression ... ok
[INFO] [stdout] 
[INFO] [stdout] test result: ok. 11 passed; 0 failed; 0 ignored; 0 measured; 0 filtered out; finished in 0.36s
[INFO] [stdout] 
[INFO] [stdout] 
[INFO] [stdout] running 45 tests
[INFO] [stdout] test engine_configure_and_scan_are_string_friendly ... ok
[INFO] [stdout] test checksum_corruption_is_rejected ... ok
[INFO] [stdout] test compression_benchmark_reports_ratio_and_speed ... ok
[INFO] [stdout] test corrupted_database_file_header_checksum_is_rejected ... ok
[INFO] [stdout] test engine_text_batch_reports_operations ... ok
[INFO] [stdout] test explicit_read_only_open_reads_without_write_access ... ok
[INFO] [stdout] test get_with_reads_value_without_forcing_vec_api ... ok
[INFO] [stdout] test list_keys_returns_metadata ... ok
[INFO] [stdout] test invalid_inputs_are_rejected ... ok
[INFO] [stdout] test options_builder_configures_common_modes ... ok
[INFO] [stdout] test engine_config_read_only_shortcut_reads_existing_database ... ok
[INFO] [stdout] test new_database_writes_file_header_and_reopens ... ok
[INFO] [stdout] test multiple_explicit_read_only_handles_can_share_database ... ok
[INFO] [stdout] test encrypted_read_only_open_requires_existing_guard ... ok
[INFO] [stdout] test compact_ignores_stale_legacy_temp_path_that_aliases_database ... ok
[INFO] [stdout] test large_benchmark_smoke_test ... ok
[INFO] [stdout] test partial_database_file_header_is_rewritten_as_headered_empty_database ... ok
[INFO] [stdout] test compact_rewrites_only_live_records ... ok
[INFO] [stdout] test encrypted_database_round_trips_without_plaintext_leak ... ok
[INFO] [stdout] test prefix_listing_returns_sorted_top_limit_without_write_index ... ok
[INFO] [stdout] test put_get_delete_survives_reopen ... ok
[INFO] [stdout] test scan_range_uses_inclusive_start_and_exclusive_end ... ok
[INFO] [stdout] test encrypted_payload_tampering_is_rejected_by_aead ... ok
[INFO] [stdout] test unsupported_database_feature_flags_are_rejected ... ok
[INFO] [stdout] test read_only_partial_tail_returns_deterministic_corruption ... FAILED
[INFO] [stdout] test compressed_payload_corruption_is_rejected ... ok
[INFO] [stdout] test unsupported_database_format_version_is_rejected ... ok
[INFO] [stdout] test partial_tail_is_truncated_on_recovery ... ok
[INFO] [stdout] test scan_prefix_cursor_iterates_sorted_limited_keys ... ok
[INFO] [stdout] test vector_search_orders_by_cosine_similarity ... ok
[INFO] [stdout] test snapshot_rejects_same_path_without_truncating_database ... ok
[INFO] [stdout] test delete_prefix_and_snapshot_are_consistent ... ok
[INFO] [stdout] test write_batch_reopens_and_get_many_matches ... ok
[INFO] [stdout] test repack_rewrites_live_records_with_current_compression ... ok
[INFO] [stdout] test encrypted_snapshot_copies_guard_and_can_be_read_only ... ok
[INFO] [stdout] test legacy_0_1_database_without_file_header_still_opens_and_can_migrate_on_compact ... ok
[INFO] [stdout] test read_only_open_does_not_create_missing_database_or_parent ... ok
[INFO] [stdout] test short_partial_legacy_record_recovers_to_headered_empty_database ... ok
[INFO] [stdout] test zstd_compression_round_trips_and_reports_savings ... ok
[INFO] [stdout] test enterprise_benchmark_mixed_encrypted_workload_verifies ... ok
[INFO] [stdout] test wrong_encryption_key_is_rejected_by_guard ... ok
[INFO] [stdout] test snapshot_stays_consistent_after_more_writes_and_compaction ... ok
[INFO] [stdout] test randomized_model_matches_hashmap_after_reopen_and_compact ... ok
[INFO] [stdout] test vector_search_stress_matches_model_after_reopen_compact_and_encryption ... ok
[INFO] [stdout] test crash_recovery_accepts_every_prefix_truncation_of_batched_log ... ok
[INFO] [stderr] error: test failed, to rerun pass `--test db_tests`
[INFO] [stdout] 
[INFO] [stdout] failures:
[INFO] [stdout] 
[INFO] [stdout] ---- read_only_partial_tail_returns_deterministic_corruption stdout ----
[INFO] [stdout] 
[INFO] [stdout] thread 'read_only_partial_tail_returns_deterministic_corruption' (3581) panicked at tests/db_tests.rs:392:18:
[INFO] [stdout] read-only partial tail opened successfully
[INFO] [stdout] stack backtrace:
[INFO] [stdout]    0:     0x61d4dd8248a6 - <<std[70759c8f55707aa4]::sys::backtrace::BacktraceLock>::print::DisplayBacktrace as core[df12db4294e9bfd3]::fmt::Display>::fmt
[INFO] [stdout]    1:     0x61d4dd79c3ca - core[df12db4294e9bfd3]::fmt::write
[INFO] [stdout]    2:     0x61d4dd82a49c - <alloc[2182bb758b4b3781]::vec::Vec<u8> as core[df12db4294e9bfd3]::io::write::Write>::write_fmt
[INFO] [stdout]    3:     0x61d4dd7f9bb2 - std[70759c8f55707aa4]::panicking::default_hook::{closure#0}
[INFO] [stdout]    4:     0x61d4dd81ad51 - std[70759c8f55707aa4]::panicking::default_hook
[INFO] [stdout]    5:     0x61d4dd81b192 - std[70759c8f55707aa4]::panicking::panic_with_hook
[INFO] [stdout]    6:     0x61d4dd7f9c94 - std[70759c8f55707aa4]::panicking::panic_handler::{closure#0}
[INFO] [stdout]    7:     0x61d4dd7f2819 - std[70759c8f55707aa4]::sys::backtrace::__rust_end_short_backtrace::<std[70759c8f55707aa4]::panicking::panic_handler::{closure#0}, !>
[INFO] [stdout]    8:     0x61d4dd7fef5d - __rustc[8fa7c3cbc660c2b3]::rust_begin_unwind
[INFO] [stdout]    9:     0x61d4dd79cabc - core[df12db4294e9bfd3]::panicking::panic_fmt
[INFO] [stdout]   10:     0x61d4dd7cd7cc - <db_tests[cfe87086873f5a89]::read_only_partial_tail_returns_deterministic_corruption::{closure#0} as core[df12db4294e9bfd3]::ops::function::FnOnce<()>>::call_once
[INFO] [stdout]   11:     0x61d4dd84b1fb - test[9d35eded1c95d3be]::__rust_begin_short_backtrace::<core[df12db4294e9bfd3]::result::Result<(), alloc[2182bb758b4b3781]::string::String>, fn() -> core[df12db4294e9bfd3]::result::Result<(), alloc[2182bb758b4b3781]::string::String>>
[INFO] [stdout]   12:     0x61d4dd859351 - test[9d35eded1c95d3be]::run_test::{closure#0}
[INFO] [stdout]   13:     0x61d4dd852a64 - std[70759c8f55707aa4]::sys::backtrace::__rust_begin_short_backtrace::<test[9d35eded1c95d3be]::run_test::{closure#1}, ()>
[INFO] [stdout]   14:     0x61d4dd85d172 - <std[70759c8f55707aa4]::thread::lifecycle::spawn_unchecked<test[9d35eded1c95d3be]::run_test::{closure#1}, ()>::{closure#1} as core[df12db4294e9bfd3]::ops::function::FnOnce<()>>::call_once::{shim:vtable#0}
[INFO] [stdout]   15:     0x61d4dd82365e - <std[70759c8f55707aa4]::sys::thread::unix::Thread>::new::thread_start
[INFO] [stdout]   16:     0x75ca4c954dfa - <unknown>
[INFO] [stdout]   17:     0x75ca4c9e83d4 - clone
[INFO] [stdout]   18:                0x0 - <unknown>
[INFO] [stdout] 
[INFO] [stdout] 
[INFO] [stdout] failures:
[INFO] [stdout]     read_only_partial_tail_returns_deterministic_corruption
[INFO] [stdout] 
[INFO] [stdout] test result: FAILED. 44 passed; 1 failed; 0 ignored; 0 measured; 0 filtered out; finished in 3.86s
[INFO] [stdout] 
[INFO] running `Command { std: "docker" "inspect" "90eec8cca56716e05ee26f89be42254d633eee2a376ea86cb37c9d2c3610e85d", kill_on_drop: false }`
[INFO] running `Command { std: "docker" "rm" "-f" "90eec8cca56716e05ee26f89be42254d633eee2a376ea86cb37c9d2c3610e85d", kill_on_drop: false }`
[INFO] [stdout] 90eec8cca56716e05ee26f89be42254d633eee2a376ea86cb37c9d2c3610e85d
