[INFO] fetching crate tachyon-networking 0.1.7...
[INFO] testing tachyon-networking-0.1.7 against 1.99.0-beta.8+cargoflags=--release for beta-release-1.100-2
[INFO] extracting crate tachyon-networking 0.1.7 into /workspace/builds/worker-5-tc1/source
[INFO] started tweaking crates.io crate tachyon-networking 0.1.7
[INFO] finished tweaking crates.io crate tachyon-networking 0.1.7
[INFO] tweaked toml for crates.io crate tachyon-networking 0.1.7 written to /workspace/builds/worker-5-tc1/source/Cargo.toml
[INFO] validating manifest of crates.io crate tachyon-networking 0.1.7 on toolchain 1.99.0-beta.8
[INFO] running `Command { std: CARGO_HOME="/workspace/cargo-home" RUSTUP_HOME="/workspace/rustup-home" "/workspace/cargo-home/bin/cargo" "+1.99.0-beta.8" "metadata" "--manifest-path" "Cargo.toml" "--no-deps", kill_on_drop: false }`
[INFO] running `Command { std: CARGO_HOME="/workspace/cargo-home" RUSTUP_HOME="/workspace/rustup-home" "/workspace/cargo-home/bin/cargo" "+1.99.0-beta.8" "generate-lockfile" "--manifest-path" "Cargo.toml", kill_on_drop: false }`
[INFO] [stderr]     Updating crates.io index
[INFO] [stderr]      Locking 42 packages to highest compatible versions
[INFO] [stderr]       Adding rand v0.8.8 (available: v0.10.3)
[INFO] [stderr]       Adding rustc-hash v1.1.0 (available: v2.1.3)
[INFO] [stderr]       Adding serial_test v0.5.1 (available: v4.0.1)
[INFO] [stderr]       Adding socket2 v0.4.10 (available: v0.6.5)
[INFO] [stderr]       Adding varuint v0.6.0 (available: v0.7.1)
[INFO] running `Command { std: CARGO_HOME="/workspace/cargo-home" RUSTUP_HOME="/workspace/rustup-home" "/workspace/cargo-home/bin/cargo" "+1.99.0-beta.8" "fetch" "--manifest-path" "Cargo.toml", kill_on_drop: false }`
[INFO] [stderr]  Downloading crates ...
[INFO] [stderr]   Downloaded varuint v0.6.0
[INFO] [stderr]   Downloaded serial_test v0.5.1
[INFO] [stderr]   Downloaded serial_test_derive v0.5.1
[INFO] running `Command { std: "docker" "create" "-v" "/var/lib/crater-agent-workspace/builds/worker-5-tc1/source:/opt/rustwide/workdir:ro,Z" "-v" "/var/lib/crater-agent-workspace/builds/worker-5-tc1/target:/opt/rustwide/target:rw,Z" "-v" "/var/lib/crater-agent-workspace/cargo-home:/opt/rustwide/cargo-home:ro,Z" "-v" "/var/lib/crater-agent-workspace/rustup-home:/opt/rustwide/rustup-home:ro,Z" "-m" "1610612736" "--network" "none" "ghcr.io/rust-lang/crates-build-env/linux@sha256:77db811e55d90add9212f6832c23229e3de5f1c1f9905e8cb07319ea15df73ac" "sleep" "infinity", kill_on_drop: false }`
[INFO] [stdout] c52232f2aa959f8ed7a170728efea6bea1b79a1c6ca01dae6b390fda5623cefe
[INFO] running `Command { std: "docker" "start" "c52232f2aa959f8ed7a170728efea6bea1b79a1c6ca01dae6b390fda5623cefe", kill_on_drop: false }`
[INFO] running `Command { std: "docker" "inspect" "c52232f2aa959f8ed7a170728efea6bea1b79a1c6ca01dae6b390fda5623cefe", kill_on_drop: false }`
[INFO] running `Command { std: "docker" "exec" "-e" "SOURCE_DIR=/opt/rustwide/workdir" "-e" "CARGO_HOME=/opt/rustwide/cargo-home" "-e" "RUSTUP_HOME=/opt/rustwide/rustup-home" "-e" "CARGO_TARGET_DIR=/opt/rustwide/target" "-w" "/opt/rustwide/workdir" "--user" "0:0" "c52232f2aa959f8ed7a170728efea6bea1b79a1c6ca01dae6b390fda5623cefe" "/opt/rustwide/cargo-home/bin/cargo" "+1.99.0-beta.8" "metadata" "--no-deps" "--format-version=1", kill_on_drop: false }`
[INFO] running `Command { std: "docker" "inspect" "c52232f2aa959f8ed7a170728efea6bea1b79a1c6ca01dae6b390fda5623cefe", kill_on_drop: false }`
[INFO] running `Command { std: "docker" "exec" "-e" "SOURCE_DIR=/opt/rustwide/workdir" "-e" "CARGO_HOME=/opt/rustwide/cargo-home" "-e" "RUSTUP_HOME=/opt/rustwide/rustup-home" "-e" "CARGO_TARGET_DIR=/opt/rustwide/target" "-e" "CARGO_INCREMENTAL=0" "-e" "RUST_BACKTRACE=full" "-e" "RUSTFLAGS=--cap-lints=warn" "-e" "RUSTDOCFLAGS=--cap-lints=warn" "-w" "/opt/rustwide/workdir" "--user" "0:0" "c52232f2aa959f8ed7a170728efea6bea1b79a1c6ca01dae6b390fda5623cefe" "/opt/rustwide/cargo-home/bin/cargo" "+1.99.0-beta.8" "build" "--frozen" "--message-format=json" "--release", kill_on_drop: false }`
[INFO] [stderr]    Compiling parking_lot_core v0.8.6
[INFO] [stderr]    Compiling varuint v0.6.0
[INFO] [stderr]    Compiling crossbeam-channel v0.5.17
[INFO] [stderr]    Compiling synchronoise v1.0.1
[INFO] [stderr]    Compiling socket2 v0.4.10
[INFO] [stderr]    Compiling serial_test_derive v0.5.1
[INFO] [stderr]    Compiling parking_lot v0.11.2
[INFO] [stderr]    Compiling crossbeam v0.8.5
[INFO] [stderr]    Compiling serial_test v0.5.1
[INFO] [stderr]    Compiling tachyon-networking v0.1.7 (/opt/rustwide/workdir)
[INFO] [stdout] warning: use of deprecated constant `std::u16::MAX`: replaced by the `MAX` associated constant on this type
[INFO] [stdout]   --> src/tachyon/fragmentation.rs:45:41
[INFO] [stdout]    |
[INFO] [stdout] 45 |         if self.next_group >= std::u16::MAX - 1 {
[INFO] [stdout]    |                                         ^^^
[INFO] [stdout]    |
[INFO] [stdout]    = note: `#[warn(deprecated)]` on by default
[INFO] [stdout] 
[INFO] [stdout] 
[INFO] [stdout] warning: use of deprecated constant `std::u16::MAX`: replaced by the `MAX` associated constant on this type
[INFO] [stdout]   --> src/tachyon/receiver.rs:63:31
[INFO] [stdout]    |
[INFO] [stdout] 63 |             start = std::u16::MAX as i32 + start;
[INFO] [stdout]    |                               ^^^
[INFO] [stdout] 
[INFO] [stdout] 
[INFO] [stdout] warning: use of deprecated constant `std::u16::MAX`: replaced by the `MAX` associated constant on this type
[INFO] [stdout]   --> src/tachyon/receiver.rs:79:31
[INFO] [stdout]    |
[INFO] [stdout] 79 |             start = std::u16::MAX as i32 + start;
[INFO] [stdout]    |                               ^^^
[INFO] [stdout] 
[INFO] [stdout] 
[INFO] [stdout] warning: use of deprecated constant `std::u16::MAX`: replaced by the `MAX` associated constant on this type
[INFO] [stdout]   --> src/tachyon/sequence.rs:20:34
[INFO] [stdout]    |
[INFO] [stdout] 20 |         if sequence >= std::u16::MAX - 1 {
[INFO] [stdout]    |                                  ^^^
[INFO] [stdout] 
[INFO] [stdout] 
[INFO] [stdout] warning: use of deprecated constant `std::u16::MAX`: replaced by the `MAX` associated constant on this type
[INFO] [stdout]   --> src/tachyon/sequence.rs:29:30
[INFO] [stdout]    |
[INFO] [stdout] 29 |             return std::u16::MAX - 1;
[INFO] [stdout]    |                              ^^^
[INFO] [stdout] 
[INFO] [stdout] 
[INFO] [stdout] warning: creating a mutable reference to mutable static
[INFO] [stdout]    --> src/tachyon/channel.rs:128:31
[INFO] [stdout]     |
[INFO] [stdout] 128 |         header.write(unsafe { &mut NONE_SEND_DATA });
[INFO] [stdout]     |                               ^^^^^^^^^^^^^^^^^^^ mutable reference to mutable static
[INFO] [stdout]     |
[INFO] [stdout]     = note: mutable references to mutable statics are dangerous; it's undefined behavior if any other pointer to the static is used or if any other reference is created for the static while the mutable reference lives
[INFO] [stdout]     = note: for more information, see <https://doc.rust-lang.org/edition-guide/rust-2024/static-mut-references.html>
[INFO] [stdout]     = note: `#[warn(static_mut_refs)]` (part of `#[warn(rust_2024_compatibility)]`) on by default
[INFO] [stdout] help: use `&raw mut` instead to create a raw pointer
[INFO] [stdout]     |
[INFO] [stdout] 128 |         header.write(unsafe { &raw mut NONE_SEND_DATA });
[INFO] [stdout]     |                                +++
[INFO] [stdout] 
[INFO] [stdout] 
[INFO] [stdout] warning: creating a shared reference to mutable static
[INFO] [stdout]    --> src/tachyon/channel.rs:333:70
[INFO] [stdout]     |
[INFO] [stdout] 333 |                     let _sent_len = socket.send_to(*address,unsafe { &NONE_SEND_DATA },TACHYON_HEADER_SIZE);
[INFO] [stdout]     |                                                                      ^^^^^^^^^^^^^^^ shared reference to mutable static
[INFO] [stdout]     |
[INFO] [stdout]     = note: shared references to mutable statics are dangerous; it's undefined behavior if the static is mutated or if a mutable reference is created for it while the shared reference lives
[INFO] [stdout]     = note: for more information, see <https://doc.rust-lang.org/edition-guide/rust-2024/static-mut-references.html>
[INFO] [stdout] help: use `&raw const` instead to create a raw pointer
[INFO] [stdout]     |
[INFO] [stdout] 333 |                     let _sent_len = socket.send_to(*address,unsafe { &raw const NONE_SEND_DATA },TACHYON_HEADER_SIZE);
[INFO] [stdout]     |                                                                       +++++++++
[INFO] [stdout] 
[INFO] [stdout] 
[INFO] [stdout] warning: unused return value of `finish` that must be used
[INFO] [stdout]   --> src/tachyon/network_address.rs:30:9
[INFO] [stdout]    |
[INFO] [stdout] 30 |         hasher.finish();
[INFO] [stdout]    |         ^^^^^^^^^^^^^^^
[INFO] [stdout]    |
[INFO] [stdout]    = note: `#[warn(unused_must_use)]` (part of `#[warn(unused)]`) on by default
[INFO] [stdout] help: use `let _ = ...` to ignore the resulting value
[INFO] [stdout]    |
[INFO] [stdout] 30 |         let _ = hasher.finish();
[INFO] [stdout]    |         +++++++
[INFO] [stdout] 
[INFO] [stdout] 
[INFO] [stdout] warning: unused `Result` that must be used
[INFO] [stdout]   --> src/tachyon/pool.rs:30:13
[INFO] [stdout]    |
[INFO] [stdout] 30 |             queue.push(VecDeque::new());
[INFO] [stdout]    |             ^^^^^^^^^^^^^^^^^^^^^^^^^^^
[INFO] [stdout]    |
[INFO] [stdout]    = note: this `Result` may be an `Err` variant, which should be handled
[INFO] [stdout] help: use `let _ = ...` to ignore the resulting value
[INFO] [stdout]    |
[INFO] [stdout] 30 |             let _ = queue.push(VecDeque::new());
[INFO] [stdout]    |             +++++++
[INFO] [stdout] 
[INFO] [stdout] 
[INFO] [stdout] warning: unused `Result` that must be used
[INFO] [stdout]   --> src/tachyon/pool.rs:31:13
[INFO] [stdout]    |
[INFO] [stdout] 31 |             receive_buffers.push(vec![0; 1024 * 1024]);
[INFO] [stdout]    |             ^^^^^^^^^^^^^^^^^^^^^^^^^^^^^^^^^^^^^^^^^^
[INFO] [stdout]    |
[INFO] [stdout]    = note: this `Result` may be an `Err` variant, which should be handled
[INFO] [stdout] help: use `let _ = ...` to ignore the resulting value
[INFO] [stdout]    |
[INFO] [stdout] 31 |             let _ = receive_buffers.push(vec![0; 1024 * 1024]);
[INFO] [stdout]    |             +++++++
[INFO] [stdout] 
[INFO] [stdout] 
[INFO] [stdout] warning: unused `Result` that must be used
[INFO] [stdout]    --> src/tachyon/pool.rs:159:13
[INFO] [stdout]     |
[INFO] [stdout] 159 |             in_use.push(server);
[INFO] [stdout]     |             ^^^^^^^^^^^^^^^^^^^
[INFO] [stdout]     |
[INFO] [stdout]     = note: this `Result` may be an `Err` variant, which should be handled
[INFO] [stdout] help: use `let _ = ...` to ignore the resulting value
[INFO] [stdout]     |
[INFO] [stdout] 159 |             let _ = in_use.push(server);
[INFO] [stdout]     |             +++++++
[INFO] [stdout] 
[INFO] [stdout] 
[INFO] [stdout] warning: unused `Result` that must be used
[INFO] [stdout]    --> src/tachyon/pool.rs:184:25
[INFO] [stdout]     |
[INFO] [stdout] 184 |                         in_use.push(server);
[INFO] [stdout]     |                         ^^^^^^^^^^^^^^^^^^^
[INFO] [stdout]     |
[INFO] [stdout]     = note: this `Result` may be an `Err` variant, which should be handled
[INFO] [stdout] help: use `let _ = ...` to ignore the resulting value
[INFO] [stdout]     |
[INFO] [stdout] 184 |                         let _ = in_use.push(server);
[INFO] [stdout]     |                         +++++++
[INFO] [stdout] 
[INFO] [stdout] 
[INFO] [stderr]     Finished `release` profile [optimized] target(s) in 4.76s
[INFO] running `Command { std: "docker" "inspect" "c52232f2aa959f8ed7a170728efea6bea1b79a1c6ca01dae6b390fda5623cefe", kill_on_drop: false }`
[INFO] running `Command { std: "docker" "exec" "-e" "SOURCE_DIR=/opt/rustwide/workdir" "-e" "CARGO_HOME=/opt/rustwide/cargo-home" "-e" "RUSTUP_HOME=/opt/rustwide/rustup-home" "-e" "CARGO_TARGET_DIR=/opt/rustwide/target" "-e" "CARGO_INCREMENTAL=0" "-e" "RUST_BACKTRACE=full" "-e" "RUSTFLAGS=--cap-lints=warn" "-e" "RUSTDOCFLAGS=--cap-lints=warn" "-w" "/opt/rustwide/workdir" "--user" "0:0" "c52232f2aa959f8ed7a170728efea6bea1b79a1c6ca01dae6b390fda5623cefe" "/opt/rustwide/cargo-home/bin/cargo" "+1.99.0-beta.8" "test" "--frozen" "--no-run" "--message-format=json" "--release", kill_on_drop: false }`
[INFO] [stderr]    Compiling tachyon-networking v0.1.7 (/opt/rustwide/workdir)
[INFO] [stdout] warning: use of deprecated constant `std::u16::MAX`: replaced by the `MAX` associated constant on this type
[INFO] [stdout]   --> src/tachyon/fragmentation.rs:45:41
[INFO] [stdout]    |
[INFO] [stdout] 45 |         if self.next_group >= std::u16::MAX - 1 {
[INFO] [stdout]    |                                         ^^^
[INFO] [stdout]    |
[INFO] [stdout]    = note: `#[warn(deprecated)]` on by default
[INFO] [stdout] 
[INFO] [stdout] 
[INFO] [stdout] warning: use of deprecated constant `std::u16::MAX`: replaced by the `MAX` associated constant on this type
[INFO] [stdout]   --> src/tachyon/receiver.rs:63:31
[INFO] [stdout]    |
[INFO] [stdout] 63 |             start = std::u16::MAX as i32 + start;
[INFO] [stdout]    |                               ^^^
[INFO] [stdout] 
[INFO] [stdout] 
[INFO] [stdout] warning: use of deprecated constant `std::u16::MAX`: replaced by the `MAX` associated constant on this type
[INFO] [stdout]   --> src/tachyon/receiver.rs:79:31
[INFO] [stdout]    |
[INFO] [stdout] 79 |             start = std::u16::MAX as i32 + start;
[INFO] [stdout]    |                               ^^^
[INFO] [stdout] 
[INFO] [stdout] 
[INFO] [stdout] warning: use of deprecated constant `std::u16::MAX`: replaced by the `MAX` associated constant on this type
[INFO] [stdout]   --> src/tachyon/sequence.rs:20:34
[INFO] [stdout]    |
[INFO] [stdout] 20 |         if sequence >= std::u16::MAX - 1 {
[INFO] [stdout]    |                                  ^^^
[INFO] [stdout] 
[INFO] [stdout] 
[INFO] [stdout] warning: use of deprecated constant `std::u16::MAX`: replaced by the `MAX` associated constant on this type
[INFO] [stdout]   --> src/tachyon/sequence.rs:29:30
[INFO] [stdout]    |
[INFO] [stdout] 29 |             return std::u16::MAX - 1;
[INFO] [stdout]    |                              ^^^
[INFO] [stdout] 
[INFO] [stdout] 
[INFO] [stdout] warning: creating a mutable reference to mutable static
[INFO] [stdout]    --> src/tachyon/channel.rs:128:31
[INFO] [stdout]     |
[INFO] [stdout] 128 |         header.write(unsafe { &mut NONE_SEND_DATA });
[INFO] [stdout]     |                               ^^^^^^^^^^^^^^^^^^^ mutable reference to mutable static
[INFO] [stdout]     |
[INFO] [stdout]     = note: mutable references to mutable statics are dangerous; it's undefined behavior if any other pointer to the static is used or if any other reference is created for the static while the mutable reference lives
[INFO] [stdout]     = note: for more information, see <https://doc.rust-lang.org/edition-guide/rust-2024/static-mut-references.html>
[INFO] [stdout]     = note: `#[warn(static_mut_refs)]` (part of `#[warn(rust_2024_compatibility)]`) on by default
[INFO] [stdout] help: use `&raw mut` instead to create a raw pointer
[INFO] [stdout]     |
[INFO] [stdout] 128 |         header.write(unsafe { &raw mut NONE_SEND_DATA });
[INFO] [stdout]     |                                +++
[INFO] [stdout] 
[INFO] [stdout] 
[INFO] [stdout] warning: creating a shared reference to mutable static
[INFO] [stdout]    --> src/tachyon/channel.rs:333:70
[INFO] [stdout]     |
[INFO] [stdout] 333 |                     let _sent_len = socket.send_to(*address,unsafe { &NONE_SEND_DATA },TACHYON_HEADER_SIZE);
[INFO] [stdout]     |                                                                      ^^^^^^^^^^^^^^^ shared reference to mutable static
[INFO] [stdout]     |
[INFO] [stdout]     = note: shared references to mutable statics are dangerous; it's undefined behavior if the static is mutated or if a mutable reference is created for it while the shared reference lives
[INFO] [stdout]     = note: for more information, see <https://doc.rust-lang.org/edition-guide/rust-2024/static-mut-references.html>
[INFO] [stdout] help: use `&raw const` instead to create a raw pointer
[INFO] [stdout]     |
[INFO] [stdout] 333 |                     let _sent_len = socket.send_to(*address,unsafe { &raw const NONE_SEND_DATA },TACHYON_HEADER_SIZE);
[INFO] [stdout]     |                                                                       +++++++++
[INFO] [stdout] 
[INFO] [stdout] 
[INFO] [stdout] warning: unused return value of `finish` that must be used
[INFO] [stdout]   --> src/tachyon/network_address.rs:30:9
[INFO] [stdout]    |
[INFO] [stdout] 30 |         hasher.finish();
[INFO] [stdout]    |         ^^^^^^^^^^^^^^^
[INFO] [stdout]    |
[INFO] [stdout]    = note: `#[warn(unused_must_use)]` (part of `#[warn(unused)]`) on by default
[INFO] [stdout] help: use `let _ = ...` to ignore the resulting value
[INFO] [stdout]    |
[INFO] [stdout] 30 |         let _ = hasher.finish();
[INFO] [stdout]    |         +++++++
[INFO] [stdout] 
[INFO] [stdout] 
[INFO] [stdout] warning: unused `Result` that must be used
[INFO] [stdout]   --> src/tachyon/pool.rs:30:13
[INFO] [stdout]    |
[INFO] [stdout] 30 |             queue.push(VecDeque::new());
[INFO] [stdout]    |             ^^^^^^^^^^^^^^^^^^^^^^^^^^^
[INFO] [stdout]    |
[INFO] [stdout]    = note: this `Result` may be an `Err` variant, which should be handled
[INFO] [stdout] help: use `let _ = ...` to ignore the resulting value
[INFO] [stdout]    |
[INFO] [stdout] 30 |             let _ = queue.push(VecDeque::new());
[INFO] [stdout]    |             +++++++
[INFO] [stdout] 
[INFO] [stdout] 
[INFO] [stdout] warning: unused `Result` that must be used
[INFO] [stdout]   --> src/tachyon/pool.rs:31:13
[INFO] [stdout]    |
[INFO] [stdout] 31 |             receive_buffers.push(vec![0; 1024 * 1024]);
[INFO] [stdout]    |             ^^^^^^^^^^^^^^^^^^^^^^^^^^^^^^^^^^^^^^^^^^
[INFO] [stdout]    |
[INFO] [stdout]    = note: this `Result` may be an `Err` variant, which should be handled
[INFO] [stdout] help: use `let _ = ...` to ignore the resulting value
[INFO] [stdout]    |
[INFO] [stdout] 31 |             let _ = receive_buffers.push(vec![0; 1024 * 1024]);
[INFO] [stdout]    |             +++++++
[INFO] [stdout] 
[INFO] [stdout] 
[INFO] [stdout] warning: unused `Result` that must be used
[INFO] [stdout]    --> src/tachyon/pool.rs:159:13
[INFO] [stdout]     |
[INFO] [stdout] 159 |             in_use.push(server);
[INFO] [stdout]     |             ^^^^^^^^^^^^^^^^^^^
[INFO] [stdout]     |
[INFO] [stdout]     = note: this `Result` may be an `Err` variant, which should be handled
[INFO] [stdout] help: use `let _ = ...` to ignore the resulting value
[INFO] [stdout]     |
[INFO] [stdout] 159 |             let _ = in_use.push(server);
[INFO] [stdout]     |             +++++++
[INFO] [stdout] 
[INFO] [stdout] 
[INFO] [stdout] warning: unused `Result` that must be used
[INFO] [stdout]    --> src/tachyon/pool.rs:184:25
[INFO] [stdout]     |
[INFO] [stdout] 184 |                         in_use.push(server);
[INFO] [stdout]     |                         ^^^^^^^^^^^^^^^^^^^
[INFO] [stdout]     |
[INFO] [stdout]     = note: this `Result` may be an `Err` variant, which should be handled
[INFO] [stdout] help: use `let _ = ...` to ignore the resulting value
[INFO] [stdout]     |
[INFO] [stdout] 184 |                         let _ = in_use.push(server);
[INFO] [stdout]     |                         +++++++
[INFO] [stdout] 
[INFO] [stdout] 
[INFO] [stderr]     Finished `release` profile [optimized] target(s) in 2.68s
[INFO] running `Command { std: "docker" "inspect" "c52232f2aa959f8ed7a170728efea6bea1b79a1c6ca01dae6b390fda5623cefe", kill_on_drop: false }`
[INFO] running `Command { std: "docker" "exec" "-e" "SOURCE_DIR=/opt/rustwide/workdir" "-e" "CARGO_HOME=/opt/rustwide/cargo-home" "-e" "RUSTUP_HOME=/opt/rustwide/rustup-home" "-e" "CARGO_TARGET_DIR=/opt/rustwide/target" "-e" "CARGO_INCREMENTAL=0" "-e" "RUST_BACKTRACE=full" "-e" "RUSTFLAGS=--cap-lints=warn" "-e" "RUSTDOCFLAGS=--cap-lints=warn" "-w" "/opt/rustwide/workdir" "--user" "0:0" "c52232f2aa959f8ed7a170728efea6bea1b79a1c6ca01dae6b390fda5623cefe" "/opt/rustwide/cargo-home/bin/cargo" "+1.99.0-beta.8" "test" "--frozen" "--release", kill_on_drop: false }`
[INFO] [stderr] warning: use of deprecated constant `std::u16::MAX`: replaced by the `MAX` associated constant on this type
[INFO] [stderr]   --> src/tachyon/fragmentation.rs:45:41
[INFO] [stderr]    |
[INFO] [stderr] 45 |         if self.next_group >= std::u16::MAX - 1 {
[INFO] [stderr]    |                                         ^^^
[INFO] [stderr]    |
[INFO] [stderr]    = note: `#[warn(deprecated)]` on by default
[INFO] [stderr] 
[INFO] [stderr] warning: use of deprecated constant `std::u16::MAX`: replaced by the `MAX` associated constant on this type
[INFO] [stderr]   --> src/tachyon/receiver.rs:63:31
[INFO] [stderr]    |
[INFO] [stderr] 63 |             start = std::u16::MAX as i32 + start;
[INFO] [stderr]    |                               ^^^
[INFO] [stderr] 
[INFO] [stderr] warning: use of deprecated constant `std::u16::MAX`: replaced by the `MAX` associated constant on this type
[INFO] [stderr]   --> src/tachyon/receiver.rs:79:31
[INFO] [stderr]    |
[INFO] [stderr] 79 |             start = std::u16::MAX as i32 + start;
[INFO] [stderr]    |                               ^^^
[INFO] [stderr] 
[INFO] [stderr] warning: use of deprecated constant `std::u16::MAX`: replaced by the `MAX` associated constant on this type
[INFO] [stderr]   --> src/tachyon/sequence.rs:20:34
[INFO] [stderr]    |
[INFO] [stderr] 20 |         if sequence >= std::u16::MAX - 1 {
[INFO] [stderr]    |                                  ^^^
[INFO] [stderr] 
[INFO] [stderr] warning: use of deprecated constant `std::u16::MAX`: replaced by the `MAX` associated constant on this type
[INFO] [stderr]   --> src/tachyon/sequence.rs:29:30
[INFO] [stderr]    |
[INFO] [stderr] 29 |             return std::u16::MAX - 1;
[INFO] [stderr]    |                              ^^^
[INFO] [stderr] 
[INFO] [stderr] warning: creating a mutable reference to mutable static
[INFO] [stderr]    --> src/tachyon/channel.rs:128:31
[INFO] [stderr]     |
[INFO] [stderr] 128 |         header.write(unsafe { &mut NONE_SEND_DATA });
[INFO] [stderr]     |                               ^^^^^^^^^^^^^^^^^^^ mutable reference to mutable static
[INFO] [stderr]     |
[INFO] [stderr]     = note: mutable references to mutable statics are dangerous; it's undefined behavior if any other pointer to the static is used or if any other reference is created for the static while the mutable reference lives
[INFO] [stderr]     = note: for more information, see <https://doc.rust-lang.org/edition-guide/rust-2024/static-mut-references.html>
[INFO] [stderr]     = note: `#[warn(static_mut_refs)]` (part of `#[warn(rust_2024_compatibility)]`) on by default
[INFO] [stderr] help: use `&raw mut` instead to create a raw pointer
[INFO] [stderr]     |
[INFO] [stderr] 128 |         header.write(unsafe { &raw mut NONE_SEND_DATA });
[INFO] [stderr]     |                                +++
[INFO] [stderr] 
[INFO] [stderr] warning: creating a shared reference to mutable static
[INFO] [stderr]    --> src/tachyon/channel.rs:333:70
[INFO] [stderr]     |
[INFO] [stderr] 333 |                     let _sent_len = socket.send_to(*address,unsafe { &NONE_SEND_DATA },TACHYON_HEADER_SIZE);
[INFO] [stderr]     |                                                                      ^^^^^^^^^^^^^^^ shared reference to mutable static
[INFO] [stderr]     |
[INFO] [stderr]     = note: shared references to mutable statics are dangerous; it's undefined behavior if the static is mutated or if a mutable reference is created for it while the shared reference lives
[INFO] [stderr]     = note: for more information, see <https://doc.rust-lang.org/edition-guide/rust-2024/static-mut-references.html>
[INFO] [stderr] help: use `&raw const` instead to create a raw pointer
[INFO] [stderr]     |
[INFO] [stderr] 333 |                     let _sent_len = socket.send_to(*address,unsafe { &raw const NONE_SEND_DATA },TACHYON_HEADER_SIZE);
[INFO] [stderr]     |                                                                       +++++++++
[INFO] [stderr] 
[INFO] [stderr] warning: unused return value of `finish` that must be used
[INFO] [stderr]   --> src/tachyon/network_address.rs:30:9
[INFO] [stderr]    |
[INFO] [stderr] 30 |         hasher.finish();
[INFO] [stderr]    |         ^^^^^^^^^^^^^^^
[INFO] [stderr]    |
[INFO] [stderr]    = note: `#[warn(unused_must_use)]` (part of `#[warn(unused)]`) on by default
[INFO] [stderr] help: use `let _ = ...` to ignore the resulting value
[INFO] [stderr]    |
[INFO] [stderr] 30 |         let _ = hasher.finish();
[INFO] [stderr]    |         +++++++
[INFO] [stderr] 
[INFO] [stderr] warning: unused `Result` that must be used
[INFO] [stderr]   --> src/tachyon/pool.rs:30:13
[INFO] [stderr]    |
[INFO] [stderr] 30 |             queue.push(VecDeque::new());
[INFO] [stderr]    |             ^^^^^^^^^^^^^^^^^^^^^^^^^^^
[INFO] [stderr]    |
[INFO] [stderr]    = note: this `Result` may be an `Err` variant, which should be handled
[INFO] [stderr] help: use `let _ = ...` to ignore the resulting value
[INFO] [stderr]    |
[INFO] [stderr] 30 |             let _ = queue.push(VecDeque::new());
[INFO] [stderr]    |             +++++++
[INFO] [stderr] 
[INFO] [stderr] warning: unused `Result` that must be used
[INFO] [stderr]   --> src/tachyon/pool.rs:31:13
[INFO] [stderr]    |
[INFO] [stderr] 31 |             receive_buffers.push(vec![0; 1024 * 1024]);
[INFO] [stderr]    |             ^^^^^^^^^^^^^^^^^^^^^^^^^^^^^^^^^^^^^^^^^^
[INFO] [stderr]    |
[INFO] [stderr]    = note: this `Result` may be an `Err` variant, which should be handled
[INFO] [stderr] help: use `let _ = ...` to ignore the resulting value
[INFO] [stderr]    |
[INFO] [stderr] 31 |             let _ = receive_buffers.push(vec![0; 1024 * 1024]);
[INFO] [stderr]    |             +++++++
[INFO] [stderr] 
[INFO] [stderr] warning: unused `Result` that must be used
[INFO] [stderr]    --> src/tachyon/pool.rs:159:13
[INFO] [stderr]     |
[INFO] [stderr] 159 |             in_use.push(server);
[INFO] [stderr]     |             ^^^^^^^^^^^^^^^^^^^
[INFO] [stderr]     |
[INFO] [stderr]     = note: this `Result` may be an `Err` variant, which should be handled
[INFO] [stderr] help: use `let _ = ...` to ignore the resulting value
[INFO] [stderr]     |
[INFO] [stderr] 159 |             let _ = in_use.push(server);
[INFO] [stderr]     |             +++++++
[INFO] [stderr] 
[INFO] [stderr] warning: unused `Result` that must be used
[INFO] [stderr]    --> src/tachyon/pool.rs:184:25
[INFO] [stderr]     |
[INFO] [stderr] 184 |                         in_use.push(server);
[INFO] [stderr]     |                         ^^^^^^^^^^^^^^^^^^^
[INFO] [stderr]     |
[INFO] [stderr]     = note: this `Result` may be an `Err` variant, which should be handled
[INFO] [stderr] help: use `let _ = ...` to ignore the resulting value
[INFO] [stderr]     |
[INFO] [stderr] 184 |                         let _ = in_use.push(server);
[INFO] [stderr]     |                         +++++++
[INFO] [stderr] 
[INFO] [stderr] warning: `tachyon-networking` (lib test) generated 12 warnings
[INFO] [stderr]     Finished `release` profile [optimized] target(s) in 0.04s
[INFO] [stderr]      Running unittests src/lib.rs (/opt/rustwide/target/release/deps/tachyon-cc65eba51066e1b1)
[INFO] [stdout] 
[INFO] [stdout] running 41 tests
[INFO] [stdout] test tachyon::connection_impl::tests::test_link_fail_flow ... ok
[INFO] [stdout] test tachyon::nack::tests::test_flagged ... ok
[INFO] [stdout] test tachyon::fragmentation::tests::test_expire ... ok
[INFO] [stdout] test tachyon::nack::tests::test_write_read ... ok
[INFO] [stdout] test tachyon::int_buffer::tests::test_4bit ... ok
[INFO] [stdout] test tachyon::int_buffer::tests::test_header_readwrite ... ok
[INFO] [stdout] test tachyon::nack::tests::test_flagged_wrapped ... ok
[INFO] [stdout] test tachyon::fragmentation::tests::test_create ... ok
[INFO] [stdout] test tachyon::nack::tests::test_get_nacked ... ok
[INFO] [stdout] test tachyon::connection_impl::tests::test_link_flow ... ok
[INFO] [stdout] test tachyon::connection_impl::tests::test_disconnect ... ok
[INFO] [stdout] test tachyon::channel::tests::test_rewrite_nack_to_reliable ... ok
[INFO] [stdout] test tachyon::receiver::tests::publish_consume_publish ... ok
[INFO] [stdout] test tachyon::receiver::tests::receive_older_fails ... ok
[INFO] [stdout] test tachyon::receiver::tests::test_all_nacked ... ok
[INFO] [stdout] test tachyon::receiver::tests::test_some_nacked ... ok
[INFO] [stdout] test tachyon::sequence_buffer::tests::basic_test ... ok
[INFO] [stdout] test tachyon::receiver::tests::unordered_flow_test ... ok
[INFO] [stdout] test tachyon::send_buffer_manager::tests::test_expire ... ok
[INFO] [stdout] test tachyon::receiver::tests::wrapping_in_order ... ok
[INFO] [stdout] test tachyon::sequence::tests::test_basic ... ok
[INFO] [stdout] test tachyon::receiver::tests::wrapping_out_of_order ... ok
[INFO] [stdout] test tachyon::receiver::tests::test_reset_receive_window ... ok
[INFO] [stdout] test tachyon::receiver::tests::test_skipped ... ok
[INFO] [stdout] test tachyon::fragmentation::tests::test_receive ... ok
[INFO] [stdout] test tachyon::connection_impl::tests::test_connect ... ok
[INFO] [stdout] test tachyon::connection_impl::tests::test_can_send ... ok
[INFO] [stdout] test tachyon::connection_impl::tests::test_validate_and_update_connection ... ok
[INFO] [stdout] test tachyon::receiver::tests::ordered_flow_test ... ok
[INFO] [stdout] test tachyon::tests::test_nack_rotation ... ok
[INFO] [stdout] test tachyon::tachyon_test::receive_perf ... FAILED
[INFO] [stdout] test tachyon::tachyon_test::receive_unreliable_perf ... FAILED
[INFO] [stdout] test tachyon::tests::test_unreliable ... FAILED
[INFO] [stdout] test tachyon::tests::test_unconfigured_channel_fails ... FAILED
[INFO] [stdout] test tachyon::tests::test_reliable ... FAILED
[INFO] [stdout] test tachyon::tests::test_configured_channel ... FAILED
[INFO] [stdout] test tachyon::receiver::tests::full_wrap ... ok
[INFO] [stdout] test tachyon::tachyon_test::many_clients ... FAILED
[INFO] [stdout] test tachyon::tachyon_test::general_stress ... ok
[INFO] [stdout] test tachyon::pool::tests::test_receive ... FAILED
[INFO] [stdout] test tachyon::pool::tests::test_blocking_receive ... ok
[INFO] [stdout] 
[INFO] [stdout] failures:
[INFO] [stdout] 
[INFO] [stdout] ---- tachyon::tachyon_test::receive_perf stdout ----
[INFO] [stdout] 
[INFO] [stdout] thread 'tachyon::tachyon_test::receive_perf' (359) panicked at src/tachyon/tachyon_test.rs:89:9:
[INFO] [stdout] bind failed
[INFO] [stdout] stack backtrace:
[INFO] [stdout]    0:     0x63d742390751 - <<std[70759c8f55707aa4]::sys::backtrace::BacktraceLock>::print::DisplayBacktrace as core[df12db4294e9bfd3]::fmt::Display>::fmt
[INFO] [stdout]    1:     0x63d7423a51aa - core[df12db4294e9bfd3]::fmt::write
[INFO] [stdout]    2:     0x63d742394d3c - <alloc[2182bb758b4b3781]::vec::Vec<u8> as core[df12db4294e9bfd3]::io::write::Write>::write_fmt
[INFO] [stdout]    3:     0x63d74236c346 - std[70759c8f55707aa4]::panicking::default_hook::{closure#0}
[INFO] [stdout]    4:     0x63d7423889f9 - std[70759c8f55707aa4]::panicking::default_hook
[INFO] [stdout]    5:     0x63d742316270 - test[9d35eded1c95d3be]::test_main_inner::<test[9d35eded1c95d3be]::test_main_static::{closure#0}>::{closure#0}
[INFO] [stdout]    6:     0x63d742388d22 - std[70759c8f55707aa4]::panicking::panic_with_hook
[INFO] [stdout]    7:     0x63d74236c424 - std[70759c8f55707aa4]::panicking::panic_handler::{closure#0}
[INFO] [stdout]    8:     0x63d742365149 - std[70759c8f55707aa4]::sys::backtrace::__rust_end_short_backtrace::<std[70759c8f55707aa4]::panicking::panic_handler::{closure#0}, !>
[INFO] [stdout]    9:     0x63d74236cfed - __rustc[8fa7c3cbc660c2b3]::rust_begin_unwind
[INFO] [stdout]   10:     0x63d7423a58dc - core[df12db4294e9bfd3]::panicking::panic_fmt
[INFO] [stdout]   11:     0x63d742307d18 - tachyon[75601c8a1b5a26d3]::tachyon::tachyon_test::receive_perf
[INFO] [stdout]   12:     0x63d7422f6fe9 - <tachyon[75601c8a1b5a26d3]::tachyon::tachyon_test::receive_perf::{closure#0} as core[df12db4294e9bfd3]::ops::function::FnOnce<()>>::call_once
[INFO] [stdout]   13:     0x63d74230955b - test[9d35eded1c95d3be]::__rust_begin_short_backtrace::<core[df12db4294e9bfd3]::result::Result<(), alloc[2182bb758b4b3781]::string::String>, fn() -> core[df12db4294e9bfd3]::result::Result<(), alloc[2182bb758b4b3781]::string::String>>
[INFO] [stdout]   14:     0x63d742316bc5 - test[9d35eded1c95d3be]::run_test::{closure#0}
[INFO] [stdout]   15:     0x63d742310484 - std[70759c8f55707aa4]::sys::backtrace::__rust_begin_short_backtrace::<test[9d35eded1c95d3be]::run_test::{closure#1}, ()>
[INFO] [stdout]   16:     0x63d742319d22 - <std[70759c8f55707aa4]::thread::lifecycle::spawn_unchecked<test[9d35eded1c95d3be]::run_test::{closure#1}, ()>::{closure#1} as core[df12db4294e9bfd3]::ops::function::FnOnce<()>>::call_once::{shim:vtable#0}
[INFO] [stdout]   17:     0x63d74238fed9 - <std[70759c8f55707aa4]::sys::thread::unix::Thread>::new::thread_start
[INFO] [stdout]   18:     0x757490cbedfa - <unknown>
[INFO] [stdout]   19:     0x757490d523d4 - clone
[INFO] [stdout]   20:                0x0 - <unknown>
[INFO] [stdout] 
[INFO] [stdout] ---- tachyon::tachyon_test::receive_unreliable_perf stdout ----
[INFO] [stdout] 
[INFO] [stdout] thread 'tachyon::tachyon_test::receive_unreliable_perf' (360) panicked at src/tachyon/tachyon_test.rs:89:9:
[INFO] [stdout] bind failed
[INFO] [stdout] stack backtrace:
[INFO] [stdout]    0:     0x63d742390751 - <<std[70759c8f55707aa4]::sys::backtrace::BacktraceLock>::print::DisplayBacktrace as core[df12db4294e9bfd3]::fmt::Display>::fmt
[INFO] [stdout]    1:     0x63d7423a51aa - core[df12db4294e9bfd3]::fmt::write
[INFO] [stdout]    2:     0x63d742394d3c - <alloc[2182bb758b4b3781]::vec::Vec<u8> as core[df12db4294e9bfd3]::io::write::Write>::write_fmt
[INFO] [stdout]    3:     0x63d74236c346 - std[70759c8f55707aa4]::panicking::default_hook::{closure#0}
[INFO] [stdout]    4:     0x63d7423889f9 - std[70759c8f55707aa4]::panicking::default_hook
[INFO] [stdout]    5:     0x63d742316270 - test[9d35eded1c95d3be]::test_main_inner::<test[9d35eded1c95d3be]::test_main_static::{closure#0}>::{closure#0}
[INFO] [stdout]    6:     0x63d742388d22 - std[70759c8f55707aa4]::panicking::panic_with_hook
[INFO] [stdout]    7:     0x63d74236c424 - std[70759c8f55707aa4]::panicking::panic_handler::{closure#0}
[INFO] [stdout]    8:     0x63d742365149 - std[70759c8f55707aa4]::sys::backtrace::__rust_end_short_backtrace::<std[70759c8f55707aa4]::panicking::panic_handler::{closure#0}, !>
[INFO] [stdout]    9:     0x63d74236cfed - __rustc[8fa7c3cbc660c2b3]::rust_begin_unwind
[INFO] [stdout]   10:     0x63d7423a58dc - core[df12db4294e9bfd3]::panicking::panic_fmt
[INFO] [stdout]   11:     0x63d742308538 - tachyon[75601c8a1b5a26d3]::tachyon::tachyon_test::receive_unreliable_perf
[INFO] [stdout]   12:     0x63d7422f7029 - <tachyon[75601c8a1b5a26d3]::tachyon::tachyon_test::receive_unreliable_perf::{closure#0} as core[df12db4294e9bfd3]::ops::function::FnOnce<()>>::call_once
[INFO] [stdout]   13:     0x63d74230955b - test[9d35eded1c95d3be]::__rust_begin_short_backtrace::<core[df12db4294e9bfd3]::result::Result<(), alloc[2182bb758b4b3781]::string::String>, fn() -> core[df12db4294e9bfd3]::result::Result<(), alloc[2182bb758b4b3781]::string::String>>
[INFO] [stdout]   14:     0x63d742316bc5 - test[9d35eded1c95d3be]::run_test::{closure#0}
[INFO] [stdout]   15:     0x63d742310484 - std[70759c8f55707aa4]::sys::backtrace::__rust_begin_short_backtrace::<test[9d35eded1c95d3be]::run_test::{closure#1}, ()>
[INFO] [stdout]   16:     0x63d742319d22 - <std[70759c8f55707aa4]::thread::lifecycle::spawn_unchecked<test[9d35eded1c95d3be]::run_test::{closure#1}, ()>::{closure#1} as core[df12db4294e9bfd3]::ops::function::FnOnce<()>>::call_once::{shim:vtable#0}
[INFO] [stdout]   17:     0x63d74238fed9 - <std[70759c8f55707aa4]::sys::thread::unix::Thread>::new::thread_start
[INFO] [stdout]   18:     0x757490cbedfa - <unknown>
[INFO] [stdout]   19:     0x757490d523d4 - clone
[INFO] [stdout]   20:                0x0 - <unknown>
[INFO] [stdout] 
[INFO] [stdout] ---- tachyon::tests::test_unreliable stdout ----
[INFO] [stdout] 
[INFO] [stdout] thread 'tachyon::tests::test_unreliable' (365) panicked at src/tachyon/tachyon_test.rs:89:9:
[INFO] [stdout] bind failed
[INFO] [stdout] stack backtrace:
[INFO] [stdout]    0:     0x63d742390751 - <<std[70759c8f55707aa4]::sys::backtrace::BacktraceLock>::print::DisplayBacktrace as core[df12db4294e9bfd3]::fmt::Display>::fmt
[INFO] [stdout]    1:     0x63d7423a51aa - core[df12db4294e9bfd3]::fmt::write
[INFO] [stdout]    2:     0x63d742394d3c - <alloc[2182bb758b4b3781]::vec::Vec<u8> as core[df12db4294e9bfd3]::io::write::Write>::write_fmt
[INFO] [stdout]    3:     0x63d74236c346 - std[70759c8f55707aa4]::panicking::default_hook::{closure#0}
[INFO] [stdout]    4:     0x63d7423889f9 - std[70759c8f55707aa4]::panicking::default_hook
[INFO] [stdout]    5:     0x63d742316270 - test[9d35eded1c95d3be]::test_main_inner::<test[9d35eded1c95d3be]::test_main_static::{closure#0}>::{closure#0}
[INFO] [stdout]    6:     0x63d742388d22 - std[70759c8f55707aa4]::panicking::panic_with_hook
[INFO] [stdout]    7:     0x63d74236c424 - std[70759c8f55707aa4]::panicking::panic_handler::{closure#0}
[INFO] [stdout]    8:     0x63d742365149 - std[70759c8f55707aa4]::sys::backtrace::__rust_end_short_backtrace::<std[70759c8f55707aa4]::panicking::panic_handler::{closure#0}, !>
[INFO] [stdout]    9:     0x63d74236cfed - __rustc[8fa7c3cbc660c2b3]::rust_begin_unwind
[INFO] [stdout]   10:     0x63d7423a58dc - core[df12db4294e9bfd3]::panicking::panic_fmt
[INFO] [stdout]   11:     0x63d742308f57 - <tachyon[75601c8a1b5a26d3]::tachyon::tests::test_unreliable::{closure#0} as core[df12db4294e9bfd3]::ops::function::FnOnce<()>>::call_once
[INFO] [stdout]   12:     0x63d74234a6c4 - serial_test[5e0bb079bd1b7982]::serial_core
[INFO] [stdout]   13:     0x63d7422f7088 - <tachyon[75601c8a1b5a26d3]::tachyon::tests::test_unreliable::{closure#0} as core[df12db4294e9bfd3]::ops::function::FnOnce<()>>::call_once
[INFO] [stdout]   14:     0x63d74230955b - test[9d35eded1c95d3be]::__rust_begin_short_backtrace::<core[df12db4294e9bfd3]::result::Result<(), alloc[2182bb758b4b3781]::string::String>, fn() -> core[df12db4294e9bfd3]::result::Result<(), alloc[2182bb758b4b3781]::string::String>>
[INFO] [stdout]   15:     0x63d742316bc5 - test[9d35eded1c95d3be]::run_test::{closure#0}
[INFO] [stdout]   16:     0x63d742310484 - std[70759c8f55707aa4]::sys::backtrace::__rust_begin_short_backtrace::<test[9d35eded1c95d3be]::run_test::{closure#1}, ()>
[INFO] [stdout]   17:     0x63d742319d22 - <std[70759c8f55707aa4]::thread::lifecycle::spawn_unchecked<test[9d35eded1c95d3be]::run_test::{closure#1}, ()>::{closure#1} as core[df12db4294e9bfd3]::ops::function::FnOnce<()>>::call_once::{shim:vtable#0}
[INFO] [stdout]   18:     0x63d74238fed9 - <std[70759c8f55707aa4]::sys::thread::unix::Thread>::new::thread_start
[INFO] [stdout]   19:     0x757490cbedfa - <unknown>
[INFO] [stdout]   20:     0x757490d523d4 - clone
[INFO] [stdout]   21:                0x0 - <unknown>
[INFO] [stdout] 
[INFO] [stdout] ---- tachyon::tests::test_unconfigured_channel_fails stdout ----
[INFO] [stdout] 
[INFO] [stdout] thread 'tachyon::tests::test_unconfigured_channel_fails' (364) panicked at src/tachyon/tachyon_test.rs:89:9:
[INFO] [stdout] bind failed
[INFO] [stdout] stack backtrace:
[INFO] [stdout]    0:     0x63d742390751 - <<std[70759c8f55707aa4]::sys::backtrace::BacktraceLock>::print::DisplayBacktrace as core[df12db4294e9bfd3]::fmt::Display>::fmt
[INFO] [stdout]    1:     0x63d7423a51aa - core[df12db4294e9bfd3]::fmt::write
[INFO] [stdout]    2:     0x63d742394d3c - <alloc[2182bb758b4b3781]::vec::Vec<u8> as core[df12db4294e9bfd3]::io::write::Write>::write_fmt
[INFO] [stdout]    3:     0x63d74236c346 - std[70759c8f55707aa4]::panicking::default_hook::{closure#0}
[INFO] [stdout]    4:     0x63d7423889f9 - std[70759c8f55707aa4]::panicking::default_hook
[INFO] [stdout]    5:     0x63d742316270 - test[9d35eded1c95d3be]::test_main_inner::<test[9d35eded1c95d3be]::test_main_static::{closure#0}>::{closure#0}
[INFO] [stdout]    6:     0x63d742388d22 - std[70759c8f55707aa4]::panicking::panic_with_hook
[INFO] [stdout]    7:     0x63d74236c424 - std[70759c8f55707aa4]::panicking::panic_handler::{closure#0}
[INFO] [stdout]    8:     0x63d742365149 - std[70759c8f55707aa4]::sys::backtrace::__rust_end_short_backtrace::<std[70759c8f55707aa4]::panicking::panic_handler::{closure#0}, !>
[INFO] [stdout]    9:     0x63d74236cfed - __rustc[8fa7c3cbc660c2b3]::rust_begin_unwind
[INFO] [stdout]   10:     0x63d7423a58dc - core[df12db4294e9bfd3]::panicking::panic_fmt
[INFO] [stdout]   11:     0x63d7423094af - <tachyon[75601c8a1b5a26d3]::tachyon::tests::test_unconfigured_channel_fails::{closure#0} as core[df12db4294e9bfd3]::ops::function::FnOnce<()>>::call_once
[INFO] [stdout]   12:     0x63d74234a6c4 - serial_test[5e0bb079bd1b7982]::serial_core
[INFO] [stdout]   13:     0x63d7422f7128 - <tachyon[75601c8a1b5a26d3]::tachyon::tests::test_unconfigured_channel_fails::{closure#0} as core[df12db4294e9bfd3]::ops::function::FnOnce<()>>::call_once
[INFO] [stdout]   14:     0x63d74230955b - test[9d35eded1c95d3be]::__rust_begin_short_backtrace::<core[df12db4294e9bfd3]::result::Result<(), alloc[2182bb758b4b3781]::string::String>, fn() -> core[df12db4294e9bfd3]::result::Result<(), alloc[2182bb758b4b3781]::string::String>>
[INFO] [stdout]   15:     0x63d742316bc5 - test[9d35eded1c95d3be]::run_test::{closure#0}
[INFO] [stdout]   16:     0x63d742310484 - std[70759c8f55707aa4]::sys::backtrace::__rust_begin_short_backtrace::<test[9d35eded1c95d3be]::run_test::{closure#1}, ()>
[INFO] [stdout]   17:     0x63d742319d22 - <std[70759c8f55707aa4]::thread::lifecycle::spawn_unchecked<test[9d35eded1c95d3be]::run_test::{closure#1}, ()>::{closure#1} as core[df12db4294e9bfd3]::ops::function::FnOnce<()>>::call_once::{shim:vtable#0}
[INFO] [stdout]   18:     0x63d74238fed9 - <std[70759c8f55707aa4]::sys::thread::unix::Thread>::new::thread_start
[INFO] [stdout]   19:     0x757490cbedfa - <unknown>
[INFO] [stdout]   20:     0x757490d523d4 - clone
[INFO] [stdout]   21:                0x0 - <unknown>
[INFO] [stdout] 
[INFO] [stdout] ---- tachyon::tests::test_reliable stdout ----
[INFO] [stdout] 
[INFO] [stdout] thread 'tachyon::tests::test_reliable' (363) panicked at src/tachyon/tachyon_test.rs:89:9:
[INFO] [stdout] bind failed
[INFO] [stdout] stack backtrace:
[INFO] [stdout]    0:     0x63d742390751 - <<std[70759c8f55707aa4]::sys::backtrace::BacktraceLock>::print::DisplayBacktrace as core[df12db4294e9bfd3]::fmt::Display>::fmt
[INFO] [stdout]    1:     0x63d7423a51aa - core[df12db4294e9bfd3]::fmt::write
[INFO] [stdout]    2:     0x63d742394d3c - <alloc[2182bb758b4b3781]::vec::Vec<u8> as core[df12db4294e9bfd3]::io::write::Write>::write_fmt
[INFO] [stdout]    3:     0x63d74236c346 - std[70759c8f55707aa4]::panicking::default_hook::{closure#0}
[INFO] [stdout]    4:     0x63d7423889f9 - std[70759c8f55707aa4]::panicking::default_hook
[INFO] [stdout]    5:     0x63d742316270 - test[9d35eded1c95d3be]::test_main_inner::<test[9d35eded1c95d3be]::test_main_static::{closure#0}>::{closure#0}
[INFO] [stdout]    6:     0x63d742388d22 - std[70759c8f55707aa4]::panicking::panic_with_hook
[INFO] [stdout]    7:     0x63d74236c424 - std[70759c8f55707aa4]::panicking::panic_handler::{closure#0}
[INFO] [stdout]    8:     0x63d742365149 - std[70759c8f55707aa4]::sys::backtrace::__rust_end_short_backtrace::<std[70759c8f55707aa4]::panicking::panic_handler::{closure#0}, !>
[INFO] [stdout]    9:     0x63d74236cfed - __rustc[8fa7c3cbc660c2b3]::rust_begin_unwind
[INFO] [stdout]   10:     0x63d7423a58dc - core[df12db4294e9bfd3]::panicking::panic_fmt
[INFO] [stdout]   11:     0x63d742308b8f - <tachyon[75601c8a1b5a26d3]::tachyon::tests::test_reliable::{closure#0} as core[df12db4294e9bfd3]::ops::function::FnOnce<()>>::call_once
[INFO] [stdout]   12:     0x63d74234a6c4 - serial_test[5e0bb079bd1b7982]::serial_core
[INFO] [stdout]   13:     0x63d7422f7058 - <tachyon[75601c8a1b5a26d3]::tachyon::tests::test_reliable::{closure#0} as core[df12db4294e9bfd3]::ops::function::FnOnce<()>>::call_once
[INFO] [stdout]   14:     0x63d74230955b - test[9d35eded1c95d3be]::__rust_begin_short_backtrace::<core[df12db4294e9bfd3]::result::Result<(), alloc[2182bb758b4b3781]::string::String>, fn() -> core[df12db4294e9bfd3]::result::Result<(), alloc[2182bb758b4b3781]::string::String>>
[INFO] [stdout]   15:     0x63d742316bc5 - test[9d35eded1c95d3be]::run_test::{closure#0}
[INFO] [stdout]   16:     0x63d742310484 - std[70759c8f55707aa4]::sys::backtrace::__rust_begin_short_backtrace::<test[9d35eded1c95d3be]::run_test::{closure#1}, ()>
[INFO] [stdout]   17:     0x63d742319d22 - <std[70759c8f55707aa4]::thread::lifecycle::spawn_unchecked<test[9d35eded1c95d3be]::run_test::{closure#1}, ()>::{closure#1} as core[df12db4294e9bfd3]::ops::function::FnOnce<()>>::call_once::{shim:vtable#0}
[INFO] [stdout]   18:     0x63d74238fed9 - <std[70759c8f55707aa4]::sys::thread::unix::Thread>::new::thread_start
[INFO] [stdout]   19:     0x757490cbedfa - <unknown>
[INFO] [stdout]   20:     0x757490d523d4 - clone
[INFO] [stdout]   21:                0x0 - <unknown>
[INFO] [stdout] 
[INFO] [stdout] ---- tachyon::tests::test_configured_channel stdout ----
[INFO] [stdout] 
[INFO] [stdout] thread 'tachyon::tests::test_configured_channel' (361) panicked at src/tachyon/tachyon_test.rs:89:9:
[INFO] [stdout] bind failed
[INFO] [stdout] stack backtrace:
[INFO] [stdout]    0:     0x63d742390751 - <<std[70759c8f55707aa4]::sys::backtrace::BacktraceLock>::print::DisplayBacktrace as core[df12db4294e9bfd3]::fmt::Display>::fmt
[INFO] [stdout]    1:     0x63d7423a51aa - core[df12db4294e9bfd3]::fmt::write
[INFO] [stdout]    2:     0x63d742394d3c - <alloc[2182bb758b4b3781]::vec::Vec<u8> as core[df12db4294e9bfd3]::io::write::Write>::write_fmt
[INFO] [stdout]    3:     0x63d74236c346 - std[70759c8f55707aa4]::panicking::default_hook::{closure#0}
[INFO] [stdout]    4:     0x63d7423889f9 - std[70759c8f55707aa4]::panicking::default_hook
[INFO] [stdout]    5:     0x63d742316270 - test[9d35eded1c95d3be]::test_main_inner::<test[9d35eded1c95d3be]::test_main_static::{closure#0}>::{closure#0}
[INFO] [stdout]    6:     0x63d742388d22 - std[70759c8f55707aa4]::panicking::panic_with_hook
[INFO] [stdout]    7:     0x63d74236c424 - std[70759c8f55707aa4]::panicking::panic_handler::{closure#0}
[INFO] [stdout]    8:     0x63d742365149 - std[70759c8f55707aa4]::sys::backtrace::__rust_end_short_backtrace::<std[70759c8f55707aa4]::panicking::panic_handler::{closure#0}, !>
[INFO] [stdout]    9:     0x63d74236cfed - __rustc[8fa7c3cbc660c2b3]::rust_begin_unwind
[INFO] [stdout]   10:     0x63d7423a58dc - core[df12db4294e9bfd3]::panicking::panic_fmt
[INFO] [stdout]   11:     0x63d7423092c6 - <tachyon[75601c8a1b5a26d3]::tachyon::tests::test_configured_channel::{closure#0} as core[df12db4294e9bfd3]::ops::function::FnOnce<()>>::call_once
[INFO] [stdout]   12:     0x63d74234a6c4 - serial_test[5e0bb079bd1b7982]::serial_core
[INFO] [stdout]   13:     0x63d7422f70f8 - <tachyon[75601c8a1b5a26d3]::tachyon::tests::test_configured_channel::{closure#0} as core[df12db4294e9bfd3]::ops::function::FnOnce<()>>::call_once
[INFO] [stdout]   14:     0x63d74230955b - test[9d35eded1c95d3be]::__rust_begin_short_backtrace::<core[df12db4294e9bfd3]::result::Result<(), alloc[2182bb758b4b3781]::string::String>, fn() -> core[df12db4294e9bfd3]::result::Result<(), alloc[2182bb758b4b3781]::string::String>>
[INFO] [stdout]   15:     0x63d742316bc5 - test[9d35eded1c95d3be]::run_test::{closure#0}
[INFO] [stdout]   16:     0x63d742310484 - std[70759c8f55707aa4]::sys::backtrace::__rust_begin_short_backtrace::<test[9d35eded1c95d3be]::run_test::{closure#1}, ()>
[INFO] [stdout]   17:     0x63d742319d22 - <std[70759c8f55707aa4]::thread::lifecycle::spawn_unchecked<test[9d35eded1c95d3be]::run_test::{closure#1}, ()>::{closure#1} as core[df12db4294e9bfd3]::ops::function::FnOnce<()>>::call_once::{shim:vtable#0}
[INFO] [stdout]   18:     0x63d74238fed9 - <std[70759c8f55707aa4]::sys::thread::unix::Thread>::new::thread_start
[INFO] [stdout]   19:     0x757490cbedfa - <unknown>
[INFO] [stdout]   20:     0x757490d523d4 - clone
[INFO] [stdout]   21:                0x0 - <unknown>
[INFO] [stdout] 
[INFO] [stdout] ---- tachyon::tachyon_test::many_clients stdout ----
[INFO] [stdout] 
[INFO] [stdout] thread 'tachyon::tachyon_test::many_clients' (358) panicked at src/tachyon/tachyon_socket.rs:55:46:
[INFO] [stdout] called `Result::unwrap()` on an `Err` value: Os { code: 24, kind: TooManyOpenFiles, message: "Too many open files" }
[INFO] [stdout] stack backtrace:
[INFO] [stdout]    0:     0x63d742390751 - <<std[70759c8f55707aa4]::sys::backtrace::BacktraceLock>::print::DisplayBacktrace as core[df12db4294e9bfd3]::fmt::Display>::fmt
[INFO] [stdout]    1:     0x63d7423a51aa - core[df12db4294e9bfd3]::fmt::write
[INFO] [stdout]    2:     0x63d742394d3c - <alloc[2182bb758b4b3781]::vec::Vec<u8> as core[df12db4294e9bfd3]::io::write::Write>::write_fmt
[INFO] [stdout]    3:     0x63d74236c346 - std[70759c8f55707aa4]::panicking::default_hook::{closure#0}
[INFO] [stdout]    4:     0x63d7423889f9 - std[70759c8f55707aa4]::panicking::default_hook
[INFO] [stdout]    5:     0x63d742316270 - test[9d35eded1c95d3be]::test_main_inner::<test[9d35eded1c95d3be]::test_main_static::{closure#0}>::{closure#0}
[INFO] [stdout]    6:     0x63d742388d22 - std[70759c8f55707aa4]::panicking::panic_with_hook
[INFO] [stdout]    7:     0x63d74236c3f2 - std[70759c8f55707aa4]::panicking::panic_handler::{closure#0}
[INFO] [stdout]    8:     0x63d742365149 - std[70759c8f55707aa4]::sys::backtrace::__rust_end_short_backtrace::<std[70759c8f55707aa4]::panicking::panic_handler::{closure#0}, !>
[INFO] [stdout]    9:     0x63d74236cfed - __rustc[8fa7c3cbc660c2b3]::rust_begin_unwind
[INFO] [stdout]   10:     0x63d7423a58dc - core[df12db4294e9bfd3]::panicking::panic_fmt
[INFO] [stdout]   11:     0x63d7423a56b2 - core[df12db4294e9bfd3]::result::unwrap_failed
[INFO] [stdout]   12:     0x63d74230117a - <tachyon[75601c8a1b5a26d3]::tachyon::Tachyon>::connect
[INFO] [stdout]   13:     0x63d7423077da - tachyon[75601c8a1b5a26d3]::tachyon::tachyon_test::many_clients
[INFO] [stdout]   14:     0x63d7422f6fc9 - <tachyon[75601c8a1b5a26d3]::tachyon::tachyon_test::many_clients::{closure#0} as core[df12db4294e9bfd3]::ops::function::FnOnce<()>>::call_once
[INFO] [stdout]   15:     0x63d74230955b - test[9d35eded1c95d3be]::__rust_begin_short_backtrace::<core[df12db4294e9bfd3]::result::Result<(), alloc[2182bb758b4b3781]::string::String>, fn() -> core[df12db4294e9bfd3]::result::Result<(), alloc[2182bb758b4b3781]::string::String>>
[INFO] [stdout]   16:     0x63d742316bc5 - test[9d35eded1c95d3be]::run_test::{closure#0}
[INFO] [stdout]   17:     0x63d742310484 - std[70759c8f55707aa4]::sys::backtrace::__rust_begin_short_backtrace::<test[9d35eded1c95d3be]::run_test::{closure#1}, ()>
[INFO] [stdout]   18:     0x63d742319d22 - <std[70759c8f55707aa4]::thread::lifecycle::spawn_unchecked<test[9d35eded1c95d3be]::run_test::{closure#1}, ()>::{closure#1} as core[df12db4294e9bfd3]::ops::function::FnOnce<()>>::call_once::{shim:vtable#0}
[INFO] [stdout]   19:     0x63d74238fed9 - <std[70759c8f55707aa4]::sys::thread::unix::Thread>::new::thread_start
[INFO] [stdout]   20:     0x757490cbedfa - <unknown>
[INFO] [stdout]   21:     0x757490d523d4 - clone
[INFO] [stdout]   22:                0x0 - <unknown>
[INFO] [stdout] 
[INFO] [stdout] ---- tachyon::pool::tests::test_receive stdout ----
[INFO] [stdout] 
[INFO] [stdout] thread 'tachyon::pool::tests::test_receive' (342) panicked at src/tachyon/pool.rs:243:9:
[INFO] [stdout] assertion `left == right` failed
[INFO] [stdout]   left: 60000
[INFO] [stdout]  right: 13107
[INFO] [stdout] stack backtrace:
[INFO] [stdout]    0:     0x63d742390751 - <<std[70759c8f55707aa4]::sys::backtrace::BacktraceLock>::print::DisplayBacktrace as core[df12db4294e9bfd3]::fmt::Display>::fmt
[INFO] [stdout]    1:     0x63d7423a51aa - core[df12db4294e9bfd3]::fmt::write
[INFO] [stdout]    2:     0x63d742394d3c - <alloc[2182bb758b4b3781]::vec::Vec<u8> as core[df12db4294e9bfd3]::io::write::Write>::write_fmt
[INFO] [stdout]    3:     0x63d74236c346 - std[70759c8f55707aa4]::panicking::default_hook::{closure#0}
[INFO] [stdout]    4:     0x63d7423889f9 - std[70759c8f55707aa4]::panicking::default_hook
[INFO] [stdout]    5:     0x63d742316270 - test[9d35eded1c95d3be]::test_main_inner::<test[9d35eded1c95d3be]::test_main_static::{closure#0}>::{closure#0}
[INFO] [stdout]    6:     0x63d742388d22 - std[70759c8f55707aa4]::panicking::panic_with_hook
[INFO] [stdout]    7:     0x63d74236c3f2 - std[70759c8f55707aa4]::panicking::panic_handler::{closure#0}
[INFO] [stdout]    8:     0x63d742365149 - std[70759c8f55707aa4]::sys::backtrace::__rust_end_short_backtrace::<std[70759c8f55707aa4]::panicking::panic_handler::{closure#0}, !>
[INFO] [stdout]    9:     0x63d74236cfed - __rustc[8fa7c3cbc660c2b3]::rust_begin_unwind
[INFO] [stdout]   10:     0x63d7423a58dc - core[df12db4294e9bfd3]::panicking::panic_fmt
[INFO] [stdout]   11:     0x63d7423a57f3 - core[df12db4294e9bfd3]::panicking::assert_failed_inner
[INFO] [stdout]   12:     0x63d742364cd5 - core[df12db4294e9bfd3]::panicking::assert_failed::<i32, i32>
[INFO] [stdout]   13:     0x63d7422fd2b4 - tachyon[75601c8a1b5a26d3]::tachyon::pool::tests::test_receive
[INFO] [stdout]   14:     0x63d7422f76d9 - <tachyon[75601c8a1b5a26d3]::tachyon::pool::tests::test_receive::{closure#0} as core[df12db4294e9bfd3]::ops::function::FnOnce<()>>::call_once
[INFO] [stdout]   15:     0x63d74230955b - test[9d35eded1c95d3be]::__rust_begin_short_backtrace::<core[df12db4294e9bfd3]::result::Result<(), alloc[2182bb758b4b3781]::string::String>, fn() -> core[df12db4294e9bfd3]::result::Result<(), alloc[2182bb758b4b3781]::string::String>>
[INFO] [stdout]   16:     0x63d742316bc5 - test[9d35eded1c95d3be]::run_test::{closure#0}
[INFO] [stdout]   17:     0x63d742310484 - std[70759c8f55707aa4]::sys::backtrace::__rust_begin_short_backtrace::<test[9d35eded1c95d3be]::run_test::{closure#1}, ()>
[INFO] [stdout]   18:     0x63d742319d22 - <std[70759c8f55707aa4]::thread::lifecycle::spawn_unchecked<test[9d35eded1c95d3be]::run_test::{closure#1}, ()>::{closure#1} as core[df12db4294e9bfd3]::ops::function::FnOnce<()>>::call_once::{shim:vtable#0}
[INFO] [stdout]   19:     0x63d74238fed9 - <std[70759c8f55707aa4]::sys::thread::unix::Thread>::new::thread_start
[INFO] [stdout]   20:     0x757490cbedfa - <unknown>
[INFO] [stdout]   21:     0x757490d523d4 - clone
[INFO] [stdout]   22:                0x0 - <unknown>
[INFO] [stdout] 
[INFO] [stdout] 
[INFO] [stdout] failures:
[INFO] [stdout]     tachyon::pool::tests::test_receive
[INFO] [stdout]     tachyon::tachyon_test::many_clients
[INFO] [stdout]     tachyon::tachyon_test::receive_perf
[INFO] [stdout]     tachyon::tachyon_test::receive_unreliable_perf
[INFO] [stdout]     tachyon::tests::test_configured_channel
[INFO] [stdout]     tachyon::tests::test_reliable
[INFO] [stdout]     tachyon::tests::test_unconfigured_channel_fails
[INFO] [stdout]     tachyon::tests::test_unreliable
[INFO] [stdout] 
[INFO] [stdout] test result: FAILED. 33 passed; 8 failed; 0 ignored; 0 measured; 0 filtered out; finished in 0.83s
[INFO] [stdout] 
[INFO] [stderr] error: test failed, to rerun pass `--lib`
[INFO] running `Command { std: "docker" "inspect" "c52232f2aa959f8ed7a170728efea6bea1b79a1c6ca01dae6b390fda5623cefe", kill_on_drop: false }`
[INFO] running `Command { std: "docker" "rm" "-f" "c52232f2aa959f8ed7a170728efea6bea1b79a1c6ca01dae6b390fda5623cefe", kill_on_drop: false }`
[INFO] [stdout] c52232f2aa959f8ed7a170728efea6bea1b79a1c6ca01dae6b390fda5623cefe
