[INFO] fetching crate tabnas-json 0.5.17...
[INFO] testing tabnas-json-0.5.17 against 1.100.0-beta.1+cargoflags=--release for beta-release-1.100-2
[INFO] extracting crate tabnas-json 0.5.17 into /workspace/builds/worker-6-tc2/source
[INFO] started tweaking crates.io crate tabnas-json 0.5.17
[INFO] removed 0 missing tests
[INFO] finished tweaking crates.io crate tabnas-json 0.5.17
[INFO] tweaked toml for crates.io crate tabnas-json 0.5.17 written to /workspace/builds/worker-6-tc2/source/Cargo.toml
[INFO] validating manifest of crates.io crate tabnas-json 0.5.17 on toolchain 1.100.0-beta.1
[INFO] running `Command { std: CARGO_HOME="/workspace/cargo-home" RUSTUP_HOME="/workspace/rustup-home" "/workspace/cargo-home/bin/cargo" "+1.100.0-beta.1" "metadata" "--manifest-path" "Cargo.toml" "--no-deps", kill_on_drop: false }`
[INFO] crate crates.io crate tabnas-json 0.5.17 already has a lockfile, it will not be regenerated
[INFO] running `Command { std: CARGO_HOME="/workspace/cargo-home" RUSTUP_HOME="/workspace/rustup-home" "/workspace/cargo-home/bin/cargo" "+1.100.0-beta.1" "fetch" "--manifest-path" "Cargo.toml", kill_on_drop: false }`
[INFO] running `Command { std: "docker" "create" "-v" "/var/lib/crater-agent-workspace/builds/worker-6-tc2/source:/opt/rustwide/workdir:ro,Z" "-v" "/var/lib/crater-agent-workspace/builds/worker-6-tc2/target:/opt/rustwide/target:rw,Z" "-v" "/var/lib/crater-agent-workspace/cargo-home:/opt/rustwide/cargo-home:ro,Z" "-v" "/var/lib/crater-agent-workspace/rustup-home:/opt/rustwide/rustup-home:ro,Z" "-m" "1610612736" "--network" "none" "ghcr.io/rust-lang/crates-build-env/linux@sha256:77db811e55d90add9212f6832c23229e3de5f1c1f9905e8cb07319ea15df73ac" "sleep" "infinity", kill_on_drop: false }`
[INFO] [stdout] 51b735b426117782eb411e91d229a53d3b02898a20cc719321b182ad76c4f071
[INFO] running `Command { std: "docker" "start" "51b735b426117782eb411e91d229a53d3b02898a20cc719321b182ad76c4f071", kill_on_drop: false }`
[INFO] running `Command { std: "docker" "inspect" "51b735b426117782eb411e91d229a53d3b02898a20cc719321b182ad76c4f071", kill_on_drop: false }`
[INFO] running `Command { std: "docker" "exec" "-e" "SOURCE_DIR=/opt/rustwide/workdir" "-e" "CARGO_HOME=/opt/rustwide/cargo-home" "-e" "RUSTUP_HOME=/opt/rustwide/rustup-home" "-e" "CARGO_TARGET_DIR=/opt/rustwide/target" "-w" "/opt/rustwide/workdir" "--user" "0:0" "51b735b426117782eb411e91d229a53d3b02898a20cc719321b182ad76c4f071" "/opt/rustwide/cargo-home/bin/cargo" "+1.100.0-beta.1" "metadata" "--no-deps" "--format-version=1", kill_on_drop: false }`
[INFO] running `Command { std: "docker" "inspect" "51b735b426117782eb411e91d229a53d3b02898a20cc719321b182ad76c4f071", kill_on_drop: false }`
[INFO] running `Command { std: "docker" "exec" "-e" "SOURCE_DIR=/opt/rustwide/workdir" "-e" "CARGO_HOME=/opt/rustwide/cargo-home" "-e" "RUSTUP_HOME=/opt/rustwide/rustup-home" "-e" "CARGO_TARGET_DIR=/opt/rustwide/target" "-e" "CARGO_INCREMENTAL=0" "-e" "RUST_BACKTRACE=full" "-e" "RUSTFLAGS=--cap-lints=warn" "-e" "RUSTDOCFLAGS=--cap-lints=warn" "-w" "/opt/rustwide/workdir" "--user" "0:0" "51b735b426117782eb411e91d229a53d3b02898a20cc719321b182ad76c4f071" "/opt/rustwide/cargo-home/bin/cargo" "+1.100.0-beta.1" "build" "--frozen" "--message-format=json" "--release", kill_on_drop: false }`
[INFO] [stderr]    Compiling serde_core v1.0.229
[INFO] [stderr]    Compiling unicode-ident v1.0.26
[INFO] [stderr]    Compiling quote v1.0.47
[INFO] [stderr]    Compiling aho-corasick v1.1.5
[INFO] [stderr]    Compiling proc-macro2 v1.0.107
[INFO] [stderr]    Compiling syn v3.0.6
[INFO] [stderr]    Compiling regex-automata v0.4.18
[INFO] [stderr]    Compiling serde_derive v1.0.229
[INFO] [stderr]    Compiling indexmap v2.14.2
[INFO] [stderr]    Compiling serde_json v1.0.151
[INFO] [stderr]    Compiling serde v1.0.229
[INFO] [stderr]    Compiling regex v1.13.1
[INFO] [stderr]    Compiling tabnas-parser v0.12.11
[INFO] [stderr]    Compiling tabnas-json v0.5.17 (/opt/rustwide/workdir)
[INFO] [stderr]     Finished `release` profile [optimized] target(s) in 50.93s
[INFO] running `Command { std: "docker" "inspect" "51b735b426117782eb411e91d229a53d3b02898a20cc719321b182ad76c4f071", kill_on_drop: false }`
[INFO] running `Command { std: "docker" "exec" "-e" "SOURCE_DIR=/opt/rustwide/workdir" "-e" "CARGO_HOME=/opt/rustwide/cargo-home" "-e" "RUSTUP_HOME=/opt/rustwide/rustup-home" "-e" "CARGO_TARGET_DIR=/opt/rustwide/target" "-e" "CARGO_INCREMENTAL=0" "-e" "RUST_BACKTRACE=full" "-e" "RUSTFLAGS=--cap-lints=warn" "-e" "RUSTDOCFLAGS=--cap-lints=warn" "-w" "/opt/rustwide/workdir" "--user" "0:0" "51b735b426117782eb411e91d229a53d3b02898a20cc719321b182ad76c4f071" "/opt/rustwide/cargo-home/bin/cargo" "+1.100.0-beta.1" "test" "--frozen" "--no-run" "--message-format=json" "--release", kill_on_drop: false }`
[INFO] [stderr]    Compiling tabnas-json v0.5.17 (/opt/rustwide/workdir)
[INFO] [stderr]     Finished `release` profile [optimized] target(s) in 5.15s
[INFO] running `Command { std: "docker" "inspect" "51b735b426117782eb411e91d229a53d3b02898a20cc719321b182ad76c4f071", kill_on_drop: false }`
[INFO] running `Command { std: "docker" "exec" "-e" "SOURCE_DIR=/opt/rustwide/workdir" "-e" "CARGO_HOME=/opt/rustwide/cargo-home" "-e" "RUSTUP_HOME=/opt/rustwide/rustup-home" "-e" "CARGO_TARGET_DIR=/opt/rustwide/target" "-e" "CARGO_INCREMENTAL=0" "-e" "RUST_BACKTRACE=full" "-e" "RUSTFLAGS=--cap-lints=warn" "-e" "RUSTDOCFLAGS=--cap-lints=warn" "-w" "/opt/rustwide/workdir" "--user" "0:0" "51b735b426117782eb411e91d229a53d3b02898a20cc719321b182ad76c4f071" "/opt/rustwide/cargo-home/bin/cargo" "+1.100.0-beta.1" "test" "--frozen" "--release", kill_on_drop: false }`
[INFO] [stderr]     Finished `release` profile [optimized] target(s) in 0.08s
[INFO] [stderr]      Running unittests src/lib.rs (/opt/rustwide/target/release/build/tabnas-json/711a5807645b31e7/out/tabnas_json-711a5807645b31e7)
[INFO] [stdout] 
[INFO] [stdout] running 2 tests
[INFO] [stdout] test document::the_grammar_opts_out_of_the_chain_walk ... ok
[INFO] [stdout] test document::the_key_token_set_replaces_the_default_outright ... ok
[INFO] [stdout] 
[INFO] [stdout] test result: ok. 2 passed; 0 failed; 0 ignored; 0 measured; 0 filtered out; finished in 0.00s
[INFO] [stdout] 
[INFO] [stderr]      Running tests/conformance_test.rs (/opt/rustwide/target/release/build/tabnas-json/4b54ca581ddc5e09/out/conformance_test-4b54ca581ddc5e09)
[INFO] [stdout] 
[INFO] [stdout] running 4 tests
[INFO] [stderr] sh: 0: cannot open /opt/rustwide/test/fetch-jsontestsuite.sh: No such file
[INFO] [stdout] test the_corpus_is_the_pinned_one ... FAILED
[INFO] [stderr] sh: 0: cannot open /opt/rustwide/test/fetch-jsontestsuite.sh: No such file
[INFO] [stdout] test must_reject ... FAILED
[INFO] [stderr] sh: 0: cannot open /opt/rustwide/test/fetch-jsontestsuite.sh: No such file
[INFO] [stdout] test must_accept ... FAILED
[INFO] [stderr] sh: 0: cannot open /opt/rustwide/test/fetch-jsontestsuite.sh: No such file
[INFO] [stdout] test implementation_defined ... FAILED
[INFO] [stdout] 
[INFO] [stdout] failures:
[INFO] [stdout] 
[INFO] [stdout] ---- the_corpus_is_the_pinned_one stdout ----
[INFO] [stdout] warning: /opt/rustwide/test/fetch-jsontestsuite.sh exited exit status: 2; the conformance tests will fail
[INFO] [stdout] 
[INFO] [stdout] thread 'the_corpus_is_the_pinned_one' (676) panicked at tests/conformance_test.rs:101:61:
[INFO] [stdout] nst/JSONTestSuite corpus not found.
[INFO] [stdout] 
[INFO] [stdout] It is third-party and deliberately not vendored. Fetch it (pinned commit,
[INFO] [stdout] idempotent) and re-run:
[INFO] [stdout] 
[INFO] [stdout]     sh test/fetch-jsontestsuite.sh    # or: make json-test-suite
[INFO] [stdout] 
[INFO] [stdout] This fails rather than skips on purpose: a conformance suite that quietly
[INFO] [stdout] does not run reports a green tick that is a lie.
[INFO] [stdout] stack backtrace:
[INFO] [stdout]    0:     0x56b46d77f411 - <<std[617be2ca0a6fd877]::sys::backtrace::BacktraceLock>::print::DisplayBacktrace as core[a373ad73a504971]::fmt::Display>::fmt
[INFO] [stdout]    1:     0x56b46d79671a - core[a373ad73a504971]::fmt::write
[INFO] [stdout]    2:     0x56b46d783b0c - <alloc[2e1b2a31b91974c5]::vec::Vec<u8> as core[a373ad73a504971]::io::write::Write>::write_fmt
[INFO] [stdout]    3:     0x56b46d75ac76 - std[617be2ca0a6fd877]::panicking::default_hook::{closure#0}
[INFO] [stdout]    4:     0x56b46d777589 - std[617be2ca0a6fd877]::panicking::default_hook
[INFO] [stdout]    5:     0x56b46d54f470 - test[aada8e7e76ba119b]::test_main_inner::{closure#0}
[INFO] [stdout]    6:     0x56b46d777742 - std[617be2ca0a6fd877]::panicking::panic_with_hook
[INFO] [stdout]    7:     0x56b46d75ad22 - std[617be2ca0a6fd877]::panicking::panic_handler::{closure#0}
[INFO] [stdout]    8:     0x56b46d753809 - std[617be2ca0a6fd877]::sys::backtrace::__rust_end_short_backtrace::<std[617be2ca0a6fd877]::panicking::panic_handler::{closure#0}, !>
[INFO] [stdout]    9:     0x56b46d75b92d - __rustc[ea4f61d10b84890b]::rust_begin_unwind
[INFO] [stdout]   10:     0x56b46d796efc - core[a373ad73a504971]::panicking::panic_fmt
[INFO] [stdout]   11:     0x56b46d51db96 - conformance_test[7a64476fa21bf396]::corpus::{closure#0}::{closure#0}
[INFO] [stdout]   12:     0x56b46d51da31 - <std[617be2ca0a6fd877]::sync::once::Once>::call_once_force::<<std[617be2ca0a6fd877]::sync::once_lock::OnceLock<alloc[2e1b2a31b91974c5]::vec::Vec<alloc[2e1b2a31b91974c5]::string::String>>>::initialize<<std[617be2ca0a6fd877]::sync::once_lock::OnceLock<alloc[2e1b2a31b91974c5]::vec::Vec<alloc[2e1b2a31b91974c5]::string::String>>>::get_or_init<conformance_test[7a64476fa21bf396]::corpus::{closure#0}>::{closure#0}, !>::{closure#0}>::{closure#0}
[INFO] [stdout]   13:     0x56b46d760859 - <std[617be2ca0a6fd877]::sys::sync::once::futex::Once>::call
[INFO] [stdout]   14:     0x56b46d51cea3 - <std[617be2ca0a6fd877]::sync::once_lock::OnceLock<alloc[2e1b2a31b91974c5]::vec::Vec<alloc[2e1b2a31b91974c5]::string::String>>>::initialize::<<std[617be2ca0a6fd877]::sync::once_lock::OnceLock<alloc[2e1b2a31b91974c5]::vec::Vec<alloc[2e1b2a31b91974c5]::string::String>>>::get_or_init<conformance_test[7a64476fa21bf396]::corpus::{closure#0}>::{closure#0}, !>
[INFO] [stdout]   15:     0x56b46d523772 - <conformance_test[7a64476fa21bf396]::the_corpus_is_the_pinned_one::{closure#0} as core[a373ad73a504971]::ops::function::FnOnce<()>>::call_once
[INFO] [stdout]   16:     0x56b46d5428bb - test[aada8e7e76ba119b]::__rust_begin_short_backtrace::<core[a373ad73a504971]::result::Result<(), alloc[2e1b2a31b91974c5]::string::String>, fn() -> core[a373ad73a504971]::result::Result<(), alloc[2e1b2a31b91974c5]::string::String>>
[INFO] [stdout]   17:     0x56b46d54fa95 - test[aada8e7e76ba119b]::run_test::{closure#0}
[INFO] [stdout]   18:     0x56b46d549384 - std[617be2ca0a6fd877]::sys::backtrace::__rust_begin_short_backtrace::<test[aada8e7e76ba119b]::run_test::{closure#1}, ()>
[INFO] [stdout]   19:     0x56b46d552b22 - <std[617be2ca0a6fd877]::thread::lifecycle::spawn_unchecked<test[aada8e7e76ba119b]::run_test::{closure#1}, ()>::{closure#1} as core[a373ad73a504971]::ops::function::FnOnce<()>>::call_once::{shim:vtable#0}
[INFO] [stdout]   20:     0x56b46d77e95f - <std[617be2ca0a6fd877]::sys::thread::unix::Thread>::new::thread_start
[INFO] [stdout]   21:     0x7b59f2f9ddfa - <unknown>
[INFO] [stdout]   22:     0x7b59f30313d4 - clone
[INFO] [stdout]   23:                0x0 - <unknown>
[INFO] [stdout] 
[INFO] [stdout] ---- must_reject stdout ----
[INFO] [stdout] warning: /opt/rustwide/test/fetch-jsontestsuite.sh exited exit status: 2; the conformance tests will fail
[INFO] [stdout] 
[INFO] [stdout] thread 'must_reject' (675) panicked at tests/conformance_test.rs:101:61:
[INFO] [stdout] nst/JSONTestSuite corpus not found.
[INFO] [stdout] 
[INFO] [stdout] It is third-party and deliberately not vendored. Fetch it (pinned commit,
[INFO] [stdout] idempotent) and re-run:
[INFO] [stdout] 
[INFO] [stdout]     sh test/fetch-jsontestsuite.sh    # or: make json-test-suite
[INFO] [stdout] 
[INFO] [stdout] This fails rather than skips on purpose: a conformance suite that quietly
[INFO] [stdout] does not run reports a green tick that is a lie.
[INFO] [stdout] stack backtrace:
[INFO] [stdout]    0:     0x56b46d77f411 - <<std[617be2ca0a6fd877]::sys::backtrace::BacktraceLock>::print::DisplayBacktrace as core[a373ad73a504971]::fmt::Display>::fmt
[INFO] [stdout]    1:     0x56b46d79671a - core[a373ad73a504971]::fmt::write
[INFO] [stdout]    2:     0x56b46d783b0c - <alloc[2e1b2a31b91974c5]::vec::Vec<u8> as core[a373ad73a504971]::io::write::Write>::write_fmt
[INFO] [stdout]    3:     0x56b46d75ac76 - std[617be2ca0a6fd877]::panicking::default_hook::{closure#0}
[INFO] [stdout]    4:     0x56b46d777589 - std[617be2ca0a6fd877]::panicking::default_hook
[INFO] [stdout]    5:     0x56b46d54f470 - test[aada8e7e76ba119b]::test_main_inner::{closure#0}
[INFO] [stdout]    6:     0x56b46d777742 - std[617be2ca0a6fd877]::panicking::panic_with_hook
[INFO] [stderr] error: test failed, to rerun pass `--test conformance_test`
[INFO] [stdout]    7:     0x56b46d75ad22 - std[617be2ca0a6fd877]::panicking::panic_handler::{closure#0}
[INFO] [stdout]    8:     0x56b46d753809 - std[617be2ca0a6fd877]::sys::backtrace::__rust_end_short_backtrace::<std[617be2ca0a6fd877]::panicking::panic_handler::{closure#0}, !>
[INFO] [stdout]    9:     0x56b46d75b92d - __rustc[ea4f61d10b84890b]::rust_begin_unwind
[INFO] [stdout]   10:     0x56b46d796efc - core[a373ad73a504971]::panicking::panic_fmt
[INFO] [stdout]   11:     0x56b46d51db96 - conformance_test[7a64476fa21bf396]::corpus::{closure#0}::{closure#0}
[INFO] [stdout]   12:     0x56b46d51da31 - <std[617be2ca0a6fd877]::sync::once::Once>::call_once_force::<<std[617be2ca0a6fd877]::sync::once_lock::OnceLock<alloc[2e1b2a31b91974c5]::vec::Vec<alloc[2e1b2a31b91974c5]::string::String>>>::initialize<<std[617be2ca0a6fd877]::sync::once_lock::OnceLock<alloc[2e1b2a31b91974c5]::vec::Vec<alloc[2e1b2a31b91974c5]::string::String>>>::get_or_init<conformance_test[7a64476fa21bf396]::corpus::{closure#0}>::{closure#0}, !>::{closure#0}>::{closure#0}
[INFO] [stdout]   13:     0x56b46d760859 - <std[617be2ca0a6fd877]::sys::sync::once::futex::Once>::call
[INFO] [stdout]   14:     0x56b46d51cea3 - <std[617be2ca0a6fd877]::sync::once_lock::OnceLock<alloc[2e1b2a31b91974c5]::vec::Vec<alloc[2e1b2a31b91974c5]::string::String>>>::initialize::<<std[617be2ca0a6fd877]::sync::once_lock::OnceLock<alloc[2e1b2a31b91974c5]::vec::Vec<alloc[2e1b2a31b91974c5]::string::String>>>::get_or_init<conformance_test[7a64476fa21bf396]::corpus::{closure#0}>::{closure#0}, !>
[INFO] [stdout]   15:     0x56b46d522aff - <conformance_test[7a64476fa21bf396]::must_reject::{closure#0} as core[a373ad73a504971]::ops::function::FnOnce<()>>::call_once
[INFO] [stdout]   16:     0x56b46d5428bb - test[aada8e7e76ba119b]::__rust_begin_short_backtrace::<core[a373ad73a504971]::result::Result<(), alloc[2e1b2a31b91974c5]::string::String>, fn() -> core[a373ad73a504971]::result::Result<(), alloc[2e1b2a31b91974c5]::string::String>>
[INFO] [stdout]   17:     0x56b46d54fa95 - test[aada8e7e76ba119b]::run_test::{closure#0}
[INFO] [stdout]   18:     0x56b46d549384 - std[617be2ca0a6fd877]::sys::backtrace::__rust_begin_short_backtrace::<test[aada8e7e76ba119b]::run_test::{closure#1}, ()>
[INFO] [stdout]   19:     0x56b46d552b22 - <std[617be2ca0a6fd877]::thread::lifecycle::spawn_unchecked<test[aada8e7e76ba119b]::run_test::{closure#1}, ()>::{closure#1} as core[a373ad73a504971]::ops::function::FnOnce<()>>::call_once::{shim:vtable#0}
[INFO] [stdout]   20:     0x56b46d77e95f - <std[617be2ca0a6fd877]::sys::thread::unix::Thread>::new::thread_start
[INFO] [stdout]   21:     0x7b59f2f9ddfa - <unknown>
[INFO] [stdout]   22:     0x7b59f30313d4 - clone
[INFO] [stdout]   23:                0x0 - <unknown>
[INFO] [stdout] 
[INFO] [stdout] ---- must_accept stdout ----
[INFO] [stdout] warning: /opt/rustwide/test/fetch-jsontestsuite.sh exited exit status: 2; the conformance tests will fail
[INFO] [stdout] 
[INFO] [stdout] thread 'must_accept' (674) panicked at tests/conformance_test.rs:101:61:
[INFO] [stdout] nst/JSONTestSuite corpus not found.
[INFO] [stdout] 
[INFO] [stdout] It is third-party and deliberately not vendored. Fetch it (pinned commit,
[INFO] [stdout] idempotent) and re-run:
[INFO] [stdout] 
[INFO] [stdout]     sh test/fetch-jsontestsuite.sh    # or: make json-test-suite
[INFO] [stdout] 
[INFO] [stdout] This fails rather than skips on purpose: a conformance suite that quietly
[INFO] [stdout] does not run reports a green tick that is a lie.
[INFO] [stdout] stack backtrace:
[INFO] [stdout]    0:     0x56b46d77f411 - <<std[617be2ca0a6fd877]::sys::backtrace::BacktraceLock>::print::DisplayBacktrace as core[a373ad73a504971]::fmt::Display>::fmt
[INFO] [stdout]    1:     0x56b46d79671a - core[a373ad73a504971]::fmt::write
[INFO] [stdout]    2:     0x56b46d783b0c - <alloc[2e1b2a31b91974c5]::vec::Vec<u8> as core[a373ad73a504971]::io::write::Write>::write_fmt
[INFO] [stdout]    3:     0x56b46d75ac76 - std[617be2ca0a6fd877]::panicking::default_hook::{closure#0}
[INFO] [stdout]    4:     0x56b46d777589 - std[617be2ca0a6fd877]::panicking::default_hook
[INFO] [stdout]    5:     0x56b46d54f470 - test[aada8e7e76ba119b]::test_main_inner::{closure#0}
[INFO] [stdout]    6:     0x56b46d777742 - std[617be2ca0a6fd877]::panicking::panic_with_hook
[INFO] [stdout]    7:     0x56b46d75ad22 - std[617be2ca0a6fd877]::panicking::panic_handler::{closure#0}
[INFO] [stdout]    8:     0x56b46d753809 - std[617be2ca0a6fd877]::sys::backtrace::__rust_end_short_backtrace::<std[617be2ca0a6fd877]::panicking::panic_handler::{closure#0}, !>
[INFO] [stdout]    9:     0x56b46d75b92d - __rustc[ea4f61d10b84890b]::rust_begin_unwind
[INFO] [stdout]   10:     0x56b46d796efc - core[a373ad73a504971]::panicking::panic_fmt
[INFO] [stdout]   11:     0x56b46d51db96 - conformance_test[7a64476fa21bf396]::corpus::{closure#0}::{closure#0}
[INFO] [stdout]   12:     0x56b46d51da31 - <std[617be2ca0a6fd877]::sync::once::Once>::call_once_force::<<std[617be2ca0a6fd877]::sync::once_lock::OnceLock<alloc[2e1b2a31b91974c5]::vec::Vec<alloc[2e1b2a31b91974c5]::string::String>>>::initialize<<std[617be2ca0a6fd877]::sync::once_lock::OnceLock<alloc[2e1b2a31b91974c5]::vec::Vec<alloc[2e1b2a31b91974c5]::string::String>>>::get_or_init<conformance_test[7a64476fa21bf396]::corpus::{closure#0}>::{closure#0}, !>::{closure#0}>::{closure#0}
[INFO] [stdout]   13:     0x56b46d760859 - <std[617be2ca0a6fd877]::sys::sync::once::futex::Once>::call
[INFO] [stdout]   14:     0x56b46d51cea3 - <std[617be2ca0a6fd877]::sync::once_lock::OnceLock<alloc[2e1b2a31b91974c5]::vec::Vec<alloc[2e1b2a31b91974c5]::string::String>>>::initialize::<<std[617be2ca0a6fd877]::sync::once_lock::OnceLock<alloc[2e1b2a31b91974c5]::vec::Vec<alloc[2e1b2a31b91974c5]::string::String>>>::get_or_init<conformance_test[7a64476fa21bf396]::corpus::{closure#0}>::{closure#0}, !>
[INFO] [stdout]   15:     0x56b46d522696 - <conformance_test[7a64476fa21bf396]::must_accept::{closure#0} as core[a373ad73a504971]::ops::function::FnOnce<()>>::call_once
[INFO] [stdout]   16:     0x56b46d5428bb - test[aada8e7e76ba119b]::__rust_begin_short_backtrace::<core[a373ad73a504971]::result::Result<(), alloc[2e1b2a31b91974c5]::string::String>, fn() -> core[a373ad73a504971]::result::Result<(), alloc[2e1b2a31b91974c5]::string::String>>
[INFO] [stdout]   17:     0x56b46d54fa95 - test[aada8e7e76ba119b]::run_test::{closure#0}
[INFO] [stdout]   18:     0x56b46d549384 - std[617be2ca0a6fd877]::sys::backtrace::__rust_begin_short_backtrace::<test[aada8e7e76ba119b]::run_test::{closure#1}, ()>
[INFO] [stdout]   19:     0x56b46d552b22 - <std[617be2ca0a6fd877]::thread::lifecycle::spawn_unchecked<test[aada8e7e76ba119b]::run_test::{closure#1}, ()>::{closure#1} as core[a373ad73a504971]::ops::function::FnOnce<()>>::call_once::{shim:vtable#0}
[INFO] [stdout]   20:     0x56b46d77e95f - <std[617be2ca0a6fd877]::sys::thread::unix::Thread>::new::thread_start
[INFO] [stdout]   21:     0x7b59f2f9ddfa - <unknown>
[INFO] [stdout]   22:     0x7b59f30313d4 - clone
[INFO] [stdout]   23:                0x0 - <unknown>
[INFO] [stdout] 
[INFO] [stdout] ---- implementation_defined stdout ----
[INFO] [stdout] warning: /opt/rustwide/test/fetch-jsontestsuite.sh exited exit status: 2; the conformance tests will fail
[INFO] [stdout] 
[INFO] [stdout] thread 'implementation_defined' (673) panicked at tests/conformance_test.rs:101:61:
[INFO] [stdout] nst/JSONTestSuite corpus not found.
[INFO] [stdout] 
[INFO] [stdout] It is third-party and deliberately not vendored. Fetch it (pinned commit,
[INFO] [stdout] idempotent) and re-run:
[INFO] [stdout] 
[INFO] [stdout]     sh test/fetch-jsontestsuite.sh    # or: make json-test-suite
[INFO] [stdout] 
[INFO] [stdout] This fails rather than skips on purpose: a conformance suite that quietly
[INFO] [stdout] does not run reports a green tick that is a lie.
[INFO] [stdout] stack backtrace:
[INFO] [stdout]    0:     0x56b46d77f411 - <<std[617be2ca0a6fd877]::sys::backtrace::BacktraceLock>::print::DisplayBacktrace as core[a373ad73a504971]::fmt::Display>::fmt
[INFO] [stdout]    1:     0x56b46d79671a - core[a373ad73a504971]::fmt::write
[INFO] [stdout]    2:     0x56b46d783b0c - <alloc[2e1b2a31b91974c5]::vec::Vec<u8> as core[a373ad73a504971]::io::write::Write>::write_fmt
[INFO] [stdout]    3:     0x56b46d75ac76 - std[617be2ca0a6fd877]::panicking::default_hook::{closure#0}
[INFO] [stdout]    4:     0x56b46d777589 - std[617be2ca0a6fd877]::panicking::default_hook
[INFO] [stdout]    5:     0x56b46d54f470 - test[aada8e7e76ba119b]::test_main_inner::{closure#0}
[INFO] [stdout]    6:     0x56b46d777742 - std[617be2ca0a6fd877]::panicking::panic_with_hook
[INFO] [stdout]    7:     0x56b46d75ad22 - std[617be2ca0a6fd877]::panicking::panic_handler::{closure#0}
[INFO] [stdout]    8:     0x56b46d753809 - std[617be2ca0a6fd877]::sys::backtrace::__rust_end_short_backtrace::<std[617be2ca0a6fd877]::panicking::panic_handler::{closure#0}, !>
[INFO] [stdout]    9:     0x56b46d75b92d - __rustc[ea4f61d10b84890b]::rust_begin_unwind
[INFO] [stdout]   10:     0x56b46d796efc - core[a373ad73a504971]::panicking::panic_fmt
[INFO] [stdout]   11:     0x56b46d51db96 - conformance_test[7a64476fa21bf396]::corpus::{closure#0}::{closure#0}
[INFO] [stdout]   12:     0x56b46d51da31 - <std[617be2ca0a6fd877]::sync::once::Once>::call_once_force::<<std[617be2ca0a6fd877]::sync::once_lock::OnceLock<alloc[2e1b2a31b91974c5]::vec::Vec<alloc[2e1b2a31b91974c5]::string::String>>>::initialize<<std[617be2ca0a6fd877]::sync::once_lock::OnceLock<alloc[2e1b2a31b91974c5]::vec::Vec<alloc[2e1b2a31b91974c5]::string::String>>>::get_or_init<conformance_test[7a64476fa21bf396]::corpus::{closure#0}>::{closure#0}, !>::{closure#0}>::{closure#0}
[INFO] [stdout]   13:     0x56b46d760859 - <std[617be2ca0a6fd877]::sys::sync::once::futex::Once>::call
[INFO] [stdout]   14:     0x56b46d51cea3 - <std[617be2ca0a6fd877]::sync::once_lock::OnceLock<alloc[2e1b2a31b91974c5]::vec::Vec<alloc[2e1b2a31b91974c5]::string::String>>>::initialize::<<std[617be2ca0a6fd877]::sync::once_lock::OnceLock<alloc[2e1b2a31b91974c5]::vec::Vec<alloc[2e1b2a31b91974c5]::string::String>>>::get_or_init<conformance_test[7a64476fa21bf396]::corpus::{closure#0}>::{closure#0}, !>
[INFO] [stdout]   15:     0x56b46d52359f - <conformance_test[7a64476fa21bf396]::implementation_defined::{closure#0} as core[a373ad73a504971]::ops::function::FnOnce<()>>::call_once
[INFO] [stdout]   16:     0x56b46d5428bb - test[aada8e7e76ba119b]::__rust_begin_short_backtrace::<core[a373ad73a504971]::result::Result<(), alloc[2e1b2a31b91974c5]::string::String>, fn() -> core[a373ad73a504971]::result::Result<(), alloc[2e1b2a31b91974c5]::string::String>>
[INFO] [stdout]   17:     0x56b46d54fa95 - test[aada8e7e76ba119b]::run_test::{closure#0}
[INFO] [stdout]   18:     0x56b46d549384 - std[617be2ca0a6fd877]::sys::backtrace::__rust_begin_short_backtrace::<test[aada8e7e76ba119b]::run_test::{closure#1}, ()>
[INFO] [stdout]   19:     0x56b46d552b22 - <std[617be2ca0a6fd877]::thread::lifecycle::spawn_unchecked<test[aada8e7e76ba119b]::run_test::{closure#1}, ()>::{closure#1} as core[a373ad73a504971]::ops::function::FnOnce<()>>::call_once::{shim:vtable#0}
[INFO] [stdout]   20:     0x56b46d77e95f - <std[617be2ca0a6fd877]::sys::thread::unix::Thread>::new::thread_start
[INFO] [stdout]   21:     0x7b59f2f9ddfa - <unknown>
[INFO] [stdout]   22:     0x7b59f30313d4 - clone
[INFO] [stdout]   23:                0x0 - <unknown>
[INFO] [stdout] 
[INFO] [stdout] 
[INFO] [stdout] failures:
[INFO] [stdout]     implementation_defined
[INFO] [stdout]     must_accept
[INFO] [stdout]     must_reject
[INFO] [stdout]     the_corpus_is_the_pinned_one
[INFO] [stdout] 
[INFO] [stdout] test result: FAILED. 0 passed; 4 failed; 0 ignored; 0 measured; 0 filtered out; finished in 0.03s
[INFO] [stdout] 
[INFO] running `Command { std: "docker" "inspect" "51b735b426117782eb411e91d229a53d3b02898a20cc719321b182ad76c4f071", kill_on_drop: false }`
[INFO] running `Command { std: "docker" "rm" "-f" "51b735b426117782eb411e91d229a53d3b02898a20cc719321b182ad76c4f071", kill_on_drop: false }`
[INFO] [stdout] 51b735b426117782eb411e91d229a53d3b02898a20cc719321b182ad76c4f071
