[INFO] fetching crate tabnas-ebnf 0.1.19...
[INFO] testing tabnas-ebnf-0.1.19 against 1.100.0-beta.1+cargoflags=--release for beta-release-1.100-2
[INFO] extracting crate tabnas-ebnf 0.1.19 into /workspace/builds/worker-1-tc2/source
[INFO] started tweaking crates.io crate tabnas-ebnf 0.1.19
[INFO] removed 0 missing tests
[INFO] finished tweaking crates.io crate tabnas-ebnf 0.1.19
[INFO] tweaked toml for crates.io crate tabnas-ebnf 0.1.19 written to /workspace/builds/worker-1-tc2/source/Cargo.toml
[INFO] validating manifest of crates.io crate tabnas-ebnf 0.1.19 on toolchain 1.100.0-beta.1
[INFO] running `Command { std: CARGO_HOME="/workspace/cargo-home" RUSTUP_HOME="/workspace/rustup-home" "/workspace/cargo-home/bin/cargo" "+1.100.0-beta.1" "metadata" "--manifest-path" "Cargo.toml" "--no-deps", kill_on_drop: false }`
[INFO] crate crates.io crate tabnas-ebnf 0.1.19 already has a lockfile, it will not be regenerated
[INFO] running `Command { std: CARGO_HOME="/workspace/cargo-home" RUSTUP_HOME="/workspace/rustup-home" "/workspace/cargo-home/bin/cargo" "+1.100.0-beta.1" "fetch" "--manifest-path" "Cargo.toml", kill_on_drop: false }`
[INFO] running `Command { std: "docker" "create" "-v" "/var/lib/crater-agent-workspace/builds/worker-1-tc2/source:/opt/rustwide/workdir:ro,Z" "-v" "/var/lib/crater-agent-workspace/builds/worker-1-tc2/target:/opt/rustwide/target:rw,Z" "-v" "/var/lib/crater-agent-workspace/cargo-home:/opt/rustwide/cargo-home:ro,Z" "-v" "/var/lib/crater-agent-workspace/rustup-home:/opt/rustwide/rustup-home:ro,Z" "-m" "1610612736" "--network" "none" "ghcr.io/rust-lang/crates-build-env/linux@sha256:77db811e55d90add9212f6832c23229e3de5f1c1f9905e8cb07319ea15df73ac" "sleep" "infinity", kill_on_drop: false }`
[INFO] [stdout] 7d32b107a1c725466c8abef40181015e0290992bd66f4fdd9d2769dee1715d4f
[INFO] running `Command { std: "docker" "start" "7d32b107a1c725466c8abef40181015e0290992bd66f4fdd9d2769dee1715d4f", kill_on_drop: false }`
[INFO] running `Command { std: "docker" "inspect" "7d32b107a1c725466c8abef40181015e0290992bd66f4fdd9d2769dee1715d4f", kill_on_drop: false }`
[INFO] running `Command { std: "docker" "exec" "-e" "SOURCE_DIR=/opt/rustwide/workdir" "-e" "CARGO_HOME=/opt/rustwide/cargo-home" "-e" "RUSTUP_HOME=/opt/rustwide/rustup-home" "-e" "CARGO_TARGET_DIR=/opt/rustwide/target" "-w" "/opt/rustwide/workdir" "--user" "0:0" "7d32b107a1c725466c8abef40181015e0290992bd66f4fdd9d2769dee1715d4f" "/opt/rustwide/cargo-home/bin/cargo" "+1.100.0-beta.1" "metadata" "--no-deps" "--format-version=1", kill_on_drop: false }`
[INFO] running `Command { std: "docker" "inspect" "7d32b107a1c725466c8abef40181015e0290992bd66f4fdd9d2769dee1715d4f", kill_on_drop: false }`
[INFO] running `Command { std: "docker" "exec" "-e" "SOURCE_DIR=/opt/rustwide/workdir" "-e" "CARGO_HOME=/opt/rustwide/cargo-home" "-e" "RUSTUP_HOME=/opt/rustwide/rustup-home" "-e" "CARGO_TARGET_DIR=/opt/rustwide/target" "-e" "CARGO_INCREMENTAL=0" "-e" "RUST_BACKTRACE=full" "-e" "RUSTFLAGS=--cap-lints=warn" "-e" "RUSTDOCFLAGS=--cap-lints=warn" "-w" "/opt/rustwide/workdir" "--user" "0:0" "7d32b107a1c725466c8abef40181015e0290992bd66f4fdd9d2769dee1715d4f" "/opt/rustwide/cargo-home/bin/cargo" "+1.100.0-beta.1" "build" "--frozen" "--message-format=json" "--release", kill_on_drop: false }`
[INFO] [stderr]    Compiling serde_json v1.0.151
[INFO] [stderr]    Compiling quote v1.0.47
[INFO] [stderr]    Compiling indexmap v2.14.2
[INFO] [stderr]    Compiling syn v3.0.6
[INFO] [stderr]    Compiling serde_derive v1.0.229
[INFO] [stderr]    Compiling serde v1.0.229
[INFO] [stderr]    Compiling tabnas-parser v0.12.11
[INFO] [stderr]    Compiling tabnas-bnf v0.1.30
[INFO] [stderr]    Compiling tabnas-ebnf v0.1.19 (/opt/rustwide/workdir)
[INFO] [stderr]     Finished `release` profile [optimized] target(s) in 51.44s
[INFO] running `Command { std: "docker" "inspect" "7d32b107a1c725466c8abef40181015e0290992bd66f4fdd9d2769dee1715d4f", kill_on_drop: false }`
[INFO] running `Command { std: "docker" "exec" "-e" "SOURCE_DIR=/opt/rustwide/workdir" "-e" "CARGO_HOME=/opt/rustwide/cargo-home" "-e" "RUSTUP_HOME=/opt/rustwide/rustup-home" "-e" "CARGO_TARGET_DIR=/opt/rustwide/target" "-e" "CARGO_INCREMENTAL=0" "-e" "RUST_BACKTRACE=full" "-e" "RUSTFLAGS=--cap-lints=warn" "-e" "RUSTDOCFLAGS=--cap-lints=warn" "-w" "/opt/rustwide/workdir" "--user" "0:0" "7d32b107a1c725466c8abef40181015e0290992bd66f4fdd9d2769dee1715d4f" "/opt/rustwide/cargo-home/bin/cargo" "+1.100.0-beta.1" "test" "--frozen" "--no-run" "--message-format=json" "--release", kill_on_drop: false }`
[INFO] [stderr]    Compiling tabnas-ebnf v0.1.19 (/opt/rustwide/workdir)
[INFO] [stderr]     Finished `release` profile [optimized] target(s) in 11.23s
[INFO] running `Command { std: "docker" "inspect" "7d32b107a1c725466c8abef40181015e0290992bd66f4fdd9d2769dee1715d4f", kill_on_drop: false }`
[INFO] running `Command { std: "docker" "exec" "-e" "SOURCE_DIR=/opt/rustwide/workdir" "-e" "CARGO_HOME=/opt/rustwide/cargo-home" "-e" "RUSTUP_HOME=/opt/rustwide/rustup-home" "-e" "CARGO_TARGET_DIR=/opt/rustwide/target" "-e" "CARGO_INCREMENTAL=0" "-e" "RUST_BACKTRACE=full" "-e" "RUSTFLAGS=--cap-lints=warn" "-e" "RUSTDOCFLAGS=--cap-lints=warn" "-w" "/opt/rustwide/workdir" "--user" "0:0" "7d32b107a1c725466c8abef40181015e0290992bd66f4fdd9d2769dee1715d4f" "/opt/rustwide/cargo-home/bin/cargo" "+1.100.0-beta.1" "test" "--frozen" "--release", kill_on_drop: false }`
[INFO] [stderr]     Finished `release` profile [optimized] target(s) in 0.05s
[INFO] [stderr]      Running unittests src/lib.rs (/opt/rustwide/target/release/build/tabnas-ebnf/0942c6ad83cb8cee/out/tabnas_ebnf-0942c6ad83cb8cee)
[INFO] [stderr]      Running tests/divergence_test.rs (/opt/rustwide/target/release/build/tabnas-ebnf/a528f3f8a52a5990/out/divergence_test-a528f3f8a52a5990)
[INFO] [stdout] 
[INFO] [stdout] running 0 tests
[INFO] [stdout] 
[INFO] [stdout] test result: ok. 0 passed; 0 failed; 0 ignored; 0 measured; 0 filtered out; finished in 0.00s
[INFO] [stdout] 
[INFO] [stdout] 
[INFO] [stdout] running 21 tests
[INFO] [stdout] test a_span_still_slices_the_right_text_through_a_non_ascii_source ... ok
[INFO] [stdout] test aligned_a_control_character_in_a_string_is_rejected ... ok
[INFO] [stdout] test aligned_a_syntax_error_reports_the_same_column ... ok
[INFO] [stdout] test a_class_spanning_the_surrogate_block_is_left_alone ... ok
[INFO] [stdout] test a_surrogate_code_point_becomes_the_replacement_character ... ok
[INFO] [stdout] test span_offsets_count_bytes_not_utf16_code_units ... ok
[INFO] [stdout] test aligned_an_unterminated_string_reports_the_opening_quote ... ok
[INFO] [stdout] test a_surrogate_inside_a_class_is_trimmed_rather_than_emitted ... ok
[INFO] [stdout] test a_column_parts_company_with_typescript_past_the_bmp ... ok
[INFO] [stdout] test a_column_counts_scalars_so_it_agrees_with_typescript_below_the_bmp ... ok
[INFO] [stdout] test aligned_space_and_del_remain_legal_string_body ... ok
[INFO] [stdout] test the_rest_of_the_utf16_boundary_does_not_diverge ... ok
[INFO] [stdout] test every_entry_point_answers_a_result ... ok
[INFO] [stdout] test the_rule_table_calls_the_element_rule_item ... ok
[INFO] [stdout] test a_run_of_postfix_operators_is_refused_before_it_is_built ... ok
[INFO] [stdout] test a_class_naming_a_surrogate_still_installs ... ok
[INFO] [stdout] test every_other_code_point_survives_intact ... ok
[INFO] [stdout] test groups_and_postfix_operators_are_counted_against_one_cap ... ok
[INFO] [stdout] test a_grammar_nested_past_this_front_ends_cap_is_refused_before_it_is_built ... ok
[INFO] [stdout] test a_grammar_nested_past_the_compilers_limit_is_refused_by_name ... ok
[INFO] [stderr]      Running tests/ebnf_test.rs (/opt/rustwide/target/release/build/tabnas-ebnf/5896d3b4a0b76715/out/ebnf_test-5896d3b4a0b76715)
[INFO] [stdout] test width_is_not_depth_and_carries_no_cap ... ok
[INFO] [stdout] 
[INFO] [stdout] test result: ok. 21 passed; 0 failed; 0 ignored; 0 measured; 0 filtered out; finished in 0.23s
[INFO] [stdout] 
[INFO] [stdout] 
[INFO] [stdout] running 81 tests
[INFO] [stdout] test a_standalone_code_point_matches_that_code_point ... ok
[INFO] [stdout] test a_recursive_rule_that_always_consumes_is_not_nullable ... ok
[INFO] [stdout] test a_multi_line_iso_comment_does_not_shift_error_line_numbers ... ok
[INFO] [stdout] test accepts_only_the_lowercase_code_point_spelling ... ok
[INFO] [stdout] test a_comma_is_accepted_as_an_explicit_concatenation_separator ... ok
[INFO] [stdout] test builds_one_alt_per_branch ... ok
[INFO] [stdout] test both_documented_pipelines_decide_the_empty_input_the_same_way ... ok
[INFO] [stdout] test builds_terms_refs_and_sequences ... ok
[INFO] [stdout] test a_semicolon_terminates_a_production ... ok
[INFO] [stdout] test character_classes_emit_a_regex_match_token ... ok
[INFO] [stdout] test an_optional_element_may_be_present_or_absent ... ok
[INFO] [stdout] test comments_are_ignored ... ok
[INFO] [stdout] test a_group_binds_before_what_follows_it ... ok
[INFO] [stdout] test accepts_both_quote_styles_for_a_literal ... ok
[INFO] [stdout] test emits_a_single_n_token_alt_for_a_terminal_sequence ... ok
[INFO] [stdout] test a_negated_class_matches_anything_but_the_members ... ok
[INFO] [stdout] test each_instance_gets_its_own_grammar ... ok
[INFO] [stdout] test concatenation_takes_both_in_order ... ok
[INFO] [stdout] test a_semicolon_on_the_last_production_only_is_still_fine ... ok
[INFO] [stdout] test emits_a_spec_for_an_alternation_of_terminals ... ok
[INFO] [stdout] test has_no_escape_sequences_inside_a_literal ... ok
[INFO] [stdout] test iso_comments_are_ignored ... ok
[INFO] [stdout] test installs_the_grammar_on_the_instance ... ok
[INFO] [stdout] test honours_an_override_of_the_start_rule ... ok
[INFO] [stdout] test maps_a_character_class_onto_a_regex_element ... ok
[INFO] [stdout] test a_class_reads_enumerated_members_and_hex_ranges ... ok
[INFO] [stdout] test built_in_lexer_tokens_are_referable_by_bare_name ... ok
[INFO] [stdout] test maps_a_standalone_code_point_onto_a_term ... ok
[INFO] [stdout] test maps_parentheses_onto_a_group_of_alts ... ok
[INFO] [stdout] test maps_a_negated_character_class_onto_a_negated_regex ... ok
[INFO] [stdout] test maps_postfix_operators_onto_opt_star_and_plus ... ok
[INFO] [stdout] test rejects_a_code_point_above_the_unicode_maximum ... ok
[INFO] [stdout] test a_character_class_matches_one_character_from_the_set ... ok
[INFO] [stdout] test expr_fixture_parses_arithmetic_with_precedence ... FAILED
[INFO] [stdout] test literals_are_case_sensitive ... ok
[INFO] [stdout] test expr_fixture_nests_term_under_expr_and_factor_under_term ... FAILED
[INFO] [stdout] test json_subset_fixture_parses_nested_json ... FAILED
[INFO] [stdout] test json_subset_fixture_builds_a_tree_over_the_rules_that_survive ... FAILED
[INFO] [stdout] test name_fixture_parses_xml_style_names_character_by_character ... FAILED
[INFO] [stdout] test nullability_is_asked_of_the_start_rule_whichever_that_is ... ok
[INFO] [stdout] test rejects_a_leading_comma_which_iso_does_not_define ... ok
[INFO] [stdout] test rejects_a_rule_defined_twice_naming_the_rule ... ok
[INFO] [stdout] test grouping_composes_with_repetition ... ok
[INFO] [stdout] test rejects_a_reference_to_an_undefined_rule_naming_both_rules ... ok
[INFO] [stdout] test rejects_a_malformed_symbol_name_naming_it ... ok
[INFO] [stdout] test rejects_a_purely_left_recursive_rule_naming_the_rule ... ok
[INFO] [stdout] test rejects_a_source_with_no_productions ... ok
[INFO] [stdout] test rejects_a_stray_bracket_explaining_the_character_class_reading ... ok
[INFO] [stdout] test rejects_iso_bracket_repetition_naming_the_alternative ... ok
[INFO] [stdout] test rejects_iso_special_sequences_naming_them ... ok
[INFO] [stdout] test rejects_abnf_style_prefix_repetition_naming_the_direction ... ok
[INFO] [stdout] test rejects_two_alternatives_that_both_match_nothing_naming_the_rule ... ok
[INFO] [stdout] test rejects_an_unclosed_group ... ok
[INFO] [stdout] test alternation_takes_either_branch ... ok
[INFO] [stdout] test rewrites_a_left_recursive_rule_into_a_seed_and_a_tail ... ok
[INFO] [stdout] test rejects_subtraction_written_without_a_trailing_space ... ok
[INFO] [stdout] test rejects_an_empty_alternative_rather_than_reading_it_as_epsilon ... ok
[INFO] [stdout] test reports_line_and_column_on_a_parse_error ... ok
[INFO] [stdout] test rejects_two_empty_deriving_alternatives_inside_a_group ... ok
[INFO] [stdout] test rejects_an_empty_literal ... ok
[INFO] [stdout] test stacks_postfix_operators_outermost_last ... ok
[INFO] [stdout] test rejects_an_empty_or_reversed_character_class ... ok
[INFO] [stdout] test rejects_subtraction_naming_the_operator ... ok
[INFO] [stdout] test reads_hex_code_points_inside_a_class_as_ranges_and_as_members ... ok
[INFO] [stdout] test switches_a_class_above_the_bmp_to_braced_escapes_and_the_u_flag ... ok
[INFO] [stdout] test star_is_zero_or_more ... ok
[INFO] [stdout] test the_plugin_with_no_source_installs_nothing ... ok
[INFO] [stdout] test the_rule_table_is_handed_out_as_data ... ok
[INFO] [stdout] test tags_every_emitted_alt_with_the_ebnf_group_tag ... ok
[INFO] [stdout] test to_spec_builds_without_installing ... ok
[INFO] [stdout] test the_iso_spelled_fixture_parses_the_same_language_as_the_w3c_one ... FAILED
[INFO] [stdout] test to_spec_is_the_same_conversion_as_ebnf_convert ... ok
[INFO] [stdout] test the_iso_equals_works_as_the_definition_operator ... ok
[INFO] [stdout] test w3c_literals_are_case_sensitive_so_they_emit_fixed_tokens ... ok
[INFO] [stdout] test a_left_recursive_grammar_parses_a_whole_chain ... ok
[INFO] [stdout] test the_plugin_installs_the_source_it_is_handed ... ok
[INFO] [stdout] test nullability_follows_through_other_rules ... ok
[INFO] [stdout] test the_empty_input_is_refused_where_the_grammar_consumes ... ok
[INFO] [stdout] test plus_is_one_or_more ... ok
[INFO] [stdout] test treats_a_trailing_or_leading_hyphen_in_a_class_as_a_member ... ok
[INFO] [stderr] error: test failed, to rerun pass `--test ebnf_test`
[INFO] [stdout] test the_empty_input_is_accepted_where_the_grammar_is_nullable ... ok
[INFO] [stdout] 
[INFO] [stdout] failures:
[INFO] [stdout] 
[INFO] [stdout] ---- expr_fixture_parses_arithmetic_with_precedence stdout ----
[INFO] [stdout] 
[INFO] [stdout] thread 'expr_fixture_parses_arithmetic_with_precedence' (816) panicked at tests/common/mod.rs:28:55:
[INFO] [stdout] /opt/rustwide/ts/test/grammar/expr.ebnf: No such file or directory (os error 2)
[INFO] [stdout] stack backtrace:
[INFO] [stdout]    0:     0x6322c68ef7f1 - <<std[617be2ca0a6fd877]::sys::backtrace::BacktraceLock>::print::DisplayBacktrace as core[a373ad73a504971]::fmt::Display>::fmt
[INFO] [stdout]    1:     0x6322c6906efa - core[a373ad73a504971]::fmt::write
[INFO] [stdout]    2:     0x6322c68f3a2c - <alloc[2e1b2a31b91974c5]::vec::Vec<u8> as core[a373ad73a504971]::io::write::Write>::write_fmt
[INFO] [stdout]    3:     0x6322c68cb666 - std[617be2ca0a6fd877]::panicking::default_hook::{closure#0}
[INFO] [stdout]    4:     0x6322c68e7b29 - std[617be2ca0a6fd877]::panicking::default_hook
[INFO] [stdout]    5:     0x6322c65a14b0 - test[aada8e7e76ba119b]::test_main_inner::{closure#0}
[INFO] [stdout]    6:     0x6322c68e7ce2 - std[617be2ca0a6fd877]::panicking::panic_with_hook
[INFO] [stdout]    7:     0x6322c68cb712 - std[617be2ca0a6fd877]::panicking::panic_handler::{closure#0}
[INFO] [stdout]    8:     0x6322c68c4299 - std[617be2ca0a6fd877]::sys::backtrace::__rust_end_short_backtrace::<std[617be2ca0a6fd877]::panicking::panic_handler::{closure#0}, !>
[INFO] [stdout]    9:     0x6322c68cc31d - __rustc[ea4f61d10b84890b]::rust_begin_unwind
[INFO] [stdout]   10:     0x6322c69076dc - core[a373ad73a504971]::panicking::panic_fmt
[INFO] [stdout]   11:     0x6322c658d809 - ebnf_test[9e97d3c21c1cc518]::common::fixture::{closure#0}
[INFO] [stdout]   12:     0x6322c658e1f2 - ebnf_test[9e97d3c21c1cc518]::common::fixture
[INFO] [stdout]   13:     0x6322c656fa82 - <ebnf_test[9e97d3c21c1cc518]::expr_fixture_parses_arithmetic_with_precedence::{closure#0} as core[a373ad73a504971]::ops::function::FnOnce<()>>::call_once
[INFO] [stdout]   14:     0x6322c65948fb - test[aada8e7e76ba119b]::__rust_begin_short_backtrace::<core[a373ad73a504971]::result::Result<(), alloc[2e1b2a31b91974c5]::string::String>, fn() -> core[a373ad73a504971]::result::Result<(), alloc[2e1b2a31b91974c5]::string::String>>
[INFO] [stdout]   15:     0x6322c65a1ad5 - test[aada8e7e76ba119b]::run_test::{closure#0}
[INFO] [stdout]   16:     0x6322c659b3c4 - std[617be2ca0a6fd877]::sys::backtrace::__rust_begin_short_backtrace::<test[aada8e7e76ba119b]::run_test::{closure#1}, ()>
[INFO] [stdout]   17:     0x6322c65a4b62 - <std[617be2ca0a6fd877]::thread::lifecycle::spawn_unchecked<test[aada8e7e76ba119b]::run_test::{closure#1}, ()>::{closure#1} as core[a373ad73a504971]::ops::function::FnOnce<()>>::call_once::{shim:vtable#0}
[INFO] [stdout]   18:     0x6322c68eecef - <std[617be2ca0a6fd877]::sys::thread::unix::Thread>::new::thread_start
[INFO] [stdout]   19:     0x7be428ae1dfa - <unknown>
[INFO] [stdout]   20:     0x7be428b753d4 - clone
[INFO] [stdout]   21:                0x0 - <unknown>
[INFO] [stdout] 
[INFO] [stdout] ---- expr_fixture_nests_term_under_expr_and_factor_under_term stdout ----
[INFO] [stdout] 
[INFO] [stdout] thread 'expr_fixture_nests_term_under_expr_and_factor_under_term' (815) panicked at tests/common/mod.rs:28:55:
[INFO] [stdout] /opt/rustwide/ts/test/grammar/expr.ebnf: No such file or directory (os error 2)
[INFO] [stdout] stack backtrace:
[INFO] [stdout]    0:     0x6322c68ef7f1 - <<std[617be2ca0a6fd877]::sys::backtrace::BacktraceLock>::print::DisplayBacktrace as core[a373ad73a504971]::fmt::Display>::fmt
[INFO] [stdout]    1:     0x6322c6906efa - core[a373ad73a504971]::fmt::write
[INFO] [stdout]    2:     0x6322c68f3a2c - <alloc[2e1b2a31b91974c5]::vec::Vec<u8> as core[a373ad73a504971]::io::write::Write>::write_fmt
[INFO] [stdout]    3:     0x6322c68cb666 - std[617be2ca0a6fd877]::panicking::default_hook::{closure#0}
[INFO] [stdout]    4:     0x6322c68e7b29 - std[617be2ca0a6fd877]::panicking::default_hook
[INFO] [stdout]    5:     0x6322c65a14b0 - test[aada8e7e76ba119b]::test_main_inner::{closure#0}
[INFO] [stdout]    6:     0x6322c68e7ce2 - std[617be2ca0a6fd877]::panicking::panic_with_hook
[INFO] [stdout]    7:     0x6322c68cb712 - std[617be2ca0a6fd877]::panicking::panic_handler::{closure#0}
[INFO] [stdout]    8:     0x6322c68c4299 - std[617be2ca0a6fd877]::sys::backtrace::__rust_end_short_backtrace::<std[617be2ca0a6fd877]::panicking::panic_handler::{closure#0}, !>
[INFO] [stdout]    9:     0x6322c68cc31d - __rustc[ea4f61d10b84890b]::rust_begin_unwind
[INFO] [stdout]   10:     0x6322c69076dc - core[a373ad73a504971]::panicking::panic_fmt
[INFO] [stdout]   11:     0x6322c658d809 - ebnf_test[9e97d3c21c1cc518]::common::fixture::{closure#0}
[INFO] [stdout]   12:     0x6322c658e1f2 - ebnf_test[9e97d3c21c1cc518]::common::fixture
[INFO] [stdout]   13:     0x6322c65730f2 - <ebnf_test[9e97d3c21c1cc518]::expr_fixture_nests_term_under_expr_and_factor_under_term::{closure#0} as core[a373ad73a504971]::ops::function::FnOnce<()>>::call_once
[INFO] [stdout]   14:     0x6322c65948fb - test[aada8e7e76ba119b]::__rust_begin_short_backtrace::<core[a373ad73a504971]::result::Result<(), alloc[2e1b2a31b91974c5]::string::String>, fn() -> core[a373ad73a504971]::result::Result<(), alloc[2e1b2a31b91974c5]::string::String>>
[INFO] [stdout]   15:     0x6322c65a1ad5 - test[aada8e7e76ba119b]::run_test::{closure#0}
[INFO] [stdout]   16:     0x6322c659b3c4 - std[617be2ca0a6fd877]::sys::backtrace::__rust_begin_short_backtrace::<test[aada8e7e76ba119b]::run_test::{closure#1}, ()>
[INFO] [stdout]   17:     0x6322c65a4b62 - <std[617be2ca0a6fd877]::thread::lifecycle::spawn_unchecked<test[aada8e7e76ba119b]::run_test::{closure#1}, ()>::{closure#1} as core[a373ad73a504971]::ops::function::FnOnce<()>>::call_once::{shim:vtable#0}
[INFO] [stdout]   18:     0x6322c68eecef - <std[617be2ca0a6fd877]::sys::thread::unix::Thread>::new::thread_start
[INFO] [stdout]   19:     0x7be428ae1dfa - <unknown>
[INFO] [stdout]   20:     0x7be428b753d4 - clone
[INFO] [stdout]   21:                0x0 - <unknown>
[INFO] [stdout] 
[INFO] [stdout] ---- json_subset_fixture_parses_nested_json stdout ----
[INFO] [stdout] 
[INFO] [stdout] thread 'json_subset_fixture_parses_nested_json' (823) panicked at tests/common/mod.rs:28:55:
[INFO] [stdout] /opt/rustwide/ts/test/grammar/json-subset.ebnf: No such file or directory (os error 2)
[INFO] [stdout] stack backtrace:
[INFO] [stdout]    0:     0x6322c68ef7f1 - <<std[617be2ca0a6fd877]::sys::backtrace::BacktraceLock>::print::DisplayBacktrace as core[a373ad73a504971]::fmt::Display>::fmt
[INFO] [stdout]    1:     0x6322c6906efa - core[a373ad73a504971]::fmt::write
[INFO] [stdout]    2:     0x6322c68f3a2c - <alloc[2e1b2a31b91974c5]::vec::Vec<u8> as core[a373ad73a504971]::io::write::Write>::write_fmt
[INFO] [stdout]    3:     0x6322c68cb666 - std[617be2ca0a6fd877]::panicking::default_hook::{closure#0}
[INFO] [stdout]    4:     0x6322c68e7b29 - std[617be2ca0a6fd877]::panicking::default_hook
[INFO] [stdout]    5:     0x6322c65a14b0 - test[aada8e7e76ba119b]::test_main_inner::{closure#0}
[INFO] [stdout]    6:     0x6322c68e7ce2 - std[617be2ca0a6fd877]::panicking::panic_with_hook
[INFO] [stdout]    7:     0x6322c68cb712 - std[617be2ca0a6fd877]::panicking::panic_handler::{closure#0}
[INFO] [stdout]    8:     0x6322c68c4299 - std[617be2ca0a6fd877]::sys::backtrace::__rust_end_short_backtrace::<std[617be2ca0a6fd877]::panicking::panic_handler::{closure#0}, !>
[INFO] [stdout]    9:     0x6322c68cc31d - __rustc[ea4f61d10b84890b]::rust_begin_unwind
[INFO] [stdout]   10:     0x6322c69076dc - core[a373ad73a504971]::panicking::panic_fmt
[INFO] [stdout]   11:     0x6322c658d809 - ebnf_test[9e97d3c21c1cc518]::common::fixture::{closure#0}
[INFO] [stdout]   12:     0x6322c658e1f2 - ebnf_test[9e97d3c21c1cc518]::common::fixture
[INFO] [stdout]   13:     0x6322c656b537 - <ebnf_test[9e97d3c21c1cc518]::json_subset_fixture_parses_nested_json::{closure#0} as core[a373ad73a504971]::ops::function::FnOnce<()>>::call_once
[INFO] [stdout]   14:     0x6322c65948fb - test[aada8e7e76ba119b]::__rust_begin_short_backtrace::<core[a373ad73a504971]::result::Result<(), alloc[2e1b2a31b91974c5]::string::String>, fn() -> core[a373ad73a504971]::result::Result<(), alloc[2e1b2a31b91974c5]::string::String>>
[INFO] [stdout]   15:     0x6322c65a1ad5 - test[aada8e7e76ba119b]::run_test::{closure#0}
[INFO] [stdout]   16:     0x6322c659b3c4 - std[617be2ca0a6fd877]::sys::backtrace::__rust_begin_short_backtrace::<test[aada8e7e76ba119b]::run_test::{closure#1}, ()>
[INFO] [stdout]   17:     0x6322c65a4b62 - <std[617be2ca0a6fd877]::thread::lifecycle::spawn_unchecked<test[aada8e7e76ba119b]::run_test::{closure#1}, ()>::{closure#1} as core[a373ad73a504971]::ops::function::FnOnce<()>>::call_once::{shim:vtable#0}
[INFO] [stdout]   18:     0x6322c68eecef - <std[617be2ca0a6fd877]::sys::thread::unix::Thread>::new::thread_start
[INFO] [stdout]   19:     0x7be428ae1dfa - <unknown>
[INFO] [stdout]   20:     0x7be428b753d4 - clone
[INFO] [stdout]   21:                0x0 - <unknown>
[INFO] [stdout] 
[INFO] [stdout] ---- json_subset_fixture_builds_a_tree_over_the_rules_that_survive stdout ----
[INFO] [stdout] 
[INFO] [stdout] thread 'json_subset_fixture_builds_a_tree_over_the_rules_that_survive' (822) panicked at tests/common/mod.rs:28:55:
[INFO] [stdout] /opt/rustwide/ts/test/grammar/json-subset.ebnf: No such file or directory (os error 2)
[INFO] [stdout] stack backtrace:
[INFO] [stdout]    0:     0x6322c68ef7f1 - <<std[617be2ca0a6fd877]::sys::backtrace::BacktraceLock>::print::DisplayBacktrace as core[a373ad73a504971]::fmt::Display>::fmt
[INFO] [stdout]    1:     0x6322c6906efa - core[a373ad73a504971]::fmt::write
[INFO] [stdout]    2:     0x6322c68f3a2c - <alloc[2e1b2a31b91974c5]::vec::Vec<u8> as core[a373ad73a504971]::io::write::Write>::write_fmt
[INFO] [stdout]    3:     0x6322c68cb666 - std[617be2ca0a6fd877]::panicking::default_hook::{closure#0}
[INFO] [stdout]    4:     0x6322c68e7b29 - std[617be2ca0a6fd877]::panicking::default_hook
[INFO] [stdout]    5:     0x6322c65a14b0 - test[aada8e7e76ba119b]::test_main_inner::{closure#0}
[INFO] [stdout]    6:     0x6322c68e7ce2 - std[617be2ca0a6fd877]::panicking::panic_with_hook
[INFO] [stdout]    7:     0x6322c68cb712 - std[617be2ca0a6fd877]::panicking::panic_handler::{closure#0}
[INFO] [stdout]    8:     0x6322c68c4299 - std[617be2ca0a6fd877]::sys::backtrace::__rust_end_short_backtrace::<std[617be2ca0a6fd877]::panicking::panic_handler::{closure#0}, !>
[INFO] [stdout]    9:     0x6322c68cc31d - __rustc[ea4f61d10b84890b]::rust_begin_unwind
[INFO] [stdout]   10:     0x6322c69076dc - core[a373ad73a504971]::panicking::panic_fmt
[INFO] [stdout]   11:     0x6322c658d809 - ebnf_test[9e97d3c21c1cc518]::common::fixture::{closure#0}
[INFO] [stdout]   12:     0x6322c658e1f2 - ebnf_test[9e97d3c21c1cc518]::common::fixture
[INFO] [stdout]   13:     0x6322c6575514 - <ebnf_test[9e97d3c21c1cc518]::json_subset_fixture_builds_a_tree_over_the_rules_that_survive::{closure#0} as core[a373ad73a504971]::ops::function::FnOnce<()>>::call_once
[INFO] [stdout]   14:     0x6322c65948fb - test[aada8e7e76ba119b]::__rust_begin_short_backtrace::<core[a373ad73a504971]::result::Result<(), alloc[2e1b2a31b91974c5]::string::String>, fn() -> core[a373ad73a504971]::result::Result<(), alloc[2e1b2a31b91974c5]::string::String>>
[INFO] [stdout]   15:     0x6322c65a1ad5 - test[aada8e7e76ba119b]::run_test::{closure#0}
[INFO] [stdout]   16:     0x6322c659b3c4 - std[617be2ca0a6fd877]::sys::backtrace::__rust_begin_short_backtrace::<test[aada8e7e76ba119b]::run_test::{closure#1}, ()>
[INFO] [stdout]   17:     0x6322c65a4b62 - <std[617be2ca0a6fd877]::thread::lifecycle::spawn_unchecked<test[aada8e7e76ba119b]::run_test::{closure#1}, ()>::{closure#1} as core[a373ad73a504971]::ops::function::FnOnce<()>>::call_once::{shim:vtable#0}
[INFO] [stdout]   18:     0x6322c68eecef - <std[617be2ca0a6fd877]::sys::thread::unix::Thread>::new::thread_start
[INFO] [stdout]   19:     0x7be428ae1dfa - <unknown>
[INFO] [stdout]   20:     0x7be428b753d4 - clone
[INFO] [stdout]   21:                0x0 - <unknown>
[INFO] [stdout] 
[INFO] [stdout] ---- name_fixture_parses_xml_style_names_character_by_character stdout ----
[INFO] [stdout] 
[INFO] [stdout] thread 'name_fixture_parses_xml_style_names_character_by_character' (830) panicked at tests/common/mod.rs:28:55:
[INFO] [stdout] /opt/rustwide/ts/test/grammar/name.ebnf: No such file or directory (os error 2)
[INFO] [stdout] stack backtrace:
[INFO] [stdout]    0:     0x6322c68ef7f1 - <<std[617be2ca0a6fd877]::sys::backtrace::BacktraceLock>::print::DisplayBacktrace as core[a373ad73a504971]::fmt::Display>::fmt
[INFO] [stdout]    1:     0x6322c6906efa - core[a373ad73a504971]::fmt::write
[INFO] [stdout]    2:     0x6322c68f3a2c - <alloc[2e1b2a31b91974c5]::vec::Vec<u8> as core[a373ad73a504971]::io::write::Write>::write_fmt
[INFO] [stdout]    3:     0x6322c68cb666 - std[617be2ca0a6fd877]::panicking::default_hook::{closure#0}
[INFO] [stdout]    4:     0x6322c68e7b29 - std[617be2ca0a6fd877]::panicking::default_hook
[INFO] [stdout]    5:     0x6322c65a14b0 - test[aada8e7e76ba119b]::test_main_inner::{closure#0}
[INFO] [stdout]    6:     0x6322c68e7ce2 - std[617be2ca0a6fd877]::panicking::panic_with_hook
[INFO] [stdout]    7:     0x6322c68cb712 - std[617be2ca0a6fd877]::panicking::panic_handler::{closure#0}
[INFO] [stdout]    8:     0x6322c68c4299 - std[617be2ca0a6fd877]::sys::backtrace::__rust_end_short_backtrace::<std[617be2ca0a6fd877]::panicking::panic_handler::{closure#0}, !>
[INFO] [stdout]    9:     0x6322c68cc31d - __rustc[ea4f61d10b84890b]::rust_begin_unwind
[INFO] [stdout]   10:     0x6322c69076dc - core[a373ad73a504971]::panicking::panic_fmt
[INFO] [stdout]   11:     0x6322c658d809 - ebnf_test[9e97d3c21c1cc518]::common::fixture::{closure#0}
[INFO] [stdout]   12:     0x6322c658e1f2 - ebnf_test[9e97d3c21c1cc518]::common::fixture
[INFO] [stdout]   13:     0x6322c6574532 - <ebnf_test[9e97d3c21c1cc518]::name_fixture_parses_xml_style_names_character_by_character::{closure#0} as core[a373ad73a504971]::ops::function::FnOnce<()>>::call_once
[INFO] [stdout]   14:     0x6322c65948fb - test[aada8e7e76ba119b]::__rust_begin_short_backtrace::<core[a373ad73a504971]::result::Result<(), alloc[2e1b2a31b91974c5]::string::String>, fn() -> core[a373ad73a504971]::result::Result<(), alloc[2e1b2a31b91974c5]::string::String>>
[INFO] [stdout]   15:     0x6322c65a1ad5 - test[aada8e7e76ba119b]::run_test::{closure#0}
[INFO] [stdout]   16:     0x6322c659b3c4 - std[617be2ca0a6fd877]::sys::backtrace::__rust_begin_short_backtrace::<test[aada8e7e76ba119b]::run_test::{closure#1}, ()>
[INFO] [stdout]   17:     0x6322c65a4b62 - <std[617be2ca0a6fd877]::thread::lifecycle::spawn_unchecked<test[aada8e7e76ba119b]::run_test::{closure#1}, ()>::{closure#1} as core[a373ad73a504971]::ops::function::FnOnce<()>>::call_once::{shim:vtable#0}
[INFO] [stdout]   18:     0x6322c68eecef - <std[617be2ca0a6fd877]::sys::thread::unix::Thread>::new::thread_start
[INFO] [stdout]   19:     0x7be428ae1dfa - <unknown>
[INFO] [stdout]   20:     0x7be428b753d4 - clone
[INFO] [stdout]   21:                0x0 - <unknown>
[INFO] [stdout] 
[INFO] [stdout] ---- the_iso_spelled_fixture_parses_the_same_language_as_the_w3c_one stdout ----
[INFO] [stdout] 
[INFO] [stdout] thread 'the_iso_spelled_fixture_parses_the_same_language_as_the_w3c_one' (863) panicked at tests/common/mod.rs:28:55:
[INFO] [stdout] /opt/rustwide/ts/test/grammar/expr.ebnf: No such file or directory (os error 2)
[INFO] [stdout] stack backtrace:
[INFO] [stdout]    0:     0x6322c68ef7f1 - <<std[617be2ca0a6fd877]::sys::backtrace::BacktraceLock>::print::DisplayBacktrace as core[a373ad73a504971]::fmt::Display>::fmt
[INFO] [stdout]    1:     0x6322c6906efa - core[a373ad73a504971]::fmt::write
[INFO] [stdout]    2:     0x6322c68f3a2c - <alloc[2e1b2a31b91974c5]::vec::Vec<u8> as core[a373ad73a504971]::io::write::Write>::write_fmt
[INFO] [stdout]    3:     0x6322c68cb666 - std[617be2ca0a6fd877]::panicking::default_hook::{closure#0}
[INFO] [stdout]    4:     0x6322c68e7b29 - std[617be2ca0a6fd877]::panicking::default_hook
[INFO] [stdout]    5:     0x6322c65a14b0 - test[aada8e7e76ba119b]::test_main_inner::{closure#0}
[INFO] [stdout]    6:     0x6322c68e7ce2 - std[617be2ca0a6fd877]::panicking::panic_with_hook
[INFO] [stdout]    7:     0x6322c68cb712 - std[617be2ca0a6fd877]::panicking::panic_handler::{closure#0}
[INFO] [stdout]    8:     0x6322c68c4299 - std[617be2ca0a6fd877]::sys::backtrace::__rust_end_short_backtrace::<std[617be2ca0a6fd877]::panicking::panic_handler::{closure#0}, !>
[INFO] [stdout]    9:     0x6322c68cc31d - __rustc[ea4f61d10b84890b]::rust_begin_unwind
[INFO] [stdout]   10:     0x6322c69076dc - core[a373ad73a504971]::panicking::panic_fmt
[INFO] [stdout]   11:     0x6322c658d809 - ebnf_test[9e97d3c21c1cc518]::common::fixture::{closure#0}
[INFO] [stdout]   12:     0x6322c658e1f2 - ebnf_test[9e97d3c21c1cc518]::common::fixture
[INFO] [stdout]   13:     0x6322c65769b5 - <ebnf_test[9e97d3c21c1cc518]::the_iso_spelled_fixture_parses_the_same_language_as_the_w3c_one::{closure#0} as core[a373ad73a504971]::ops::function::FnOnce<()>>::call_once
[INFO] [stdout]   14:     0x6322c65948fb - test[aada8e7e76ba119b]::__rust_begin_short_backtrace::<core[a373ad73a504971]::result::Result<(), alloc[2e1b2a31b91974c5]::string::String>, fn() -> core[a373ad73a504971]::result::Result<(), alloc[2e1b2a31b91974c5]::string::String>>
[INFO] [stdout]   15:     0x6322c65a1ad5 - test[aada8e7e76ba119b]::run_test::{closure#0}
[INFO] [stdout]   16:     0x6322c659b3c4 - std[617be2ca0a6fd877]::sys::backtrace::__rust_begin_short_backtrace::<test[aada8e7e76ba119b]::run_test::{closure#1}, ()>
[INFO] [stdout]   17:     0x6322c65a4b62 - <std[617be2ca0a6fd877]::thread::lifecycle::spawn_unchecked<test[aada8e7e76ba119b]::run_test::{closure#1}, ()>::{closure#1} as core[a373ad73a504971]::ops::function::FnOnce<()>>::call_once::{shim:vtable#0}
[INFO] [stdout]   18:     0x6322c68eecef - <std[617be2ca0a6fd877]::sys::thread::unix::Thread>::new::thread_start
[INFO] [stdout]   19:     0x7be428ae1dfa - <unknown>
[INFO] [stdout]   20:     0x7be428b753d4 - clone
[INFO] [stdout]   21:                0x0 - <unknown>
[INFO] [stdout] 
[INFO] [stdout] 
[INFO] [stdout] failures:
[INFO] [stdout]     expr_fixture_nests_term_under_expr_and_factor_under_term
[INFO] [stdout]     expr_fixture_parses_arithmetic_with_precedence
[INFO] [stdout]     json_subset_fixture_builds_a_tree_over_the_rules_that_survive
[INFO] [stdout]     json_subset_fixture_parses_nested_json
[INFO] [stdout]     name_fixture_parses_xml_style_names_character_by_character
[INFO] [stdout]     the_iso_spelled_fixture_parses_the_same_language_as_the_w3c_one
[INFO] [stdout] 
[INFO] [stdout] test result: FAILED. 75 passed; 6 failed; 0 ignored; 0 measured; 0 filtered out; finished in 0.06s
[INFO] [stdout] 
[INFO] running `Command { std: "docker" "inspect" "7d32b107a1c725466c8abef40181015e0290992bd66f4fdd9d2769dee1715d4f", kill_on_drop: false }`
[INFO] running `Command { std: "docker" "rm" "-f" "7d32b107a1c725466c8abef40181015e0290992bd66f4fdd9d2769dee1715d4f", kill_on_drop: false }`
[INFO] [stdout] 7d32b107a1c725466c8abef40181015e0290992bd66f4fdd9d2769dee1715d4f
