[INFO] fetching crate tabnas-directive 0.5.13...
[INFO] testing tabnas-directive-0.5.13 against 1.100.0-beta.1+cargoflags=--release for beta-release-1.100-2
[INFO] extracting crate tabnas-directive 0.5.13 into /workspace/builds/worker-6-tc2/source
[INFO] started tweaking crates.io crate tabnas-directive 0.5.13
[INFO] removed 0 missing tests
[INFO] finished tweaking crates.io crate tabnas-directive 0.5.13
[INFO] tweaked toml for crates.io crate tabnas-directive 0.5.13 written to /workspace/builds/worker-6-tc2/source/Cargo.toml
[INFO] validating manifest of crates.io crate tabnas-directive 0.5.13 on toolchain 1.100.0-beta.1
[INFO] running `Command { std: CARGO_HOME="/workspace/cargo-home" RUSTUP_HOME="/workspace/rustup-home" "/workspace/cargo-home/bin/cargo" "+1.100.0-beta.1" "metadata" "--manifest-path" "Cargo.toml" "--no-deps", kill_on_drop: false }`
[INFO] crate crates.io crate tabnas-directive 0.5.13 already has a lockfile, it will not be regenerated
[INFO] running `Command { std: CARGO_HOME="/workspace/cargo-home" RUSTUP_HOME="/workspace/rustup-home" "/workspace/cargo-home/bin/cargo" "+1.100.0-beta.1" "fetch" "--manifest-path" "Cargo.toml", kill_on_drop: false }`
[INFO] running `Command { std: "docker" "create" "-v" "/var/lib/crater-agent-workspace/builds/worker-6-tc2/source:/opt/rustwide/workdir:ro,Z" "-v" "/var/lib/crater-agent-workspace/builds/worker-6-tc2/target:/opt/rustwide/target:rw,Z" "-v" "/var/lib/crater-agent-workspace/cargo-home:/opt/rustwide/cargo-home:ro,Z" "-v" "/var/lib/crater-agent-workspace/rustup-home:/opt/rustwide/rustup-home:ro,Z" "-m" "1610612736" "--network" "none" "ghcr.io/rust-lang/crates-build-env/linux@sha256:77db811e55d90add9212f6832c23229e3de5f1c1f9905e8cb07319ea15df73ac" "sleep" "infinity", kill_on_drop: false }`
[INFO] [stdout] 02c05cb3160a04c18ffe2b872e6765bfda1bcdcb430af3bd327e6dd21c669654
[INFO] running `Command { std: "docker" "start" "02c05cb3160a04c18ffe2b872e6765bfda1bcdcb430af3bd327e6dd21c669654", kill_on_drop: false }`
[INFO] running `Command { std: "docker" "inspect" "02c05cb3160a04c18ffe2b872e6765bfda1bcdcb430af3bd327e6dd21c669654", kill_on_drop: false }`
[INFO] running `Command { std: "docker" "exec" "-e" "SOURCE_DIR=/opt/rustwide/workdir" "-e" "CARGO_HOME=/opt/rustwide/cargo-home" "-e" "RUSTUP_HOME=/opt/rustwide/rustup-home" "-e" "CARGO_TARGET_DIR=/opt/rustwide/target" "-w" "/opt/rustwide/workdir" "--user" "0:0" "02c05cb3160a04c18ffe2b872e6765bfda1bcdcb430af3bd327e6dd21c669654" "/opt/rustwide/cargo-home/bin/cargo" "+1.100.0-beta.1" "metadata" "--no-deps" "--format-version=1", kill_on_drop: false }`
[INFO] running `Command { std: "docker" "inspect" "02c05cb3160a04c18ffe2b872e6765bfda1bcdcb430af3bd327e6dd21c669654", kill_on_drop: false }`
[INFO] running `Command { std: "docker" "exec" "-e" "SOURCE_DIR=/opt/rustwide/workdir" "-e" "CARGO_HOME=/opt/rustwide/cargo-home" "-e" "RUSTUP_HOME=/opt/rustwide/rustup-home" "-e" "CARGO_TARGET_DIR=/opt/rustwide/target" "-e" "CARGO_INCREMENTAL=0" "-e" "RUST_BACKTRACE=full" "-e" "RUSTFLAGS=--cap-lints=warn" "-e" "RUSTDOCFLAGS=--cap-lints=warn" "-w" "/opt/rustwide/workdir" "--user" "0:0" "02c05cb3160a04c18ffe2b872e6765bfda1bcdcb430af3bd327e6dd21c669654" "/opt/rustwide/cargo-home/bin/cargo" "+1.100.0-beta.1" "build" "--frozen" "--message-format=json" "--release", kill_on_drop: false }`
[INFO] [stderr]    Compiling serde_json v1.0.151
[INFO] [stderr]    Compiling proc-macro2 v1.0.107
[INFO] [stderr]    Compiling indexmap v2.14.2
[INFO] [stderr]    Compiling quote v1.0.47
[INFO] [stderr]    Compiling syn v3.0.6
[INFO] [stderr]    Compiling serde_derive v1.0.229
[INFO] [stderr]    Compiling serde v1.0.229
[INFO] [stderr]    Compiling tabnas-parser v0.12.11
[INFO] [stderr]    Compiling tabnas-directive v0.5.13 (/opt/rustwide/workdir)
[INFO] [stderr]     Finished `release` profile [optimized] target(s) in 35.47s
[INFO] running `Command { std: "docker" "inspect" "02c05cb3160a04c18ffe2b872e6765bfda1bcdcb430af3bd327e6dd21c669654", kill_on_drop: false }`
[INFO] running `Command { std: "docker" "exec" "-e" "SOURCE_DIR=/opt/rustwide/workdir" "-e" "CARGO_HOME=/opt/rustwide/cargo-home" "-e" "RUSTUP_HOME=/opt/rustwide/rustup-home" "-e" "CARGO_TARGET_DIR=/opt/rustwide/target" "-e" "CARGO_INCREMENTAL=0" "-e" "RUST_BACKTRACE=full" "-e" "RUSTFLAGS=--cap-lints=warn" "-e" "RUSTDOCFLAGS=--cap-lints=warn" "-w" "/opt/rustwide/workdir" "--user" "0:0" "02c05cb3160a04c18ffe2b872e6765bfda1bcdcb430af3bd327e6dd21c669654" "/opt/rustwide/cargo-home/bin/cargo" "+1.100.0-beta.1" "test" "--frozen" "--no-run" "--message-format=json" "--release", kill_on_drop: false }`
[INFO] [stderr]    Compiling tabnas-directive v0.5.13 (/opt/rustwide/workdir)
[INFO] [stderr]     Finished `release` profile [optimized] target(s) in 5.73s
[INFO] running `Command { std: "docker" "inspect" "02c05cb3160a04c18ffe2b872e6765bfda1bcdcb430af3bd327e6dd21c669654", kill_on_drop: false }`
[INFO] running `Command { std: "docker" "exec" "-e" "SOURCE_DIR=/opt/rustwide/workdir" "-e" "CARGO_HOME=/opt/rustwide/cargo-home" "-e" "RUSTUP_HOME=/opt/rustwide/rustup-home" "-e" "CARGO_TARGET_DIR=/opt/rustwide/target" "-e" "CARGO_INCREMENTAL=0" "-e" "RUST_BACKTRACE=full" "-e" "RUSTFLAGS=--cap-lints=warn" "-e" "RUSTDOCFLAGS=--cap-lints=warn" "-w" "/opt/rustwide/workdir" "--user" "0:0" "02c05cb3160a04c18ffe2b872e6765bfda1bcdcb430af3bd327e6dd21c669654" "/opt/rustwide/cargo-home/bin/cargo" "+1.100.0-beta.1" "test" "--frozen" "--release", kill_on_drop: false }`
[INFO] [stderr]     Finished `release` profile [optimized] target(s) in 0.06s
[INFO] [stderr]      Running unittests src/lib.rs (/opt/rustwide/target/release/build/tabnas-directive/d124bec2f3b623de/out/tabnas_directive-d124bec2f3b623de)
[INFO] [stdout] 
[INFO] [stdout] running 0 tests
[INFO] [stdout] 
[INFO] [stdout] test result: ok. 0 passed; 0 failed; 0 ignored; 0 measured; 0 filtered out; finished in 0.00s
[INFO] [stdout] 
[INFO] [stderr]      Running tests/directive_test.rs (/opt/rustwide/target/release/build/tabnas-directive/c0de3cfba187ad78/out/directive_test-c0de3cfba187ad78)
[INFO] [stdout] 
[INFO] [stdout] running 21 tests
[INFO] [stdout] test a_name_the_grammar_document_cannot_spell_is_rejected_at_registration ... ok
[INFO] [stdout] test action_option_prop ... ok
[INFO] [stdout] test edges ... ok
[INFO] [stdout] test action_option_prop_missing_segments_resolve_to_undefined ... ok
[INFO] [stdout] test rules_option_parses_comma_separated_names ... ok
[INFO] [stdout] test action_option_prop_walks_nested_segments ... ok
[INFO] [stdout] test default_rules_are_used_when_rules_is_absent ... ok
[INFO] [stdout] test open_only_directive_does_not_consume_following_siblings ... ok
[INFO] [stdout] test rules_object_form ... ok
[INFO] [stdout] test spec_loader_keeps_the_shared_codec ... ok
[INFO] [stdout] test version_is_exported ... ok
[INFO] [stdout] test inject ... FAILED
[INFO] [stdout] test directive_error_converts_to_and_from_plugin_error ... ok
[INFO] [stdout] test happy ... FAILED
[INFO] [stdout] test deriving_an_instance_that_already_has_the_directive_reports_the_duplicate ... ok
[INFO] [stdout] test deriving_from_a_plugin_host_grammar_then_applying_the_directive_works ... ok
[INFO] [stdout] test adder ... FAILED
[INFO] [stdout] test close ... FAILED
[INFO] [stdout] test panics_in_user_callbacks_surface_as_errors_not_panics ... ok
[INFO] [stdout] test action_returns_token ... ok
[INFO] [stdout] test action_error_aborts_the_parse ... ok
[INFO] [stdout] 
[INFO] [stdout] failures:
[INFO] [stdout] 
[INFO] [stdout] ---- inject stdout ----
[INFO] [stdout] 
[INFO] [stdout] thread 'inject' (493) panicked at tests/common/spec.rs:77:33:
[INFO] [stdout] failed to read /opt/rustwide/test/spec/inject.tsv: No such file or directory (os error 2)
[INFO] [stdout] stack backtrace:
[INFO] [stdout]    0:     0x5bc322315921 - <<std[617be2ca0a6fd877]::sys::backtrace::BacktraceLock>::print::DisplayBacktrace as core[a373ad73a504971]::fmt::Display>::fmt
[INFO] [stdout]    1:     0x5bc32232d02a - core[a373ad73a504971]::fmt::write
[INFO] [stdout]    2:     0x5bc322319b5c - <alloc[2e1b2a31b91974c5]::vec::Vec<u8> as core[a373ad73a504971]::io::write::Write>::write_fmt
[INFO] [stdout]    3:     0x5bc3222f1816 - std[617be2ca0a6fd877]::panicking::default_hook::{closure#0}
[INFO] [stdout]    4:     0x5bc32230dc59 - std[617be2ca0a6fd877]::panicking::default_hook
[INFO] [stdout]    5:     0x5bc3220ce640 - test[aada8e7e76ba119b]::test_main_inner::{closure#0}
[INFO] [stdout]    6:     0x5bc32230de12 - std[617be2ca0a6fd877]::panicking::panic_with_hook
[INFO] [stdout]    7:     0x5bc3222f18c2 - std[617be2ca0a6fd877]::panicking::panic_handler::{closure#0}
[INFO] [stdout]    8:     0x5bc3222ea449 - std[617be2ca0a6fd877]::sys::backtrace::__rust_end_short_backtrace::<std[617be2ca0a6fd877]::panicking::panic_handler::{closure#0}, !>
[INFO] [stdout]    9:     0x5bc3222f24cd - __rustc[ea4f61d10b84890b]::rust_begin_unwind
[INFO] [stdout]   10:     0x5bc32232d80c - core[a373ad73a504971]::panicking::panic_fmt
[INFO] [stdout]   11:     0x5bc3220a7869 - directive_test[b97cc66b419f5b17]::common::spec::load::{closure#0}
[INFO] [stdout]   12:     0x5bc3220a84cb - directive_test[b97cc66b419f5b17]::common::spec::run_spec
[INFO] [stdout]   13:     0x5bc3220910c4 - <directive_test[b97cc66b419f5b17]::inject::{closure#0} as core[a373ad73a504971]::ops::function::FnOnce<()>>::call_once
[INFO] [stdout]   14:     0x5bc3220c1a8b - test[aada8e7e76ba119b]::__rust_begin_short_backtrace::<core[a373ad73a504971]::result::Result<(), alloc[2e1b2a31b91974c5]::string::String>, fn() -> core[a373ad73a504971]::result::Result<(), alloc[2e1b2a31b91974c5]::string::String>>
[INFO] [stdout]   15:     0x5bc3220cec65 - test[aada8e7e76ba119b]::run_test::{closure#0}
[INFO] [stdout]   16:     0x5bc3220c8554 - std[617be2ca0a6fd877]::sys::backtrace::__rust_begin_short_backtrace::<test[aada8e7e76ba119b]::run_test::{closure#1}, ()>
[INFO] [stdout]   17:     0x5bc3220d1cf2 - <std[617be2ca0a6fd877]::thread::lifecycle::spawn_unchecked<test[aada8e7e76ba119b]::run_test::{closure#1}, ()>::{closure#1} as core[a373ad73a504971]::ops::function::FnOnce<()>>::call_once::{shim:vtable#0}
[INFO] [stdout]   18:     0x5bc322314e1f - <std[617be2ca0a6fd877]::sys::thread::unix::Thread>::new::thread_start
[INFO] [stdout]   19:     0x7408d4434dfa - <unknown>
[INFO] [stdout]   20:     0x7408d44c83d4 - clone
[INFO] [stdout]   21:                0x0 - <unknown>
[INFO] [stdout] 
[INFO] [stdout] ---- happy stdout ----
[INFO] [stdout] 
[INFO] [stdout] thread 'happy' (492) panicked at tests/common/spec.rs:77:33:
[INFO] [stdout] failed to read /opt/rustwide/test/spec/happy.tsv: No such file or directory (os error 2)
[INFO] [stdout] stack backtrace:
[INFO] [stdout]    0:     0x5bc322315921 - <<std[617be2ca0a6fd877]::sys::backtrace::BacktraceLock>::print::DisplayBacktrace as core[a373ad73a504971]::fmt::Display>::fmt
[INFO] [stdout]    1:     0x5bc32232d02a - core[a373ad73a504971]::fmt::write
[INFO] [stdout]    2:     0x5bc322319b5c - <alloc[2e1b2a31b91974c5]::vec::Vec<u8> as core[a373ad73a504971]::io::write::Write>::write_fmt
[INFO] [stdout]    3:     0x5bc3222f1816 - std[617be2ca0a6fd877]::panicking::default_hook::{closure#0}
[INFO] [stdout]    4:     0x5bc32230dc59 - std[617be2ca0a6fd877]::panicking::default_hook
[INFO] [stdout]    5:     0x5bc3220ce640 - test[aada8e7e76ba119b]::test_main_inner::{closure#0}
[INFO] [stdout]    6:     0x5bc32230de12 - std[617be2ca0a6fd877]::panicking::panic_with_hook
[INFO] [stdout]    7:     0x5bc3222f18c2 - std[617be2ca0a6fd877]::panicking::panic_handler::{closure#0}
[INFO] [stdout]    8:     0x5bc3222ea449 - std[617be2ca0a6fd877]::sys::backtrace::__rust_end_short_backtrace::<std[617be2ca0a6fd877]::panicking::panic_handler::{closure#0}, !>
[INFO] [stdout]    9:     0x5bc3222f24cd - __rustc[ea4f61d10b84890b]::rust_begin_unwind
[INFO] [stdout]   10:     0x5bc32232d80c - core[a373ad73a504971]::panicking::panic_fmt
[INFO] [stdout]   11:     0x5bc3220a7869 - directive_test[b97cc66b419f5b17]::common::spec::load::{closure#0}
[INFO] [stdout]   12:     0x5bc3220a84cb - directive_test[b97cc66b419f5b17]::common::spec::run_spec
[INFO] [stdout]   13:     0x5bc32208fddd - <directive_test[b97cc66b419f5b17]::happy::{closure#0} as core[a373ad73a504971]::ops::function::FnOnce<()>>::call_once
[INFO] [stdout]   14:     0x5bc3220c1a8b - test[aada8e7e76ba119b]::__rust_begin_short_backtrace::<core[a373ad73a504971]::result::Result<(), alloc[2e1b2a31b91974c5]::string::String>, fn() -> core[a373ad73a504971]::result::Result<(), alloc[2e1b2a31b91974c5]::string::String>>
[INFO] [stdout]   15:     0x5bc3220cec65 - test[aada8e7e76ba119b]::run_test::{closure#0}
[INFO] [stdout]   16:     0x5bc3220c8554 - std[617be2ca0a6fd877]::sys::backtrace::__rust_begin_short_backtrace::<test[aada8e7e76ba119b]::run_test::{closure#1}, ()>
[INFO] [stdout]   17:     0x5bc3220d1cf2 - <std[617be2ca0a6fd877]::thread::lifecycle::spawn_unchecked<test[aada8e7e76ba119b]::run_test::{closure#1}, ()>::{closure#1} as core[a373ad73a504971]::ops::function::FnOnce<()>>::call_once::{shim:vtable#0}
[INFO] [stdout]   18:     0x5bc322314e1f - <std[617be2ca0a6fd877]::sys::thread::unix::Thread>::new::thread_start
[INFO] [stdout]   19:     0x7408d4434dfa - <unknown>
[INFO] [stdout]   20:     0x7408d44c83d4 - clone
[INFO] [stdout]   21:                0x0 - <unknown>
[INFO] [stdout] 
[INFO] [stdout] ---- adder stdout ----
[INFO] [stdout] 
[INFO] [stdout] thread 'adder' (485) panicked at tests/common/spec.rs:77:33:
[INFO] [stdout] failed to read /opt/rustwide/test/spec/adder.tsv: No such file or directory (os error 2)
[INFO] [stdout] stack backtrace:
[INFO] [stdout]    0:     0x5bc322315921 - <<std[617be2ca0a6fd877]::sys::backtrace::BacktraceLock>::print::DisplayBacktrace as core[a373ad73a504971]::fmt::Display>::fmt
[INFO] [stdout]    1:     0x5bc32232d02a - core[a373ad73a504971]::fmt::write
[INFO] [stdout]    2:     0x5bc322319b5c - <alloc[2e1b2a31b91974c5]::vec::Vec<u8> as core[a373ad73a504971]::io::write::Write>::write_fmt
[INFO] [stdout]    3:     0x5bc3222f1816 - std[617be2ca0a6fd877]::panicking::default_hook::{closure#0}
[INFO] [stdout]    4:     0x5bc32230dc59 - std[617be2ca0a6fd877]::panicking::default_hook
[INFO] [stdout]    5:     0x5bc3220ce640 - test[aada8e7e76ba119b]::test_main_inner::{closure#0}
[INFO] [stdout]    6:     0x5bc32230de12 - std[617be2ca0a6fd877]::panicking::panic_with_hook
[INFO] [stdout]    7:     0x5bc3222f18c2 - std[617be2ca0a6fd877]::panicking::panic_handler::{closure#0}
[INFO] [stdout]    8:     0x5bc3222ea449 - std[617be2ca0a6fd877]::sys::backtrace::__rust_end_short_backtrace::<std[617be2ca0a6fd877]::panicking::panic_handler::{closure#0}, !>
[INFO] [stdout]    9:     0x5bc3222f24cd - __rustc[ea4f61d10b84890b]::rust_begin_unwind
[INFO] [stdout]   10:     0x5bc32232d80c - core[a373ad73a504971]::panicking::panic_fmt
[INFO] [stdout]   11:     0x5bc3220a7869 - directive_test[b97cc66b419f5b17]::common::spec::load::{closure#0}
[INFO] [stdout]   12:     0x5bc3220a84cb - directive_test[b97cc66b419f5b17]::common::spec::run_spec
[INFO] [stdout]   13:     0x5bc32208f4ae - <directive_test[b97cc66b419f5b17]::adder::{closure#0} as core[a373ad73a504971]::ops::function::FnOnce<()>>::call_once
[INFO] [stdout]   14:     0x5bc3220c1a8b - test[aada8e7e76ba119b]::__rust_begin_short_backtrace::<core[a373ad73a504971]::result::Result<(), alloc[2e1b2a31b91974c5]::string::String>, fn() -> core[a373ad73a504971]::result::Result<(), alloc[2e1b2a31b91974c5]::string::String>>
[INFO] [stdout]   15:     0x5bc3220cec65 - test[aada8e7e76ba119b]::run_test::{closure#0}
[INFO] [stdout]   16:     0x5bc3220c8554 - std[617be2ca0a6fd877]::sys::backtrace::__rust_begin_short_backtrace::<test[aada8e7e76ba119b]::run_test::{closure#1}, ()>
[INFO] [stdout]   17:     0x5bc3220d1cf2 - <std[617be2ca0a6fd877]::thread::lifecycle::spawn_unchecked<test[aada8e7e76ba119b]::run_test::{closure#1}, ()>::{closure#1} as core[a373ad73a504971]::ops::function::FnOnce<()>>::call_once::{shim:vtable#0}
[INFO] [stdout]   18:     0x5bc322314e1f - <std[617be2ca0a6fd877]::sys::thread::unix::Thread>::new::thread_start
[INFO] [stdout]   19:     0x7408d4434dfa - <unknown>
[INFO] [stdout]   20:     0x7408d44c83d4 - clone
[INFO] [stdout]   21:                0x0 - <unknown>
[INFO] [stdout] 
[INFO] [stdout] ---- close stdout ----
[INFO] [stdout] 
[INFO] [stdout] thread 'close' (486) panicked at tests/common/spec.rs:77:33:
[INFO] [stdout] failed to read /opt/rustwide/test/spec/close-foo.tsv: No such file or directory (os error 2)
[INFO] [stdout] stack backtrace:
[INFO] [stdout]    0:     0x5bc322315921 - <<std[617be2ca0a6fd877]::sys::backtrace::BacktraceLock>::print::DisplayBacktrace as core[a373ad73a504971]::fmt::Display>::fmt
[INFO] [stdout]    1:     0x5bc32232d02a - core[a373ad73a504971]::fmt::write
[INFO] [stdout]    2:     0x5bc322319b5c - <alloc[2e1b2a31b91974c5]::vec::Vec<u8> as core[a373ad73a504971]::io::write::Write>::write_fmt
[INFO] [stdout]    3:     0x5bc3222f1816 - std[617be2ca0a6fd877]::panicking::default_hook::{closure#0}
[INFO] [stdout]    4:     0x5bc32230dc59 - std[617be2ca0a6fd877]::panicking::default_hook
[INFO] [stdout]    5:     0x5bc3220ce640 - test[aada8e7e76ba119b]::test_main_inner::{closure#0}
[INFO] [stdout]    6:     0x5bc32230de12 - std[617be2ca0a6fd877]::panicking::panic_with_hook
[INFO] [stdout]    7:     0x5bc3222f18c2 - std[617be2ca0a6fd877]::panicking::panic_handler::{closure#0}
[INFO] [stdout]    8:     0x5bc3222ea449 - std[617be2ca0a6fd877]::sys::backtrace::__rust_end_short_backtrace::<std[617be2ca0a6fd877]::panicking::panic_handler::{closure#0}, !>
[INFO] [stdout]    9:     0x5bc3222f24cd - __rustc[ea4f61d10b84890b]::rust_begin_unwind
[INFO] [stdout]   10:     0x5bc32232d80c - core[a373ad73a504971]::panicking::panic_fmt
[INFO] [stdout]   11:     0x5bc3220a7869 - directive_test[b97cc66b419f5b17]::common::spec::load::{closure#0}
[INFO] [stdout]   12:     0x5bc3220a84cb - directive_test[b97cc66b419f5b17]::common::spec::run_spec
[INFO] [stdout]   13:     0x5bc32208f6b6 - <directive_test[b97cc66b419f5b17]::close::{closure#0} as core[a373ad73a504971]::ops::function::FnOnce<()>>::call_once
[INFO] [stdout]   14:     0x5bc3220c1a8b - test[aada8e7e76ba119b]::__rust_begin_short_backtrace::<core[a373ad73a504971]::result::Result<(), alloc[2e1b2a31b91974c5]::string::String>, fn() -> core[a373ad73a504971]::result::Result<(), alloc[2e1b2a31b91974c5]::string::String>>
[INFO] [stdout]   15:     0x5bc3220cec65 - test[aada8e7e76ba119b]::run_test::{closure#0}
[INFO] [stdout]   16:     0x5bc3220c8554 - std[617be2ca0a6fd877]::sys::backtrace::__rust_begin_short_backtrace::<test[aada8e7e76ba119b]::run_test::{closure#1}, ()>
[INFO] [stdout]   17:     0x5bc3220d1cf2 - <std[617be2ca0a6fd877]::thread::lifecycle::spawn_unchecked<test[aada8e7e76ba119b]::run_test::{closure#1}, ()>::{closure#1} as core[a373ad73a504971]::ops::function::FnOnce<()>>::call_once::{shim:vtable#0}
[INFO] [stdout]   18:     0x5bc322314e1f - <std[617be2ca0a6fd877]::sys::thread::unix::Thread>::new::thread_start
[INFO] [stdout]   19:     0x7408d4434dfa - <unknown>
[INFO] [stdout]   20:     0x7408d44c83d4 - clone
[INFO] [stdout]   21:                0x0 - <unknown>
[INFO] [stdout] 
[INFO] [stdout] 
[INFO] [stdout] failures:
[INFO] [stdout]     adder
[INFO] [stdout]     close
[INFO] [stdout]     happy
[INFO] [stdout]     inject
[INFO] [stdout] 
[INFO] [stdout] test result: FAILED. 17 passed; 4 failed; 0 ignored; 0 measured; 0 filtered out; finished in 0.02s
[INFO] [stdout] 
[INFO] [stderr] error: test failed, to rerun pass `--test directive_test`
[INFO] running `Command { std: "docker" "inspect" "02c05cb3160a04c18ffe2b872e6765bfda1bcdcb430af3bd327e6dd21c669654", kill_on_drop: false }`
[INFO] running `Command { std: "docker" "rm" "-f" "02c05cb3160a04c18ffe2b872e6765bfda1bcdcb430af3bd327e6dd21c669654", kill_on_drop: false }`
[INFO] [stdout] 02c05cb3160a04c18ffe2b872e6765bfda1bcdcb430af3bd327e6dd21c669654
