[INFO] fetching crate tabnas-chess 0.1.17...
[INFO] testing tabnas-chess-0.1.17 against 1.100.0-beta.1+cargoflags=--release for beta-release-1.100-2
[INFO] extracting crate tabnas-chess 0.1.17 into /workspace/builds/worker-1-tc2/source
[INFO] started tweaking crates.io crate tabnas-chess 0.1.17
[INFO] removed 0 missing tests
[INFO] finished tweaking crates.io crate tabnas-chess 0.1.17
[INFO] tweaked toml for crates.io crate tabnas-chess 0.1.17 written to /workspace/builds/worker-1-tc2/source/Cargo.toml
[INFO] validating manifest of crates.io crate tabnas-chess 0.1.17 on toolchain 1.100.0-beta.1
[INFO] running `Command { std: CARGO_HOME="/workspace/cargo-home" RUSTUP_HOME="/workspace/rustup-home" "/workspace/cargo-home/bin/cargo" "+1.100.0-beta.1" "metadata" "--manifest-path" "Cargo.toml" "--no-deps", kill_on_drop: false }`
[INFO] crate crates.io crate tabnas-chess 0.1.17 already has a lockfile, it will not be regenerated
[INFO] running `Command { std: CARGO_HOME="/workspace/cargo-home" RUSTUP_HOME="/workspace/rustup-home" "/workspace/cargo-home/bin/cargo" "+1.100.0-beta.1" "fetch" "--manifest-path" "Cargo.toml", kill_on_drop: false }`
[INFO] running `Command { std: "docker" "create" "-v" "/var/lib/crater-agent-workspace/builds/worker-1-tc2/source:/opt/rustwide/workdir:ro,Z" "-v" "/var/lib/crater-agent-workspace/builds/worker-1-tc2/target:/opt/rustwide/target:rw,Z" "-v" "/var/lib/crater-agent-workspace/cargo-home:/opt/rustwide/cargo-home:ro,Z" "-v" "/var/lib/crater-agent-workspace/rustup-home:/opt/rustwide/rustup-home:ro,Z" "-m" "1610612736" "--network" "none" "ghcr.io/rust-lang/crates-build-env/linux@sha256:77db811e55d90add9212f6832c23229e3de5f1c1f9905e8cb07319ea15df73ac" "sleep" "infinity", kill_on_drop: false }`
[INFO] [stdout] 4625e62135d0e73ccf638c4f2ae3edd7b7c11fc674125ab914c2da96876708ca
[INFO] running `Command { std: "docker" "start" "4625e62135d0e73ccf638c4f2ae3edd7b7c11fc674125ab914c2da96876708ca", kill_on_drop: false }`
[INFO] running `Command { std: "docker" "inspect" "4625e62135d0e73ccf638c4f2ae3edd7b7c11fc674125ab914c2da96876708ca", kill_on_drop: false }`
[INFO] running `Command { std: "docker" "exec" "-e" "SOURCE_DIR=/opt/rustwide/workdir" "-e" "CARGO_HOME=/opt/rustwide/cargo-home" "-e" "RUSTUP_HOME=/opt/rustwide/rustup-home" "-e" "CARGO_TARGET_DIR=/opt/rustwide/target" "-w" "/opt/rustwide/workdir" "--user" "0:0" "4625e62135d0e73ccf638c4f2ae3edd7b7c11fc674125ab914c2da96876708ca" "/opt/rustwide/cargo-home/bin/cargo" "+1.100.0-beta.1" "metadata" "--no-deps" "--format-version=1", kill_on_drop: false }`
[INFO] running `Command { std: "docker" "inspect" "4625e62135d0e73ccf638c4f2ae3edd7b7c11fc674125ab914c2da96876708ca", kill_on_drop: false }`
[INFO] running `Command { std: "docker" "exec" "-e" "SOURCE_DIR=/opt/rustwide/workdir" "-e" "CARGO_HOME=/opt/rustwide/cargo-home" "-e" "RUSTUP_HOME=/opt/rustwide/rustup-home" "-e" "CARGO_TARGET_DIR=/opt/rustwide/target" "-e" "CARGO_INCREMENTAL=0" "-e" "RUST_BACKTRACE=full" "-e" "RUSTFLAGS=--cap-lints=warn" "-e" "RUSTDOCFLAGS=--cap-lints=warn" "-w" "/opt/rustwide/workdir" "--user" "0:0" "4625e62135d0e73ccf638c4f2ae3edd7b7c11fc674125ab914c2da96876708ca" "/opt/rustwide/cargo-home/bin/cargo" "+1.100.0-beta.1" "build" "--frozen" "--message-format=json" "--release", kill_on_drop: false }`
[INFO] [stderr]    Compiling serde_core v1.0.229
[INFO] [stderr]    Compiling proc-macro2 v1.0.107
[INFO] [stderr]    Compiling serde v1.0.229
[INFO] [stderr]    Compiling regex-automata v0.4.18
[INFO] [stderr]    Compiling quote v1.0.47
[INFO] [stderr]    Compiling syn v3.0.6
[INFO] [stderr]    Compiling serde_derive v1.0.229
[INFO] [stderr]    Compiling indexmap v2.14.2
[INFO] [stderr]    Compiling regex v1.13.1
[INFO] [stderr]    Compiling serde_json v1.0.151
[INFO] [stderr]    Compiling tabnas-parser v0.12.11
[INFO] [stderr]    Compiling tabnas-chess v0.1.17 (/opt/rustwide/workdir)
[INFO] [stderr]     Finished `release` profile [optimized] target(s) in 1m 24s
[INFO] running `Command { std: "docker" "inspect" "4625e62135d0e73ccf638c4f2ae3edd7b7c11fc674125ab914c2da96876708ca", kill_on_drop: false }`
[INFO] running `Command { std: "docker" "exec" "-e" "SOURCE_DIR=/opt/rustwide/workdir" "-e" "CARGO_HOME=/opt/rustwide/cargo-home" "-e" "RUSTUP_HOME=/opt/rustwide/rustup-home" "-e" "CARGO_TARGET_DIR=/opt/rustwide/target" "-e" "CARGO_INCREMENTAL=0" "-e" "RUST_BACKTRACE=full" "-e" "RUSTFLAGS=--cap-lints=warn" "-e" "RUSTDOCFLAGS=--cap-lints=warn" "-w" "/opt/rustwide/workdir" "--user" "0:0" "4625e62135d0e73ccf638c4f2ae3edd7b7c11fc674125ab914c2da96876708ca" "/opt/rustwide/cargo-home/bin/cargo" "+1.100.0-beta.1" "test" "--frozen" "--no-run" "--message-format=json" "--release", kill_on_drop: false }`
[INFO] [stderr]    Compiling tabnas-chess v0.1.17 (/opt/rustwide/workdir)
[INFO] [stderr]     Finished `release` profile [optimized] target(s) in 21.16s
[INFO] running `Command { std: "docker" "inspect" "4625e62135d0e73ccf638c4f2ae3edd7b7c11fc674125ab914c2da96876708ca", kill_on_drop: false }`
[INFO] running `Command { std: "docker" "exec" "-e" "SOURCE_DIR=/opt/rustwide/workdir" "-e" "CARGO_HOME=/opt/rustwide/cargo-home" "-e" "RUSTUP_HOME=/opt/rustwide/rustup-home" "-e" "CARGO_TARGET_DIR=/opt/rustwide/target" "-e" "CARGO_INCREMENTAL=0" "-e" "RUST_BACKTRACE=full" "-e" "RUSTFLAGS=--cap-lints=warn" "-e" "RUSTDOCFLAGS=--cap-lints=warn" "-w" "/opt/rustwide/workdir" "--user" "0:0" "4625e62135d0e73ccf638c4f2ae3edd7b7c11fc674125ab914c2da96876708ca" "/opt/rustwide/cargo-home/bin/cargo" "+1.100.0-beta.1" "test" "--frozen" "--release", kill_on_drop: false }`
[INFO] [stderr]     Finished `release` profile [optimized] target(s) in 0.06s
[INFO] [stderr]      Running unittests src/lib.rs (/opt/rustwide/target/release/build/tabnas-chess/b1a70226dc263185/out/tabnas_chess-b1a70226dc263185)
[INFO] [stderr]      Running tests/chess_test.rs (/opt/rustwide/target/release/build/tabnas-chess/4cc85d2dbc94a7c5/out/chess_test-4cc85d2dbc94a7c5)
[INFO] [stdout] 
[INFO] [stdout] running 0 tests
[INFO] [stdout] 
[INFO] [stdout] test result: ok. 0 passed; 0 failed; 0 ignored; 0 measured; 0 filtered out; finished in 0.00s
[INFO] [stdout] 
[INFO] [stdout] 
[INFO] [stdout] running 49 tests
[INFO] [stdout] test a_bare_move_has_no_number_or_side ... ok
[INFO] [stdout] test a_bad_option_does_not_discard_the_good_ones ... ok
[INFO] [stdout] test a_malformed_fen_tag_falls_back_to_move_one_white ... ok
[INFO] [stdout] test a_name_another_language_reserves_is_still_a_tag ... ok
[INFO] [stdout] test a_repeated_tag_name_keeps_the_first_value ... ok
[INFO] [stdout] test a_huge_fen_move_number_survives_the_count ... ok
[INFO] [stdout] test a_percent_elsewhere_is_not_an_escape ... ok
[INFO] [stdout] test a_first_column_percent_escapes_the_line ... ok
[INFO] [stdout] test a_brace_comment_may_span_lines_and_keeps_later_positions_honest ... ok
[INFO] [stdout] test a_run_together_pair_of_moves_is_rejected_not_split ... ok
[INFO] [stdout] test a_malformed_tag_pair_is_an_error ... ok
[INFO] [stdout] test a_fen_tag_sets_the_starting_number_and_side ... ok
[INFO] [stdout] test annotation_nag_covers_every_suffix_annotation ... ok
[INFO] [stdout] test castling_names_the_side_of_the_board ... ok
[INFO] [stdout] test a_tag_value_may_be_empty ... ok
[INFO] [stdout] test command_operands_are_trimmed_with_javascripts_class ... ok
[INFO] [stdout] test commands_are_parsed_by_default_and_text_is_kept_verbatim ... ok
[INFO] [stdout] test a_variation_starts_on_the_move_it_replaces ... ok
[INFO] [stdout] test an_illegal_square_is_rejected ... ok
[INFO] [stdout] test an_unknown_start_rule_is_refused_at_install ... ok
[INFO] [stdout] test empty_source_is_an_empty_database ... ok
[INFO] [stdout] test exports_a_version ... ok
[INFO] [stdout] test commands_can_be_switched_off ... ok
[INFO] [stdout] test a_stated_number_resynchronises_the_count ... ok
[INFO] [stdout] test an_unterminated_brace_comment_is_an_error ... ok
[INFO] [stdout] test installs_on_a_bare_engine ... ok
[INFO] [stdout] test move_start_rule_returns_one_move ... ok
[INFO] [stdout] test movetext_start_rule_returns_a_line ... ok
[INFO] [stdout] test move_start_rule_rejects_a_move_sequence ... ok
[INFO] [stdout] test leaves_a_callers_colour_choice_alone ... ok
[INFO] [stdout] test integral_numbers_come_back_as_integers ... ok
[INFO] [stdout] test line_bookkeeping_never_reaches_the_result ... ok
[INFO] [stdout] test quote_and_backslash_escapes ... ok
[INFO] [stdout] test parse_san_matches_the_parser ... ok
[INFO] [stdout] test strip_commands_removes_the_markup ... ok
[INFO] [stdout] test numbering_is_counted_when_unstated ... ok
[INFO] [stdout] test suffix_annotation_is_split_off_the_san ... ok
[INFO] [stdout] test the_error_names_the_row_and_column ... ok
[INFO] [stdout] test the_error_speaks_chess_not_grammar ... ok
[INFO] [stdout] test three_dots_mean_black_to_move ... ok
[INFO] [stdout] test unbalanced_parentheses_are_rejected ... ok
[INFO] [stdout] test the_typed_model_round_trips ... ok
[INFO] [stdout] test parse_san_rejects_a_non_move ... ok
[INFO] [stdout] test whitespace_inside_a_fen_tag_is_javascripts_class ... ok
[INFO] [stdout] test parse_is_race_free_on_first_use ... ok
[INFO] [stdout] test options_read_from_a_plugin_option_bag ... ok
[INFO] [stdout] test parse_forces_the_database_start_rule ... ok
[INFO] [stdout] test both_formats_accept_canonical_san ... ok
[INFO] [stdout] test strict_mode_rejects_what_only_import_format_allows ... ok
[INFO] [stdout] 
[INFO] [stdout] test result: ok. 49 passed; 0 failed; 0 ignored; 0 measured; 0 filtered out; finished in 0.11s
[INFO] [stdout] 
[INFO] [stderr]      Running tests/parity_test.rs (/opt/rustwide/target/release/build/tabnas-chess/5bd052bb65341ae0/out/parity_test-5bd052bb65341ae0)
[INFO] [stdout] 
[INFO] [stdout] running 2 tests
[INFO] [stdout] test render_line_width ... FAILED
[INFO] [stdout] test spec ... FAILED
[INFO] [stdout] 
[INFO] [stdout] failures:
[INFO] [stdout] 
[INFO] [stdout] ---- render_line_width stdout ----
[INFO] [stdout] 
[INFO] [stdout] thread 'render_line_width' (674) panicked at tests/parity_test.rs:61:33:
[INFO] [stdout] cannot read ../test/spec/render.tsv: No such file or directory (os error 2)
[INFO] [stdout] stack backtrace:
[INFO] [stdout]    0:     0x55697c554ae1 - <<std[617be2ca0a6fd877]::sys::backtrace::BacktraceLock>::print::DisplayBacktrace as core[a373ad73a504971]::fmt::Display>::fmt
[INFO] [stdout]    1:     0x55697c56bc6a - core[a373ad73a504971]::fmt::write
[INFO] [stdout]    2:     0x55697c558fec - <alloc[2e1b2a31b91974c5]::vec::Vec<u8> as core[a373ad73a504971]::io::write::Write>::write_fmt
[INFO] [stdout]    3:     0x55697c530296 - std[617be2ca0a6fd877]::panicking::default_hook::{closure#0}
[INFO] [stdout]    4:     0x55697c54cc09 - std[617be2ca0a6fd877]::panicking::default_hook
[INFO] [stdout]    5:     0x55697c2fc460 - test[aada8e7e76ba119b]::test_main_inner::{closure#0}
[INFO] [stdout]    6:     0x55697c54cdc2 - std[617be2ca0a6fd877]::panicking::panic_with_hook
[INFO] [stdout]    7:     0x55697c530342 - std[617be2ca0a6fd877]::panicking::panic_handler::{closure#0}
[INFO] [stdout]    8:     0x55697c528e29 - std[617be2ca0a6fd877]::sys::backtrace::__rust_end_short_backtrace::<std[617be2ca0a6fd877]::panicking::panic_handler::{closure#0}, !>
[INFO] [stdout]    9:     0x55697c530f4d - __rustc[ea4f61d10b84890b]::rust_begin_unwind
[INFO] [stdout]   10:     0x55697c56c44c - core[a373ad73a504971]::panicking::panic_fmt
[INFO] [stdout]   11:     0x55697c2df8b9 - parity_test[aa25debf0753bf6c]::load_spec::{closure#0}
[INFO] [stdout]   12:     0x55697c2e0726 - parity_test[aa25debf0753bf6c]::load_spec
[INFO] [stdout]   13:     0x55697c2e10f1 - <parity_test[aa25debf0753bf6c]::render_line_width::{closure#0} as core[a373ad73a504971]::ops::function::FnOnce<()>>::call_once
[INFO] [stdout]   14:     0x55697c2ef8ab - test[aada8e7e76ba119b]::__rust_begin_short_backtrace::<core[a373ad73a504971]::result::Result<(), alloc[2e1b2a31b91974c5]::string::String>, fn() -> core[a373ad73a504971]::result::Result<(), alloc[2e1b2a31b91974c5]::string::String>>
[INFO] [stdout]   15:     0x55697c2fca85 - test[aada8e7e76ba119b]::run_test::{closure#0}
[INFO] [stdout]   16:     0x55697c2f6374 - std[617be2ca0a6fd877]::sys::backtrace::__rust_begin_short_backtrace::<test[aada8e7e76ba119b]::run_test::{closure#1}, ()>
[INFO] [stdout]   17:     0x55697c2ffb12 - <std[617be2ca0a6fd877]::thread::lifecycle::spawn_unchecked<test[aada8e7e76ba119b]::run_test::{closure#1}, ()>::{closure#1} as core[a373ad73a504971]::ops::function::FnOnce<()>>::call_once::{shim:vtable#0}
[INFO] [stdout]   18:     0x55697c553fdf - <std[617be2ca0a6fd877]::sys::thread::unix::Thread>::new::thread_start
[INFO] [stdout]   19:     0x741a8fa24dfa - <unknown>
[INFO] [stdout]   20:     0x741a8fab83d4 - clone
[INFO] [stdout]   21:                0x0 - <unknown>
[INFO] [stdout] 
[INFO] [stdout] ---- spec stdout ----
[INFO] [stdout] 
[INFO] [stdout] thread 'spec' (675) panicked at tests/parity_test.rs:125:33:
[INFO] [stdout] cannot read ../test/spec: No such file or directory (os error 2)
[INFO] [stdout] stack backtrace:
[INFO] [stdout]    0:     0x55697c554ae1 - <<std[617be2ca0a6fd877]::sys::backtrace::BacktraceLock>::print::DisplayBacktrace as core[a373ad73a504971]::fmt::Display>::fmt
[INFO] [stdout]    1:     0x55697c56bc6a - core[a373ad73a504971]::fmt::write
[INFO] [stdout]    2:     0x55697c558fec - <alloc[2e1b2a31b91974c5]::vec::Vec<u8> as core[a373ad73a504971]::io::write::Write>::write_fmt
[INFO] [stdout]    3:     0x55697c530296 - std[617be2ca0a6fd877]::panicking::default_hook::{closure#0}
[INFO] [stdout]    4:     0x55697c54cc09 - std[617be2ca0a6fd877]::panicking::default_hook
[INFO] [stdout]    5:     0x55697c2fc460 - test[aada8e7e76ba119b]::test_main_inner::{closure#0}
[INFO] [stdout]    6:     0x55697c54cdc2 - std[617be2ca0a6fd877]::panicking::panic_with_hook
[INFO] [stdout]    7:     0x55697c530342 - std[617be2ca0a6fd877]::panicking::panic_handler::{closure#0}
[INFO] [stdout]    8:     0x55697c528e29 - std[617be2ca0a6fd877]::sys::backtrace::__rust_end_short_backtrace::<std[617be2ca0a6fd877]::panicking::panic_handler::{closure#0}, !>
[INFO] [stdout]    9:     0x55697c530f4d - __rustc[ea4f61d10b84890b]::rust_begin_unwind
[INFO] [stdout]   10:     0x55697c56c44c - core[a373ad73a504971]::panicking::panic_fmt
[INFO] [stdout]   11:     0x55697c2df731 - parity_test[aa25debf0753bf6c]::spec_files::{closure#0}
[INFO] [stdout]   12:     0x55697c2e33f4 - <parity_test[aa25debf0753bf6c]::spec::{closure#0} as core[a373ad73a504971]::ops::function::FnOnce<()>>::call_once
[INFO] [stdout]   13:     0x55697c2ef8ab - test[aada8e7e76ba119b]::__rust_begin_short_backtrace::<core[a373ad73a504971]::result::Result<(), alloc[2e1b2a31b91974c5]::string::String>, fn() -> core[a373ad73a504971]::result::Result<(), alloc[2e1b2a31b91974c5]::string::String>>
[INFO] [stdout]   14:     0x55697c2fca85 - test[aada8e7e76ba119b]::run_test::{closure#0}
[INFO] [stdout]   15:     0x55697c2f6374 - std[617be2ca0a6fd877]::sys::backtrace::__rust_begin_short_backtrace::<test[aada8e7e76ba119b]::run_test::{closure#1}, ()>
[INFO] [stdout]   16:     0x55697c2ffb12 - <std[617be2ca0a6fd877]::thread::lifecycle::spawn_unchecked<test[aada8e7e76ba119b]::run_test::{closure#1}, ()>::{closure#1} as core[a373ad73a504971]::ops::function::FnOnce<()>>::call_once::{shim:vtable#0}
[INFO] [stdout]   17:     0x55697c553fdf - <std[617be2ca0a6fd877]::sys::thread::unix::Thread>::new::thread_start
[INFO] [stdout]   18:     0x741a8fa24dfa - <unknown>
[INFO] [stdout]   19:     0x741a8fab83d4 - clone
[INFO] [stdout]   20:                0x0 - <unknown>
[INFO] [stdout] 
[INFO] [stdout] 
[INFO] [stdout] failures:
[INFO] [stdout]     render_line_width
[INFO] [stdout]     spec
[INFO] [stdout] 
[INFO] [stdout] test result: FAILED. 0 passed; 2 failed; 0 ignored; 0 measured; 0 filtered out; finished in 0.00s
[INFO] [stdout] 
[INFO] [stderr] error: test failed, to rerun pass `--test parity_test`
[INFO] running `Command { std: "docker" "inspect" "4625e62135d0e73ccf638c4f2ae3edd7b7c11fc674125ab914c2da96876708ca", kill_on_drop: false }`
[INFO] running `Command { std: "docker" "rm" "-f" "4625e62135d0e73ccf638c4f2ae3edd7b7c11fc674125ab914c2da96876708ca", kill_on_drop: false }`
[INFO] [stdout] 4625e62135d0e73ccf638c4f2ae3edd7b7c11fc674125ab914c2da96876708ca
