[INFO] fetching crate tabela 0.2.0...
[INFO] testing tabela-0.2.0 against 1.100.0-beta.1+cargoflags=--release for beta-release-1.100-2
[INFO] extracting crate tabela 0.2.0 into /workspace/builds/worker-4-tc2/source
[INFO] started tweaking crates.io crate tabela 0.2.0
[INFO] finished tweaking crates.io crate tabela 0.2.0
[INFO] tweaked toml for crates.io crate tabela 0.2.0 written to /workspace/builds/worker-4-tc2/source/Cargo.toml
[INFO] validating manifest of crates.io crate tabela 0.2.0 on toolchain 1.100.0-beta.1
[INFO] running `Command { std: CARGO_HOME="/workspace/cargo-home" RUSTUP_HOME="/workspace/rustup-home" "/workspace/cargo-home/bin/cargo" "+1.100.0-beta.1" "metadata" "--manifest-path" "Cargo.toml" "--no-deps", kill_on_drop: false }`
[INFO] crate crates.io crate tabela 0.2.0 already has a lockfile, it will not be regenerated
[INFO] running `Command { std: CARGO_HOME="/workspace/cargo-home" RUSTUP_HOME="/workspace/rustup-home" "/workspace/cargo-home/bin/cargo" "+1.100.0-beta.1" "fetch" "--manifest-path" "Cargo.toml", kill_on_drop: false }`
[INFO] running `Command { std: "docker" "create" "-v" "/var/lib/crater-agent-workspace/builds/worker-4-tc2/source:/opt/rustwide/workdir:ro,Z" "-v" "/var/lib/crater-agent-workspace/builds/worker-4-tc2/target:/opt/rustwide/target:rw,Z" "-v" "/var/lib/crater-agent-workspace/cargo-home:/opt/rustwide/cargo-home:ro,Z" "-v" "/var/lib/crater-agent-workspace/rustup-home:/opt/rustwide/rustup-home:ro,Z" "-m" "1610612736" "--network" "none" "ghcr.io/rust-lang/crates-build-env/linux@sha256:77db811e55d90add9212f6832c23229e3de5f1c1f9905e8cb07319ea15df73ac" "sleep" "infinity", kill_on_drop: false }`
[INFO] [stdout] 34fdded9d33853566252d1593735f710e55f1821f1e70c5d7ff6f09969a025c9
[INFO] running `Command { std: "docker" "start" "34fdded9d33853566252d1593735f710e55f1821f1e70c5d7ff6f09969a025c9", kill_on_drop: false }`
[INFO] running `Command { std: "docker" "inspect" "34fdded9d33853566252d1593735f710e55f1821f1e70c5d7ff6f09969a025c9", kill_on_drop: false }`
[INFO] running `Command { std: "docker" "exec" "-e" "SOURCE_DIR=/opt/rustwide/workdir" "-e" "CARGO_HOME=/opt/rustwide/cargo-home" "-e" "RUSTUP_HOME=/opt/rustwide/rustup-home" "-e" "CARGO_TARGET_DIR=/opt/rustwide/target" "-w" "/opt/rustwide/workdir" "--user" "0:0" "34fdded9d33853566252d1593735f710e55f1821f1e70c5d7ff6f09969a025c9" "/opt/rustwide/cargo-home/bin/cargo" "+1.100.0-beta.1" "metadata" "--no-deps" "--format-version=1", kill_on_drop: false }`
[INFO] running `Command { std: "docker" "inspect" "34fdded9d33853566252d1593735f710e55f1821f1e70c5d7ff6f09969a025c9", kill_on_drop: false }`
[INFO] running `Command { std: "docker" "exec" "-e" "SOURCE_DIR=/opt/rustwide/workdir" "-e" "CARGO_HOME=/opt/rustwide/cargo-home" "-e" "RUSTUP_HOME=/opt/rustwide/rustup-home" "-e" "CARGO_TARGET_DIR=/opt/rustwide/target" "-e" "CARGO_INCREMENTAL=0" "-e" "RUST_BACKTRACE=full" "-e" "RUSTFLAGS=--cap-lints=warn" "-e" "RUSTDOCFLAGS=--cap-lints=warn" "-w" "/opt/rustwide/workdir" "--user" "0:0" "34fdded9d33853566252d1593735f710e55f1821f1e70c5d7ff6f09969a025c9" "/opt/rustwide/cargo-home/bin/cargo" "+1.100.0-beta.1" "build" "--frozen" "--message-format=json" "--release", kill_on_drop: false }`
[INFO] [stderr]    Compiling proc-macro2 v1.0.94
[INFO] [stderr]    Compiling colored v3.0.0
[INFO] [stderr]    Compiling quote v1.0.40
[INFO] [stderr]    Compiling syn v2.0.100
[INFO] [stderr]    Compiling thiserror-impl v2.0.12
[INFO] [stderr]    Compiling thiserror v2.0.12
[INFO] [stderr]    Compiling tabela v0.2.0 (/opt/rustwide/workdir)
[INFO] [stderr]     Finished `release` profile [optimized] target(s) in 5.66s
[INFO] running `Command { std: "docker" "inspect" "34fdded9d33853566252d1593735f710e55f1821f1e70c5d7ff6f09969a025c9", kill_on_drop: false }`
[INFO] running `Command { std: "docker" "exec" "-e" "SOURCE_DIR=/opt/rustwide/workdir" "-e" "CARGO_HOME=/opt/rustwide/cargo-home" "-e" "RUSTUP_HOME=/opt/rustwide/rustup-home" "-e" "CARGO_TARGET_DIR=/opt/rustwide/target" "-e" "CARGO_INCREMENTAL=0" "-e" "RUST_BACKTRACE=full" "-e" "RUSTFLAGS=--cap-lints=warn" "-e" "RUSTDOCFLAGS=--cap-lints=warn" "-w" "/opt/rustwide/workdir" "--user" "0:0" "34fdded9d33853566252d1593735f710e55f1821f1e70c5d7ff6f09969a025c9" "/opt/rustwide/cargo-home/bin/cargo" "+1.100.0-beta.1" "test" "--frozen" "--no-run" "--message-format=json" "--release", kill_on_drop: false }`
[INFO] [stderr]    Compiling handy-rs v2.1.0
[INFO] [stderr]    Compiling tabela v0.2.0 (/opt/rustwide/workdir)
[INFO] [stderr]     Finished `release` profile [optimized] target(s) in 1.67s
[INFO] running `Command { std: "docker" "inspect" "34fdded9d33853566252d1593735f710e55f1821f1e70c5d7ff6f09969a025c9", kill_on_drop: false }`
[INFO] running `Command { std: "docker" "exec" "-e" "SOURCE_DIR=/opt/rustwide/workdir" "-e" "CARGO_HOME=/opt/rustwide/cargo-home" "-e" "RUSTUP_HOME=/opt/rustwide/rustup-home" "-e" "CARGO_TARGET_DIR=/opt/rustwide/target" "-e" "CARGO_INCREMENTAL=0" "-e" "RUST_BACKTRACE=full" "-e" "RUSTFLAGS=--cap-lints=warn" "-e" "RUSTDOCFLAGS=--cap-lints=warn" "-w" "/opt/rustwide/workdir" "--user" "0:0" "34fdded9d33853566252d1593735f710e55f1821f1e70c5d7ff6f09969a025c9" "/opt/rustwide/cargo-home/bin/cargo" "+1.100.0-beta.1" "test" "--frozen" "--release", kill_on_drop: false }`
[INFO] [stderr]     Finished `release` profile [optimized] target(s) in 0.04s
[INFO] [stderr]      Running unittests src/lib.rs (/opt/rustwide/target/release/build/tabela/8423764fad5099d2/out/tabela-8423764fad5099d2)
[INFO] [stdout] 
[INFO] [stdout] running 7 tests
[INFO] [stdout] test tests::test_table ... ok
[INFO] [stdout] test tests::test_table_wrong_header_length - should panic ... ok
[INFO] [stdout] test tests::test_table_empty_header ... ok
[INFO] [stdout] test tests::test_table_centered_header ... ok
[INFO] [stdout] test tests::test_table_empty_rows ... ok
[INFO] [stdout] test tests::test_table_colored ... FAILED
[INFO] [stdout] test tests::test_table_with_alignment ... ok
[INFO] [stdout] 
[INFO] [stdout] failures:
[INFO] [stdout] 
[INFO] [stdout] ---- tests::test_table_colored stdout ----
[INFO] [stdout] [src/lib.rs:807:25] table = Table {
[INFO] [stdout]     header: [
[INFO] [stdout]         Cell {
[INFO] [stdout]             value: "Name",
[INFO] [stdout]             color: None,
[INFO] [stdout]             style: Some(
[INFO] [stdout]                 Bold,
[INFO] [stdout]             ),
[INFO] [stdout]             alignment: Left,
[INFO] [stdout]         },
[INFO] [stdout]         Cell {
[INFO] [stdout]             value: "Age",
[INFO] [stdout]             color: None,
[INFO] [stdout]             style: Some(
[INFO] [stdout]                 Bold,
[INFO] [stdout]             ),
[INFO] [stdout]             alignment: Left,
[INFO] [stdout]         },
[INFO] [stdout]     ],
[INFO] [stdout]     rows: [
[INFO] [stdout]         Person {
[INFO] [stdout]             name: "Johnny",
[INFO] [stdout]             age: 30,
[INFO] [stdout]         },
[INFO] [stdout]         Person {
[INFO] [stdout]             name: "Jane",
[INFO] [stdout]             age: 25,
[INFO] [stdout]         },
[INFO] [stdout]     ],
[INFO] [stdout]     separator: "  ",
[INFO] [stdout] }
[INFO] [stdout] 
[INFO] [stdout] thread 'tests::test_table_colored' (268) panicked at src/lib.rs:808:9:
[INFO] [stdout] assertion `left == right` failed
[INFO] [stdout]   left: "Name    Age\nJohnny  30 \nJane    25 \n"
[INFO] [stdout]  right: "\u{1b}[1mName\u{1b}[0m    \u{1b}[1mAge\u{1b}[0m\nJohnny  \u{1b}[36m30\u{1b}[0m \nJane    \u{1b}[36m25\u{1b}[0m \n"
[INFO] [stdout] stack backtrace:
[INFO] [stdout]    0:     0x5acd3d76d4e1 - <<std[617be2ca0a6fd877]::sys::backtrace::BacktraceLock>::print::DisplayBacktrace as core[a373ad73a504971]::fmt::Display>::fmt
[INFO] [stdout]    1:     0x5acd3d7817ea - core[a373ad73a504971]::fmt::write
[INFO] [stdout]    2:     0x5acd3d7716fc - <alloc[2e1b2a31b91974c5]::vec::Vec<u8> as core[a373ad73a504971]::io::write::Write>::write_fmt
[INFO] [stdout]    3:     0x5acd3d749926 - std[617be2ca0a6fd877]::panicking::default_hook::{closure#0}
[INFO] [stdout]    4:     0x5acd3d765b59 - std[617be2ca0a6fd877]::panicking::default_hook
[INFO] [stdout]    5:     0x5acd3d6ff440 - test[aada8e7e76ba119b]::test_main_inner::{closure#0}
[INFO] [stdout]    6:     0x5acd3d765d12 - std[617be2ca0a6fd877]::panicking::panic_with_hook
[INFO] [stdout]    7:     0x5acd3d7499d2 - std[617be2ca0a6fd877]::panicking::panic_handler::{closure#0}
[INFO] [stdout]    8:     0x5acd3d7426e9 - std[617be2ca0a6fd877]::sys::backtrace::__rust_end_short_backtrace::<std[617be2ca0a6fd877]::panicking::panic_handler::{closure#0}, !>
[INFO] [stdout]    9:     0x5acd3d74a5dd - __rustc[ea4f61d10b84890b]::rust_begin_unwind
[INFO] [stdout]   10:     0x5acd3d781f1c - core[a373ad73a504971]::panicking::panic_fmt
[INFO] [stdout]   11:     0x5acd3d781e33 - core[a373ad73a504971]::panicking::assert_failed_inner
[INFO] [stdout]   12:     0x5acd3d6edfcd - core[a373ad73a504971]::panicking::assert_failed::<alloc[2e1b2a31b91974c5]::string::String, &str>
[INFO] [stdout]   13:     0x5acd3d6efe18 - <tabela[2fc05db8a5c7580]::tests::test_table_colored::{closure#0} as core[a373ad73a504971]::ops::function::FnOnce<()>>::call_once
[INFO] [stdout]   14:     0x5acd3d6f288b - test[aada8e7e76ba119b]::__rust_begin_short_backtrace::<core[a373ad73a504971]::result::Result<(), alloc[2e1b2a31b91974c5]::string::String>, fn() -> core[a373ad73a504971]::result::Result<(), alloc[2e1b2a31b91974c5]::string::String>>
[INFO] [stdout]   15:     0x5acd3d6ffa65 - test[aada8e7e76ba119b]::run_test::{closure#0}
[INFO] [stdout]   16:     0x5acd3d6f9354 - std[617be2ca0a6fd877]::sys::backtrace::__rust_begin_short_backtrace::<test[aada8e7e76ba119b]::run_test::{closure#1}, ()>
[INFO] [stdout]   17:     0x5acd3d702af2 - <std[617be2ca0a6fd877]::thread::lifecycle::spawn_unchecked<test[aada8e7e76ba119b]::run_test::{closure#1}, ()>::{closure#1} as core[a373ad73a504971]::ops::function::FnOnce<()>>::call_once::{shim:vtable#0}
[INFO] [stdout]   18:     0x5acd3d76cd3f - <std[617be2ca0a6fd877]::sys::thread::unix::Thread>::new::thread_start
[INFO] [stdout]   19:     0x750ca242bdfa - <unknown>
[INFO] [stdout]   20:     0x750ca24bf3d4 - clone
[INFO] [stdout]   21:                0x0 - <unknown>
[INFO] [stdout] 
[INFO] [stdout] 
[INFO] [stdout] failures:
[INFO] [stdout]     tests::test_table_colored
[INFO] [stdout] 
[INFO] [stdout] test result: FAILED. 6 passed; 1 failed; 0 ignored; 0 measured; 0 filtered out; finished in 0.01s
[INFO] [stdout] 
[INFO] [stderr] error: test failed, to rerun pass `--lib`
[INFO] running `Command { std: "docker" "inspect" "34fdded9d33853566252d1593735f710e55f1821f1e70c5d7ff6f09969a025c9", kill_on_drop: false }`
[INFO] running `Command { std: "docker" "rm" "-f" "34fdded9d33853566252d1593735f710e55f1821f1e70c5d7ff6f09969a025c9", kill_on_drop: false }`
[INFO] [stdout] 34fdded9d33853566252d1593735f710e55f1821f1e70c5d7ff6f09969a025c9
