[INFO] fetching crate ta-submit 0.15.15-alpha.3...
[INFO] testing ta-submit-0.15.15-alpha.3 against 1.100.0-beta.1+cargoflags=--release for beta-release-1.100-2
[INFO] extracting crate ta-submit 0.15.15-alpha.3 into /workspace/builds/worker-7-tc2/source
[INFO] started tweaking crates.io crate ta-submit 0.15.15-alpha.3
[INFO] removed 0 missing tests
[INFO] finished tweaking crates.io crate ta-submit 0.15.15-alpha.3
[INFO] tweaked toml for crates.io crate ta-submit 0.15.15-alpha.3 written to /workspace/builds/worker-7-tc2/source/Cargo.toml
[INFO] validating manifest of crates.io crate ta-submit 0.15.15-alpha.3 on toolchain 1.100.0-beta.1
[INFO] running `Command { std: CARGO_HOME="/workspace/cargo-home" RUSTUP_HOME="/workspace/rustup-home" "/workspace/cargo-home/bin/cargo" "+1.100.0-beta.1" "metadata" "--manifest-path" "Cargo.toml" "--no-deps", kill_on_drop: false }`
[INFO] crate crates.io crate ta-submit 0.15.15-alpha.3 already has a lockfile, it will not be regenerated
[INFO] running `Command { std: CARGO_HOME="/workspace/cargo-home" RUSTUP_HOME="/workspace/rustup-home" "/workspace/cargo-home/bin/cargo" "+1.100.0-beta.1" "fetch" "--manifest-path" "Cargo.toml", kill_on_drop: false }`
[INFO] [stderr] warning: `package.homepage` is redundant with `package.repository`
[INFO] [stderr]   --> Cargo.toml:48:12
[INFO] [stderr]    |
[INFO] [stderr] 48 | homepage = "https://github.com/trustedautonomy/ta"
[INFO] [stderr]    |            ^^^^^^^^^^^^^^^^^^^^^^^^^^^^^^^^^^^^^^^
[INFO] [stderr] ...
[INFO] [stderr] 53 | repository = "https://github.com/trustedautonomy/ta"
[INFO] [stderr]    |              ---------------------------------------
[INFO] [stderr]    |
[INFO] [stderr]    = note: `cargo::redundant_homepage` is set to `warn` by default
[INFO] [stderr] help: consider removing `package.homepage`
[INFO] [stderr] warning: `ta-submit` (manifest) generated 1 warning
[INFO] running `Command { std: "docker" "create" "-v" "/var/lib/crater-agent-workspace/builds/worker-7-tc2/source:/opt/rustwide/workdir:ro,Z" "-v" "/var/lib/crater-agent-workspace/builds/worker-7-tc2/target:/opt/rustwide/target:rw,Z" "-v" "/var/lib/crater-agent-workspace/cargo-home:/opt/rustwide/cargo-home:ro,Z" "-v" "/var/lib/crater-agent-workspace/rustup-home:/opt/rustwide/rustup-home:ro,Z" "-m" "1610612736" "--network" "none" "ghcr.io/rust-lang/crates-build-env/linux@sha256:77db811e55d90add9212f6832c23229e3de5f1c1f9905e8cb07319ea15df73ac" "sleep" "infinity", kill_on_drop: false }`
[INFO] [stdout] 1d05a2dd917b413dee8ed5821c186de77cfc56fe02edb62b42d5539dc020858e
[INFO] running `Command { std: "docker" "start" "1d05a2dd917b413dee8ed5821c186de77cfc56fe02edb62b42d5539dc020858e", kill_on_drop: false }`
[INFO] running `Command { std: "docker" "inspect" "1d05a2dd917b413dee8ed5821c186de77cfc56fe02edb62b42d5539dc020858e", kill_on_drop: false }`
[INFO] running `Command { std: "docker" "exec" "-e" "SOURCE_DIR=/opt/rustwide/workdir" "-e" "CARGO_HOME=/opt/rustwide/cargo-home" "-e" "RUSTUP_HOME=/opt/rustwide/rustup-home" "-e" "CARGO_TARGET_DIR=/opt/rustwide/target" "-w" "/opt/rustwide/workdir" "--user" "0:0" "1d05a2dd917b413dee8ed5821c186de77cfc56fe02edb62b42d5539dc020858e" "/opt/rustwide/cargo-home/bin/cargo" "+1.100.0-beta.1" "metadata" "--no-deps" "--format-version=1", kill_on_drop: false }`
[INFO] running `Command { std: "docker" "inspect" "1d05a2dd917b413dee8ed5821c186de77cfc56fe02edb62b42d5539dc020858e", kill_on_drop: false }`
[INFO] running `Command { std: "docker" "exec" "-e" "SOURCE_DIR=/opt/rustwide/workdir" "-e" "CARGO_HOME=/opt/rustwide/cargo-home" "-e" "RUSTUP_HOME=/opt/rustwide/rustup-home" "-e" "CARGO_TARGET_DIR=/opt/rustwide/target" "-e" "CARGO_INCREMENTAL=0" "-e" "RUST_BACKTRACE=full" "-e" "RUSTFLAGS=--cap-lints=warn" "-e" "RUSTDOCFLAGS=--cap-lints=warn" "-w" "/opt/rustwide/workdir" "--user" "0:0" "1d05a2dd917b413dee8ed5821c186de77cfc56fe02edb62b42d5539dc020858e" "/opt/rustwide/cargo-home/bin/cargo" "+1.100.0-beta.1" "build" "--frozen" "--message-format=json" "--release", kill_on_drop: false }`
[INFO] [stderr] warning: `package.homepage` is redundant with `package.repository`
[INFO] [stderr]   --> Cargo.toml:48:12
[INFO] [stderr]    |
[INFO] [stderr] 48 | homepage = "https://github.com/trustedautonomy/ta"
[INFO] [stderr]    |            ^^^^^^^^^^^^^^^^^^^^^^^^^^^^^^^^^^^^^^^
[INFO] [stderr] ...
[INFO] [stderr] 53 | repository = "https://github.com/trustedautonomy/ta"
[INFO] [stderr]    |              ---------------------------------------
[INFO] [stderr]    |
[INFO] [stderr]    = note: `cargo::redundant_homepage` is set to `warn` by default
[INFO] [stderr] help: consider removing `package.homepage`
[INFO] [stderr] warning: `ta-submit` (manifest) generated 1 warning
[INFO] [stderr]    Compiling proc-macro2 v1.0.106
[INFO] [stderr]    Compiling quote v1.0.45
[INFO] [stderr]    Compiling unicode-ident v1.0.24
[INFO] [stderr]    Compiling libc v0.2.184
[INFO] [stderr]    Compiling serde_core v1.0.228
[INFO] [stderr]    Compiling bytes v1.11.1
[INFO] [stderr]    Compiling serde v1.0.228
[INFO] [stderr]    Compiling futures-core v0.3.32
[INFO] [stderr]    Compiling memchr v2.8.0
[INFO] [stderr]    Compiling cfg-if v1.0.4
[INFO] [stderr]    Compiling shlex v1.3.0
[INFO] [stderr]    Compiling find-msvc-tools v0.1.9
[INFO] [stderr]    Compiling futures-sink v0.3.32
[INFO] [stderr]    Compiling writeable v0.6.2
[INFO] [stderr]    Compiling typenum v1.19.0
[INFO] [stderr]    Compiling smallvec v1.15.1
[INFO] [stderr]    Compiling litemap v0.8.2
[INFO] [stderr]    Compiling generic-array v0.14.7
[INFO] [stderr]    Compiling icu_normalizer_data v2.2.0
[INFO] [stderr]    Compiling icu_properties_data v2.2.0
[INFO] [stderr]    Compiling zeroize v1.8.2
[INFO] [stderr]    Compiling futures-io v0.3.32
[INFO] [stderr]    Compiling futures-task v0.3.32
[INFO] [stderr]    Compiling cc v1.2.58
[INFO] [stderr]    Compiling rustls v0.23.37
[INFO] [stderr]    Compiling hashbrown v0.16.1
[INFO] [stderr]    Compiling zmij v1.0.21
[INFO] [stderr]    Compiling autocfg v1.5.0
[INFO] [stderr]    Compiling equivalent v1.0.2
[INFO] [stderr]    Compiling futures-channel v0.3.32
[INFO] [stderr]    Compiling getrandom v0.4.2
[INFO] [stderr]    Compiling serde_json v1.0.149
[INFO] [stderr]    Compiling rustls-pki-types v1.14.0
[INFO] [stderr]    Compiling sync_wrapper v1.0.2
[INFO] [stderr]    Compiling toml_write v0.1.2
[INFO] [stderr]    Compiling winnow v0.7.15
[INFO] [stderr]    Compiling anyhow v1.0.102
[INFO] [stderr]    Compiling thiserror v2.0.18
[INFO] [stderr]    Compiling ipnet v2.12.0
[INFO] [stderr]    Compiling iana-time-zone v0.1.65
[INFO] [stderr]    Compiling regex-syntax v0.8.10
[INFO] [stderr]    Compiling cpufeatures v0.2.17
[INFO] [stderr]    Compiling num-traits v0.2.19
[INFO] [stderr]    Compiling iri-string v0.7.12
[INFO] [stderr]    Compiling futures-util v0.3.32
[INFO] [stderr]    Compiling syn v2.0.117
[INFO] [stderr]    Compiling http v1.4.0
[INFO] [stderr]    Compiling indexmap v2.13.0
[INFO] [stderr]    Compiling webpki-roots v1.0.6
[INFO] [stderr]    Compiling aho-corasick v1.1.4
[INFO] [stderr]    Compiling bitflags v2.11.0
[INFO] [stderr]    Compiling unsafe-libyaml v0.2.11
[INFO] [stderr]    Compiling ring v0.17.14
[INFO] [stderr]    Compiling log v0.4.29
[INFO] [stderr]    Compiling block-buffer v0.10.4
[INFO] [stderr]    Compiling crypto-common v0.1.7
[INFO] [stderr]    Compiling glob v0.3.3
[INFO] [stderr]    Compiling digest v0.10.7
[INFO] [stderr]    Compiling mio v1.2.0
[INFO] [stderr]    Compiling socket2 v0.6.3
[INFO] [stderr]    Compiling getrandom v0.2.17
[INFO] [stderr]    Compiling sha2 v0.10.9
[INFO] [stderr]    Compiling tokio v1.50.0
[INFO] [stderr]    Compiling http-body v1.0.1
[INFO] [stderr]    Compiling http-body-util v0.1.3
[INFO] [stderr]    Compiling regex-automata v0.4.14
[INFO] [stderr]    Compiling uuid v1.23.0
[INFO] [stderr]    Compiling synstructure v0.13.2
[INFO] [stderr]    Compiling regex v1.12.3
[INFO] [stderr]    Compiling zerofrom-derive v0.1.7
[INFO] [stderr]    Compiling yoke-derive v0.8.2
[INFO] [stderr]    Compiling zerovec-derive v0.11.3
[INFO] [stderr]    Compiling displaydoc v0.2.5
[INFO] [stderr]    Compiling serde_derive v1.0.228
[INFO] [stderr]    Compiling tracing-attributes v0.1.31
[INFO] [stderr]    Compiling thiserror-impl v2.0.18
[INFO] [stderr]    Compiling zerofrom v0.1.7
[INFO] [stderr]    Compiling yoke v0.8.2
[INFO] [stderr]    Compiling zerotrie v0.2.4
[INFO] [stderr]    Compiling zerovec v0.11.6
[INFO] [stderr]    Compiling hyper v1.9.0
[INFO] [stderr]    Compiling tower v0.5.3
[INFO] [stderr]    Compiling tokio-util v0.7.18
[INFO] [stderr]    Compiling tracing v0.1.44
[INFO] [stderr]    Compiling tinystr v0.8.3
[INFO] [stderr]    Compiling potential_utf v0.1.5
[INFO] [stderr]    Compiling icu_locale_core v2.2.0
[INFO] [stderr]    Compiling icu_collections v2.2.0
[INFO] [stderr]    Compiling tower-http v0.6.8
[INFO] [stderr]    Compiling hyper-util v0.1.20
[INFO] [stderr]    Compiling serde_spanned v0.6.9
[INFO] [stderr]    Compiling toml_datetime v0.6.11
[INFO] [stderr]    Compiling serde_urlencoded v0.7.1
[INFO] [stderr]    Compiling chrono v0.4.44
[INFO] [stderr]    Compiling serde_yaml v0.9.34+deprecated
[INFO] [stderr]    Compiling icu_provider v2.2.0
[INFO] [stderr]    Compiling toml_edit v0.22.27
[INFO] [stderr]    Compiling icu_normalizer v2.2.0
[INFO] [stderr]    Compiling icu_properties v2.2.0
[INFO] [stderr]    Compiling idna_adapter v1.2.1
[INFO] [stderr]    Compiling idna v1.1.0
[INFO] [stderr]    Compiling url v2.5.8
[INFO] [stderr]    Compiling toml v0.8.23
[INFO] [stderr]    Compiling ta-goal v0.15.15-alpha.3
[INFO] [stderr]    Compiling rustls-webpki v0.103.10
[INFO] [stderr]    Compiling tokio-rustls v0.26.4
[INFO] [stderr]    Compiling hyper-rustls v0.27.7
[INFO] [stderr]    Compiling reqwest v0.12.28
[INFO] [stderr]    Compiling ta-changeset v0.15.15-alpha.3
[INFO] [stderr]    Compiling ta-submit v0.15.15-alpha.3 (/opt/rustwide/workdir)
[INFO] [stderr]     Finished `release` profile [optimized] target(s) in 2m 50s
[INFO] running `Command { std: "docker" "inspect" "1d05a2dd917b413dee8ed5821c186de77cfc56fe02edb62b42d5539dc020858e", kill_on_drop: false }`
[INFO] running `Command { std: "docker" "exec" "-e" "SOURCE_DIR=/opt/rustwide/workdir" "-e" "CARGO_HOME=/opt/rustwide/cargo-home" "-e" "RUSTUP_HOME=/opt/rustwide/rustup-home" "-e" "CARGO_TARGET_DIR=/opt/rustwide/target" "-e" "CARGO_INCREMENTAL=0" "-e" "RUST_BACKTRACE=full" "-e" "RUSTFLAGS=--cap-lints=warn" "-e" "RUSTDOCFLAGS=--cap-lints=warn" "-w" "/opt/rustwide/workdir" "--user" "0:0" "1d05a2dd917b413dee8ed5821c186de77cfc56fe02edb62b42d5539dc020858e" "/opt/rustwide/cargo-home/bin/cargo" "+1.100.0-beta.1" "test" "--frozen" "--no-run" "--message-format=json" "--release", kill_on_drop: false }`
[INFO] [stderr] warning: `package.homepage` is redundant with `package.repository`
[INFO] [stderr]   --> Cargo.toml:48:12
[INFO] [stderr]    |
[INFO] [stderr] 48 | homepage = "https://github.com/trustedautonomy/ta"
[INFO] [stderr]    |            ^^^^^^^^^^^^^^^^^^^^^^^^^^^^^^^^^^^^^^^
[INFO] [stderr] ...
[INFO] [stderr] 53 | repository = "https://github.com/trustedautonomy/ta"
[INFO] [stderr]    |              ---------------------------------------
[INFO] [stderr]    |
[INFO] [stderr]    = note: `cargo::redundant_homepage` is set to `warn` by default
[INFO] [stderr] help: consider removing `package.homepage`
[INFO] [stderr] warning: `ta-submit` (manifest) generated 1 warning
[INFO] [stderr]    Compiling bitflags v2.11.0
[INFO] [stderr]    Compiling rustix v1.1.4
[INFO] [stderr]    Compiling linux-raw-sys v0.12.1
[INFO] [stderr]    Compiling fastrand v2.3.0
[INFO] [stderr]    Compiling tower-http v0.6.8
[INFO] [stderr]    Compiling reqwest v0.12.28
[INFO] [stderr]    Compiling tempfile v3.27.0
[INFO] [stderr]    Compiling ta-changeset v0.15.15-alpha.3
[INFO] [stderr]    Compiling ta-submit v0.15.15-alpha.3 (/opt/rustwide/workdir)
[INFO] [stderr]     Finished `release` profile [optimized] target(s) in 1m 22s
[INFO] running `Command { std: "docker" "inspect" "1d05a2dd917b413dee8ed5821c186de77cfc56fe02edb62b42d5539dc020858e", kill_on_drop: false }`
[INFO] running `Command { std: "docker" "exec" "-e" "SOURCE_DIR=/opt/rustwide/workdir" "-e" "CARGO_HOME=/opt/rustwide/cargo-home" "-e" "RUSTUP_HOME=/opt/rustwide/rustup-home" "-e" "CARGO_TARGET_DIR=/opt/rustwide/target" "-e" "CARGO_INCREMENTAL=0" "-e" "RUST_BACKTRACE=full" "-e" "RUSTFLAGS=--cap-lints=warn" "-e" "RUSTDOCFLAGS=--cap-lints=warn" "-w" "/opt/rustwide/workdir" "--user" "0:0" "1d05a2dd917b413dee8ed5821c186de77cfc56fe02edb62b42d5539dc020858e" "/opt/rustwide/cargo-home/bin/cargo" "+1.100.0-beta.1" "test" "--frozen" "--release", kill_on_drop: false }`
[INFO] [stderr] warning: `package.homepage` is redundant with `package.repository`
[INFO] [stderr]   --> Cargo.toml:48:12
[INFO] [stderr]    |
[INFO] [stderr] 48 | homepage = "https://github.com/trustedautonomy/ta"
[INFO] [stderr]    |            ^^^^^^^^^^^^^^^^^^^^^^^^^^^^^^^^^^^^^^^
[INFO] [stderr] ...
[INFO] [stderr] 53 | repository = "https://github.com/trustedautonomy/ta"
[INFO] [stderr]    |              ---------------------------------------
[INFO] [stderr]    |
[INFO] [stderr]    = note: `cargo::redundant_homepage` is set to `warn` by default
[INFO] [stderr] help: consider removing `package.homepage`
[INFO] [stderr] warning: `ta-submit` (manifest) generated 1 warning
[INFO] [stderr]     Finished `release` profile [optimized] target(s) in 0.30s
[INFO] [stdout] 
[INFO] [stderr]      Running unittests src/lib.rs (/opt/rustwide/target/release/build/ta-submit/a9bebe714c5d333b/out/ta_submit-a9bebe714c5d333b)
[INFO] [stdout] running 205 tests
[INFO] [stdout] test adapter::tests::default_protected_targets_empty ... ok
[INFO] [stdout] test config::tests::build_config_defaults ... ok
[INFO] [stdout] test adapter::tests::default_verify_not_on_protected_target_ok ... ok
[INFO] [stdout] test config::tests::analysis_config_defaults_to_empty_map ... ok
[INFO] [stdout] test config::tests::apply_config_exact_match ... ok
[INFO] [stdout] test adapter::tests::sync_result_is_clean_when_no_conflicts ... ok
[INFO] [stdout] test config::tests::effective_auto_submit_defaults_true_when_adapter_set ... ok
[INFO] [stdout] test config::tests::effective_auto_submit_explicit_override ... ok
[INFO] [stdout] test config::tests::build_config_defaults_to_warning ... ok
[INFO] [stdout] test config::tests::effective_auto_review_explicit_override ... ok
[INFO] [stdout] test config::tests::effective_auto_submit_defaults_false_when_no_adapter ... ok
[INFO] [stdout] test adapter::tests::sync_result_is_not_clean_with_conflicts ... ok
[INFO] [stdout] test adapter::tests::sync_result_serialization_roundtrip ... ok
[INFO] [stdout] test config::tests::effective_timeout_falls_back_to_legacy ... ok
[INFO] [stdout] test config::tests::follow_up_config_defaults ... ok
[INFO] [stdout] test config::tests::gc_config_defaults ... ok
[INFO] [stdout] test config::tests::git_config_auto_merge_default_false ... ok
[INFO] [stdout] test config::tests::git_config_auto_merge_from_toml ... ok
[INFO] [stdout] test config::tests::apply_config_glob_override_wins_over_default ... ok
[INFO] [stdout] test config::tests::build_on_fail_display ... ok
[INFO] [stdout] test config::tests::analysis_config_parses_multiple_languages ... ok
[INFO] [stdout] test config::tests::apply_config_parse_from_toml ... ok
[INFO] [stdout] test config::tests::apply_config_empty_returns_none ... ok
[INFO] [stdout] test config::tests::analysis_config_parses_on_max_iterations ... ok
[INFO] [stdout] test config::tests::apply_config_default_key_fallback ... ok
[INFO] [stdout] test config::tests::parse_toml_with_follow_up_section ... ok
[INFO] [stdout] test config::tests::parse_toml_with_gc_section ... ok
[INFO] [stdout] test config::tests::parse_toml_with_build_adapter_config ... ok
[INFO] [stdout] test config::tests::parse_toml_with_per_command_timeout ... ok
[INFO] [stdout] test config::tests::parse_toml_with_build_script_adapter ... ok
[INFO] [stdout] test config::tests::effective_auto_review_defaults_false_when_no_adapter ... ok
[INFO] [stdout] test config::tests::parse_toml_with_build_section ... ok
[INFO] [stdout] test config::tests::load_or_default_returns_default_for_missing_file ... ok
[INFO] [stdout] test config::tests::parse_toml_with_deprecated_auto_commit_auto_push ... ok
[INFO] [stdout] test config::tests::analysis_config_parses_python ... ok
[INFO] [stdout] test config::tests::parse_toml_with_adapter_specific_sections ... ok
[INFO] [stdout] test config::tests::parse_toml_with_auto_submit ... ok
[INFO] [stdout] test config::tests::parse_toml_with_shell_section ... ok
[INFO] [stdout] test config::tests::parse_toml_with_verify_section ... ok
[INFO] [stdout] test config::tests::parse_toml_with_verify_agent_mode ... ok
[INFO] [stdout] test config::tests::effective_auto_review_defaults_true_when_adapter_set ... ok
[INFO] [stdout] test config::tests::parse_toml_without_build_section_uses_default ... ok
[INFO] [stdout] test config::tests::parse_toml_without_shell_section_uses_default ... ok
[INFO] [stdout] test config::tests::parse_toml_without_source_section_uses_default ... ok
[INFO] [stdout] test config::tests::parse_toml_without_verify_section_uses_default ... ok
[INFO] [stdout] test config::tests::plan_config_custom_file_resolves_path ... ok
[INFO] [stdout] test config::tests::plan_config_default_resolves_to_plan_md ... ok
[INFO] [stdout] test config::tests::plan_config_defaults_to_plan_md ... ok
[INFO] [stdout] test config::tests::plan_config_parses_from_toml ... ok
[INFO] [stdout] test config::tests::project_section_defaults_to_none_name ... ok
[INFO] [stdout] test config::tests::parse_toml_with_source_sync_section ... ok
[INFO] [stdout] test config::tests::project_section_parses_name ... ok
[INFO] [stdout] test config::tests::sandbox_config_defaults ... ok
[INFO] [stdout] test config::tests::shell_config_defaults ... ok
[INFO] [stdout] test config::tests::sandbox_config_from_toml ... ok
[INFO] [stdout] test config::tests::verify_config_defaults ... ok
[INFO] [stdout] test config::tests::verify_on_failure_display ... ok
[INFO] [stdout] test config::tests::workflow_config_default_has_build_section ... ok
[INFO] [stdout] test config::tests::workflow_config_default_has_gc_section ... ok
[INFO] [stdout] test config::tests::workflow_config_default_has_sandbox_section ... ok
[INFO] [stdout] test config::tests::workflow_config_default_has_shell_section ... ok
[INFO] [stdout] test config::tests::workflow_config_default_has_verify_section ... ok
[INFO] [stdout] test config::tests::workflow_section_defaults_to_warn ... ok
[INFO] [stdout] test config::tests::workflow_section_parse_toml ... ok
[INFO] [stdout] test config::tests::workflow_section_parse_toml_off ... ok
[INFO] [stdout] test config::tests::per_command_timeout_falls_back_to_default ... ok
[INFO] [stdout] test config::tests::sync_config_defaults ... ok
[INFO] [stdout] test config::tests::ta_path_config_defaults_are_populated ... ok
[INFO] [stdout] test config::tests::workflow_config_default_has_follow_up_section ... ok
[INFO] [stdout] test config::tests::ta_path_config_parse_from_toml ... ok
[INFO] [stdout] test git::tests::test_artifact_path_extraction_from_uris ... ok
[INFO] [stdout] test git::tests::builtin_lock_files_contains_expected_entries ... ok
[INFO] [stdout] test git::tests::auto_stage_candidates_includes_builtin_and_plan_history ... ok
[INFO] [stdout] test git::tests::auto_stage_candidates_no_duplicates_with_user_config ... ok
[INFO] [stdout] test external_vcs_adapter::tests::missing_command_returns_error ... ok
[INFO] [stdout] test git::tests::auto_stage_candidates_merges_user_config ... ok
[INFO] [stdout] test git::tests::test_git_adapter_exclude_patterns ... ok
[INFO] [stdout] test git::tests::test_git_adapter_protected_targets_custom ... ok
[INFO] [stdout] test git::tests::test_git_adapter_protected_targets_default ... ok
[INFO] [stdout] test external_vcs_adapter::tests::call_plugin_with_echo_script ... ok
[INFO] [stdout] test external_vcs_adapter::tests::handshake_error_response_returns_error ... ok
[INFO] [stdout] test external_vcs_adapter::tests::plugin_invalid_json_output_returns_error ... ok
[INFO] [stdout] test external_vcs_adapter::tests::handshake_protocol_mismatch_returns_error ... ok
[INFO] [stdout] test external_vcs_adapter::tests::plugin_non_zero_exit_returns_error ... ok
[INFO] [stdout] test git::tests::test_git_inherit_read_sets_ceiling ... ok
[INFO] [stdout] test git::tests::test_git_isolated_inits_repo ... ok
[INFO] [stdout] test git::tests::test_git_isolated_sets_ceiling ... ok
[INFO] [stdout] test git::tests::test_git_none_mode_sets_dev_null ... ok
[INFO] [stdout] test git::tests::test_known_safe_classification ... ok
[INFO] [stdout] test git::tests::test_branch_name_single_quotes_and_spaces ... ok
[INFO] [stdout] test git::tests::test_git_adapter_branch_name ... ok
[INFO] [stdout] test git::tests::test_branch_name_all_special_chars ... ok
[INFO] [stdout] test git::tests::test_git_adapter_detect ... ok
[INFO] [stdout] test git::tests::test_branch_name_backtick_title ... ok
[INFO] [stdout] test messaging_adapter::tests::discover_messaging_plugins_empty_dir_returns_empty ... ok
[INFO] [stdout] test git::tests::test_all_ignored_returns_empty_to_add ... ok
[INFO] [stdout] test messaging_adapter::tests::discover_messaging_plugins_skips_invalid_manifest ... ok
[INFO] [stdout] test messaging_adapter::tests::discover_messaging_plugins_finds_manifests ... ok
[INFO] [stdout] test messaging_adapter::tests::find_messaging_plugin_missing_returns_none ... ok
[INFO] [stdout] test messaging_adapter::tests::find_messaging_plugin_project_local ... ok
[INFO] [stdout] test messaging_adapter::tests::messaging_plugin_source_display ... ok
[INFO] [stdout] test messaging_adapter::tests::external_adapter_calls_mock_plugin ... FAILED
[INFO] [stdout] test messaging_plugin_protocol::tests::draft_state_display ... ok
[INFO] [stdout] test messaging_plugin_protocol::tests::draft_state_roundtrip ... ok
[INFO] [stdout] test messaging_plugin_protocol::tests::draft_status_request_roundtrip ... ok
[INFO] [stdout] test messaging_plugin_protocol::tests::fetch_request_roundtrip ... ok
[INFO] [stdout] test messaging_plugin_protocol::tests::health_request_roundtrip ... ok
[INFO] [stdout] test messaging_plugin_protocol::tests::messaging_protocol_version_is_one ... ok
[INFO] [stdout] test messaging_adapter::tests::external_adapter_create_draft_returns_id ... FAILED
[INFO] [stdout] test messaging_plugin_protocol::tests::no_send_op_variant ... ok
[INFO] [stdout] test messaging_plugin_protocol::tests::response_ok_roundtrip ... ok
[INFO] [stdout] test messaging_plugin_protocol::tests::create_draft_request_roundtrip ... ok
[INFO] [stdout] test messaging_plugin_protocol::tests::response_with_draft_id ... ok
[INFO] [stdout] test git::tests::test_git_adapter_prepare ... ok
[INFO] [stdout] test messaging_plugin_protocol::tests::response_error_roundtrip ... ok
[INFO] [stdout] test messaging_plugin_protocol::tests::response_with_messages ... ok
[INFO] [stdout] test perforce::tests::test_perforce_adapter_detect_p4config_file ... ok
[INFO] [stdout] test none::tests::test_none_adapter_name ... ok
[INFO] [stdout] test none::tests::test_none_adapter_prepare ... ok
[INFO] [stdout] test perforce::tests::test_perforce_adapter_name ... ok
[INFO] [stdout] test perforce::tests::test_perforce_adapter_protected_targets ... ok
[INFO] [stdout] test perforce::tests::test_perforce_adapter_exclude_patterns ... ok
[INFO] [stdout] test registry::tests::enforce_section15_plugin_with_capability ... ok
[INFO] [stdout] test perforce::tests::test_perforce_adapter_push_result ... ok
[INFO] [stdout] test git::tests::test_git_ceiling_prevents_upward_traversal ... ok
[INFO] [stdout] test none::tests::test_none_adapter_push ... ok
[INFO] [stdout] test registry::tests::enforce_section15_plugin_without_capability ... ok
[INFO] [stdout] test registry::tests::test_detect_adapter_none ... ok
[INFO] [stdout] test registry::tests::test_detect_adapter_perforce ... ok
[INFO] [stdout] test registry::tests::test_known_adapters ... ok
[INFO] [stdout] test registry::tests::test_select_adapter_explicit_git ... ok
[INFO] [stdout] test registry::tests::test_select_adapter_explicit_perforce ... ok
[INFO] [stdout] test registry::tests::test_select_adapter_explicit_svn ... ok
[INFO] [stdout] test registry::tests::test_detect_adapter_svn ... ok
[INFO] [stdout] test perforce::tests::test_perforce_adapter_verify_degrades_without_p4 ... ok
[INFO] [stdout] test git::tests::test_known_safe_dropped_silently ... ok
[INFO] [stdout] test registry::tests::test_detect_adapter_git_takes_priority_over_svn ... ok
[INFO] [stdout] test git::tests::auto_stage_critical_files_skips_unmodified_file ... ok
[INFO] [stdout] test registry::tests::test_detect_adapter_git ... ok
[INFO] [stdout] test social_adapter::tests::discover_social_plugins_empty_dir_returns_empty ... ok
[INFO] [stdout] test social_adapter::tests::discover_social_plugins_finds_manifests ... ok
[INFO] [stdout] test social_adapter::tests::external_adapter_create_scheduled_returns_id_and_time ... FAILED
[INFO] [stdout] test social_adapter::tests::discover_social_plugins_skips_invalid_manifest ... ok
[INFO] [stdout] test registry::tests::test_select_adapter_unknown_falls_back ... ok
[INFO] [stdout] test social_adapter::tests::find_social_plugin_missing_returns_none ... ok
[INFO] [stdout] test social_adapter::tests::social_plugin_source_display ... ok
[INFO] [stdout] test social_adapter::tests::supervisor_check_allows_client_name_when_permitted ... ok
[INFO] [stdout] test social_adapter::tests::supervisor_check_fails_client_name ... ok
[INFO] [stdout] test social_adapter::tests::supervisor_check_fails_low_confidence ... ok
[INFO] [stdout] test social_adapter::tests::supervisor_check_fails_unverified_claim ... ok
[INFO] [stdout] test social_adapter::tests::supervisor_check_passes_clean_content ... ok
[INFO] [stdout] test social_plugin_protocol::tests::create_draft_request_roundtrip ... ok
[INFO] [stdout] test social_plugin_protocol::tests::create_scheduled_request_roundtrip ... ok
[INFO] [stdout] test social_plugin_protocol::tests::draft_status_request_roundtrip ... ok
[INFO] [stdout] test social_adapter::tests::external_adapter_health_returns_handle ... FAILED
[INFO] [stdout] test social_adapter::tests::find_social_plugin_project_local ... ok
[INFO] [stdout] test social_plugin_protocol::tests::health_request_roundtrip ... ok
[INFO] [stdout] test social_plugin_protocol::tests::no_publish_op_variant ... ok
[INFO] [stdout] test social_plugin_protocol::tests::post_content_with_media_urls ... ok
[INFO] [stdout] test social_adapter::tests::external_adapter_create_draft_returns_id ... FAILED
[INFO] [stdout] test social_plugin_protocol::tests::post_state_display ... ok
[INFO] [stdout] test social_plugin_protocol::tests::post_content_reply_to_id ... ok
[INFO] [stdout] test social_plugin_protocol::tests::response_error_roundtrip ... ok
[INFO] [stdout] test social_plugin_protocol::tests::response_ok_roundtrip ... ok
[INFO] [stdout] test social_adapter::tests::supervisor_check_fails_flag_phrase ... ok
[INFO] [stdout] test social_plugin_protocol::tests::response_with_draft_id ... ok
[INFO] [stdout] test git::tests::test_unexpected_ignored ... ok
[INFO] [stdout] test svn::tests::test_svn_adapter_detect ... ok
[INFO] [stdout] test social_plugin_protocol::tests::response_with_scheduled_id ... ok
[INFO] [stdout] test social_plugin_protocol::tests::social_protocol_version_is_one ... ok
[INFO] [stdout] test svn::tests::test_svn_adapter_exclude_patterns ... ok
[INFO] [stdout] test svn::tests::test_svn_adapter_name ... ok
[INFO] [stdout] test svn::tests::test_svn_adapter_push_is_noop ... ok
[INFO] [stdout] test vcs_plugin_manifest::tests::discover_vcs_plugins_empty_returns_empty ... ok
[INFO] [stdout] test svn::tests::test_svn_adapter_protected_targets ... ok
[INFO] [stdout] test vcs_plugin_manifest::tests::default_timeout_is_30 ... ok
[INFO] [stdout] test vcs_plugin_manifest::tests::has_protected_targets_false ... ok
[INFO] [stdout] test vcs_plugin_manifest::tests::has_protected_targets_true ... ok
[INFO] [stdout] test vcs_plugin_manifest::tests::load_valid_manifest ... ok
[INFO] [stdout] test vcs_plugin_manifest::tests::discover_vcs_plugins_finds_manifests ... ok
[INFO] [stdout] test vcs_plugin_manifest::tests::load_manifest_missing ... ok
[INFO] [stdout] test svn::tests::test_svn_adapter_verify_degrades_without_svn ... ok
[INFO] [stdout] test vcs_plugin_manifest::tests::validate_empty_command ... ok
[INFO] [stdout] test vcs_plugin_manifest::tests::vcs_plugin_source_display ... ok
[INFO] [stdout] test vcs_plugin_protocol::tests::commit_params_roundtrip ... ok
[INFO] [stdout] test vcs_plugin_protocol::tests::handshake_params_roundtrip ... ok
[INFO] [stdout] test vcs_plugin_protocol::tests::handshake_result_roundtrip ... ok
[INFO] [stdout] test vcs_plugin_manifest::tests::validate_wrong_type ... ok
[INFO] [stdout] test vcs_plugin_protocol::tests::protocol_version_is_one ... ok
[INFO] [stdout] test vcs_plugin_protocol::tests::request_roundtrip ... ok
[INFO] [stdout] test vcs_plugin_protocol::tests::detect_params_roundtrip ... ok
[INFO] [stdout] test vcs_plugin_protocol::tests::response_error_roundtrip ... ok
[INFO] [stdout] test vcs_plugin_protocol::tests::response_success_roundtrip ... ok
[INFO] [stdout] test git::tests::auto_stage_critical_files_stages_modified_file ... ok
[INFO] [stdout] test social_plugin_protocol::tests::post_state_roundtrip ... ok
[INFO] [stdout] test registry::tests::test_select_adapter_none_auto_detects ... ok
[INFO] [stdout] test registry::tests::test_select_adapter_loads_external_plugin ... ok
[INFO] [stdout] test vcs_plugin_manifest::tests::discover_vcs_plugins_skips_invalid ... ok
[INFO] [stdout] test git::tests::test_git_adapter_revision_id ... ok
[INFO] [stdout] test git::tests::test_verify_not_on_protected_target_on_main ... ok
[INFO] [stdout] test git::tests::test_verify_not_on_protected_target_feature_branch ... ok
[INFO] [stdout] test git::tests::test_git_adapter_sync_upstream_already_up_to_date ... ok
[INFO] [stdout] test git::tests::auto_stage_critical_files_skips_nonexistent_file ... ok
[INFO] [stdout] test git::tests::test_git_adapter_save_restore_state ... ok
[INFO] [stdout] test git::tests::test_git_adapter_sync_upstream_with_local_remote ... ok
[INFO] [stderr] error: test failed, to rerun pass `--lib`
[INFO] [stdout] 
[INFO] [stdout] failures:
[INFO] [stdout] 
[INFO] [stdout] ---- messaging_adapter::tests::external_adapter_calls_mock_plugin stdout ----
[INFO] [stdout] 
[INFO] [stdout] thread 'messaging_adapter::tests::external_adapter_calls_mock_plugin' (3078) panicked at src/messaging_adapter.rs:719:52:
[INFO] [stdout] called `Result::unwrap()` on an `Err` value: SpawnFailed { command: "/dev/shm/ta-msg-mock-shared-2848", reason: "Permission denied (os error 13)" }
[INFO] [stdout] stack backtrace:
[INFO] [stdout]    0:     0x64e8cfedc301 - <<std[617be2ca0a6fd877]::sys::backtrace::BacktraceLock>::print::DisplayBacktrace as core[a373ad73a504971]::fmt::Display>::fmt
[INFO] [stdout]    1:     0x64e8cfef2a0a - core[a373ad73a504971]::fmt::write
[INFO] [stdout]    2:     0x64e8cfee0b2c - <alloc[2e1b2a31b91974c5]::vec::Vec<u8> as core[a373ad73a504971]::io::write::Write>::write_fmt
[INFO] [stdout]    3:     0x64e8cfeb58a6 - std[617be2ca0a6fd877]::panicking::default_hook::{closure#0}
[INFO] [stdout]    4:     0x64e8cfed36d9 - std[617be2ca0a6fd877]::panicking::default_hook
[INFO] [stdout]    5:     0x64e8cfe37660 - test[aada8e7e76ba119b]::test_main_inner::{closure#0}
[INFO] [stdout]    6:     0x64e8cfed3892 - std[617be2ca0a6fd877]::panicking::panic_with_hook
[INFO] [stdout]    7:     0x64e8cfeb5952 - std[617be2ca0a6fd877]::panicking::panic_handler::{closure#0}
[INFO] [stdout]    8:     0x64e8cfeae189 - std[617be2ca0a6fd877]::sys::backtrace::__rust_end_short_backtrace::<std[617be2ca0a6fd877]::panicking::panic_handler::{closure#0}, !>
[INFO] [stdout]    9:     0x64e8cfeb66bd - __rustc[ea4f61d10b84890b]::rust_begin_unwind
[INFO] [stdout]   10:     0x64e8cfef316c - core[a373ad73a504971]::panicking::panic_fmt
[INFO] [stdout]   11:     0x64e8cfef2f42 - core[a373ad73a504971]::result::unwrap_failed
[INFO] [stdout]   12:     0x64e8cfdc95d2 - <ta_submit[56ce832547dd8274]::messaging_adapter::tests::external_adapter_calls_mock_plugin::{closure#0} as core[a373ad73a504971]::ops::function::FnOnce<()>>::call_once
[INFO] [stdout]   13:     0x64e8cfe2aaab - test[aada8e7e76ba119b]::__rust_begin_short_backtrace::<core[a373ad73a504971]::result::Result<(), alloc[2e1b2a31b91974c5]::string::String>, fn() -> core[a373ad73a504971]::result::Result<(), alloc[2e1b2a31b91974c5]::string::String>>
[INFO] [stdout]   14:     0x64e8cfe37c85 - test[aada8e7e76ba119b]::run_test::{closure#0}
[INFO] [stdout]   15:     0x64e8cfe31574 - std[617be2ca0a6fd877]::sys::backtrace::__rust_begin_short_backtrace::<test[aada8e7e76ba119b]::run_test::{closure#1}, ()>
[INFO] [stdout]   16:     0x64e8cfe3ad12 - <std[617be2ca0a6fd877]::thread::lifecycle::spawn_unchecked<test[aada8e7e76ba119b]::run_test::{closure#1}, ()>::{closure#1} as core[a373ad73a504971]::ops::function::FnOnce<()>>::call_once::{shim:vtable#0}
[INFO] [stdout]   17:     0x64e8cfedb5ef - <std[617be2ca0a6fd877]::sys::thread::unix::Thread>::new::thread_start
[INFO] [stdout]   18:     0x7dfc0a03cdfa - <unknown>
[INFO] [stdout]   19:     0x7dfc0a0d03d4 - clone
[INFO] [stdout]   20:                0x0 - <unknown>
[INFO] [stdout] 
[INFO] [stdout] ---- messaging_adapter::tests::external_adapter_create_draft_returns_id stdout ----
[INFO] [stdout] 
[INFO] [stdout] thread 'messaging_adapter::tests::external_adapter_create_draft_returns_id' (3079) panicked at src/messaging_adapter.rs:750:14:
[INFO] [stdout] called `Result::unwrap()` on an `Err` value: SpawnFailed { command: "/dev/shm/ta-msg-mock-shared-2848", reason: "Permission denied (os error 13)" }
[INFO] [stdout] stack backtrace:
[INFO] [stdout]    0:     0x64e8cfedc301 - <<std[617be2ca0a6fd877]::sys::backtrace::BacktraceLock>::print::DisplayBacktrace as core[a373ad73a504971]::fmt::Display>::fmt
[INFO] [stdout]    1:     0x64e8cfef2a0a - core[a373ad73a504971]::fmt::write
[INFO] [stdout]    2:     0x64e8cfee0b2c - <alloc[2e1b2a31b91974c5]::vec::Vec<u8> as core[a373ad73a504971]::io::write::Write>::write_fmt
[INFO] [stdout]    3:     0x64e8cfeb58a6 - std[617be2ca0a6fd877]::panicking::default_hook::{closure#0}
[INFO] [stdout]    4:     0x64e8cfed36d9 - std[617be2ca0a6fd877]::panicking::default_hook
[INFO] [stdout]    5:     0x64e8cfe37660 - test[aada8e7e76ba119b]::test_main_inner::{closure#0}
[INFO] [stdout]    6:     0x64e8cfed3892 - std[617be2ca0a6fd877]::panicking::panic_with_hook
[INFO] [stdout]    7:     0x64e8cfeb5952 - std[617be2ca0a6fd877]::panicking::panic_handler::{closure#0}
[INFO] [stdout]    8:     0x64e8cfeae189 - std[617be2ca0a6fd877]::sys::backtrace::__rust_end_short_backtrace::<std[617be2ca0a6fd877]::panicking::panic_handler::{closure#0}, !>
[INFO] [stdout]    9:     0x64e8cfeb66bd - __rustc[ea4f61d10b84890b]::rust_begin_unwind
[INFO] [stdout]   10:     0x64e8cfef316c - core[a373ad73a504971]::panicking::panic_fmt
[INFO] [stdout]   11:     0x64e8cfef2f42 - core[a373ad73a504971]::result::unwrap_failed
[INFO] [stdout]   12:     0x64e8cfdca21e - <ta_submit[56ce832547dd8274]::messaging_adapter::tests::external_adapter_create_draft_returns_id::{closure#0} as core[a373ad73a504971]::ops::function::FnOnce<()>>::call_once
[INFO] [stdout]   13:     0x64e8cfe2aaab - test[aada8e7e76ba119b]::__rust_begin_short_backtrace::<core[a373ad73a504971]::result::Result<(), alloc[2e1b2a31b91974c5]::string::String>, fn() -> core[a373ad73a504971]::result::Result<(), alloc[2e1b2a31b91974c5]::string::String>>
[INFO] [stdout]   14:     0x64e8cfe37c85 - test[aada8e7e76ba119b]::run_test::{closure#0}
[INFO] [stdout]   15:     0x64e8cfe31574 - std[617be2ca0a6fd877]::sys::backtrace::__rust_begin_short_backtrace::<test[aada8e7e76ba119b]::run_test::{closure#1}, ()>
[INFO] [stdout]   16:     0x64e8cfe3ad12 - <std[617be2ca0a6fd877]::thread::lifecycle::spawn_unchecked<test[aada8e7e76ba119b]::run_test::{closure#1}, ()>::{closure#1} as core[a373ad73a504971]::ops::function::FnOnce<()>>::call_once::{shim:vtable#0}
[INFO] [stdout]   17:     0x64e8cfedb5ef - <std[617be2ca0a6fd877]::sys::thread::unix::Thread>::new::thread_start
[INFO] [stdout]   18:     0x7dfc0a03cdfa - <unknown>
[INFO] [stdout]   19:     0x7dfc0a0d03d4 - clone
[INFO] [stdout]   20:                0x0 - <unknown>
[INFO] [stdout] 
[INFO] [stdout] ---- social_adapter::tests::external_adapter_create_scheduled_returns_id_and_time stdout ----
[INFO] [stdout] 
[INFO] [stdout] thread 'social_adapter::tests::external_adapter_create_scheduled_returns_id_and_time' (3155) panicked at src/social_adapter.rs:966:14:
[INFO] [stdout] called `Result::unwrap()` on an `Err` value: SpawnFailed { command: "/dev/shm/ta-social-mock-shared-2848", reason: "Permission denied (os error 13)" }
[INFO] [stdout] stack backtrace:
[INFO] [stdout]    0:     0x64e8cfedc301 - <<std[617be2ca0a6fd877]::sys::backtrace::BacktraceLock>::print::DisplayBacktrace as core[a373ad73a504971]::fmt::Display>::fmt
[INFO] [stdout]    1:     0x64e8cfef2a0a - core[a373ad73a504971]::fmt::write
[INFO] [stdout]    2:     0x64e8cfee0b2c - <alloc[2e1b2a31b91974c5]::vec::Vec<u8> as core[a373ad73a504971]::io::write::Write>::write_fmt
[INFO] [stdout]    3:     0x64e8cfeb58a6 - std[617be2ca0a6fd877]::panicking::default_hook::{closure#0}
[INFO] [stdout]    4:     0x64e8cfed36d9 - std[617be2ca0a6fd877]::panicking::default_hook
[INFO] [stdout]    5:     0x64e8cfe37660 - test[aada8e7e76ba119b]::test_main_inner::{closure#0}
[INFO] [stdout]    6:     0x64e8cfed3892 - std[617be2ca0a6fd877]::panicking::panic_with_hook
[INFO] [stdout]    7:     0x64e8cfeb5952 - std[617be2ca0a6fd877]::panicking::panic_handler::{closure#0}
[INFO] [stdout]    8:     0x64e8cfeae189 - std[617be2ca0a6fd877]::sys::backtrace::__rust_end_short_backtrace::<std[617be2ca0a6fd877]::panicking::panic_handler::{closure#0}, !>
[INFO] [stdout]    9:     0x64e8cfeb66bd - __rustc[ea4f61d10b84890b]::rust_begin_unwind
[INFO] [stdout]   10:     0x64e8cfef316c - core[a373ad73a504971]::panicking::panic_fmt
[INFO] [stdout]   11:     0x64e8cfef2f42 - core[a373ad73a504971]::result::unwrap_failed
[INFO] [stdout]   12:     0x64e8cfd8ae46 - <ta_submit[56ce832547dd8274]::social_adapter::tests::external_adapter_create_scheduled_returns_id_and_time::{closure#0} as core[a373ad73a504971]::ops::function::FnOnce<()>>::call_once
[INFO] [stdout]   13:     0x64e8cfe2aaab - test[aada8e7e76ba119b]::__rust_begin_short_backtrace::<core[a373ad73a504971]::result::Result<(), alloc[2e1b2a31b91974c5]::string::String>, fn() -> core[a373ad73a504971]::result::Result<(), alloc[2e1b2a31b91974c5]::string::String>>
[INFO] [stdout]   14:     0x64e8cfe37c85 - test[aada8e7e76ba119b]::run_test::{closure#0}
[INFO] [stdout]   15:     0x64e8cfe31574 - std[617be2ca0a6fd877]::sys::backtrace::__rust_begin_short_backtrace::<test[aada8e7e76ba119b]::run_test::{closure#1}, ()>
[INFO] [stdout]   16:     0x64e8cfe3ad12 - <std[617be2ca0a6fd877]::thread::lifecycle::spawn_unchecked<test[aada8e7e76ba119b]::run_test::{closure#1}, ()>::{closure#1} as core[a373ad73a504971]::ops::function::FnOnce<()>>::call_once::{shim:vtable#0}
[INFO] [stdout]   17:     0x64e8cfedb5ef - <std[617be2ca0a6fd877]::sys::thread::unix::Thread>::new::thread_start
[INFO] [stdout]   18:     0x7dfc0a03cdfa - <unknown>
[INFO] [stdout]   19:     0x7dfc0a0d03d4 - clone
[INFO] [stdout]   20:                0x0 - <unknown>
[INFO] [stdout] 
[INFO] [stdout] ---- social_adapter::tests::external_adapter_health_returns_handle stdout ----
[INFO] [stdout] 
[INFO] [stdout] thread 'social_adapter::tests::external_adapter_health_returns_handle' (3158) panicked at src/social_adapter.rs:908:51:
[INFO] [stdout] called `Result::unwrap()` on an `Err` value: SpawnFailed { command: "/dev/shm/ta-social-mock-shared-2848", reason: "Permission denied (os error 13)" }
[INFO] [stdout] stack backtrace:
[INFO] [stdout]    0:     0x64e8cfedc301 - <<std[617be2ca0a6fd877]::sys::backtrace::BacktraceLock>::print::DisplayBacktrace as core[a373ad73a504971]::fmt::Display>::fmt
[INFO] [stdout]    1:     0x64e8cfef2a0a - core[a373ad73a504971]::fmt::write
[INFO] [stdout]    2:     0x64e8cfee0b2c - <alloc[2e1b2a31b91974c5]::vec::Vec<u8> as core[a373ad73a504971]::io::write::Write>::write_fmt
[INFO] [stdout]    3:     0x64e8cfeb58a6 - std[617be2ca0a6fd877]::panicking::default_hook::{closure#0}
[INFO] [stdout]    4:     0x64e8cfed36d9 - std[617be2ca0a6fd877]::panicking::default_hook
[INFO] [stdout]    5:     0x64e8cfe37660 - test[aada8e7e76ba119b]::test_main_inner::{closure#0}
[INFO] [stdout]    6:     0x64e8cfed3892 - std[617be2ca0a6fd877]::panicking::panic_with_hook
[INFO] [stdout]    7:     0x64e8cfeb5952 - std[617be2ca0a6fd877]::panicking::panic_handler::{closure#0}
[INFO] [stdout]    8:     0x64e8cfeae189 - std[617be2ca0a6fd877]::sys::backtrace::__rust_end_short_backtrace::<std[617be2ca0a6fd877]::panicking::panic_handler::{closure#0}, !>
[INFO] [stdout]    9:     0x64e8cfeb66bd - __rustc[ea4f61d10b84890b]::rust_begin_unwind
[INFO] [stdout]   10:     0x64e8cfef316c - core[a373ad73a504971]::panicking::panic_fmt
[INFO] [stdout]   11:     0x64e8cfef2f42 - core[a373ad73a504971]::result::unwrap_failed
[INFO] [stdout]   12:     0x64e8cfd88f6b - <ta_submit[56ce832547dd8274]::social_adapter::tests::external_adapter_health_returns_handle::{closure#0} as core[a373ad73a504971]::ops::function::FnOnce<()>>::call_once
[INFO] [stdout]   13:     0x64e8cfe2aaab - test[aada8e7e76ba119b]::__rust_begin_short_backtrace::<core[a373ad73a504971]::result::Result<(), alloc[2e1b2a31b91974c5]::string::String>, fn() -> core[a373ad73a504971]::result::Result<(), alloc[2e1b2a31b91974c5]::string::String>>
[INFO] [stdout]   14:     0x64e8cfe37c85 - test[aada8e7e76ba119b]::run_test::{closure#0}
[INFO] [stdout]   15:     0x64e8cfe31574 - std[617be2ca0a6fd877]::sys::backtrace::__rust_begin_short_backtrace::<test[aada8e7e76ba119b]::run_test::{closure#1}, ()>
[INFO] [stdout]   16:     0x64e8cfe3ad12 - <std[617be2ca0a6fd877]::thread::lifecycle::spawn_unchecked<test[aada8e7e76ba119b]::run_test::{closure#1}, ()>::{closure#1} as core[a373ad73a504971]::ops::function::FnOnce<()>>::call_once::{shim:vtable#0}
[INFO] [stdout]   17:     0x64e8cfedb5ef - <std[617be2ca0a6fd877]::sys::thread::unix::Thread>::new::thread_start
[INFO] [stdout]   18:     0x7dfc0a03cdfa - <unknown>
[INFO] [stdout]   19:     0x7dfc0a0d03d4 - clone
[INFO] [stdout]   20:                0x0 - <unknown>
[INFO] [stdout] 
[INFO] [stdout] ---- social_adapter::tests::external_adapter_create_draft_returns_id stdout ----
[INFO] [stdout] 
[INFO] [stdout] thread 'social_adapter::tests::external_adapter_create_draft_returns_id' (3150) panicked at src/social_adapter.rs:936:14:
[INFO] [stdout] called `Result::unwrap()` on an `Err` value: SpawnFailed { command: "/dev/shm/ta-social-mock-shared-2848", reason: "Permission denied (os error 13)" }
[INFO] [stdout] stack backtrace:
[INFO] [stdout]    0:     0x64e8cfedc301 - <<std[617be2ca0a6fd877]::sys::backtrace::BacktraceLock>::print::DisplayBacktrace as core[a373ad73a504971]::fmt::Display>::fmt
[INFO] [stdout]    1:     0x64e8cfef2a0a - core[a373ad73a504971]::fmt::write
[INFO] [stdout]    2:     0x64e8cfee0b2c - <alloc[2e1b2a31b91974c5]::vec::Vec<u8> as core[a373ad73a504971]::io::write::Write>::write_fmt
[INFO] [stdout]    3:     0x64e8cfeb58a6 - std[617be2ca0a6fd877]::panicking::default_hook::{closure#0}
[INFO] [stdout]    4:     0x64e8cfed36d9 - std[617be2ca0a6fd877]::panicking::default_hook
[INFO] [stdout]    5:     0x64e8cfe37660 - test[aada8e7e76ba119b]::test_main_inner::{closure#0}
[INFO] [stdout]    6:     0x64e8cfed3892 - std[617be2ca0a6fd877]::panicking::panic_with_hook
[INFO] [stdout]    7:     0x64e8cfeb5952 - std[617be2ca0a6fd877]::panicking::panic_handler::{closure#0}
[INFO] [stdout]    8:     0x64e8cfeae189 - std[617be2ca0a6fd877]::sys::backtrace::__rust_end_short_backtrace::<std[617be2ca0a6fd877]::panicking::panic_handler::{closure#0}, !>
[INFO] [stdout]    9:     0x64e8cfeb66bd - __rustc[ea4f61d10b84890b]::rust_begin_unwind
[INFO] [stdout]   10:     0x64e8cfef316c - core[a373ad73a504971]::panicking::panic_fmt
[INFO] [stdout]   11:     0x64e8cfef2f42 - core[a373ad73a504971]::result::unwrap_failed
[INFO] [stdout]   12:     0x64e8cfd89db4 - <ta_submit[56ce832547dd8274]::social_adapter::tests::external_adapter_create_draft_returns_id::{closure#0} as core[a373ad73a504971]::ops::function::FnOnce<()>>::call_once
[INFO] [stdout]   13:     0x64e8cfe2aaab - test[aada8e7e76ba119b]::__rust_begin_short_backtrace::<core[a373ad73a504971]::result::Result<(), alloc[2e1b2a31b91974c5]::string::String>, fn() -> core[a373ad73a504971]::result::Result<(), alloc[2e1b2a31b91974c5]::string::String>>
[INFO] [stdout]   14:     0x64e8cfe37c85 - test[aada8e7e76ba119b]::run_test::{closure#0}
[INFO] [stdout]   15:     0x64e8cfe31574 - std[617be2ca0a6fd877]::sys::backtrace::__rust_begin_short_backtrace::<test[aada8e7e76ba119b]::run_test::{closure#1}, ()>
[INFO] [stdout]   16:     0x64e8cfe3ad12 - <std[617be2ca0a6fd877]::thread::lifecycle::spawn_unchecked<test[aada8e7e76ba119b]::run_test::{closure#1}, ()>::{closure#1} as core[a373ad73a504971]::ops::function::FnOnce<()>>::call_once::{shim:vtable#0}
[INFO] [stdout]   17:     0x64e8cfedb5ef - <std[617be2ca0a6fd877]::sys::thread::unix::Thread>::new::thread_start
[INFO] [stdout]   18:     0x7dfc0a03cdfa - <unknown>
[INFO] [stdout]   19:     0x7dfc0a0d03d4 - clone
[INFO] [stdout]   20:                0x0 - <unknown>
[INFO] [stdout] 
[INFO] [stdout] 
[INFO] [stdout] failures:
[INFO] [stdout]     messaging_adapter::tests::external_adapter_calls_mock_plugin
[INFO] [stdout]     messaging_adapter::tests::external_adapter_create_draft_returns_id
[INFO] [stdout]     social_adapter::tests::external_adapter_create_draft_returns_id
[INFO] [stdout]     social_adapter::tests::external_adapter_create_scheduled_returns_id_and_time
[INFO] [stdout]     social_adapter::tests::external_adapter_health_returns_handle
[INFO] [stdout] 
[INFO] [stdout] test result: FAILED. 200 passed; 5 failed; 0 ignored; 0 measured; 0 filtered out; finished in 0.49s
[INFO] [stdout] 
[INFO] running `Command { std: "docker" "inspect" "1d05a2dd917b413dee8ed5821c186de77cfc56fe02edb62b42d5539dc020858e", kill_on_drop: false }`
[INFO] running `Command { std: "docker" "rm" "-f" "1d05a2dd917b413dee8ed5821c186de77cfc56fe02edb62b42d5539dc020858e", kill_on_drop: false }`
[INFO] [stdout] 1d05a2dd917b413dee8ed5821c186de77cfc56fe02edb62b42d5539dc020858e
