[INFO] fetching crate t2t-clock 0.1.1...
[INFO] testing t2t-clock-0.1.1 against 1.99.0-beta.8+cargoflags=--release for beta-release-1.100-2
[INFO] extracting crate t2t-clock 0.1.1 into /workspace/builds/worker-3-tc1/source
[INFO] started tweaking crates.io crate t2t-clock 0.1.1
[INFO] removed 0 missing tests
[INFO] finished tweaking crates.io crate t2t-clock 0.1.1
[INFO] tweaked toml for crates.io crate t2t-clock 0.1.1 written to /workspace/builds/worker-3-tc1/source/Cargo.toml
[INFO] validating manifest of crates.io crate t2t-clock 0.1.1 on toolchain 1.99.0-beta.8
[INFO] running `Command { std: CARGO_HOME="/workspace/cargo-home" RUSTUP_HOME="/workspace/rustup-home" "/workspace/cargo-home/bin/cargo" "+1.99.0-beta.8" "metadata" "--manifest-path" "Cargo.toml" "--no-deps", kill_on_drop: false }`
[INFO] crate crates.io crate t2t-clock 0.1.1 already has a lockfile, it will not be regenerated
[INFO] running `Command { std: CARGO_HOME="/workspace/cargo-home" RUSTUP_HOME="/workspace/rustup-home" "/workspace/cargo-home/bin/cargo" "+1.99.0-beta.8" "fetch" "--manifest-path" "Cargo.toml", kill_on_drop: false }`
[INFO] [stderr] warning: Cargo.toml: unused manifest key `lints.cargo` (may be supported in a future version)
[INFO] [stderr] 
[INFO] [stderr] this Cargo does not support nightly features, but if you
[INFO] [stderr] switch to nightly channel you can pass
[INFO] [stderr] `-Zcargo-lints` to enable this feature.
[INFO] [stderr] warning: `t2t-clock` (manifest) generated 1 warning
[INFO] [stderr]     Updating crates.io index
[INFO] [stderr]  Downloading crates ...
[INFO] [stderr]   Downloaded trybuild v1.0.121
[INFO] [stderr]   Downloaded ref-cast v1.0.27
[INFO] [stderr]   Downloaded target-tuple v1.0.2
[INFO] [stderr]   Downloaded defmt-parser v1.0.0
[INFO] [stderr]   Downloaded condtype v1.3.0
[INFO] [stderr]   Downloaded jiff-static v0.2.37
[INFO] [stderr]   Downloaded schemars v1.2.2
[INFO] [stderr]   Downloaded ref-cast-impl v1.0.27
[INFO] [stderr]   Downloaded divan-macros v0.1.21
[INFO] [stderr]   Downloaded t2t-core v0.1.1
[INFO] [stderr]   Downloaded relative-path v1.9.3
[INFO] [stderr]   Downloaded defmt v1.1.1
[INFO] [stderr]   Downloaded defmt-macros v1.1.1
[INFO] [stderr]   Downloaded generator v0.8.10
[INFO] [stderr]   Downloaded rstest v0.27.0
[INFO] [stderr]   Downloaded loom v0.7.2
[INFO] [stderr]   Downloaded rstest_macros v0.27.0
[INFO] [stderr]   Downloaded portable-atomic-util v0.2.8
[INFO] [stderr]   Downloaded divan v0.1.21
[INFO] [stderr]   Downloaded jiff-core v0.1.1
[INFO] [stderr]   Downloaded jiff v0.2.37
[INFO] running `Command { std: "docker" "create" "-v" "/var/lib/crater-agent-workspace/builds/worker-3-tc1/source:/opt/rustwide/workdir:ro,Z" "-v" "/var/lib/crater-agent-workspace/builds/worker-3-tc1/target:/opt/rustwide/target:rw,Z" "-v" "/var/lib/crater-agent-workspace/cargo-home:/opt/rustwide/cargo-home:ro,Z" "-v" "/var/lib/crater-agent-workspace/rustup-home:/opt/rustwide/rustup-home:ro,Z" "-m" "1610612736" "--network" "none" "ghcr.io/rust-lang/crates-build-env/linux@sha256:77db811e55d90add9212f6832c23229e3de5f1c1f9905e8cb07319ea15df73ac" "sleep" "infinity", kill_on_drop: false }`
[INFO] [stdout] 071d88a1a94635d93aa9a54ee5d25c3fb927fedbd2106525ebcc23f2175431ff
[INFO] running `Command { std: "docker" "start" "071d88a1a94635d93aa9a54ee5d25c3fb927fedbd2106525ebcc23f2175431ff", kill_on_drop: false }`
[INFO] running `Command { std: "docker" "inspect" "071d88a1a94635d93aa9a54ee5d25c3fb927fedbd2106525ebcc23f2175431ff", kill_on_drop: false }`
[INFO] running `Command { std: "docker" "exec" "-e" "SOURCE_DIR=/opt/rustwide/workdir" "-e" "CARGO_HOME=/opt/rustwide/cargo-home" "-e" "RUSTUP_HOME=/opt/rustwide/rustup-home" "-e" "CARGO_TARGET_DIR=/opt/rustwide/target" "-w" "/opt/rustwide/workdir" "--user" "0:0" "071d88a1a94635d93aa9a54ee5d25c3fb927fedbd2106525ebcc23f2175431ff" "/opt/rustwide/cargo-home/bin/cargo" "+1.99.0-beta.8" "metadata" "--no-deps" "--format-version=1", kill_on_drop: false }`
[INFO] running `Command { std: "docker" "inspect" "071d88a1a94635d93aa9a54ee5d25c3fb927fedbd2106525ebcc23f2175431ff", kill_on_drop: false }`
[INFO] running `Command { std: "docker" "exec" "-e" "SOURCE_DIR=/opt/rustwide/workdir" "-e" "CARGO_HOME=/opt/rustwide/cargo-home" "-e" "RUSTUP_HOME=/opt/rustwide/rustup-home" "-e" "CARGO_TARGET_DIR=/opt/rustwide/target" "-e" "CARGO_INCREMENTAL=0" "-e" "RUST_BACKTRACE=full" "-e" "RUSTFLAGS=--cap-lints=warn" "-e" "RUSTDOCFLAGS=--cap-lints=warn" "-w" "/opt/rustwide/workdir" "--user" "0:0" "071d88a1a94635d93aa9a54ee5d25c3fb927fedbd2106525ebcc23f2175431ff" "/opt/rustwide/cargo-home/bin/cargo" "+1.99.0-beta.8" "build" "--frozen" "--message-format=json" "--release", kill_on_drop: false }`
[INFO] [stderr] warning: Cargo.toml: unused manifest key `lints.cargo` (may be supported in a future version)
[INFO] [stderr] 
[INFO] [stderr] this Cargo does not support nightly features, but if you
[INFO] [stderr] switch to nightly channel you can pass
[INFO] [stderr] `-Zcargo-lints` to enable this feature.
[INFO] [stderr] warning: `t2t-clock` (manifest) generated 1 warning
[INFO] [stderr]    Compiling unicode-ident v1.0.26
[INFO] [stderr]    Compiling unicode-segmentation v1.13.3
[INFO] [stderr]    Compiling unicode-xid v0.2.6
[INFO] [stderr]    Compiling bitflags v2.13.2
[INFO] [stderr]    Compiling powerfmt v0.2.0
[INFO] [stderr]    Compiling t2t-clock v0.1.1 (/opt/rustwide/workdir)
[INFO] [stderr]    Compiling proc-macro2 v1.0.107
[INFO] [stderr]    Compiling raw-cpuid v11.6.0
[INFO] [stderr]    Compiling convert_case v0.10.0
[INFO] [stderr]    Compiling quote v1.0.47
[INFO] [stderr]    Compiling syn v2.0.119
[INFO] [stderr]    Compiling derive_more-impl v2.1.1
[INFO] [stderr]    Compiling derive_more v2.1.1
[INFO] [stderr]    Compiling t2t-core v0.1.1
[INFO] [stderr]     Finished `release` profile [optimized] target(s) in 12.01s
[INFO] running `Command { std: "docker" "inspect" "071d88a1a94635d93aa9a54ee5d25c3fb927fedbd2106525ebcc23f2175431ff", kill_on_drop: false }`
[INFO] running `Command { std: "docker" "exec" "-e" "SOURCE_DIR=/opt/rustwide/workdir" "-e" "CARGO_HOME=/opt/rustwide/cargo-home" "-e" "RUSTUP_HOME=/opt/rustwide/rustup-home" "-e" "CARGO_TARGET_DIR=/opt/rustwide/target" "-e" "CARGO_INCREMENTAL=0" "-e" "RUST_BACKTRACE=full" "-e" "RUSTFLAGS=--cap-lints=warn" "-e" "RUSTDOCFLAGS=--cap-lints=warn" "-w" "/opt/rustwide/workdir" "--user" "0:0" "071d88a1a94635d93aa9a54ee5d25c3fb927fedbd2106525ebcc23f2175431ff" "/opt/rustwide/cargo-home/bin/cargo" "+1.99.0-beta.8" "test" "--frozen" "--no-run" "--message-format=json" "--release", kill_on_drop: false }`
[INFO] [stderr] warning: Cargo.toml: unused manifest key `lints.cargo` (may be supported in a future version)
[INFO] [stderr] 
[INFO] [stderr] this Cargo does not support nightly features, but if you
[INFO] [stderr] switch to nightly channel you can pass
[INFO] [stderr] `-Zcargo-lints` to enable this feature.
[INFO] [stderr] warning: `t2t-clock` (manifest) generated 1 warning
[INFO] [stderr]    Compiling syn v2.0.119
[INFO] [stderr]    Compiling bitflags v2.13.2
[INFO] [stderr]    Compiling rustix v1.1.5
[INFO] [stderr]    Compiling linux-raw-sys v0.12.1
[INFO] [stderr]    Compiling memchr v2.8.3
[INFO] [stderr]    Compiling regex-syntax v0.8.11
[INFO] [stderr]    Compiling rstest_macros v0.27.0
[INFO] [stderr]    Compiling serde v1.0.229
[INFO] [stderr]    Compiling clap_lex v1.1.1
[INFO] [stderr]    Compiling target-tuple v1.0.2
[INFO] [stderr]    Compiling winnow v1.0.4
[INFO] [stderr]    Compiling zmij v1.0.23
[INFO] [stderr]    Compiling aho-corasick v1.1.5
[INFO] [stderr]    Compiling toml_datetime v1.1.1+spec-1.1.0
[INFO] [stderr]    Compiling serde_spanned v1.1.1
[INFO] [stderr]    Compiling toml_parser v1.1.3+spec-1.1.0
[INFO] [stderr]    Compiling syn v3.0.6
[INFO] [stderr]    Compiling toml_writer v1.1.2+spec-1.1.0
[INFO] [stderr]    Compiling relative-path v1.9.3
[INFO] [stderr]    Compiling glob v0.3.4
[INFO] [stderr]    Compiling terminal_size v0.4.4
[INFO] [stderr]    Compiling clap_builder v4.6.7
[INFO] [stderr]    Compiling cfg-if v1.0.5
[INFO] [stderr]    Compiling serde_json v1.0.151
[INFO] [stderr]    Compiling regex-automata v0.4.18
[INFO] [stderr]    Compiling toml v1.1.6+spec-1.1.0
[INFO] [stderr]    Compiling raw-cpuid v11.6.0
[INFO] [stderr]    Compiling condtype v1.3.0
[INFO] [stderr]    Compiling regex-lite v0.1.9
[INFO] [stderr]    Compiling serde_derive v1.0.229
[INFO] [stderr]    Compiling regex v1.13.1
[INFO] [stderr]    Compiling clap v4.6.7
[INFO] [stderr]    Compiling termcolor v1.4.1
[INFO] [stderr]    Compiling derive_more-impl v2.1.1
[INFO] [stderr]    Compiling divan-macros v0.1.21
[INFO] [stderr]    Compiling divan v0.1.21
[INFO] [stderr]    Compiling trybuild v1.0.121
[INFO] [stderr]    Compiling derive_more v2.1.1
[INFO] [stderr]    Compiling t2t-core v0.1.1
[INFO] [stderr]    Compiling t2t-clock v0.1.1 (/opt/rustwide/workdir)
[INFO] [stderr]    Compiling rstest v0.27.0
[INFO] [stderr]     Finished `release` profile [optimized] target(s) in 1m 16s
[INFO] running `Command { std: "docker" "inspect" "071d88a1a94635d93aa9a54ee5d25c3fb927fedbd2106525ebcc23f2175431ff", kill_on_drop: false }`
[INFO] running `Command { std: "docker" "exec" "-e" "SOURCE_DIR=/opt/rustwide/workdir" "-e" "CARGO_HOME=/opt/rustwide/cargo-home" "-e" "RUSTUP_HOME=/opt/rustwide/rustup-home" "-e" "CARGO_TARGET_DIR=/opt/rustwide/target" "-e" "CARGO_INCREMENTAL=0" "-e" "RUST_BACKTRACE=full" "-e" "RUSTFLAGS=--cap-lints=warn" "-e" "RUSTDOCFLAGS=--cap-lints=warn" "-w" "/opt/rustwide/workdir" "--user" "0:0" "071d88a1a94635d93aa9a54ee5d25c3fb927fedbd2106525ebcc23f2175431ff" "/opt/rustwide/cargo-home/bin/cargo" "+1.99.0-beta.8" "test" "--frozen" "--release", kill_on_drop: false }`
[INFO] [stderr] warning: Cargo.toml: unused manifest key `lints.cargo` (may be supported in a future version)
[INFO] [stderr] 
[INFO] [stderr] this Cargo does not support nightly features, but if you
[INFO] [stderr] switch to nightly channel you can pass
[INFO] [stderr] `-Zcargo-lints` to enable this feature.
[INFO] [stderr] warning: `t2t-clock` (manifest) generated 1 warning
[INFO] [stderr]     Finished `release` profile [optimized] target(s) in 0.14s
[INFO] [stderr]      Running unittests src/lib.rs (/opt/rustwide/target/release/deps/t2t_clock-4d364e11620e38e8)
[INFO] [stdout] 
[INFO] [stdout] running 14 tests
[INFO] [stdout] test counter::tests::a_rate_a_counter_runs_at_is_taken ... ok
[INFO] [stdout] test counter::tests::the_counter_never_runs_backwards ... ok
[INFO] [stdout] test counter::tests::a_rate_outside_the_plausible_range_is_refused ... ok
[INFO] [stdout] test counter::tests::the_discovered_counter_runs_at_a_plausible_rate ... ok
[INFO] [stdout] test counter::tsc::tests::a_counter_whose_cpu_reports_no_rate_is_measured_or_refused ... ok
[INFO] [stdout] test counter::tsc::tests::an_invariant_counter_runs_at_the_rate_its_leaf_reports ... ok
[INFO] [stdout] test counter::tsc::tests::a_counter_that_is_not_invariant_is_refused ... ok
[INFO] [stdout] test errors::tests::each_refusal_says_why::case_1_not_invariant ... ok
[INFO] [stdout] test manual::tests::a_clock_is_read_through_a_reference_and_debugged_as_its_reading ... ok
[INFO] [stdout] test errors::tests::each_refusal_says_why::case_2_no_rate ... ok
[INFO] [stdout] test errors::tests::each_refusal_says_why::case_3_implausible_rate ... ok
[INFO] [stdout] test manual::tests::a_manual_clock_moves_both_ways_and_saturates ... ok
[INFO] [stdout] test counter::tsc::tests::a_virtual_counter_runs_at_the_rate_its_hypervisor_reports ... ok
[INFO] [stderr]      Running tests/trybuild.rs (/opt/rustwide/target/release/deps/trybuild-c79f451e9b8f48ba)
[INFO] [stdout] test manual::tests::an_atomic_manual_clock_sums_every_threads_moves ... ok
[INFO] [stdout] 
[INFO] [stdout] test result: ok. 14 passed; 0 failed; 0 ignored; 0 measured; 0 filtered out; finished in 0.01s
[INFO] [stdout] 
[INFO] [stdout] 
[INFO] [stdout] running 1 test
[INFO] [stderr] warning: /opt/rustwide/workdir/Cargo.toml: unused manifest key `lints.cargo` (may be supported in a future version)
[INFO] [stderr] 
[INFO] [stderr] this Cargo does not support nightly features, but if you
[INFO] [stderr] switch to nightly channel you can pass
[INFO] [stderr] `-Zcargo-lints` to enable this feature.
[INFO] [stderr] warning: `t2t-clock` (manifest) generated 1 warning
[INFO] [stderr]    Compiling proc-macro2 v1.0.107
[INFO] [stderr]    Compiling unicode-ident v1.0.26
[INFO] [stderr]    Compiling quote v1.0.47
[INFO] [stderr]     Checking bitflags v2.13.2
[INFO] [stderr]    Compiling rustix v1.1.5
[INFO] [stderr]    Compiling memchr v2.8.3
[INFO] [stderr]     Checking linux-raw-sys v0.12.1
[INFO] [stderr]    Compiling unicode-segmentation v1.13.3
[INFO] [stderr]    Compiling semver v1.0.28
[INFO] [stderr]    Compiling regex-syntax v0.8.11
[INFO] [stderr]    Compiling unicode-xid v0.2.6
[INFO] [stderr]     Checking clap_lex v1.1.1
[INFO] [stderr]    Compiling cfg_aliases v0.2.2
[INFO] [stderr]    Compiling convert_case v0.10.0
[INFO] [stderr]    Compiling rustc_version v0.4.1
[INFO] [stderr]    Compiling libc v0.2.189
[INFO] [stderr]     Checking anstyle v1.0.14
[INFO] [stderr]    Compiling t2t-clock v0.1.1 (/opt/rustwide/workdir)
[INFO] [stderr]    Compiling aho-corasick v1.1.5
[INFO] [stderr]    Compiling cfg-if v1.0.5
[INFO] [stderr]    Compiling rstest_macros v0.27.0
[INFO] [stderr]    Compiling relative-path v1.9.3
[INFO] [stderr]     Checking arrayvec v0.7.8
[INFO] [stderr]     Checking itoa v1.0.18
[INFO] [stderr]     Checking powerfmt v0.2.0
[INFO] [stderr]    Compiling glob v0.3.4
[INFO] [stderr]    Compiling syn v2.0.119
[INFO] [stderr]     Checking terminal_size v0.4.4
[INFO] [stderr]     Checking clap_builder v4.6.7
[INFO] [stderr]     Checking raw-cpuid v11.6.0
[INFO] [stderr]     Checking regex-lite v0.1.9
[INFO] [stderr]     Checking condtype v1.3.0
[INFO] [stderr]    Compiling regex-automata v0.4.18
[INFO] [stderr]     Checking clap v4.6.7
[INFO] [stderr]    Compiling regex v1.13.1
[INFO] [stderr]    Compiling derive_more-impl v2.1.1
[INFO] [stderr]    Compiling divan-macros v0.1.21
[INFO] [stderr]     Checking divan v0.1.21
[INFO] [stderr]     Checking derive_more v2.1.1
[INFO] [stderr]     Checking t2t-core v0.1.1
[INFO] [stderr]     Checking rstest v0.27.0
[INFO] [stderr]     Checking t2t-clock-tests v0.0.0 (/opt/rustwide/target/tests/trybuild/t2t-clock)
[INFO] [stderr]     Finished `dev` profile [unoptimized + debuginfo] target(s) in 35.20s
[INFO] [stderr] 
[INFO] [stderr] 
[INFO] [stderr] test tests/compile_fail/a_manual_clock_is_not_shared_across_threads.rs ... mismatch
[INFO] [stderr] 
[INFO] [stderr] EXPECTED:
[INFO] [stderr] ┈┈┈┈┈┈┈┈┈┈┈┈┈┈┈┈┈┈┈┈┈┈┈┈┈┈┈┈┈┈┈┈┈┈┈┈┈┈┈┈┈┈┈┈┈┈┈┈┈┈┈┈┈┈┈┈┈┈┈┈
[INFO] [stderr] error[E0277]: `Cell<Timestamp>` cannot be shared between threads safely
[INFO] [stderr]   --> tests/compile_fail/a_manual_clock_is_not_shared_across_threads.rs:11:21
[INFO] [stderr]    |
[INFO] [stderr] 11 |         scope.spawn(|| clock.now());
[INFO] [stderr]    |               ----- ^^^^^^^^^^^^^^ `Cell<Timestamp>` cannot be shared between threads safely
[INFO] [stderr]    |               |
[INFO] [stderr]    |               required by a bound introduced by this call
[INFO] [stderr]    |
[INFO] [stderr]    = help: within `ManualClock`, the trait `Sync` is not implemented for `Cell<Timestamp>`
[INFO] [stderr]    = note: if you want to do aliasing and mutation between multiple threads, use `std::sync::RwLock`
[INFO] [stderr] note: required because it appears within the type `ManualClock`
[INFO] [stderr]   --> src/manual.rs
[INFO] [stderr]    |
[INFO] [stderr]    | pub struct ManualClock<P = Timestamp> {
[INFO] [stderr]    |            ^^^^^^^^^^^
[INFO] [stderr]    = note: required for `&ManualClock` to implement `Send`
[INFO] [stderr] note: required because `clock` is used within this closure
[INFO] [stderr]   --> tests/compile_fail/a_manual_clock_is_not_shared_across_threads.rs:11:24
[INFO] [stderr]    |
[INFO] [stderr] 11 |         scope.spawn(|| clock.now());
[INFO] [stderr]    |                        ^^^^^
[INFO] [stderr] note: required by a bound in `Scope::<'scope, 'env>::spawn`
[INFO] [stderr]   --> $RUST/std/src/thread/scoped.rs
[INFO] [stderr]    |
[INFO] [stderr]    | impl<'scope, 'env> Scope<'scope, 'env> {
[INFO] [stderr] ...
[INFO] [stderr]    |     pub fn spawn<F, T>(&'scope self, f: F) -> ScopedJoinHandle<'scope, T>
[INFO] [stderr]    |     where
[INFO] [stderr]    |         F: FnOnce() -> T + Send + 'scope,
[INFO] [stderr]    |                            ^^^^ required by this bound in `Scope::<'scope, 'env>::spawn`
[INFO] [stderr] ┈┈┈┈┈┈┈┈┈┈┈┈┈┈┈┈┈┈┈┈┈┈┈┈┈┈┈┈┈┈┈┈┈┈┈┈┈┈┈┈┈┈┈┈┈┈┈┈┈┈┈┈┈┈┈┈┈┈┈┈
[INFO] [stderr] 
[INFO] [stderr] ACTUAL OUTPUT:
[INFO] [stderr] ┈┈┈┈┈┈┈┈┈┈┈┈┈┈┈┈┈┈┈┈┈┈┈┈┈┈┈┈┈┈┈┈┈┈┈┈┈┈┈┈┈┈┈┈┈┈┈┈┈┈┈┈┈┈┈┈┈┈┈┈
[INFO] [stderr] error[E0277]: `Cell<Timestamp>` cannot be shared between threads safely
[INFO] [stderr]   --> tests/compile_fail/a_manual_clock_is_not_shared_across_threads.rs:11:21
[INFO] [stderr]    |
[INFO] [stderr] 11 |         scope.spawn(|| clock.now());
[INFO] [stderr]    |               ----- ^^^^^^^^^^^^^^ `Cell<Timestamp>` cannot be shared between threads safely
[INFO] [stderr]    |               |
[INFO] [stderr]    |               required by a bound introduced by this call
[INFO] [stderr]    |
[INFO] [stderr]    = help: within `ManualClock`, the trait `Sync` is not implemented for `Cell<Timestamp>`
[INFO] [stderr]    = note: if you want to do aliasing and mutation between multiple threads, use `std::sync::RwLock`
[INFO] [stderr] note: required because it appears within the type `ManualClock`
[INFO] [stderr]   --> src/manual.rs
[INFO] [stderr]    |
[INFO] [stderr]    | pub struct ManualClock<P = Timestamp> {
[INFO] [stderr]    |            ^^^^^^^^^^^
[INFO] [stderr]    = note: required for `&ManualClock` to implement `Send`
[INFO] [stderr] note: required because it's used within this closure
[INFO] [stderr]   --> tests/compile_fail/a_manual_clock_is_not_shared_across_threads.rs:11:21
[INFO] [stderr]    |
[INFO] [stderr] 11 |         scope.spawn(|| clock.now());
[INFO] [stderr]    |                     ^^
[INFO] [stderr] note: required by a bound in `Scope::<'scope, 'env>::spawn`
[INFO] [stderr]   --> $RUST/std/src/thread/scoped.rs
[INFO] [stderr] ┈┈┈┈┈┈┈┈┈┈┈┈┈┈┈┈┈┈┈┈┈┈┈┈┈┈┈┈┈┈┈┈┈┈┈┈┈┈┈┈┈┈┈┈┈┈┈┈┈┈┈┈┈┈┈┈┈┈┈┈
[INFO] [stderr] note: If the actual output is the correct output you can bless it by rerunning
[INFO] [stderr]       your test with the environment variable TRYBUILD=overwrite
[INFO] [stderr] 
[INFO] [stderr] 
[INFO] [stderr] 
[INFO] [stdout] test tests::each_misuse_fails_to_compile ... FAILED
[INFO] [stderr] error: test failed, to rerun pass `--test trybuild`
[INFO] [stdout] 
[INFO] [stdout] failures:
[INFO] [stdout] 
[INFO] [stdout] ---- tests::each_misuse_fails_to_compile stdout ----
[INFO] [stdout] 
[INFO] [stdout] thread 'tests::each_misuse_fails_to_compile' (1152) panicked at /opt/rustwide/cargo-home/registry/src/index.crates.io-1949cf8c6b5b557f/trybuild-1.0.121/src/run.rs:103:13:
[INFO] [stdout] 1 of 1 tests failed
[INFO] [stdout] stack backtrace:
[INFO] [stdout]    0:     0x5f65689b9e41 - <<std[70759c8f55707aa4]::sys::backtrace::BacktraceLock>::print::DisplayBacktrace as core[df12db4294e9bfd3]::fmt::Display>::fmt
[INFO] [stdout]    1:     0x5f65689d04ca - core[df12db4294e9bfd3]::fmt::write
[INFO] [stdout]    2:     0x5f65689be90c - <alloc[2182bb758b4b3781]::vec::Vec<u8> as core[df12db4294e9bfd3]::io::write::Write>::write_fmt
[INFO] [stdout]    3:     0x5f6568993326 - std[70759c8f55707aa4]::panicking::default_hook::{closure#0}
[INFO] [stdout]    4:     0x5f65689b14b9 - std[70759c8f55707aa4]::panicking::default_hook
[INFO] [stdout]    5:     0x5f65688a5930 - test[9d35eded1c95d3be]::test_main_inner::<test[9d35eded1c95d3be]::test_main_static::{closure#0}>::{closure#0}
[INFO] [stdout]    6:     0x5f65689b1672 - std[70759c8f55707aa4]::panicking::panic_with_hook
[INFO] [stdout]    7:     0x5f65689933d2 - std[70759c8f55707aa4]::panicking::panic_handler::{closure#0}
[INFO] [stdout]    8:     0x5f656898bc99 - std[70759c8f55707aa4]::sys::backtrace::__rust_end_short_backtrace::<std[70759c8f55707aa4]::panicking::panic_handler::{closure#0}, !>
[INFO] [stdout]    9:     0x5f6568993fcd - __rustc[8fa7c3cbc660c2b3]::rust_begin_unwind
[INFO] [stdout]   10:     0x5f65689d0c3c - core[df12db4294e9bfd3]::panicking::panic_fmt
[INFO] [stdout]   11:     0x5f65688dfe28 - <trybuild[46d72c825ab966e0]::Runner>::run
[INFO] [stdout]   12:     0x5f65688e3210 - <trybuild[46d72c825ab966e0]::TestCases as core[df12db4294e9bfd3]::ops::drop::Drop>::drop
[INFO] [stdout]   13:     0x5f6568898ad8 - trybuild[a021789531514d29]::tests::each_misuse_fails_to_compile
[INFO] [stdout]   14:     0x5f6568898ba9 - <trybuild[a021789531514d29]::tests::each_misuse_fails_to_compile::{closure#0} as core[df12db4294e9bfd3]::ops::function::FnOnce<()>>::call_once
[INFO] [stdout]   15:     0x5f6568898c1b - test[9d35eded1c95d3be]::__rust_begin_short_backtrace::<core[df12db4294e9bfd3]::result::Result<(), alloc[2182bb758b4b3781]::string::String>, fn() -> core[df12db4294e9bfd3]::result::Result<(), alloc[2182bb758b4b3781]::string::String>>
[INFO] [stdout]   16:     0x5f65688a6285 - test[9d35eded1c95d3be]::run_test::{closure#0}
[INFO] [stdout]   17:     0x5f656889fb44 - std[70759c8f55707aa4]::sys::backtrace::__rust_begin_short_backtrace::<test[9d35eded1c95d3be]::run_test::{closure#1}, ()>
[INFO] [stdout]   18:     0x5f65688a93e2 - <std[70759c8f55707aa4]::thread::lifecycle::spawn_unchecked<test[9d35eded1c95d3be]::run_test::{closure#1}, ()>::{closure#1} as core[df12db4294e9bfd3]::ops::function::FnOnce<()>>::call_once::{shim:vtable#0}
[INFO] [stdout]   19:     0x5f65689b90f9 - <std[70759c8f55707aa4]::sys::thread::unix::Thread>::new::thread_start
[INFO] [stdout]   20:     0x7d0c9ebd2dfa - <unknown>
[INFO] [stdout]   21:     0x7d0c9ec663d4 - clone
[INFO] [stdout]   22:                0x0 - <unknown>
[INFO] [stdout] 
[INFO] [stdout] 
[INFO] [stdout] failures:
[INFO] [stdout]     tests::each_misuse_fails_to_compile
[INFO] [stdout] 
[INFO] [stdout] test result: FAILED. 0 passed; 1 failed; 0 ignored; 0 measured; 0 filtered out; finished in 41.99s
[INFO] [stdout] 
[INFO] running `Command { std: "docker" "inspect" "071d88a1a94635d93aa9a54ee5d25c3fb927fedbd2106525ebcc23f2175431ff", kill_on_drop: false }`
[INFO] running `Command { std: "docker" "rm" "-f" "071d88a1a94635d93aa9a54ee5d25c3fb927fedbd2106525ebcc23f2175431ff", kill_on_drop: false }`
[INFO] [stdout] 071d88a1a94635d93aa9a54ee5d25c3fb927fedbd2106525ebcc23f2175431ff
