[INFO] fetching crate t2_bus 0.2.0...
[INFO] testing t2_bus-0.2.0 against 1.100.0-beta.1+cargoflags=--release for beta-release-1.100-2
[INFO] extracting crate t2_bus 0.2.0 into /workspace/builds/worker-7-tc2/source
[INFO] started tweaking crates.io crate t2_bus 0.2.0
[INFO] removed 0 missing examples
[INFO] finished tweaking crates.io crate t2_bus 0.2.0
[INFO] tweaked toml for crates.io crate t2_bus 0.2.0 written to /workspace/builds/worker-7-tc2/source/Cargo.toml
[INFO] validating manifest of crates.io crate t2_bus 0.2.0 on toolchain 1.100.0-beta.1
[INFO] running `Command { std: CARGO_HOME="/workspace/cargo-home" RUSTUP_HOME="/workspace/rustup-home" "/workspace/cargo-home/bin/cargo" "+1.100.0-beta.1" "metadata" "--manifest-path" "Cargo.toml" "--no-deps", kill_on_drop: false }`
[INFO] crate crates.io crate t2_bus 0.2.0 already has a lockfile, it will not be regenerated
[INFO] running `Command { std: CARGO_HOME="/workspace/cargo-home" RUSTUP_HOME="/workspace/rustup-home" "/workspace/cargo-home/bin/cargo" "+1.100.0-beta.1" "fetch" "--manifest-path" "Cargo.toml", kill_on_drop: false }`
[INFO] running `Command { std: "docker" "create" "-v" "/var/lib/crater-agent-workspace/builds/worker-7-tc2/source:/opt/rustwide/workdir:ro,Z" "-v" "/var/lib/crater-agent-workspace/builds/worker-7-tc2/target:/opt/rustwide/target:rw,Z" "-v" "/var/lib/crater-agent-workspace/cargo-home:/opt/rustwide/cargo-home:ro,Z" "-v" "/var/lib/crater-agent-workspace/rustup-home:/opt/rustwide/rustup-home:ro,Z" "-m" "1610612736" "--network" "none" "ghcr.io/rust-lang/crates-build-env/linux@sha256:77db811e55d90add9212f6832c23229e3de5f1c1f9905e8cb07319ea15df73ac" "sleep" "infinity", kill_on_drop: false }`
[INFO] [stdout] e9f0225bf894282277f44ab80eebda7944f769ad43898a9d072ffd5c8ab7ae94
[INFO] running `Command { std: "docker" "start" "e9f0225bf894282277f44ab80eebda7944f769ad43898a9d072ffd5c8ab7ae94", kill_on_drop: false }`
[INFO] running `Command { std: "docker" "inspect" "e9f0225bf894282277f44ab80eebda7944f769ad43898a9d072ffd5c8ab7ae94", kill_on_drop: false }`
[INFO] running `Command { std: "docker" "exec" "-e" "SOURCE_DIR=/opt/rustwide/workdir" "-e" "CARGO_HOME=/opt/rustwide/cargo-home" "-e" "RUSTUP_HOME=/opt/rustwide/rustup-home" "-e" "CARGO_TARGET_DIR=/opt/rustwide/target" "-w" "/opt/rustwide/workdir" "--user" "0:0" "e9f0225bf894282277f44ab80eebda7944f769ad43898a9d072ffd5c8ab7ae94" "/opt/rustwide/cargo-home/bin/cargo" "+1.100.0-beta.1" "metadata" "--no-deps" "--format-version=1", kill_on_drop: false }`
[INFO] running `Command { std: "docker" "inspect" "e9f0225bf894282277f44ab80eebda7944f769ad43898a9d072ffd5c8ab7ae94", kill_on_drop: false }`
[INFO] running `Command { std: "docker" "exec" "-e" "SOURCE_DIR=/opt/rustwide/workdir" "-e" "CARGO_HOME=/opt/rustwide/cargo-home" "-e" "RUSTUP_HOME=/opt/rustwide/rustup-home" "-e" "CARGO_TARGET_DIR=/opt/rustwide/target" "-e" "CARGO_INCREMENTAL=0" "-e" "RUST_BACKTRACE=full" "-e" "RUSTFLAGS=--cap-lints=warn" "-e" "RUSTDOCFLAGS=--cap-lints=warn" "-w" "/opt/rustwide/workdir" "--user" "0:0" "e9f0225bf894282277f44ab80eebda7944f769ad43898a9d072ffd5c8ab7ae94" "/opt/rustwide/cargo-home/bin/cargo" "+1.100.0-beta.1" "build" "--frozen" "--message-format=json" "--release", kill_on_drop: false }`
[INFO] [stderr]    Compiling serde v1.0.219
[INFO] [stderr]    Compiling futures-channel v0.3.31
[INFO] [stderr]    Compiling half v2.4.1
[INFO] [stderr]    Compiling anstream v0.6.14
[INFO] [stderr]    Compiling syn v2.0.87
[INFO] [stderr]    Compiling parking_lot_core v0.9.10
[INFO] [stderr]    Compiling signal-hook-registry v1.4.2
[INFO] [stderr]    Compiling mio v1.0.2
[INFO] [stderr]    Compiling socket2 v0.5.7
[INFO] [stderr]    Compiling regex-automata v0.4.9
[INFO] [stderr]    Compiling flate2 v1.1.2
[INFO] [stderr]    Compiling parking_lot v0.12.3
[INFO] [stderr]    Compiling clap_builder v4.5.40
[INFO] [stderr]    Compiling ciborium-ll v0.2.2
[INFO] [stderr]    Compiling futures-macro v0.3.31
[INFO] [stderr]    Compiling serde_derive v1.0.219
[INFO] [stderr]    Compiling tokio-macros v2.5.0
[INFO] [stderr]    Compiling thiserror-impl v2.0.12
[INFO] [stderr]    Compiling clap_derive v4.5.40
[INFO] [stderr]    Compiling regex v1.11.1
[INFO] [stderr]    Compiling tokio v1.46.0
[INFO] [stderr]    Compiling futures-util v0.3.31
[INFO] [stderr]    Compiling thiserror v2.0.12
[INFO] [stderr]    Compiling clap v4.5.40
[INFO] [stderr]    Compiling futures-executor v0.3.31
[INFO] [stderr]    Compiling futures v0.3.31
[INFO] [stderr]    Compiling serde_json v1.0.140
[INFO] [stderr]    Compiling ciborium v0.2.2
[INFO] [stderr]    Compiling tokio-util v0.7.15
[INFO] [stderr]    Compiling t2_bus v0.2.0 (/opt/rustwide/workdir)
[INFO] [stdout] warning: unused import: `command`
[INFO] [stdout]  --> src/bin/t2.rs:3:12
[INFO] [stdout]   |
[INFO] [stdout] 3 | use clap::{command, Parser, Subcommand};
[INFO] [stdout]   |            ^^^^^^^
[INFO] [stdout]   |
[INFO] [stdout]   = note: `#[warn(unused_imports)]` (part of `#[warn(unused)]`) on by default
[INFO] [stdout] 
[INFO] [stdout] 
[INFO] [stderr] warning: unused dependency `byteorder`
[INFO] [stderr]  --> Cargo.toml:5:15
[INFO] [stderr]   |
[INFO] [stderr] 5 | [dependencies.byteorder]
[INFO] [stderr]   |               ^^^^^^^^^^
[INFO] [stderr]   |
[INFO] [stderr]   = note: `cargo::unused_dependencies` is set to `warn` by default
[INFO] [stderr] help: consider removing the dependency on `byteorder`
[INFO] [stderr] warning: `t2_bus` (manifest) generated 1 warning
[INFO] [stderr]     Finished `release` profile [optimized] target(s) in 49.62s
[INFO] running `Command { std: "docker" "inspect" "e9f0225bf894282277f44ab80eebda7944f769ad43898a9d072ffd5c8ab7ae94", kill_on_drop: false }`
[INFO] running `Command { std: "docker" "exec" "-e" "SOURCE_DIR=/opt/rustwide/workdir" "-e" "CARGO_HOME=/opt/rustwide/cargo-home" "-e" "RUSTUP_HOME=/opt/rustwide/rustup-home" "-e" "CARGO_TARGET_DIR=/opt/rustwide/target" "-e" "CARGO_INCREMENTAL=0" "-e" "RUST_BACKTRACE=full" "-e" "RUSTFLAGS=--cap-lints=warn" "-e" "RUSTDOCFLAGS=--cap-lints=warn" "-w" "/opt/rustwide/workdir" "--user" "0:0" "e9f0225bf894282277f44ab80eebda7944f769ad43898a9d072ffd5c8ab7ae94" "/opt/rustwide/cargo-home/bin/cargo" "+1.100.0-beta.1" "test" "--frozen" "--no-run" "--message-format=json" "--release", kill_on_drop: false }`
[INFO] [stderr]    Compiling getrandom v0.3.3
[INFO] [stderr]    Compiling uuid v1.17.0
[INFO] [stderr]    Compiling t2_bus v0.2.0 (/opt/rustwide/workdir)
[INFO] [stdout] warning: unused import: `command`
[INFO] [stdout]  --> src/bin/t2.rs:3:12
[INFO] [stdout]   |
[INFO] [stdout] 3 | use clap::{command, Parser, Subcommand};
[INFO] [stdout]   |            ^^^^^^^
[INFO] [stdout]   |
[INFO] [stdout]   = note: `#[warn(unused_imports)]` (part of `#[warn(unused)]`) on by default
[INFO] [stdout] 
[INFO] [stdout] 
[INFO] [stderr] warning: unused dependency `byteorder`
[INFO] [stderr]  --> Cargo.toml:5:15
[INFO] [stderr]   |
[INFO] [stderr] 5 | [dependencies.byteorder]
[INFO] [stderr]   |               ^^^^^^^^^^
[INFO] [stderr]   |
[INFO] [stderr]   = note: `cargo::unused_dependencies` is set to `warn` by default
[INFO] [stderr] help: consider removing the dependency on `byteorder`
[INFO] [stderr] warning: `t2_bus` (manifest) generated 1 warning
[INFO] [stderr]     Finished `release` profile [optimized] target(s) in 17.86s
[INFO] running `Command { std: "docker" "inspect" "e9f0225bf894282277f44ab80eebda7944f769ad43898a9d072ffd5c8ab7ae94", kill_on_drop: false }`
[INFO] running `Command { std: "docker" "exec" "-e" "SOURCE_DIR=/opt/rustwide/workdir" "-e" "CARGO_HOME=/opt/rustwide/cargo-home" "-e" "RUSTUP_HOME=/opt/rustwide/rustup-home" "-e" "CARGO_TARGET_DIR=/opt/rustwide/target" "-e" "CARGO_INCREMENTAL=0" "-e" "RUST_BACKTRACE=full" "-e" "RUSTFLAGS=--cap-lints=warn" "-e" "RUSTDOCFLAGS=--cap-lints=warn" "-w" "/opt/rustwide/workdir" "--user" "0:0" "e9f0225bf894282277f44ab80eebda7944f769ad43898a9d072ffd5c8ab7ae94" "/opt/rustwide/cargo-home/bin/cargo" "+1.100.0-beta.1" "test" "--frozen" "--release", kill_on_drop: false }`
[INFO] [stderr] warning: unused import: `command`
[INFO] [stderr]  --> src/bin/t2.rs:3:12
[INFO] [stderr]   |
[INFO] [stderr] 3 | use clap::{command, Parser, Subcommand};
[INFO] [stderr]   |            ^^^^^^^
[INFO] [stderr]   |
[INFO] [stderr]   = note: `#[warn(unused_imports)]` (part of `#[warn(unused)]`) on by default
[INFO] [stderr] 
[INFO] [stderr] warning: `t2_bus` (bin "t2" test) generated 1 warning (run `cargo fix --bin "t2" -p t2_bus --tests` to apply 1 suggestion)
[INFO] [stderr] warning: unused dependency `byteorder`
[INFO] [stderr]  --> Cargo.toml:5:15
[INFO] [stderr]   |
[INFO] [stderr] 5 | [dependencies.byteorder]
[INFO] [stderr]   |               ^^^^^^^^^^
[INFO] [stderr]   |
[INFO] [stderr]   = note: `cargo::unused_dependencies` is set to `warn` by default
[INFO] [stderr] help: consider removing the dependency on `byteorder`
[INFO] [stderr] warning: `t2_bus` (manifest) generated 1 warning
[INFO] [stderr]     Finished `release` profile [optimized] target(s) in 0.11s
[INFO] [stderr]      Running unittests src/lib.rs (/opt/rustwide/target/release/build/t2_bus/ee9709dcbaeb4038/out/t2_bus-ee9709dcbaeb4038)
[INFO] [stdout] 
[INFO] [stdout] running 26 tests
[INFO] [stdout] test directory::test_drop_client ... ok
[INFO] [stdout] test directory::test_ownership_unclaim ... ok
[INFO] [stdout] test directory::test_ownership ... ok
[INFO] [stdout] test directory::test_drop_client_claim ... ok
[INFO] [stdout] test test::test_dropping_server_stopper_stops_server ... ok
[INFO] [stdout] test test::test_compression ... ok
[INFO] [stdout] test test::malformed_message_does_not_crash_server ... ok
[INFO] [stdout] test directory::test_ownership_no_duplicate ... ok
[INFO] [stdout] test directory::test_ownership_no_wildcard ... ok
[INFO] [stdout] test test::test_subscription_stream ... ok
[INFO] [stdout] test test::test_unserve ... ok
[INFO] [stdout] test test::test_multi_transport ... ok
[INFO] [stdout] test topic::test_rgx_topic ... ok
[INFO] [stdout] test directory::test_topic_matching ... ok
[INFO] [stdout] test test::test_request_subscription_stream ... ok
[INFO] [stdout] test test::test_request_response ... ok
[INFO] [stdout] test test::test_unsubscribe_2 ... ok
[INFO] [stdout] test test::test_subscribe_publish_empty_topic ... ok
[INFO] [stdout] test test::test_unsubscribe ... ok
[INFO] [stdout] test test::test_subscribe_publish_local ... ok
[INFO] [stdout] test test::test_subscribe_publish ... ok
[INFO] [stdout] test test::stress_test_pub_sub ... FAILED
[INFO] [stdout] test test::test_tcp ... FAILED
[INFO] [stdout] test test::stress_test_pub_sub_memory ... ok
[INFO] [stdout] test test::test_respond_with_bad_request_id ... ok
[INFO] [stdout] test test::test_client_timeout has been running for over 60 seconds
[INFO] [stderr] error: test failed, to rerun pass `--lib`
[INFO] [stdout] test test::test_client_timeout ... ok
[INFO] [stdout] 
[INFO] [stdout] failures:
[INFO] [stdout] 
[INFO] [stdout] ---- test::stress_test_pub_sub stdout ----
[INFO] [stdout] 
[INFO] [stdout] thread 'test::stress_test_pub_sub' (998) panicked at src/test.rs:296:79:
[INFO] [stdout] called `Result::unwrap()` on an `Err` value: IOError("Read-only file system (os error 30)")
[INFO] [stdout] stack backtrace:
[INFO] [stdout]    0:     0x559f85cf1ea1 - <<std[617be2ca0a6fd877]::sys::backtrace::BacktraceLock>::print::DisplayBacktrace as core[a373ad73a504971]::fmt::Display>::fmt
[INFO] [stdout]    1:     0x559f85d08aaa - core[a373ad73a504971]::fmt::write
[INFO] [stdout]    2:     0x559f85cf68ac - <alloc[2e1b2a31b91974c5]::vec::Vec<u8> as core[a373ad73a504971]::io::write::Write>::write_fmt
[INFO] [stdout]    3:     0x559f85ccd4c6 - std[617be2ca0a6fd877]::panicking::default_hook::{closure#0}
[INFO] [stdout]    4:     0x559f85ce9e09 - std[617be2ca0a6fd877]::panicking::default_hook
[INFO] [stdout]    5:     0x559f85b8f290 - test[aada8e7e76ba119b]::test_main_inner::{closure#0}
[INFO] [stdout]    6:     0x559f85cea132 - std[617be2ca0a6fd877]::panicking::panic_with_hook
[INFO] [stdout]    7:     0x559f85ccd572 - std[617be2ca0a6fd877]::panicking::panic_handler::{closure#0}
[INFO] [stdout]    8:     0x559f85cc60f9 - std[617be2ca0a6fd877]::sys::backtrace::__rust_end_short_backtrace::<std[617be2ca0a6fd877]::panicking::panic_handler::{closure#0}, !>
[INFO] [stdout]    9:     0x559f85cce36d - __rustc[ea4f61d10b84890b]::rust_begin_unwind
[INFO] [stdout]   10:     0x559f85d0928c - core[a373ad73a504971]::panicking::panic_fmt
[INFO] [stdout]   11:     0x559f85d09062 - core[a373ad73a504971]::result::unwrap_failed
[INFO] [stdout]   12:     0x559f85b0ee08 - t2_bus[2c6adfcc1a7fba9a]::test::stress_test_pub_sub::{closure#0}
[INFO] [stdout]   13:     0x559f85b2b2e3 - <tokio[8078d69f88a3adfa]::runtime::scheduler::current_thread::Context>::enter::<core[a373ad73a504971]::task::poll::Poll<()>, <tokio[8078d69f88a3adfa]::runtime::scheduler::current_thread::CoreGuard>::block_on<core[a373ad73a504971]::pin::Pin<&mut core[a373ad73a504971]::pin::Pin<&mut dyn core[a373ad73a504971]::future::future::Future<Output = ()>>>>::{closure#0}::{closure#0}>
[INFO] [stdout]   14:     0x559f85b6e07c - <tokio[8078d69f88a3adfa]::runtime::context::scoped::Scoped<tokio[8078d69f88a3adfa]::runtime::scheduler::Context>>::set::<<tokio[8078d69f88a3adfa]::runtime::scheduler::current_thread::CoreGuard>::enter<<tokio[8078d69f88a3adfa]::runtime::scheduler::current_thread::CoreGuard>::block_on<core[a373ad73a504971]::pin::Pin<&mut core[a373ad73a504971]::pin::Pin<&mut dyn core[a373ad73a504971]::future::future::Future<Output = ()>>>>::{closure#0}, core[a373ad73a504971]::option::Option<()>>::{closure#0}, (alloc[2e1b2a31b91974c5]::boxed::Box<tokio[8078d69f88a3adfa]::runtime::scheduler::current_thread::Core>, core[a373ad73a504971]::option::Option<()>)>
[INFO] [stdout]   15:     0x559f85b2c937 - <tokio[8078d69f88a3adfa]::runtime::scheduler::current_thread::CoreGuard>::block_on::<core[a373ad73a504971]::pin::Pin<&mut core[a373ad73a504971]::pin::Pin<&mut dyn core[a373ad73a504971]::future::future::Future<Output = ()>>>>
[INFO] [stdout]   16:     0x559f85b64ca7 - tokio[8078d69f88a3adfa]::runtime::context::runtime::enter_runtime::<<tokio[8078d69f88a3adfa]::runtime::scheduler::current_thread::CurrentThread>::block_on<core[a373ad73a504971]::pin::Pin<&mut dyn core[a373ad73a504971]::future::future::Future<Output = ()>>>::{closure#0}, ()>
[INFO] [stdout]   17:     0x559f85b605fa - <tokio[8078d69f88a3adfa]::runtime::runtime::Runtime>::block_on::<core[a373ad73a504971]::pin::Pin<&mut dyn core[a373ad73a504971]::future::future::Future<Output = ()>>>
[INFO] [stdout]   18:     0x559f85b1b62e - <t2_bus[2c6adfcc1a7fba9a]::test::stress_test_pub_sub::{closure#0} as core[a373ad73a504971]::ops::function::FnOnce<()>>::call_once
[INFO] [stdout]   19:     0x559f85b826db - test[aada8e7e76ba119b]::__rust_begin_short_backtrace::<core[a373ad73a504971]::result::Result<(), alloc[2e1b2a31b91974c5]::string::String>, fn() -> core[a373ad73a504971]::result::Result<(), alloc[2e1b2a31b91974c5]::string::String>>
[INFO] [stdout]   20:     0x559f85b8f8b5 - test[aada8e7e76ba119b]::run_test::{closure#0}
[INFO] [stdout]   21:     0x559f85b891a4 - std[617be2ca0a6fd877]::sys::backtrace::__rust_begin_short_backtrace::<test[aada8e7e76ba119b]::run_test::{closure#1}, ()>
[INFO] [stdout]   22:     0x559f85b92942 - <std[617be2ca0a6fd877]::thread::lifecycle::spawn_unchecked<test[aada8e7e76ba119b]::run_test::{closure#1}, ()>::{closure#1} as core[a373ad73a504971]::ops::function::FnOnce<()>>::call_once::{shim:vtable#0}
[INFO] [stdout]   23:     0x559f85cf137f - <std[617be2ca0a6fd877]::sys::thread::unix::Thread>::new::thread_start
[INFO] [stdout]   24:     0x7d403ddf8dfa - <unknown>
[INFO] [stdout]   25:     0x7d403de8c3d4 - clone
[INFO] [stdout]   26:                0x0 - <unknown>
[INFO] [stdout] 
[INFO] [stdout] ---- test::test_tcp stdout ----
[INFO] [stdout] 
[INFO] [stdout] thread 'test::test_tcp' (1011) panicked at src/test.rs:47:63:
[INFO] [stdout] called `Result::unwrap()` on an `Err` value: IOError("Address family not supported by protocol (os error 97)")
[INFO] [stdout] stack backtrace:
[INFO] [stdout]    0:     0x559f85cf1ea1 - <<std[617be2ca0a6fd877]::sys::backtrace::BacktraceLock>::print::DisplayBacktrace as core[a373ad73a504971]::fmt::Display>::fmt
[INFO] [stdout]    1:     0x559f85d08aaa - core[a373ad73a504971]::fmt::write
[INFO] [stdout]    2:     0x559f85cf68ac - <alloc[2e1b2a31b91974c5]::vec::Vec<u8> as core[a373ad73a504971]::io::write::Write>::write_fmt
[INFO] [stdout]    3:     0x559f85ccd4c6 - std[617be2ca0a6fd877]::panicking::default_hook::{closure#0}
[INFO] [stdout]    4:     0x559f85ce9e09 - std[617be2ca0a6fd877]::panicking::default_hook
[INFO] [stdout]    5:     0x559f85b8f290 - test[aada8e7e76ba119b]::test_main_inner::{closure#0}
[INFO] [stdout]    6:     0x559f85cea132 - std[617be2ca0a6fd877]::panicking::panic_with_hook
[INFO] [stdout]    7:     0x559f85ccd572 - std[617be2ca0a6fd877]::panicking::panic_handler::{closure#0}
[INFO] [stdout]    8:     0x559f85cc60f9 - std[617be2ca0a6fd877]::sys::backtrace::__rust_end_short_backtrace::<std[617be2ca0a6fd877]::panicking::panic_handler::{closure#0}, !>
[INFO] [stdout]    9:     0x559f85cce36d - __rustc[ea4f61d10b84890b]::rust_begin_unwind
[INFO] [stdout]   10:     0x559f85d0928c - core[a373ad73a504971]::panicking::panic_fmt
[INFO] [stdout]   11:     0x559f85d09062 - core[a373ad73a504971]::result::unwrap_failed
[INFO] [stdout]   12:     0x559f85b19766 - t2_bus[2c6adfcc1a7fba9a]::test::test_tcp::{closure#0}
[INFO] [stdout]   13:     0x559f85b2b2e3 - <tokio[8078d69f88a3adfa]::runtime::scheduler::current_thread::Context>::enter::<core[a373ad73a504971]::task::poll::Poll<()>, <tokio[8078d69f88a3adfa]::runtime::scheduler::current_thread::CoreGuard>::block_on<core[a373ad73a504971]::pin::Pin<&mut core[a373ad73a504971]::pin::Pin<&mut dyn core[a373ad73a504971]::future::future::Future<Output = ()>>>>::{closure#0}::{closure#0}>
[INFO] [stdout]   14:     0x559f85b6e07c - <tokio[8078d69f88a3adfa]::runtime::context::scoped::Scoped<tokio[8078d69f88a3adfa]::runtime::scheduler::Context>>::set::<<tokio[8078d69f88a3adfa]::runtime::scheduler::current_thread::CoreGuard>::enter<<tokio[8078d69f88a3adfa]::runtime::scheduler::current_thread::CoreGuard>::block_on<core[a373ad73a504971]::pin::Pin<&mut core[a373ad73a504971]::pin::Pin<&mut dyn core[a373ad73a504971]::future::future::Future<Output = ()>>>>::{closure#0}, core[a373ad73a504971]::option::Option<()>>::{closure#0}, (alloc[2e1b2a31b91974c5]::boxed::Box<tokio[8078d69f88a3adfa]::runtime::scheduler::current_thread::Core>, core[a373ad73a504971]::option::Option<()>)>
[INFO] [stdout]   15:     0x559f85b2c937 - <tokio[8078d69f88a3adfa]::runtime::scheduler::current_thread::CoreGuard>::block_on::<core[a373ad73a504971]::pin::Pin<&mut core[a373ad73a504971]::pin::Pin<&mut dyn core[a373ad73a504971]::future::future::Future<Output = ()>>>>
[INFO] [stdout]   16:     0x559f85b64ca7 - tokio[8078d69f88a3adfa]::runtime::context::runtime::enter_runtime::<<tokio[8078d69f88a3adfa]::runtime::scheduler::current_thread::CurrentThread>::block_on<core[a373ad73a504971]::pin::Pin<&mut dyn core[a373ad73a504971]::future::future::Future<Output = ()>>>::{closure#0}, ()>
[INFO] [stdout]   17:     0x559f85b605fa - <tokio[8078d69f88a3adfa]::runtime::runtime::Runtime>::block_on::<core[a373ad73a504971]::pin::Pin<&mut dyn core[a373ad73a504971]::future::future::Future<Output = ()>>>
[INFO] [stdout]   18:     0x559f85b1c80e - <t2_bus[2c6adfcc1a7fba9a]::test::test_tcp::{closure#0} as core[a373ad73a504971]::ops::function::FnOnce<()>>::call_once
[INFO] [stdout]   19:     0x559f85b826db - test[aada8e7e76ba119b]::__rust_begin_short_backtrace::<core[a373ad73a504971]::result::Result<(), alloc[2e1b2a31b91974c5]::string::String>, fn() -> core[a373ad73a504971]::result::Result<(), alloc[2e1b2a31b91974c5]::string::String>>
[INFO] [stdout]   20:     0x559f85b8f8b5 - test[aada8e7e76ba119b]::run_test::{closure#0}
[INFO] [stdout]   21:     0x559f85b891a4 - std[617be2ca0a6fd877]::sys::backtrace::__rust_begin_short_backtrace::<test[aada8e7e76ba119b]::run_test::{closure#1}, ()>
[INFO] [stdout]   22:     0x559f85b92942 - <std[617be2ca0a6fd877]::thread::lifecycle::spawn_unchecked<test[aada8e7e76ba119b]::run_test::{closure#1}, ()>::{closure#1} as core[a373ad73a504971]::ops::function::FnOnce<()>>::call_once::{shim:vtable#0}
[INFO] [stdout]   23:     0x559f85cf137f - <std[617be2ca0a6fd877]::sys::thread::unix::Thread>::new::thread_start
[INFO] [stdout]   24:     0x7d403ddf8dfa - <unknown>
[INFO] [stdout]   25:     0x7d403de8c3d4 - clone
[INFO] [stdout]   26:                0x0 - <unknown>
[INFO] [stdout] 
[INFO] [stdout] 
[INFO] [stdout] failures:
[INFO] [stdout]     test::stress_test_pub_sub
[INFO] [stdout]     test::test_tcp
[INFO] [stdout] 
[INFO] [stdout] test result: FAILED. 24 passed; 2 failed; 0 ignored; 0 measured; 0 filtered out; finished in 91.01s
[INFO] [stdout] 
[INFO] running `Command { std: "docker" "inspect" "e9f0225bf894282277f44ab80eebda7944f769ad43898a9d072ffd5c8ab7ae94", kill_on_drop: false }`
[INFO] running `Command { std: "docker" "rm" "-f" "e9f0225bf894282277f44ab80eebda7944f769ad43898a9d072ffd5c8ab7ae94", kill_on_drop: false }`
[INFO] [stdout] e9f0225bf894282277f44ab80eebda7944f769ad43898a9d072ffd5c8ab7ae94
