[INFO] fetching crate szyszka 3.0.0...
[INFO] testing szyszka-3.0.0 against 1.99.0-beta.8+cargoflags=--release for beta-release-1.100-2
[INFO] extracting crate szyszka 3.0.0 into /workspace/builds/worker-0-tc1/source
[INFO] started tweaking crates.io crate szyszka 3.0.0
[INFO] finished tweaking crates.io crate szyszka 3.0.0
[INFO] tweaked toml for crates.io crate szyszka 3.0.0 written to /workspace/builds/worker-0-tc1/source/Cargo.toml
[INFO] validating manifest of crates.io crate szyszka 3.0.0 on toolchain 1.99.0-beta.8
[INFO] running `Command { std: CARGO_HOME="/workspace/cargo-home" RUSTUP_HOME="/workspace/rustup-home" "/workspace/cargo-home/bin/cargo" "+1.99.0-beta.8" "metadata" "--manifest-path" "Cargo.toml" "--no-deps", kill_on_drop: false }`
[INFO] crate crates.io crate szyszka 3.0.0 already has a lockfile, it will not be regenerated
[INFO] running `Command { std: CARGO_HOME="/workspace/cargo-home" RUSTUP_HOME="/workspace/rustup-home" "/workspace/cargo-home/bin/cargo" "+1.99.0-beta.8" "fetch" "--manifest-path" "Cargo.toml", kill_on_drop: false }`
[INFO] [stderr]     Updating crates.io index
[INFO] [stderr]  Downloading crates ...
[INFO] [stderr]   Downloaded crossbeam-epoch v0.9.14
[INFO] [stderr]   Downloaded tinystr v0.7.1
[INFO] [stderr]   Downloaded rust-embed-utils v7.5.0
[INFO] [stderr]   Downloaded slugmin v1.0.2
[INFO] [stderr]   Downloaded crossbeam-queue v0.3.8
[INFO] [stderr]   Downloaded i18n-embed v0.13.9
[INFO] [stderr]   Downloaded toml_datetime v0.6.2
[INFO] [stderr]   Downloaded proc-macro2 v1.0.58
[INFO] [stderr]   Downloaded walkdir v2.3.3
[INFO] [stderr]   Downloaded crossbeam-channel v0.5.8
[INFO] [stderr]   Downloaded crossbeam v0.8.2
[INFO] [stderr]   Downloaded rayon v1.7.0
[INFO] [stderr]   Downloaded memoffset v0.8.0
[INFO] [stderr]   Downloaded i18n-embed-impl v0.8.1
[INFO] [stderr]   Downloaded rust-embed-impl v6.5.0
[INFO] [stderr]   Downloaded serde_json v1.0.96
[INFO] [stderr]   Downloaded serde v1.0.163
[INFO] [stderr]   Downloaded rayon-core v1.11.0
[INFO] [stderr]   Downloaded syn v2.0.16
[INFO] [stderr]   Downloaded regex-syntax v0.7.2
[INFO] [stderr]   Downloaded gdk-pixbuf-sys v0.17.0
[INFO] [stderr]   Downloaded gtk4 v0.6.6
[INFO] [stderr]   Downloaded system-deps v6.1.0
[INFO] [stderr]   Downloaded gdk-pixbuf v0.17.0
[INFO] [stderr]   Downloaded gdk4-sys v0.6.3
[INFO] [stderr]   Downloaded i18n-embed-fl v0.6.7
[INFO] [stderr]   Downloaded open v4.1.0
[INFO] [stderr]   Downloaded quote v1.0.27
[INFO] [stderr]   Downloaded serde_spanned v0.6.2
[INFO] [stderr]   Downloaded gio v0.17.9
[INFO] [stderr]   Downloaded bumpalo v3.13.0
[INFO] [stderr]   Downloaded gobject-sys v0.17.4
[INFO] [stderr]   Downloaded graphene-sys v0.17.0
[INFO] [stderr]   Downloaded gtk4-macros v0.6.6
[INFO] [stderr]   Downloaded wasm-bindgen-macro v0.2.86
[INFO] [stderr]   Downloaded iana-time-zone v0.1.56
[INFO] [stderr]   Downloaded deunicode v1.3.3
[INFO] [stderr]   Downloaded libc v0.2.144
[INFO] [stderr]   Downloaded wasm-bindgen v0.2.86
[INFO] [stderr]   Downloaded regex v1.8.2
[INFO] [stderr]   Downloaded rust-embed v6.6.1
[INFO] [stderr]   Downloaded glib v0.17.9
[INFO] [stderr]   Downloaded gtk4-sys v0.6.3
[INFO] [stderr]   Downloaded gsk4-sys v0.6.3
[INFO] [stderr]   Downloaded gsk4 v0.6.3
[INFO] [stderr]   Downloaded crossbeam-utils v0.8.15
[INFO] [stderr]   Downloaded pango-sys v0.17.0
[INFO] [stderr]   Downloaded cfg-expr v0.15.1
[INFO] [stderr]   Downloaded gio-sys v0.17.4
[INFO] [stderr]   Downloaded wasm-bindgen-macro-support v0.2.86
[INFO] [stderr]   Downloaded wasm-bindgen-shared v0.2.86
[INFO] [stderr]   Downloaded gdk4 v0.6.3
[INFO] [stderr]   Downloaded jwalk v0.8.1
[INFO] [stderr]   Downloaded core-foundation-sys v0.8.4
[INFO] [stderr]   Downloaded serde_derive v1.0.163
[INFO] [stderr]   Downloaded winnow v0.4.6
[INFO] [stderr]   Downloaded cairo-sys-rs v0.17.0
[INFO] [stderr]   Downloaded target-lexicon v0.12.7
[INFO] [stderr]   Downloaded cairo-rs v0.17.0
[INFO] [stderr]   Downloaded glib-sys v0.17.4
[INFO] [stderr]   Downloaded wasm-bindgen-backend v0.2.86
[INFO] [stderr]   Downloaded libm v0.2.7
[INFO] [stderr]   Downloaded js-sys v0.3.63
[INFO] [stderr]   Downloaded i18n-config v0.4.4
[INFO] [stderr]   Downloaded toml_edit v0.19.10
[INFO] [stderr]   Downloaded toml v0.7.4
[INFO] [stderr]   Downloaded field-offset v0.3.5
[INFO] [stderr]   Downloaded glib-macros v0.17.9
[INFO] [stderr]   Downloaded anyhow v1.0.71
[INFO] [stderr]   Downloaded graphene-rs v0.17.1
[INFO] [stderr]   Downloaded pango v0.17.4
[INFO] running `Command { std: "docker" "create" "-v" "/var/lib/crater-agent-workspace/builds/worker-0-tc1/source:/opt/rustwide/workdir:ro,Z" "-v" "/var/lib/crater-agent-workspace/builds/worker-0-tc1/target:/opt/rustwide/target:rw,Z" "-v" "/var/lib/crater-agent-workspace/cargo-home:/opt/rustwide/cargo-home:ro,Z" "-v" "/var/lib/crater-agent-workspace/rustup-home:/opt/rustwide/rustup-home:ro,Z" "-m" "1610612736" "--network" "none" "ghcr.io/rust-lang/crates-build-env/linux@sha256:77db811e55d90add9212f6832c23229e3de5f1c1f9905e8cb07319ea15df73ac" "sleep" "infinity", kill_on_drop: false }`
[INFO] [stdout] 6e08dc0ad5e5e476498d0590da10b574bd6f17e9133dd528a669807a363ddc05
[INFO] running `Command { std: "docker" "start" "6e08dc0ad5e5e476498d0590da10b574bd6f17e9133dd528a669807a363ddc05", kill_on_drop: false }`
[INFO] running `Command { std: "docker" "inspect" "6e08dc0ad5e5e476498d0590da10b574bd6f17e9133dd528a669807a363ddc05", kill_on_drop: false }`
[INFO] running `Command { std: "docker" "exec" "-e" "SOURCE_DIR=/opt/rustwide/workdir" "-e" "CARGO_HOME=/opt/rustwide/cargo-home" "-e" "RUSTUP_HOME=/opt/rustwide/rustup-home" "-e" "CARGO_TARGET_DIR=/opt/rustwide/target" "-w" "/opt/rustwide/workdir" "--user" "0:0" "6e08dc0ad5e5e476498d0590da10b574bd6f17e9133dd528a669807a363ddc05" "/opt/rustwide/cargo-home/bin/cargo" "+1.99.0-beta.8" "metadata" "--no-deps" "--format-version=1", kill_on_drop: false }`
[INFO] running `Command { std: "docker" "inspect" "6e08dc0ad5e5e476498d0590da10b574bd6f17e9133dd528a669807a363ddc05", kill_on_drop: false }`
[INFO] running `Command { std: "docker" "exec" "-e" "SOURCE_DIR=/opt/rustwide/workdir" "-e" "CARGO_HOME=/opt/rustwide/cargo-home" "-e" "RUSTUP_HOME=/opt/rustwide/rustup-home" "-e" "CARGO_TARGET_DIR=/opt/rustwide/target" "-e" "CARGO_INCREMENTAL=0" "-e" "RUST_BACKTRACE=full" "-e" "RUSTFLAGS=--cap-lints=warn" "-e" "RUSTDOCFLAGS=--cap-lints=warn" "-w" "/opt/rustwide/workdir" "--user" "0:0" "6e08dc0ad5e5e476498d0590da10b574bd6f17e9133dd528a669807a363ddc05" "/opt/rustwide/cargo-home/bin/cargo" "+1.99.0-beta.8" "build" "--frozen" "--message-format=json" "--release", kill_on_drop: false }`
[INFO] [stderr]    Compiling proc-macro2 v1.0.58
[INFO] [stderr]    Compiling unicode-ident v1.0.8
[INFO] [stderr]    Compiling quote v1.0.27
[INFO] [stderr]    Compiling autocfg v1.1.0
[INFO] [stderr]    Compiling serde v1.0.163
[INFO] [stderr]    Compiling hashbrown v0.12.3
[INFO] [stderr]    Compiling winnow v0.4.6
[INFO] [stderr]    Compiling smallvec v1.10.0
[INFO] [stderr]    Compiling target-lexicon v0.12.7
[INFO] [stderr]    Compiling heck v0.4.1
[INFO] [stderr]    Compiling pkg-config v0.3.27
[INFO] [stderr]    Compiling version-compare v0.1.1
[INFO] [stderr]    Compiling libc v0.2.144
[INFO] [stderr]    Compiling thiserror v1.0.40
[INFO] [stderr]    Compiling typenum v1.16.0
[INFO] [stderr]    Compiling generic-array v0.14.7
[INFO] [stderr]    Compiling memchr v2.5.0
[INFO] [stderr]    Compiling once_cell v1.17.1
[INFO] [stderr]    Compiling futures-core v0.3.28
[INFO] [stderr]    Compiling cfg-if v1.0.0
[INFO] [stderr]    Compiling futures-task v0.3.28
[INFO] [stderr]    Compiling anyhow v1.0.71
[INFO] [stderr]    Compiling indexmap v1.9.3
[INFO] [stderr]    Compiling slab v0.4.8
[INFO] [stderr]    Compiling futures-util v0.3.28
[INFO] [stderr]    Compiling pin-project-lite v0.2.9
[INFO] [stderr]    Compiling futures-channel v0.3.28
[INFO] [stderr]    Compiling lock_api v0.4.9
[INFO] [stderr]    Compiling memoffset v0.8.0
[INFO] [stderr]    Compiling parking_lot_core v0.9.7
[INFO] [stderr]    Compiling crossbeam-utils v0.8.15
[INFO] [stderr]    Compiling cfg-expr v0.15.1
[INFO] [stderr]    Compiling log v0.4.17
[INFO] [stderr]    Compiling scopeguard v1.1.0
[INFO] [stderr]    Compiling syn v2.0.16
[INFO] [stderr]    Compiling syn v1.0.109
[INFO] [stderr]    Compiling cpufeatures v0.2.7
[INFO] [stderr]    Compiling walkdir v2.3.3
[INFO] [stderr]    Compiling crossbeam-epoch v0.9.14
[INFO] [stderr]    Compiling gio v0.17.9
[INFO] [stderr]    Compiling semver v1.0.17
[INFO] [stderr]    Compiling futures-io v0.3.28
[INFO] [stderr]    Compiling type-map v0.4.0
[INFO] [stderr]    Compiling proc-macro-error-attr v1.0.4
[INFO] [stderr]    Compiling num-traits v0.2.15
[INFO] [stderr]    Compiling crossbeam-queue v0.3.8
[INFO] [stderr]    Compiling self_cell v0.10.2
[INFO] [stderr]    Compiling rayon-core v1.11.0
[INFO] [stderr]    Compiling crossbeam-channel v0.5.8
[INFO] [stderr]    Compiling aho-corasick v1.0.1
[INFO] [stderr]    Compiling num-integer v0.1.45
[INFO] [stderr]    Compiling rustc_version v0.4.0
[INFO] [stderr]    Compiling num_cpus v1.15.0
[INFO] [stderr]    Compiling libm v0.2.7
[INFO] [stderr]    Compiling regex-syntax v0.7.2
[INFO] [stderr]    Compiling parking_lot v0.12.1
[INFO] [stderr]    Compiling field-offset v0.3.5
[INFO] [stderr]    Compiling crossbeam-deque v0.8.3
[INFO] [stderr]    Compiling is-docker v0.2.0
[INFO] [stderr]    Compiling serde_json v1.0.96
[INFO] [stderr]    Compiling arc-swap v1.6.0
[INFO] [stderr]    Compiling either v1.8.1
[INFO] [stderr]    Compiling lazy_static v1.4.0
[INFO] [stderr]    Compiling block-buffer v0.10.4
[INFO] [stderr]    Compiling crypto-common v0.1.6
[INFO] [stderr]    Compiling crossbeam v0.8.2
[INFO] [stderr]    Compiling is-wsl v0.4.0
[INFO] [stderr]    Compiling digest v0.10.7
[INFO] [stderr]    Compiling dashmap v5.4.0
[INFO] [stderr]    Compiling time v0.1.45
[INFO] [stderr]    Compiling dirs-sys-next v0.1.2
[INFO] [stderr]    Compiling ryu v1.0.13
[INFO] [stderr]    Compiling pathdiff v0.2.1
[INFO] [stderr]    Compiling sha2 v0.10.6
[INFO] [stderr]    Compiling deunicode v1.3.3
[INFO] [stderr]    Compiling itoa v1.0.6
[INFO] [stderr]    Compiling iana-time-zone v0.1.56
[INFO] [stderr]    Compiling rust-embed-utils v7.5.0
[INFO] [stderr]    Compiling directories-next v2.0.0
[INFO] [stderr]    Compiling slugmin v1.0.2
[INFO] [stderr]    Compiling chrono v0.4.24
[INFO] [stderr]    Compiling humansize v2.1.3
[INFO] [stderr]    Compiling open v4.1.0
[INFO] [stderr]    Compiling rayon v1.7.0
[INFO] [stderr]    Compiling proc-macro-error v1.0.4
[INFO] [stderr]    Compiling regex v1.8.2
[INFO] [stderr]    Compiling rust-embed-impl v6.5.0
[INFO] [stderr]    Compiling serde_derive v1.0.163
[INFO] [stderr]    Compiling thiserror-impl v1.0.40
[INFO] [stderr]    Compiling displaydoc v0.2.4
[INFO] [stderr]    Compiling futures-macro v0.3.28
[INFO] [stderr]    Compiling rust-embed v6.6.1
[INFO] [stderr]    Compiling tinystr v0.7.1
[INFO] [stderr]    Compiling unic-langid-impl v0.9.1
[INFO] [stderr]    Compiling locale_config v0.3.0
[INFO] [stderr]    Compiling unic-langid v0.9.1
[INFO] [stderr]    Compiling intl-memoizer v0.5.1
[INFO] [stderr]    Compiling fluent-syntax v0.11.0
[INFO] [stderr]    Compiling intl_pluralrules v7.0.2
[INFO] [stderr]    Compiling fluent-langneg v0.13.0
[INFO] [stderr]    Compiling fluent-bundle v0.15.2
[INFO] [stderr]    Compiling jwalk v0.8.1
[INFO] [stderr]    Compiling fluent v0.16.0
[INFO] [stderr]    Compiling futures-executor v0.3.28
[INFO] [stderr]    Compiling toml_datetime v0.6.2
[INFO] [stderr]    Compiling serde_spanned v0.6.2
[INFO] [stderr]    Compiling toml v0.5.11
[INFO] [stderr]    Compiling toml_edit v0.19.10
[INFO] [stderr]    Compiling toml v0.7.4
[INFO] [stderr]    Compiling proc-macro-crate v1.3.1
[INFO] [stderr]    Compiling system-deps v6.1.0
[INFO] [stderr]    Compiling i18n-config v0.4.4
[INFO] [stderr]    Compiling find-crate v0.6.3
[INFO] [stderr]    Compiling glib-sys v0.17.4
[INFO] [stderr]    Compiling gobject-sys v0.17.4
[INFO] [stderr]    Compiling gio-sys v0.17.4
[INFO] [stderr]    Compiling gdk-pixbuf-sys v0.17.0
[INFO] [stderr]    Compiling glib-macros v0.17.9
[INFO] [stderr]    Compiling cairo-sys-rs v0.17.0
[INFO] [stderr]    Compiling pango-sys v0.17.0
[INFO] [stderr]    Compiling gdk4-sys v0.6.3
[INFO] [stderr]    Compiling graphene-sys v0.17.0
[INFO] [stderr]    Compiling gsk4-sys v0.6.3
[INFO] [stderr]    Compiling gtk4-sys v0.6.3
[INFO] [stderr]    Compiling gtk4-macros v0.6.6
[INFO] [stderr]    Compiling i18n-embed-impl v0.8.1
[INFO] [stderr]    Compiling i18n-embed v0.13.9
[INFO] [stderr]    Compiling i18n-embed-fl v0.6.7
[INFO] [stderr]    Compiling glib v0.17.9
[INFO] [stderr]    Compiling cairo-rs v0.17.0
[INFO] [stderr]    Compiling graphene-rs v0.17.1
[INFO] [stderr]    Compiling gdk-pixbuf v0.17.0
[INFO] [stderr]    Compiling pango v0.17.4
[INFO] [stderr]    Compiling gdk4 v0.6.3
[INFO] [stderr]    Compiling gsk4 v0.6.3
[INFO] [stderr]    Compiling gtk4 v0.6.6
[INFO] [stderr]    Compiling szyszka v3.0.0 (/opt/rustwide/workdir)
[INFO] [stderr]     Finished `release` profile [optimized] target(s) in 2m 40s
[INFO] running `Command { std: "docker" "inspect" "6e08dc0ad5e5e476498d0590da10b574bd6f17e9133dd528a669807a363ddc05", kill_on_drop: false }`
[INFO] running `Command { std: "docker" "exec" "-e" "SOURCE_DIR=/opt/rustwide/workdir" "-e" "CARGO_HOME=/opt/rustwide/cargo-home" "-e" "RUSTUP_HOME=/opt/rustwide/rustup-home" "-e" "CARGO_TARGET_DIR=/opt/rustwide/target" "-e" "CARGO_INCREMENTAL=0" "-e" "RUST_BACKTRACE=full" "-e" "RUSTFLAGS=--cap-lints=warn" "-e" "RUSTDOCFLAGS=--cap-lints=warn" "-w" "/opt/rustwide/workdir" "--user" "0:0" "6e08dc0ad5e5e476498d0590da10b574bd6f17e9133dd528a669807a363ddc05" "/opt/rustwide/cargo-home/bin/cargo" "+1.99.0-beta.8" "test" "--frozen" "--no-run" "--message-format=json" "--release", kill_on_drop: false }`
[INFO] [stderr]    Compiling szyszka v3.0.0 (/opt/rustwide/workdir)
[INFO] [stderr]     Finished `release` profile [optimized] target(s) in 2.93s
[INFO] running `Command { std: "docker" "inspect" "6e08dc0ad5e5e476498d0590da10b574bd6f17e9133dd528a669807a363ddc05", kill_on_drop: false }`
[INFO] running `Command { std: "docker" "exec" "-e" "SOURCE_DIR=/opt/rustwide/workdir" "-e" "CARGO_HOME=/opt/rustwide/cargo-home" "-e" "RUSTUP_HOME=/opt/rustwide/rustup-home" "-e" "CARGO_TARGET_DIR=/opt/rustwide/target" "-e" "CARGO_INCREMENTAL=0" "-e" "RUST_BACKTRACE=full" "-e" "RUSTFLAGS=--cap-lints=warn" "-e" "RUSTDOCFLAGS=--cap-lints=warn" "-w" "/opt/rustwide/workdir" "--user" "0:0" "6e08dc0ad5e5e476498d0590da10b574bd6f17e9133dd528a669807a363ddc05" "/opt/rustwide/cargo-home/bin/cargo" "+1.99.0-beta.8" "test" "--frozen" "--release", kill_on_drop: false }`
[INFO] [stderr]     Finished `release` profile [optimized] target(s) in 0.18s
[INFO] [stderr]      Running unittests src/main.rs (/opt/rustwide/target/release/deps/szyszka-2bbe35b071b73ea6)
[INFO] [stdout] 
[INFO] [stdout] running 10 tests
[INFO] [stdout] test rule::rule_replace::test::test_replace ... ok
[INFO] [stdout] test rule::rule_change_size_letters::test::test_size_letters ... ok
[INFO] [stdout] test rule::rule_purge::test::test_purge ... ok
[INFO] [stdout] test rule::rule_add_number::test::test_add_number ... ok
[INFO] [stdout] test rule::rule_custom::test::test_custom ... FAILED
[INFO] [stdout] test rule::rule_normalize::test::test_normalize ... ok
[INFO] [stdout] test rule::rule_replace::test::test_replace_regex ... ok
[INFO] [stdout] test rule::rule_trim::test::test_trim ... ok
[INFO] [stdout] test rule::rule_add_text::test::test_add_text ... ok
[INFO] [stdout] test initialize_gui::tests::test_get_full_name_from_path_name ... ok
[INFO] [stdout] 
[INFO] [stdout] failures:
[INFO] [stdout] 
[INFO] [stdout] ---- rule::rule_custom::test::test_custom stdout ----
[INFO] [stdout] 
[INFO] [stdout] thread 'rule::rule_custom::test::test_custom' (3636) panicked at src/rule/rule_custom.rs:245:121:
[INFO] [stdout] called `Result::unwrap()` on an `Err` value: Os { code: 30, kind: ReadOnlyFilesystem, message: "Read-only file system" }
[INFO] [stdout] stack backtrace:
[INFO] [stdout]    0:     0x583589d1e371 - <<std[70759c8f55707aa4]::sys::backtrace::BacktraceLock>::print::DisplayBacktrace as core[df12db4294e9bfd3]::fmt::Display>::fmt
[INFO] [stdout]    1:     0x583589d34baa - core[df12db4294e9bfd3]::fmt::write
[INFO] [stdout]    2:     0x583589d228bc - <alloc[2182bb758b4b3781]::vec::Vec<u8> as core[df12db4294e9bfd3]::io::write::Write>::write_fmt
[INFO] [stdout]    3:     0x583589cfa6c6 - std[70759c8f55707aa4]::panicking::default_hook::{closure#0}
[INFO] [stdout]    4:     0x583589d169f9 - std[70759c8f55707aa4]::panicking::default_hook
[INFO] [stdout]    5:     0x583589c26ed0 - test[9d35eded1c95d3be]::test_main_inner::<test[9d35eded1c95d3be]::test_main_static::{closure#0}>::{closure#0}
[INFO] [stdout]    6:     0x583589d16bb2 - std[70759c8f55707aa4]::panicking::panic_with_hook
[INFO] [stdout]    7:     0x583589cfa772 - std[70759c8f55707aa4]::panicking::panic_handler::{closure#0}
[INFO] [stdout]    8:     0x583589cf3419 - std[70759c8f55707aa4]::sys::backtrace::__rust_end_short_backtrace::<std[70759c8f55707aa4]::panicking::panic_handler::{closure#0}, !>
[INFO] [stdout]    9:     0x583589cfb36d - __rustc[8fa7c3cbc660c2b3]::rust_begin_unwind
[INFO] [stdout]   10:     0x583589d3538c - core[df12db4294e9bfd3]::panicking::panic_fmt
[INFO] [stdout]   11:     0x583589d35162 - core[df12db4294e9bfd3]::result::unwrap_failed
[INFO] [stdout]   12:     0x583589c0b57a - szyszka[e6676acc166e4b3a]::rule::rule_custom::test::test_custom
[INFO] [stdout]   13:     0x583589c14559 - <szyszka[e6676acc166e4b3a]::rule::rule_custom::test::test_custom::{closure#0} as core[df12db4294e9bfd3]::ops::function::FnOnce<()>>::call_once
[INFO] [stdout]   14:     0x583589c1a1bb - test[9d35eded1c95d3be]::__rust_begin_short_backtrace::<core[df12db4294e9bfd3]::result::Result<(), alloc[2182bb758b4b3781]::string::String>, fn() -> core[df12db4294e9bfd3]::result::Result<(), alloc[2182bb758b4b3781]::string::String>>
[INFO] [stdout]   15:     0x583589c27825 - test[9d35eded1c95d3be]::run_test::{closure#0}
[INFO] [stdout]   16:     0x583589c210e4 - std[70759c8f55707aa4]::sys::backtrace::__rust_begin_short_backtrace::<test[9d35eded1c95d3be]::run_test::{closure#1}, ()>
[INFO] [stdout]   17:     0x583589c2a982 - <std[70759c8f55707aa4]::thread::lifecycle::spawn_unchecked<test[9d35eded1c95d3be]::run_test::{closure#1}, ()>::{closure#1} as core[df12db4294e9bfd3]::ops::function::FnOnce<()>>::call_once::{shim:vtable#0}
[INFO] [stdout]   18:     0x583589d1dc49 - <std[70759c8f55707aa4]::sys::thread::unix::Thread>::new::thread_start
[INFO] [stdout]   19:     0x7a61d0dc5dfa - <unknown>
[INFO] [stdout]   20:     0x7a61d0e593d4 - clone
[INFO] [stdout]   21:                0x0 - <unknown>
[INFO] [stdout] 
[INFO] [stdout] 
[INFO] [stdout] failures:
[INFO] [stdout]     rule::rule_custom::test::test_custom
[INFO] [stdout] 
[INFO] [stdout] test result: FAILED. 9 passed; 1 failed; 0 ignored; 0 measured; 0 filtered out; finished in 0.06s
[INFO] [stdout] 
[INFO] [stderr] error: test failed, to rerun pass `--bin szyszka`
[INFO] running `Command { std: "docker" "inspect" "6e08dc0ad5e5e476498d0590da10b574bd6f17e9133dd528a669807a363ddc05", kill_on_drop: false }`
[INFO] running `Command { std: "docker" "rm" "-f" "6e08dc0ad5e5e476498d0590da10b574bd6f17e9133dd528a669807a363ddc05", kill_on_drop: false }`
[INFO] [stdout] 6e08dc0ad5e5e476498d0590da10b574bd6f17e9133dd528a669807a363ddc05
