[INFO] fetching crate sz-rust-router-facade 1.7.0...
[INFO] testing sz-rust-router-facade-1.7.0 against 1.99.0-beta.8+cargoflags=--release for beta-release-1.100-2
[INFO] extracting crate sz-rust-router-facade 1.7.0 into /workspace/builds/worker-1-tc1/source
[INFO] started tweaking crates.io crate sz-rust-router-facade 1.7.0
[INFO] removed 0 missing tests
[INFO] finished tweaking crates.io crate sz-rust-router-facade 1.7.0
[INFO] tweaked toml for crates.io crate sz-rust-router-facade 1.7.0 written to /workspace/builds/worker-1-tc1/source/Cargo.toml
[INFO] validating manifest of crates.io crate sz-rust-router-facade 1.7.0 on toolchain 1.99.0-beta.8
[INFO] running `Command { std: CARGO_HOME="/workspace/cargo-home" RUSTUP_HOME="/workspace/rustup-home" "/workspace/cargo-home/bin/cargo" "+1.99.0-beta.8" "metadata" "--manifest-path" "Cargo.toml" "--no-deps", kill_on_drop: false }`
[INFO] crate crates.io crate sz-rust-router-facade 1.7.0 already has a lockfile, it will not be regenerated
[INFO] running `Command { std: CARGO_HOME="/workspace/cargo-home" RUSTUP_HOME="/workspace/rustup-home" "/workspace/cargo-home/bin/cargo" "+1.99.0-beta.8" "fetch" "--manifest-path" "Cargo.toml", kill_on_drop: false }`
[INFO] [stderr]  Downloading crates ...
[INFO] [stderr]   Downloaded tokio-tungstenite v0.29.0
[INFO] [stderr]   Downloaded tungstenite v0.29.0
[INFO] [stderr]   Downloaded sha1 v0.10.7
[INFO] [stderr]   Downloaded http-body-util v0.1.5
[INFO] [stderr]   Downloaded hyper-util v0.1.21
[INFO] [stderr]   Downloaded zerocopy-derive v0.8.59
[INFO] [stderr]   Downloaded hyper v1.11.1
[INFO] [stderr]   Downloaded zerocopy v0.8.59
[INFO] [stderr]   Downloaded hdrhistogram v7.6.0
[INFO] running `Command { std: "docker" "create" "-v" "/var/lib/crater-agent-workspace/builds/worker-1-tc1/source:/opt/rustwide/workdir:ro,Z" "-v" "/var/lib/crater-agent-workspace/builds/worker-1-tc1/target:/opt/rustwide/target:rw,Z" "-v" "/var/lib/crater-agent-workspace/cargo-home:/opt/rustwide/cargo-home:ro,Z" "-v" "/var/lib/crater-agent-workspace/rustup-home:/opt/rustwide/rustup-home:ro,Z" "-m" "1610612736" "--network" "none" "ghcr.io/rust-lang/crates-build-env/linux@sha256:77db811e55d90add9212f6832c23229e3de5f1c1f9905e8cb07319ea15df73ac" "sleep" "infinity", kill_on_drop: false }`
[INFO] [stdout] 9361d926eb9d069b181b550ef20c2ae88431bae74e99c66f4c1a4da9aaf14a15
[INFO] running `Command { std: "docker" "start" "9361d926eb9d069b181b550ef20c2ae88431bae74e99c66f4c1a4da9aaf14a15", kill_on_drop: false }`
[INFO] running `Command { std: "docker" "inspect" "9361d926eb9d069b181b550ef20c2ae88431bae74e99c66f4c1a4da9aaf14a15", kill_on_drop: false }`
[INFO] running `Command { std: "docker" "exec" "-e" "SOURCE_DIR=/opt/rustwide/workdir" "-e" "CARGO_HOME=/opt/rustwide/cargo-home" "-e" "RUSTUP_HOME=/opt/rustwide/rustup-home" "-e" "CARGO_TARGET_DIR=/opt/rustwide/target" "-w" "/opt/rustwide/workdir" "--user" "0:0" "9361d926eb9d069b181b550ef20c2ae88431bae74e99c66f4c1a4da9aaf14a15" "/opt/rustwide/cargo-home/bin/cargo" "+1.99.0-beta.8" "metadata" "--no-deps" "--format-version=1", kill_on_drop: false }`
[INFO] running `Command { std: "docker" "inspect" "9361d926eb9d069b181b550ef20c2ae88431bae74e99c66f4c1a4da9aaf14a15", kill_on_drop: false }`
[INFO] running `Command { std: "docker" "exec" "-e" "SOURCE_DIR=/opt/rustwide/workdir" "-e" "CARGO_HOME=/opt/rustwide/cargo-home" "-e" "RUSTUP_HOME=/opt/rustwide/rustup-home" "-e" "CARGO_TARGET_DIR=/opt/rustwide/target" "-e" "CARGO_INCREMENTAL=0" "-e" "RUST_BACKTRACE=full" "-e" "RUSTFLAGS=--cap-lints=warn" "-e" "RUSTDOCFLAGS=--cap-lints=warn" "-w" "/opt/rustwide/workdir" "--user" "0:0" "9361d926eb9d069b181b550ef20c2ae88431bae74e99c66f4c1a4da9aaf14a15" "/opt/rustwide/cargo-home/bin/cargo" "+1.99.0-beta.8" "build" "--frozen" "--message-format=json" "--release", kill_on_drop: false }`
[INFO] [stderr]    Compiling cfg-if v1.0.5
[INFO] [stderr]    Compiling bytes v1.12.1
[INFO] [stderr]    Compiling libc v0.2.189
[INFO] [stderr]    Compiling futures-core v0.3.34
[INFO] [stderr]    Compiling smallvec v1.16.2
[INFO] [stderr]    Compiling syn v3.0.6
[INFO] [stderr]    Compiling syn v2.0.119
[INFO] [stderr]    Compiling futures-sink v0.3.34
[INFO] [stderr]    Compiling log v0.4.34
[INFO] [stderr]    Compiling generic-array v0.14.7
[INFO] [stderr]    Compiling zerocopy v0.8.59
[INFO] [stderr]    Compiling serde_core v1.0.229
[INFO] [stderr]    Compiling getrandom v0.3.4
[INFO] [stderr]    Compiling typenum v1.20.1
[INFO] [stderr]    Compiling indexmap v2.14.2
[INFO] [stderr]    Compiling http v1.5.0
[INFO] [stderr]    Compiling parking_lot_core v0.9.12
[INFO] [stderr]    Compiling errno v0.3.14
[INFO] [stderr]    Compiling signal-hook-registry v1.4.8
[INFO] [stderr]    Compiling parking_lot v0.12.5
[INFO] [stderr]    Compiling socket2 v0.6.5
[INFO] [stderr]    Compiling mio v1.2.3
[INFO] [stderr]    Compiling num-traits v0.2.19
[INFO] [stderr]    Compiling rand_core v0.9.5
[INFO] [stderr]    Compiling http-body v1.1.0
[INFO] [stderr]    Compiling thiserror v2.0.21
[INFO] [stderr]    Compiling futures-task v0.3.34
[INFO] [stderr]    Compiling futures-util v0.3.34
[INFO] [stderr]    Compiling serde v1.0.229
[INFO] [stderr]    Compiling encoding_rs v0.8.42
[INFO] [stderr]    Compiling cpufeatures v0.2.17
[INFO] [stderr]    Compiling block-buffer v0.10.4
[INFO] [stderr]    Compiling crypto-common v0.1.7
[INFO] [stderr]    Compiling futures-channel v0.3.34
[INFO] [stderr]    Compiling digest v0.10.7
[INFO] [stderr]    Compiling sha1 v0.10.7
[INFO] [stderr]    Compiling multer v3.1.0
[INFO] [stderr]    Compiling data-encoding v2.11.1
[INFO] [stderr]    Compiling byteorder v1.5.0
[INFO] [stderr]    Compiling multiversion_no_op v1.0.0
[INFO] [stderr]    Compiling httpdate v1.0.3
[INFO] [stderr]    Compiling core_detect v1.0.0
[INFO] [stderr]    Compiling memchr v2.8.3
[INFO] [stderr]    Compiling sync_wrapper v1.0.2
[INFO] [stderr]    Compiling simdutf8 v0.1.5
[INFO] [stderr]    Compiling tokio-macros v2.7.2
[INFO] [stderr]    Compiling thiserror-impl v2.0.21
[INFO] [stderr]    Compiling serde_derive v1.0.229
[INFO] [stderr]    Compiling tokio v1.53.1
[INFO] [stderr]    Compiling serde_json v1.0.151
[INFO] [stderr]    Compiling hdrhistogram v7.6.0
[INFO] [stderr]    Compiling form_urlencoded v1.2.2
[INFO] [stderr]    Compiling tracing-attributes v0.1.31
[INFO] [stderr]    Compiling ppv-lite86 v0.2.21
[INFO] [stderr]    Compiling http-body-util v0.1.5
[INFO] [stderr]    Compiling spin v0.9.9
[INFO] [stderr]    Compiling axum-macros v0.5.1
[INFO] [stderr]    Compiling rand_chacha v0.9.0
[INFO] [stderr]    Compiling serde_path_to_error v0.1.20
[INFO] [stderr]    Compiling tracing v0.1.44
[INFO] [stderr]    Compiling rand v0.9.5
[INFO] [stderr]    Compiling axum-core v0.5.6
[INFO] [stderr]    Compiling tungstenite v0.29.0
[INFO] [stderr]    Compiling matchit v0.8.4
[INFO] [stderr]    Compiling unsafe-libyaml v0.2.11
[INFO] [stderr]    Compiling arc-swap v1.9.2
[INFO] [stderr]    Compiling serde_urlencoded v0.7.1
[INFO] [stderr]    Compiling serde_yaml v0.9.34+deprecated
[INFO] [stderr]    Compiling tokio-util v0.7.19
[INFO] [stderr]    Compiling tokio-tungstenite v0.29.0
[INFO] [stderr]    Compiling h2 v0.4.19
[INFO] [stderr]    Compiling tower v0.5.3
[INFO] [stderr]    Compiling hyper v1.11.1
[INFO] [stderr]    Compiling hyper-util v0.1.21
[INFO] [stderr]    Compiling axum v0.8.9
[INFO] [stderr]    Compiling sz-rust-router-facade v1.7.0 (/opt/rustwide/workdir)
[INFO] [stderr]     Finished `release` profile [optimized] target(s) in 1m 45s
[INFO] running `Command { std: "docker" "inspect" "9361d926eb9d069b181b550ef20c2ae88431bae74e99c66f4c1a4da9aaf14a15", kill_on_drop: false }`
[INFO] running `Command { std: "docker" "exec" "-e" "SOURCE_DIR=/opt/rustwide/workdir" "-e" "CARGO_HOME=/opt/rustwide/cargo-home" "-e" "RUSTUP_HOME=/opt/rustwide/rustup-home" "-e" "CARGO_TARGET_DIR=/opt/rustwide/target" "-e" "CARGO_INCREMENTAL=0" "-e" "RUST_BACKTRACE=full" "-e" "RUSTFLAGS=--cap-lints=warn" "-e" "RUSTDOCFLAGS=--cap-lints=warn" "-w" "/opt/rustwide/workdir" "--user" "0:0" "9361d926eb9d069b181b550ef20c2ae88431bae74e99c66f4c1a4da9aaf14a15" "/opt/rustwide/cargo-home/bin/cargo" "+1.99.0-beta.8" "test" "--frozen" "--no-run" "--message-format=json" "--release", kill_on_drop: false }`
[INFO] [stderr]    Compiling sz-rust-router-facade v1.7.0 (/opt/rustwide/workdir)
[INFO] [stderr]     Finished `release` profile [optimized] target(s) in 19.17s
[INFO] running `Command { std: "docker" "inspect" "9361d926eb9d069b181b550ef20c2ae88431bae74e99c66f4c1a4da9aaf14a15", kill_on_drop: false }`
[INFO] running `Command { std: "docker" "exec" "-e" "SOURCE_DIR=/opt/rustwide/workdir" "-e" "CARGO_HOME=/opt/rustwide/cargo-home" "-e" "RUSTUP_HOME=/opt/rustwide/rustup-home" "-e" "CARGO_TARGET_DIR=/opt/rustwide/target" "-e" "CARGO_INCREMENTAL=0" "-e" "RUST_BACKTRACE=full" "-e" "RUSTFLAGS=--cap-lints=warn" "-e" "RUSTDOCFLAGS=--cap-lints=warn" "-w" "/opt/rustwide/workdir" "--user" "0:0" "9361d926eb9d069b181b550ef20c2ae88431bae74e99c66f4c1a4da9aaf14a15" "/opt/rustwide/cargo-home/bin/cargo" "+1.99.0-beta.8" "test" "--frozen" "--release", kill_on_drop: false }`
[INFO] [stderr]     Finished `release` profile [optimized] target(s) in 0.13s
[INFO] [stderr]      Running unittests src/lib.rs (/opt/rustwide/target/release/deps/sz_rust_router_facade-13e9086836c6761d)
[INFO] [stdout] 
[INFO] [stdout] running 176 tests
[INFO] [stdout] test arc_swap_router::tests::test_arc_swap_load_store ... ok
[INFO] [stdout] test openapi::tests::test_openapi_builder_basic ... ok
[INFO] [stdout] test openapi::tests::test_http_method_as_str ... ok
[INFO] [stdout] test arc_swap_router::tests::test_arc_swap_hot_reload ... ok
[INFO] [stdout] test openapi::tests::test_openapi_builder_deprecated ... ok
[INFO] [stdout] test openapi::tests::test_openapi_builder_api_key_auth ... ok
[INFO] [stdout] test openapi::tests::test_openapi_builder_bearer_auth ... ok
[INFO] [stdout] test openapi::tests::test_openapi_builder_no_security_schemes ... ok
[INFO] [stdout] test openapi::tests::test_openapi_builder_full_spec ... ok
[INFO] [stdout] test arc_swap_router::tests::test_arc_swap_concurrent_read_during_update ... ok
[INFO] [stdout] test openapi::tests::test_openapi_builder_multiple_methods_same_path ... ok
[INFO] [stdout] test openapi::tests::test_openapi_builder_no_description ... ok
[INFO] [stdout] test openapi::tests::test_openapi_builder_default_response ... ok
[INFO] [stdout] test openapi::tests::test_openapi_builder_response_with_schema ... ok
[INFO] [stdout] test openapi::tests::test_openapi_builder_to_json_string ... ok
[INFO] [stdout] test openapi::tests::test_openapi_builder_with_parameter ... ok
[INFO] [stdout] test openapi::tests::test_operation_builder_default ... ok
[INFO] [stdout] test openapi::tests::test_openapi_builder_with_tags ... ok
[INFO] [stdout] test openapi::tests::test_openapi_builder_with_path ... ok
[INFO] [stdout] test openapi::tests::test_routes_to_spec_method_mapping ... ok
[INFO] [stdout] test openapi::tests::test_routes_to_spec_tags_collected_and_deduped ... ok
[INFO] [stdout] test openapi::tests::test_routes_to_spec_middleware_in_description ... ok
[INFO] [stdout] test openapi::tests::test_routes_to_spec_tag_from_path ... ok
[INFO] [stdout] test openapi::tests::test_spec_from_route_config_full_flow ... ok
[INFO] [stdout] test openapi::tests::test_redoc_html_contains_spec ... ok
[INFO] [stdout] test openapi::tests::test_routes_to_spec_generates_paths ... ok
[INFO] [stdout] test openapi::tests::test_routes_to_spec_auto_detect_path_params ... ok
[INFO] [stdout] test openapi::tests::test_routes_to_spec_merges_with_existing_paths ... ok
[INFO] [stdout] test openapi::tests::test_routes_to_spec_default_responses ... ok
[INFO] [stdout] test router::tests::capitalize_first_ascii_lower_overflow_25 ... ok
[INFO] [stdout] test router::tests::capitalize_first_ascii_upper ... ok
[INFO] [stdout] test router::tests::capitalize_first_empty ... ok
[INFO] [stdout] test router::tests::test_is_app_in_map_deny_common ... ok
[INFO] [stdout] test router::tests::capitalize_first_ascii_lower_exact_24 ... ok
[INFO] [stdout] test router::tests::capitalize_first_ascii_lower_short ... ok
[INFO] [stdout] test router::tests::test_is_app_in_map_all_seven ... ok
[INFO] [stdout] test router::tests::test_parse_path_app_in_map_two_segments ... ok
[INFO] [stdout] test router::tests::test_parse_path_double_slash ... ok
[INFO] [stdout] test router::tests::test_parse_path_deny_common_app ... ok
[INFO] [stdout] test router::tests::test_is_app_in_map_unknown_app ... ok
[INFO] [stdout] test openapi::tests::test_swagger_ui_html_contains_spec ... ok
[INFO] [stdout] test router::tests::test_parse_path_all_seven_apps ... ok
[INFO] [stdout] test router::tests::capitalize_first_non_ascii ... ok
[INFO] [stdout] test router::tests::test_parse_path_capitalize_first_only ... ok
[INFO] [stdout] test router::tests::test_parse_path_empty ... ok
[INFO] [stdout] test router::tests::test_parse_path_root ... ok
[INFO] [stdout] test router::tests::test_parse_path_single_segment ... ok
[INFO] [stdout] test router::tests::test_parse_path_two_segments_no_app ... ok
[INFO] [stdout] test router::tests::test_parse_path_three_segments_with_app ... ok
[INFO] [stdout] test router::tests::test_parse_path_perf_root ... ok
[INFO] [stdout] test router::tests::test_parse_path_with_query_string ... ok
[INFO] [stdout] test router::tests::test_parse_path_with_trailing_slash ... ok
[INFO] [stdout] test router::tests::test_resource_empty_routes ... ok
[INFO] [stdout] test router::tests::test_resource_all_seven_handlers ... ok
[INFO] [stdout] test router::tests::test_resource_merged_into_router_builder ... ok
[INFO] [stdout] test router::tests::test_resource_body_content ... ok
[INFO] [stdout] test router::tests::test_resource_only_id_routes ... ok
[INFO] [stdout] test router::tests::test_router_builder_multiple_methods ... ok
[INFO] [stdout] test router::tests::test_resource_partial_handlers_only_index_and_store ... ok
[INFO] [stdout] test router::tests::test_router_builder_default ... ok
[INFO] [stdout] test router::tests::test_router_builder_not_found ... ok
[INFO] [stdout] test router::tests::test_router_builder_post ... ok
[INFO] [stdout] test routing::tests::test_convention_route_from_uri_single_segment ... ok
[INFO] [stdout] test router::tests::test_router_builder_get ... ok
[INFO] [stdout] test router::tests::test_router_builder_merge ... ok
[INFO] [stdout] test routing::tests::test_convention_route_from_uri_with_app ... ok
[INFO] [stdout] test routing::tests::test_convention_route_from_uri_admin_app ... ok
[INFO] [stdout] test routing::tests::test_handler_ref_parse_at_separator ... ok
[INFO] [stdout] test routing::tests::test_handler_ref_parse_empty ... ok
[INFO] [stdout] test routing::tests::test_convention_route_from_uri_root_returns_none ... ok
[INFO] [stdout] test router::tests::test_parse_path_perf_static ... ok
[INFO] [stdout] test routing::tests::test_convention_route_from_parsed ... ok
[INFO] [stdout] test routing::tests::test_handler_ref_parse_accepts_underscore_and_alphanumeric ... ok
[INFO] [stdout] test routing::tests::test_handler_ref_parse_rejects_leading_digit ... ok
[INFO] [stdout] test routing::tests::test_handler_ref_parse_only_controller ... ok
[INFO] [stdout] test routing::tests::test_handler_ref_parse_rejects_double_at ... ok
[INFO] [stdout] test routing::tests::test_handler_ref_parse_rejects_path_traversal ... ok
[INFO] [stdout] test routing::tests::test_handler_ref_parse_rejects_space_injection ... ok
[INFO] [stdout] test routing::tests::test_handler_ref_parse_empty_action ... ok
[INFO] [stdout] test routing::tests::test_handler_ref_parse_rejects_special_chars ... ok
[INFO] [stdout] test routing::tests::test_handler_ref_ref_from_into_handler_ref ... ok
[INFO] [stdout] test routing::tests::test_handler_ref_ref_display ... ok
[INFO] [stdout] test routing::tests::test_handler_ref_parse_slash_separator ... ok
[INFO] [stdout] test routing::tests::test_handler_ref_parse_empty_controller ... ok
[INFO] [stdout] test routing::tests::test_handler_ref_parse_with_whitespace ... ok
[INFO] [stdout] test routing::tests::test_handler_ref_ref_parse_empty ... ok
[INFO] [stdout] test routing::tests::test_handler_ref_ref_parse_empty_action ... ok
[INFO] [stdout] test routing::tests::test_handler_ref_ref_parse_empty_controller ... ok
[INFO] [stdout] test routing::tests::test_handler_ref_ref_parse_only_controller ... ok
[INFO] [stdout] test routing::tests::test_handler_ref_ref_parse_rejects_special_chars ... ok
[INFO] [stdout] test routing::tests::test_handler_ref_ref_parse_rejects_path_traversal ... ok
[INFO] [stdout] test routing::tests::test_handler_ref_ref_parse_with_whitespace ... ok
[INFO] [stdout] test routing::tests::test_handler_ref_ref_parse_at_separator ... ok
[INFO] [stdout] test routing::tests::test_handler_ref_ref_to_handler_string ... ok
[INFO] [stdout] test routing::tests::test_handler_ref_ref_to_owned_consistency ... ok
[INFO] [stdout] test routing::tests::test_http_method_parse_invalid ... ok
[INFO] [stdout] test routing::tests::test_http_method_parse_lowercase ... ok
[INFO] [stdout] test router::tests::test_parse_path_perf_long ... FAILED
[INFO] [stdout] test routing::tests::test_handler_ref_ref_parse_slash_separator ... ok
[INFO] [stdout] test routing::tests::test_http_method_parse_mixed_case ... ok
[INFO] [stdout] test routing::tests::test_http_method_to_axum ... ok
[INFO] [stdout] test routing::tests::test_integration_layer_override_priority ... ok
[INFO] [stdout] test routing::tests::test_join_path_both_empty ... ok
[INFO] [stdout] test routing::tests::test_join_path_empty_path ... ok
[INFO] [stdout] test routing::tests::test_handler_ref_to_string ... ok
[INFO] [stdout] test routing::tests::test_http_method_parse_uppercase ... ok
[INFO] [stdout] test routing::tests::test_http_method_display ... ok
[INFO] [stdout] test routing::tests::test_http_method_serde ... ok
[INFO] [stdout] test routing::tests::test_load_routes_from_json_str_empty ... ok
[INFO] [stdout] test routing::tests::test_join_path_empty_prefix ... ok
[INFO] [stdout] test routing::tests::test_load_routes_from_json_str_simple ... ok
[INFO] [stdout] test routing::tests::test_integration_three_layer_routing ... ok
[INFO] [stdout] test routing::tests::test_join_path_basic ... ok
[INFO] [stdout] test routing::tests::test_load_routes_from_json_str_invalid ... ok
[INFO] [stdout] test routing::tests::test_load_routes_from_json_str_with_groups ... ok
[INFO] [stdout] test routing::tests::test_load_routes_from_yaml_str_empty ... ok
[INFO] [stdout] test routing::tests::test_load_routes_from_yaml_str_invalid_method ... ok
[INFO] [stdout] test routing::tests::test_load_routes_from_yaml_str_invalid_yaml ... ok
[INFO] [stdout] test routing::tests::test_load_routes_from_yaml_str_with_groups ... ok
[INFO] [stdout] test routing::tests::test_load_routes_from_yaml_str_with_name_and_middleware ... ok
[INFO] [stdout] test routing::tests::test_route_config_conflict_in_group ... ok
[INFO] [stdout] test routing::tests::test_route_config_flatten_no_groups ... ok
[INFO] [stdout] test routing::tests::test_route_config_conflict_same_method_path ... ok
[INFO] [stdout] test routing::tests::test_route_config_flatten_with_group ... ok
[INFO] [stdout] test routing::tests::test_route_config_no_conflict_different_method ... ok
[INFO] [stdout] test routing::tests::test_route_config_flatten_group_middleware_prepended ... ok
[INFO] [stdout] test routing::tests::test_route_config_conflict_between_top_and_group ... ok
[INFO] [stdout] test routing::tests::test_route_config_flatten_mixed ... ok
[INFO] [stdout] test routing::tests::test_load_routes_from_yaml_str_simple ... ok
[INFO] [stdout] test routing::tests::test_route_registry_add_config_routes ... ok
[INFO] [stdout] test routing::tests::test_route_registry_add_convention_route ... ok
[INFO] [stdout] test routing::tests::test_route_registry_attribute_conflicts ... ok
[INFO] [stdout] test routing::tests::test_route_config_no_conflicts ... ok
[INFO] [stdout] test routing::tests::test_route_group_with_middleware ... ok
[INFO] [stdout] test routing::tests::test_route_group_new ... ok
[INFO] [stdout] test routing::tests::test_route_registry_add_attribute_routes_batch ... ok
[INFO] [stdout] test routing::tests::test_route_registry_add_attribute_route ... ok
[INFO] [stdout] test routing::tests::test_route_group_add_route ... ok
[INFO] [stdout] test routing::tests::test_route_registry_convention_as_rules ... ok
[INFO] [stdout] test routing::tests::test_route_registry_new ... ok
[INFO] [stdout] test routing::tests::test_route_registry_no_conflicts ... ok
[INFO] [stdout] test routing::tests::test_route_registry_config_conflicts ... ok
[INFO] [stdout] test routing::tests::test_route_registry_merged_rules_attribute_overrides_config ... ok
[INFO] [stdout] test routing::tests::test_route_registry_merged_rules_config_overrides_convention ... ok
[INFO] [stdout] test routing::tests::test_route_registry_merged_rules_different_paths_no_override ... ok
[INFO] [stdout] test routing::tests::test_route_registry_total_count ... ok
[INFO] [stdout] test routing::tests::test_route_rule_handler_ref ... ok
[INFO] [stdout] test simd_str::tests::test_capitalize_ascii_upper ... ok
[INFO] [stdout] test simd_str::tests::test_capitalize_empty ... ok
[INFO] [stdout] test simd_str::tests::test_capitalize_non_ascii_chinese ... ok
[INFO] [stdout] test simd_str::tests::test_capitalize_non_ascii_emoji ... ok
[INFO] [stdout] test simd_str::tests::test_find_separator_aligned_16 ... ok
[INFO] [stdout] test simd_str::tests::test_find_separator_basic ... ok
[INFO] [stdout] test simd_str::tests::test_find_separator_cross_boundary ... ok
[INFO] [stdout] test routing::tests::test_route_rule_with_middleware ... ok
[INFO] [stdout] test routing::tests::test_route_rule_new ... ok
[INFO] [stdout] test routing::tests::test_route_rule_with_name ... ok
[INFO] [stdout] test simd_str::tests::test_find_separator_long ... ok
[INFO] [stdout] test simd_str::tests::test_capitalize_ascii_lower ... ok
[INFO] [stdout] test simd_str::tests::test_capitalize_mixed ... ok
[INFO] [stdout] test simd_str::tests::test_capitalize_single_byte ... ok
[INFO] [stdout] test simd_str::tests::test_find_separator_multiple ... ok
[INFO] [stdout] test simd_str::tests::test_is_ascii_long ... ok
[INFO] [stdout] test simd_str::tests::test_is_ascii_pure ... ok
[INFO] [stdout] test simd_str::tests::test_is_ascii_with_non_ascii ... ok
[INFO] [stdout] test websocket_route::tests::test_default_lifecycle_hooks_no_panic ... ok
[INFO] [stdout] test websocket_route::tests::test_echo_handler_default ... ok
[INFO] [stdout] test websocket_route::tests::test_custom_handler_no_reply ... ok
[INFO] [stdout] test websocket_route::tests::test_echo_handler_returns_message ... ok
[INFO] [stdout] test websocket_route::tests::test_custom_handler_with_reply ... ok
[INFO] [stdout] test simd_str::tests::test_find_separator_not_found ... ok
[INFO] [stdout] test simd_str::tests::test_capitalize_long_ascii ... ok
[INFO] [stdout] test simd_str::tests::test_is_ascii_empty ... ok
[INFO] [stdout] test websocket_route::tests::test_ws_route_not_found ... ok
[INFO] [stderr] error: test failed, to rerun pass `--lib`
[INFO] [stdout] test websocket_route::tests::test_ws_route_registered_as_get ... ok
[INFO] [stdout] test websocket_route::tests::test_ws_route_rejects_post ... ok
[INFO] [stdout] 
[INFO] [stdout] failures:
[INFO] [stdout] 
[INFO] [stdout] ---- router::tests::test_parse_path_perf_long stdout ----
[INFO] [stdout] 
[INFO] [stdout] thread 'router::tests::test_parse_path_perf_long' (1560) panicked at src/router.rs:1246:9:
[INFO] [stdout] parse_path('/oapc/customer/index?id=1&page=2') avg 183.8ns exceeds 150ns threshold
[INFO] [stdout] stack backtrace:
[INFO] [stdout]    0:     0x59815fb74de1 - <<std[70759c8f55707aa4]::sys::backtrace::BacktraceLock>::print::DisplayBacktrace as core[df12db4294e9bfd3]::fmt::Display>::fmt
[INFO] [stdout]    1:     0x59815fb8c4ba - core[df12db4294e9bfd3]::fmt::write
[INFO] [stdout]    2:     0x59815fb7947c - <alloc[2182bb758b4b3781]::vec::Vec<u8> as core[df12db4294e9bfd3]::io::write::Write>::write_fmt
[INFO] [stdout]    3:     0x59815fb50d36 - std[70759c8f55707aa4]::panicking::default_hook::{closure#0}
[INFO] [stdout]    4:     0x59815fb6d319 - std[70759c8f55707aa4]::panicking::default_hook
[INFO] [stdout]    5:     0x59815fab8200 - test[9d35eded1c95d3be]::test_main_inner::<test[9d35eded1c95d3be]::test_main_static::{closure#0}>::{closure#0}
[INFO] [stdout]    6:     0x59815fb6d4d2 - std[70759c8f55707aa4]::panicking::panic_with_hook
[INFO] [stdout]    7:     0x59815fb50de2 - std[70759c8f55707aa4]::panicking::panic_handler::{closure#0}
[INFO] [stdout]    8:     0x59815fb49b39 - std[70759c8f55707aa4]::sys::backtrace::__rust_end_short_backtrace::<std[70759c8f55707aa4]::panicking::panic_handler::{closure#0}, !>
[INFO] [stdout]    9:     0x59815fb519dd - __rustc[8fa7c3cbc660c2b3]::rust_begin_unwind
[INFO] [stdout]   10:     0x59815fb8cc1c - core[df12db4294e9bfd3]::panicking::panic_fmt
[INFO] [stdout]   11:     0x59815fa1dd17 - sz_rust_router_facade[49cef46c4798ebf6]::router::tests::test_parse_path_perf_long
[INFO] [stdout]   12:     0x59815fa284b9 - <sz_rust_router_facade[49cef46c4798ebf6]::router::tests::test_parse_path_perf_long::{closure#0} as core[df12db4294e9bfd3]::ops::function::FnOnce<()>>::call_once
[INFO] [stdout]   13:     0x59815faab4eb - test[9d35eded1c95d3be]::__rust_begin_short_backtrace::<core[df12db4294e9bfd3]::result::Result<(), alloc[2182bb758b4b3781]::string::String>, fn() -> core[df12db4294e9bfd3]::result::Result<(), alloc[2182bb758b4b3781]::string::String>>
[INFO] [stdout]   14:     0x59815fab8b55 - test[9d35eded1c95d3be]::run_test::{closure#0}
[INFO] [stdout]   15:     0x59815fab2414 - std[70759c8f55707aa4]::sys::backtrace::__rust_begin_short_backtrace::<test[9d35eded1c95d3be]::run_test::{closure#1}, ()>
[INFO] [stdout]   16:     0x59815fabbcb2 - <std[70759c8f55707aa4]::thread::lifecycle::spawn_unchecked<test[9d35eded1c95d3be]::run_test::{closure#1}, ()>::{closure#1} as core[df12db4294e9bfd3]::ops::function::FnOnce<()>>::call_once::{shim:vtable#0}
[INFO] [stdout]   17:     0x59815fb74689 - <std[70759c8f55707aa4]::sys::thread::unix::Thread>::new::thread_start
[INFO] [stdout]   18:     0x7d3ccadf7dfa - <unknown>
[INFO] [stdout]   19:     0x7d3ccae8b3d4 - clone
[INFO] [stdout]   20:                0x0 - <unknown>
[INFO] [stdout] 
[INFO] [stdout] 
[INFO] [stdout] failures:
[INFO] [stdout]     router::tests::test_parse_path_perf_long
[INFO] [stdout] 
[INFO] [stdout] test result: FAILED. 175 passed; 1 failed; 0 ignored; 0 measured; 0 filtered out; finished in 0.06s
[INFO] [stdout] 
[INFO] running `Command { std: "docker" "inspect" "9361d926eb9d069b181b550ef20c2ae88431bae74e99c66f4c1a4da9aaf14a15", kill_on_drop: false }`
[INFO] running `Command { std: "docker" "rm" "-f" "9361d926eb9d069b181b550ef20c2ae88431bae74e99c66f4c1a4da9aaf14a15", kill_on_drop: false }`
[INFO] [stdout] 9361d926eb9d069b181b550ef20c2ae88431bae74e99c66f4c1a4da9aaf14a15
