[INFO] fetching crate sz-orm-storage 9.4.0...
[INFO] testing sz-orm-storage-9.4.0 against 1.99.0-beta.8+cargoflags=--release for beta-release-1.100-2
[INFO] extracting crate sz-orm-storage 9.4.0 into /workspace/builds/worker-6-tc1/source
[INFO] started tweaking crates.io crate sz-orm-storage 9.4.0
[INFO] removed 0 missing tests
[INFO] finished tweaking crates.io crate sz-orm-storage 9.4.0
[INFO] tweaked toml for crates.io crate sz-orm-storage 9.4.0 written to /workspace/builds/worker-6-tc1/source/Cargo.toml
[INFO] validating manifest of crates.io crate sz-orm-storage 9.4.0 on toolchain 1.99.0-beta.8
[INFO] running `Command { std: CARGO_HOME="/workspace/cargo-home" RUSTUP_HOME="/workspace/rustup-home" "/workspace/cargo-home/bin/cargo" "+1.99.0-beta.8" "metadata" "--manifest-path" "Cargo.toml" "--no-deps", kill_on_drop: false }`
[INFO] crate crates.io crate sz-orm-storage 9.4.0 already has a lockfile, it will not be regenerated
[INFO] running `Command { std: CARGO_HOME="/workspace/cargo-home" RUSTUP_HOME="/workspace/rustup-home" "/workspace/cargo-home/bin/cargo" "+1.99.0-beta.8" "fetch" "--manifest-path" "Cargo.toml", kill_on_drop: false }`
[INFO] [stderr]     Updating crates.io index
[INFO] [stderr]  Downloading crates ...
[INFO] [stderr]   Downloaded rust-s3 v0.37.2
[INFO] [stderr]   Downloaded md5 v0.8.1
[INFO] [stderr]   Downloaded rxml_validation v0.11.0
[INFO] [stderr]   Downloaded minidom v0.16.0
[INFO] [stderr]   Downloaded compact_str v0.7.1
[INFO] [stderr]   Downloaded rxml v0.11.1
[INFO] [stderr]   Downloaded reqsign-file-read-tokio v3.0.3
[INFO] [stderr]   Downloaded aws-region v0.28.1
[INFO] [stderr]   Downloaded opendal-layer-retry v0.58.1
[INFO] [stderr]   Downloaded aws-creds v0.39.1
[INFO] [stderr]   Downloaded opendal-service-upyun v0.58.1
[INFO] [stderr]   Downloaded opendal-service-oss v0.58.1
[INFO] [stderr]   Downloaded opendal-service-obs v0.58.1
[INFO] [stderr]   Downloaded reqsign-huaweicloud-obs v3.0.3
[INFO] [stderr]   Downloaded opendal-service-cos v0.58.1
[INFO] [stderr]   Downloaded reqsign-core v3.2.0
[INFO] [stderr]   Downloaded reqsign-aliyun-oss v3.1.2
[INFO] [stderr]   Downloaded opendal-http-transport-reqwest v0.58.1
[INFO] [stderr]   Downloaded reqsign-tencent-cos v3.0.3
[INFO] [stderr]   Downloaded opendal-layer-timeout v0.58.1
[INFO] [stderr]   Downloaded opendal-layer-concurrent-limit v0.58.1
[INFO] [stderr]   Downloaded ctor v1.0.12
[INFO] [stderr]   Downloaded linktime-proc-macro v0.2.2
[INFO] [stderr]   Downloaded mea v0.6.5
[INFO] [stderr]   Downloaded base64 v0.23.0
[INFO] [stderr]   Downloaded link-section v0.19.2
[INFO] [stderr]   Downloaded opendal-layer-logging v0.58.1
[INFO] [stderr]   Downloaded opendal-core v0.58.1
[INFO] [stderr]   Downloaded opendal v0.58.1
[INFO] running `Command { std: "docker" "create" "-v" "/var/lib/crater-agent-workspace/builds/worker-6-tc1/source:/opt/rustwide/workdir:ro,Z" "-v" "/var/lib/crater-agent-workspace/builds/worker-6-tc1/target:/opt/rustwide/target:rw,Z" "-v" "/var/lib/crater-agent-workspace/cargo-home:/opt/rustwide/cargo-home:ro,Z" "-v" "/var/lib/crater-agent-workspace/rustup-home:/opt/rustwide/rustup-home:ro,Z" "-m" "1610612736" "--network" "none" "ghcr.io/rust-lang/crates-build-env/linux@sha256:77db811e55d90add9212f6832c23229e3de5f1c1f9905e8cb07319ea15df73ac" "sleep" "infinity", kill_on_drop: false }`
[INFO] [stdout] 60904988e0584ed93f3e0cf7540c93d6b95aab9618b02bbd7437f880c84378ad
[INFO] running `Command { std: "docker" "start" "60904988e0584ed93f3e0cf7540c93d6b95aab9618b02bbd7437f880c84378ad", kill_on_drop: false }`
[INFO] running `Command { std: "docker" "inspect" "60904988e0584ed93f3e0cf7540c93d6b95aab9618b02bbd7437f880c84378ad", kill_on_drop: false }`
[INFO] running `Command { std: "docker" "exec" "-e" "SOURCE_DIR=/opt/rustwide/workdir" "-e" "CARGO_HOME=/opt/rustwide/cargo-home" "-e" "RUSTUP_HOME=/opt/rustwide/rustup-home" "-e" "CARGO_TARGET_DIR=/opt/rustwide/target" "-w" "/opt/rustwide/workdir" "--user" "0:0" "60904988e0584ed93f3e0cf7540c93d6b95aab9618b02bbd7437f880c84378ad" "/opt/rustwide/cargo-home/bin/cargo" "+1.99.0-beta.8" "metadata" "--no-deps" "--format-version=1", kill_on_drop: false }`
[INFO] running `Command { std: "docker" "inspect" "60904988e0584ed93f3e0cf7540c93d6b95aab9618b02bbd7437f880c84378ad", kill_on_drop: false }`
[INFO] running `Command { std: "docker" "exec" "-e" "SOURCE_DIR=/opt/rustwide/workdir" "-e" "CARGO_HOME=/opt/rustwide/cargo-home" "-e" "RUSTUP_HOME=/opt/rustwide/rustup-home" "-e" "CARGO_TARGET_DIR=/opt/rustwide/target" "-e" "CARGO_INCREMENTAL=0" "-e" "RUST_BACKTRACE=full" "-e" "RUSTFLAGS=--cap-lints=warn" "-e" "RUSTDOCFLAGS=--cap-lints=warn" "-w" "/opt/rustwide/workdir" "--user" "0:0" "60904988e0584ed93f3e0cf7540c93d6b95aab9618b02bbd7437f880c84378ad" "/opt/rustwide/cargo-home/bin/cargo" "+1.99.0-beta.8" "build" "--frozen" "--message-format=json" "--release", kill_on_drop: false }`
[INFO] [stderr]    Compiling serde_json v1.0.151
[INFO] [stderr]    Compiling syn v3.0.3
[INFO] [stderr]    Compiling syn v2.0.119
[INFO] [stderr]    Compiling parking_lot_core v0.9.12
[INFO] [stderr]    Compiling parking_lot v0.12.5
[INFO] [stderr]    Compiling tokio-macros v2.7.1
[INFO] [stderr]    Compiling serde_derive v1.0.229
[INFO] [stderr]    Compiling thiserror-impl v2.0.19
[INFO] [stderr]    Compiling async-trait v0.1.91
[INFO] [stderr]    Compiling tokio v1.53.1
[INFO] [stderr]    Compiling thiserror v2.0.19
[INFO] [stderr]    Compiling serde v1.0.229
[INFO] [stderr]    Compiling sz-orm-storage v9.4.0 (/opt/rustwide/workdir)
[INFO] [stderr]     Finished `release` profile [optimized] target(s) in 20.31s
[INFO] running `Command { std: "docker" "inspect" "60904988e0584ed93f3e0cf7540c93d6b95aab9618b02bbd7437f880c84378ad", kill_on_drop: false }`
[INFO] running `Command { std: "docker" "exec" "-e" "SOURCE_DIR=/opt/rustwide/workdir" "-e" "CARGO_HOME=/opt/rustwide/cargo-home" "-e" "RUSTUP_HOME=/opt/rustwide/rustup-home" "-e" "CARGO_TARGET_DIR=/opt/rustwide/target" "-e" "CARGO_INCREMENTAL=0" "-e" "RUST_BACKTRACE=full" "-e" "RUSTFLAGS=--cap-lints=warn" "-e" "RUSTDOCFLAGS=--cap-lints=warn" "-w" "/opt/rustwide/workdir" "--user" "0:0" "60904988e0584ed93f3e0cf7540c93d6b95aab9618b02bbd7437f880c84378ad" "/opt/rustwide/cargo-home/bin/cargo" "+1.99.0-beta.8" "test" "--frozen" "--no-run" "--message-format=json" "--release", kill_on_drop: false }`
[INFO] [stderr]    Compiling tokio v1.53.1
[INFO] [stderr]    Compiling tokio-stream v0.1.19
[INFO] [stderr]    Compiling sz-orm-storage v9.4.0 (/opt/rustwide/workdir)
[INFO] [stderr]    Compiling tokio-test v0.4.5
[INFO] [stderr]     Finished `release` profile [optimized] target(s) in 20.88s
[INFO] running `Command { std: "docker" "inspect" "60904988e0584ed93f3e0cf7540c93d6b95aab9618b02bbd7437f880c84378ad", kill_on_drop: false }`
[INFO] running `Command { std: "docker" "exec" "-e" "SOURCE_DIR=/opt/rustwide/workdir" "-e" "CARGO_HOME=/opt/rustwide/cargo-home" "-e" "RUSTUP_HOME=/opt/rustwide/rustup-home" "-e" "CARGO_TARGET_DIR=/opt/rustwide/target" "-e" "CARGO_INCREMENTAL=0" "-e" "RUST_BACKTRACE=full" "-e" "RUSTFLAGS=--cap-lints=warn" "-e" "RUSTDOCFLAGS=--cap-lints=warn" "-w" "/opt/rustwide/workdir" "--user" "0:0" "60904988e0584ed93f3e0cf7540c93d6b95aab9618b02bbd7437f880c84378ad" "/opt/rustwide/cargo-home/bin/cargo" "+1.99.0-beta.8" "test" "--frozen" "--release", kill_on_drop: false }`
[INFO] [stderr]     Finished `release` profile [optimized] target(s) in 0.14s
[INFO] [stderr]      Running unittests src/lib.rs (/opt/rustwide/target/release/deps/sz_orm_storage-9cd7a004ca02d6f7)
[INFO] [stdout] 
[INFO] [stdout] running 105 tests
[INFO] [stdout] test advanced::tests::test_cdn_prefetch_empty ... ok
[INFO] [stdout] test advanced::tests::test_estimate_remaining_seconds_zero_elapsed ... ok
[INFO] [stdout] test advanced::tests::test_cdn_requests_in_last ... ok
[INFO] [stdout] test advanced::tests::test_estimate_remaining_seconds ... ok
[INFO] [stdout] test advanced::tests::test_cdn_refresh_empty_targets ... ok
[INFO] [stdout] test advanced::tests::test_cdn_refresh_dirs ... ok
[INFO] [stdout] test advanced::tests::test_cdn_refresh_history ... ok
[INFO] [stdout] test advanced::tests::test_cdn_refresh_urls ... ok
[INFO] [stdout] test advanced::tests::test_cdn_prefetch ... ok
[INFO] [stdout] test advanced::tests::test_cdn_get_status_not_found ... ok
[INFO] [stdout] test advanced::tests::test_cdn_refresh_too_many_targets ... ok
[INFO] [stdout] test advanced::tests::test_cdn_get_request_not_found ... ok
[INFO] [stdout] test advanced::tests::test_cdn_rate_limit ... ok
[INFO] [stdout] test advanced::tests::test_estimate_remaining_seconds_zero_uploaded ... ok
[INFO] [stdout] test advanced::tests::test_lifecycle_rule_empty_prefix_matches_all ... ok
[INFO] [stdout] test advanced::tests::test_lifecycle_matching_rules_filtered_by_prefix ... ok
[INFO] [stdout] test advanced::tests::test_format_size ... ok
[INFO] [stdout] test advanced::tests::test_lifecycle_add_and_remove_rule ... ok
[INFO] [stdout] test advanced::tests::test_multipart_upload_abort ... ok
[INFO] [stdout] test advanced::tests::test_lifecycle_rule_matches_prefix ... ok
[INFO] [stdout] test advanced::tests::test_lifecycle_enable_disable_rule ... ok
[INFO] [stdout] test advanced::tests::test_lifecycle_evaluate_expiration ... ok
[INFO] [stdout] test advanced::tests::test_lifecycle_evaluate_abort_incomplete ... ok
[INFO] [stdout] test advanced::tests::test_lifecycle_evaluate_transition ... ok
[INFO] [stdout] test advanced::tests::test_multipart_upload_abort_after_complete_fails ... ok
[INFO] [stdout] test advanced::tests::test_multipart_upload_single_part ... ok
[INFO] [stdout] test advanced::tests::test_multipart_upload_wrong_part_number ... ok
[INFO] [stdout] test advanced::tests::test_multipart_upload_init ... ok
[INFO] [stdout] test advanced::tests::test_multipart_upload_complete_after_complete ... ok
[INFO] [stdout] test advanced::tests::test_lifecycle_multiple_rules_match_same_key ... ok
[INFO] [stdout] test advanced::tests::test_multipart_upload_complete_empty ... ok
[INFO] [stdout] test advanced::tests::test_lifecycle_rule_disabled_does_not_match ... ok
[INFO] [stdout] test advanced::tests::test_multipart_upload_wrong_part_size ... ok
[INFO] [stdout] test advanced::tests::test_multipart_upload_multiple_parts ... ok
[INFO] [stdout] test advanced::tests::test_multipart_upload_progress ... ok
[INFO] [stdout] test advanced::tests::test_resumable_initiate ... ok
[INFO] [stdout] test advanced::tests::test_resumable_list_uploads ... ok
[INFO] [stdout] test aliyun::tests::test_aliyun_delete_and_exists ... ok
[INFO] [stdout] test advanced::tests::test_resumable_upload_part_invalid_session ... ok
[INFO] [stdout] test aliyun::tests::test_aliyun_get_not_found ... ok
[INFO] [stdout] test advanced::tests::test_object_age_days ... ok
[INFO] [stdout] test advanced::tests::test_part_etag_unique ... ok
[INFO] [stdout] test advanced::tests::test_resumable_abort ... ok
[INFO] [stdout] test advanced::tests::test_resumable_cleanup ... ok
[INFO] [stdout] test advanced::tests::test_resumable_snapshot_has_uploaded_parts ... ok
[INFO] [stdout] test advanced::tests::test_resumable_complete_invalid_session ... ok
[INFO] [stdout] test advanced::tests::test_resumable_upload_and_complete ... ok
[INFO] [stdout] test advanced::tests::test_resumable_get_session_not_found ... ok
[INFO] [stdout] test qiniu::tests::test_qiniu_delete_and_exists ... ok
[INFO] [stdout] test local::tests::test_local_creates_subdirectories ... ok
[INFO] [stdout] test huawei::tests::test_huawei_put_and_get ... ok
[INFO] [stdout] test qiniu::tests::test_qiniu_overwrite ... ok
[INFO] [stdout] test aliyun::tests::test_aliyun_overwrite ... ok
[INFO] [stdout] test qiniu::tests::test_qiniu_url_format ... ok
[INFO] [stdout] test huawei::tests::test_huawei_delete_and_exists ... ok
[INFO] [stdout] test huawei::tests::test_huawei_overwrite ... ok
[INFO] [stdout] test huawei::tests::test_huawei_get_not_found ... ok
[INFO] [stdout] test s3::tests::test_s3_exists_false_for_missing ... ok
[INFO] [stdout] test s3::tests::test_s3_get_not_found ... ok
[INFO] [stdout] test huawei::tests::test_huawei_multiple_keys ... ok
[INFO] [stdout] test qiniu::tests::test_qiniu_get_not_found ... ok
[INFO] [stdout] test s3::tests::test_s3_put_and_get ... ok
[INFO] [stdout] test tencent::tests::test_tencent_get_not_found ... ok
[INFO] [stdout] test tencent::tests::test_tencent_delete_and_exists ... ok
[INFO] [stdout] test tencent::tests::test_tencent_overwrite ... ok
[INFO] [stdout] test tencent::tests::test_tencent_put_and_get ... ok
[INFO] [stdout] test tencent::tests::test_tencent_multiple_keys ... ok
[INFO] [stdout] test s3::tests::test_s3_overwrite ... ok
[INFO] [stdout] test qiniu::tests::test_qiniu_put_and_get ... ok
[INFO] [stdout] test local::tests::test_local_overwrite ... ok
[INFO] [stdout] test local::tests::test_local_get_not_found ... ok
[INFO] [stdout] test s3::tests::test_s3_multiple_keys ... ok
[INFO] [stdout] test s3::tests::test_s3_delete ... ok
[INFO] [stdout] test aliyun::tests::test_aliyun_put_and_get ... ok
[INFO] [stdout] test tests::test_storage_builder_aliyun ... ok
[INFO] [stdout] test tests::test_builder_s3_actually_works ... ok
[INFO] [stdout] test tests::test_builder_tencent_actually_works ... ok
[INFO] [stdout] test tests::test_builder_upyun_actually_works ... ok
[INFO] [stdout] test tencent::tests::test_tencent_url_format ... ok
[INFO] [stdout] test tests::test_builder_aliyun_actually_works ... ok
[INFO] [stdout] test tests::test_builder_huawei_actually_works ... ok
[INFO] [stdout] test tests::test_local_storage_delete ... ok
[INFO] [stdout] test tests::test_storage_builder_huawei ... ok
[INFO] [stdout] test tests::test_local_storage_not_found ... ok
[INFO] [stdout] test tests::test_storage_builder_local ... ok
[INFO] [stdout] test tests::test_storage_builder_upyun ... ok
[INFO] [stdout] test tests::test_storage_builder_qiniu ... ok
[INFO] [stdout] test local::tests::test_local_put_returns_url ... ok
[INFO] [stdout] test local::tests::test_local_put_and_get ... ok
[INFO] [stdout] test tests::test_storage_builder_s3 ... ok
[INFO] [stdout] test upyun::tests::test_upyun_overwrite ... ok
[INFO] [stdout] test tests::test_storage_builder_tencent ... ok
[INFO] [stdout] test tests::test_storage_config_debug_masks_secrets ... ok
[INFO] [stdout] test local::tests::test_local_exists_false_for_missing ... ok
[INFO] [stdout] test tests::test_local_storage_exists ... ok
[INFO] [stdout] test tests::test_storage_config_default ... ok
[INFO] [stdout] test upyun::tests::test_upyun_get_not_found ... ok
[INFO] [stdout] test tests::test_builder_qiniu_actually_works ... ok
[INFO] [stdout] test upyun::tests::test_upyun_delete_and_exists ... ok
[INFO] [stdout] test local::tests::test_local_delete ... ok
[INFO] [stdout] test upyun::tests::test_upyun_put_and_get ... ok
[INFO] [stdout] test upyun::tests::test_upyun_url_format ... ok
[INFO] [stdout] test tests::test_local_storage_put_and_get ... ok
[INFO] [stdout] test tests::test_storage_wrapper_put ... ok
[INFO] [stdout] test tests::test_storage_wrapper_get ... ok
[INFO] [stdout] 
[INFO] [stdout] test result: ok. 105 passed; 0 failed; 0 ignored; 0 measured; 0 filtered out; finished in 0.04s
[INFO] [stdout] 
[INFO] [stderr]      Running tests/error_test.rs (/opt/rustwide/target/release/deps/error_test-36804c6d34736509)
[INFO] [stdout] 
[INFO] [stdout] running 11 tests
[INFO] [stdout] test test_from_io_not_found ... ok
[INFO] [stdout] test test_from_io_other ... ok
[INFO] [stdout] test test_invalid_config ... ok
[INFO] [stdout] test test_error_trait_impl ... ok
[INFO] [stdout] test test_from_io_permission_denied ... ok
[INFO] [stdout] test test_connection ... ok
[INFO] [stdout] test test_permission_denied ... ok
[INFO] [stdout] test test_put ... ok
[INFO] [stdout] test test_not_found ... ok
[INFO] [stdout] test test_get ... ok
[INFO] [stderr]      Running tests/phantom1_wiring.rs (/opt/rustwide/target/release/deps/phantom1_wiring-550678ae980e69b9)
[INFO] [stdout] test test_delete ... ok
[INFO] [stdout] 
[INFO] [stdout] test result: ok. 11 passed; 0 failed; 0 ignored; 0 measured; 0 filtered out; finished in 0.01s
[INFO] [stdout] 
[INFO] [stdout] 
[INFO] [stdout] running 1 test
[INFO] [stdout] test phantom1_wiring_all_symbols_connected ... FAILED
[INFO] [stderr] error: test failed, to rerun pass `--test phantom1_wiring`
[INFO] [stdout] 
[INFO] [stdout] failures:
[INFO] [stdout] 
[INFO] [stdout] ---- phantom1_wiring_all_symbols_connected stdout ----
[INFO] [stdout] 
[INFO] [stdout] thread 'phantom1_wiring_all_symbols_connected' (795) panicked at tests/phantom1_wiring.rs:20:5:
[INFO] [stdout] assertion `left == right` failed: 预期 33 个接线成功，实际 0
[INFO] [stdout] stdout:
[INFO] [stdout] 
[INFO] [stdout] stderr:
[INFO] [stdout] error: package(s) `sz-orm-cli` not found in workspace `/opt/rustwide/workdir`
[INFO] [stdout] 
[INFO] [stdout]   left: 0
[INFO] [stdout]  right: 33
[INFO] [stdout] stack backtrace:
[INFO] [stdout]    0:     0x614e1c6fc601 - <<std[70759c8f55707aa4]::sys::backtrace::BacktraceLock>::print::DisplayBacktrace as core[df12db4294e9bfd3]::fmt::Display>::fmt
[INFO] [stdout]    1:     0x614e1c71080a - core[df12db4294e9bfd3]::fmt::write
[INFO] [stdout]    2:     0x614e1c700a9c - <alloc[2182bb758b4b3781]::vec::Vec<u8> as core[df12db4294e9bfd3]::io::write::Write>::write_fmt
[INFO] [stdout]    3:     0x614e1c6d8af6 - std[70759c8f55707aa4]::panicking::default_hook::{closure#0}
[INFO] [stdout]    4:     0x614e1c6f4d69 - std[70759c8f55707aa4]::panicking::default_hook
[INFO] [stdout]    5:     0x614e1c6910f0 - test[9d35eded1c95d3be]::test_main_inner::<test[9d35eded1c95d3be]::test_main_static::{closure#0}>::{closure#0}
[INFO] [stdout]    6:     0x614e1c6f4f22 - std[70759c8f55707aa4]::panicking::panic_with_hook
[INFO] [stdout]    7:     0x614e1c6d8ba2 - std[70759c8f55707aa4]::panicking::panic_handler::{closure#0}
[INFO] [stdout]    8:     0x614e1c6d1929 - std[70759c8f55707aa4]::sys::backtrace::__rust_end_short_backtrace::<std[70759c8f55707aa4]::panicking::panic_handler::{closure#0}, !>
[INFO] [stdout]    9:     0x614e1c6d979d - __rustc[8fa7c3cbc660c2b3]::rust_begin_unwind
[INFO] [stdout]   10:     0x614e1c710f3c - core[df12db4294e9bfd3]::panicking::panic_fmt
[INFO] [stdout]   11:     0x614e1c710eb3 - core[df12db4294e9bfd3]::panicking::assert_failed_inner
[INFO] [stdout]   12:     0x614e1c70d748 - core[df12db4294e9bfd3]::panicking::assert_failed::<usize, usize>
[INFO] [stdout]   13:     0x614e1c6842ac - <phantom1_wiring[e265dea696de62d]::phantom1_wiring_all_symbols_connected::{closure#0} as core[df12db4294e9bfd3]::ops::function::FnOnce<()>>::call_once
[INFO] [stdout]   14:     0x614e1c6843db - test[9d35eded1c95d3be]::__rust_begin_short_backtrace::<core[df12db4294e9bfd3]::result::Result<(), alloc[2182bb758b4b3781]::string::String>, fn() -> core[df12db4294e9bfd3]::result::Result<(), alloc[2182bb758b4b3781]::string::String>>
[INFO] [stdout]   15:     0x614e1c691a45 - test[9d35eded1c95d3be]::run_test::{closure#0}
[INFO] [stdout]   16:     0x614e1c68b304 - std[70759c8f55707aa4]::sys::backtrace::__rust_begin_short_backtrace::<test[9d35eded1c95d3be]::run_test::{closure#1}, ()>
[INFO] [stdout]   17:     0x614e1c694ba2 - <std[70759c8f55707aa4]::thread::lifecycle::spawn_unchecked<test[9d35eded1c95d3be]::run_test::{closure#1}, ()>::{closure#1} as core[df12db4294e9bfd3]::ops::function::FnOnce<()>>::call_once::{shim:vtable#0}
[INFO] [stdout]   18:     0x614e1c6fbed9 - <std[70759c8f55707aa4]::sys::thread::unix::Thread>::new::thread_start
[INFO] [stdout]   19:     0x703374716dfa - <unknown>
[INFO] [stdout]   20:     0x7033747aa3d4 - clone
[INFO] [stdout]   21:                0x0 - <unknown>
[INFO] [stdout] 
[INFO] [stdout] 
[INFO] [stdout] failures:
[INFO] [stdout]     phantom1_wiring_all_symbols_connected
[INFO] [stdout] 
[INFO] [stdout] test result: FAILED. 0 passed; 1 failed; 0 ignored; 0 measured; 0 filtered out; finished in 0.07s
[INFO] [stdout] 
[INFO] running `Command { std: "docker" "inspect" "60904988e0584ed93f3e0cf7540c93d6b95aab9618b02bbd7437f880c84378ad", kill_on_drop: false }`
[INFO] running `Command { std: "docker" "rm" "-f" "60904988e0584ed93f3e0cf7540c93d6b95aab9618b02bbd7437f880c84378ad", kill_on_drop: false }`
[INFO] [stdout] 60904988e0584ed93f3e0cf7540c93d6b95aab9618b02bbd7437f880c84378ad
