[INFO] fetching crate sz-orm-observability 9.4.0...
[INFO] testing sz-orm-observability-9.4.0 against 1.100.0-beta.1+cargoflags=--release for beta-release-1.100-2
[INFO] extracting crate sz-orm-observability 9.4.0 into /workspace/builds/worker-4-tc2/source
[INFO] started tweaking crates.io crate sz-orm-observability 9.4.0
[INFO] removed 0 missing tests
[INFO] finished tweaking crates.io crate sz-orm-observability 9.4.0
[INFO] tweaked toml for crates.io crate sz-orm-observability 9.4.0 written to /workspace/builds/worker-4-tc2/source/Cargo.toml
[INFO] validating manifest of crates.io crate sz-orm-observability 9.4.0 on toolchain 1.100.0-beta.1
[INFO] running `Command { std: CARGO_HOME="/workspace/cargo-home" RUSTUP_HOME="/workspace/rustup-home" "/workspace/cargo-home/bin/cargo" "+1.100.0-beta.1" "metadata" "--manifest-path" "Cargo.toml" "--no-deps", kill_on_drop: false }`
[INFO] crate crates.io crate sz-orm-observability 9.4.0 already has a lockfile, it will not be regenerated
[INFO] running `Command { std: CARGO_HOME="/workspace/cargo-home" RUSTUP_HOME="/workspace/rustup-home" "/workspace/cargo-home/bin/cargo" "+1.100.0-beta.1" "fetch" "--manifest-path" "Cargo.toml", kill_on_drop: false }`
[INFO] [stderr] warning: `package.homepage` is redundant with `package.repository`
[INFO] [stderr]    --> Cargo.toml:115:12
[INFO] [stderr]     |
[INFO] [stderr] 115 | homepage = "https://github.com/ljclz/sz-orm"
[INFO] [stderr]     |            ^^^^^^^^^^^^^^^^^^^^^^^^^^^^^^^^^
[INFO] [stderr] ...
[INFO] [stderr] 120 | repository = "https://github.com/ljclz/sz-orm"
[INFO] [stderr]     |              ---------------------------------
[INFO] [stderr]     |
[INFO] [stderr]     = note: `cargo::redundant_homepage` is set to `warn` by default
[INFO] [stderr] help: consider removing `package.homepage`
[INFO] [stderr] warning: `sz-orm-observability` (manifest) generated 1 warning
[INFO] running `Command { std: "docker" "create" "-v" "/var/lib/crater-agent-workspace/builds/worker-4-tc2/source:/opt/rustwide/workdir:ro,Z" "-v" "/var/lib/crater-agent-workspace/builds/worker-4-tc2/target:/opt/rustwide/target:rw,Z" "-v" "/var/lib/crater-agent-workspace/cargo-home:/opt/rustwide/cargo-home:ro,Z" "-v" "/var/lib/crater-agent-workspace/rustup-home:/opt/rustwide/rustup-home:ro,Z" "-m" "1610612736" "--network" "none" "ghcr.io/rust-lang/crates-build-env/linux@sha256:77db811e55d90add9212f6832c23229e3de5f1c1f9905e8cb07319ea15df73ac" "sleep" "infinity", kill_on_drop: false }`
[INFO] [stdout] bb86b9528dd9c69cc0f11c9fe8cd758a814f1aa9dde4dff7f51d8a08563112d9
[INFO] running `Command { std: "docker" "start" "bb86b9528dd9c69cc0f11c9fe8cd758a814f1aa9dde4dff7f51d8a08563112d9", kill_on_drop: false }`
[INFO] running `Command { std: "docker" "inspect" "bb86b9528dd9c69cc0f11c9fe8cd758a814f1aa9dde4dff7f51d8a08563112d9", kill_on_drop: false }`
[INFO] running `Command { std: "docker" "exec" "-e" "SOURCE_DIR=/opt/rustwide/workdir" "-e" "CARGO_HOME=/opt/rustwide/cargo-home" "-e" "RUSTUP_HOME=/opt/rustwide/rustup-home" "-e" "CARGO_TARGET_DIR=/opt/rustwide/target" "-w" "/opt/rustwide/workdir" "--user" "0:0" "bb86b9528dd9c69cc0f11c9fe8cd758a814f1aa9dde4dff7f51d8a08563112d9" "/opt/rustwide/cargo-home/bin/cargo" "+1.100.0-beta.1" "metadata" "--no-deps" "--format-version=1", kill_on_drop: false }`
[INFO] running `Command { std: "docker" "inspect" "bb86b9528dd9c69cc0f11c9fe8cd758a814f1aa9dde4dff7f51d8a08563112d9", kill_on_drop: false }`
[INFO] running `Command { std: "docker" "exec" "-e" "SOURCE_DIR=/opt/rustwide/workdir" "-e" "CARGO_HOME=/opt/rustwide/cargo-home" "-e" "RUSTUP_HOME=/opt/rustwide/rustup-home" "-e" "CARGO_TARGET_DIR=/opt/rustwide/target" "-e" "CARGO_INCREMENTAL=0" "-e" "RUST_BACKTRACE=full" "-e" "RUSTFLAGS=--cap-lints=warn" "-e" "RUSTDOCFLAGS=--cap-lints=warn" "-w" "/opt/rustwide/workdir" "--user" "0:0" "bb86b9528dd9c69cc0f11c9fe8cd758a814f1aa9dde4dff7f51d8a08563112d9" "/opt/rustwide/cargo-home/bin/cargo" "+1.100.0-beta.1" "build" "--frozen" "--message-format=json" "--release", kill_on_drop: false }`
[INFO] [stderr] warning: `package.homepage` is redundant with `package.repository`
[INFO] [stderr]    --> Cargo.toml:115:12
[INFO] [stderr]     |
[INFO] [stderr] 115 | homepage = "https://github.com/ljclz/sz-orm"
[INFO] [stderr]     |            ^^^^^^^^^^^^^^^^^^^^^^^^^^^^^^^^^
[INFO] [stderr] ...
[INFO] [stderr] 120 | repository = "https://github.com/ljclz/sz-orm"
[INFO] [stderr]     |              ---------------------------------
[INFO] [stderr]     |
[INFO] [stderr]     = note: `cargo::redundant_homepage` is set to `warn` by default
[INFO] [stderr] help: consider removing `package.homepage`
[INFO] [stderr] warning: `sz-orm-observability` (manifest) generated 1 warning
[INFO] [stderr]    Compiling crossbeam-utils v0.8.22
[INFO] [stderr]    Compiling syn v2.0.119
[INFO] [stderr]    Compiling parking_lot v0.12.5
[INFO] [stderr]    Compiling ppv-lite86 v0.2.21
[INFO] [stderr]    Compiling thiserror-impl v2.0.19
[INFO] [stderr]    Compiling serde_derive v1.0.229
[INFO] [stderr]    Compiling num-integer v0.1.46
[INFO] [stderr]    Compiling either v1.17.0
[INFO] [stderr]    Compiling fastrand v2.5.0
[INFO] [stderr]    Compiling arc-swap v1.9.2
[INFO] [stderr]    Compiling async-trait v0.1.91
[INFO] [stderr]    Compiling regex v1.13.1
[INFO] [stderr]    Compiling socket2 v0.5.10
[INFO] [stderr]    Compiling sha1_smol v1.0.1
[INFO] [stderr]    Compiling sqlparser v0.47.0
[INFO] [stderr]    Compiling serde_json v1.0.151
[INFO] [stderr]    Compiling backon v1.6.0
[INFO] [stderr]    Compiling num-bigint v0.4.8
[INFO] [stderr]    Compiling rand_chacha v0.3.1
[INFO] [stderr]    Compiling itertools v0.13.0
[INFO] [stderr]    Compiling rand v0.8.7
[INFO] [stderr]    Compiling crossbeam-queue v0.3.13
[INFO] [stderr]    Compiling thiserror v2.0.19
[INFO] [stderr]    Compiling sz-orm-sql-validator v9.4.0
[INFO] [stderr]    Compiling twox-hash v1.6.3
[INFO] [stderr]    Compiling serde v1.0.229
[INFO] [stderr]    Compiling chrono v0.4.44
[INFO] [stderr]    Compiling synstructure v0.13.2
[INFO] [stderr]    Compiling zerovec-derive v0.11.3
[INFO] [stderr]    Compiling displaydoc v0.2.6
[INFO] [stderr]    Compiling futures-macro v0.3.33
[INFO] [stderr]    Compiling tokio-macros v2.7.1
[INFO] [stderr]    Compiling tracing-attributes v0.1.31
[INFO] [stderr]    Compiling sz-orm-macros v9.4.0
[INFO] [stderr]    Compiling zerofrom-derive v0.1.7
[INFO] [stderr]    Compiling yoke-derive v0.8.2
[INFO] [stderr]    Compiling tokio v1.53.1
[INFO] [stderr]    Compiling futures-util v0.3.33
[INFO] [stderr]    Compiling zerofrom v0.1.8
[INFO] [stderr]    Compiling yoke v0.8.3
[INFO] [stderr]    Compiling zerotrie v0.2.4
[INFO] [stderr]    Compiling tracing v0.1.44
[INFO] [stderr]    Compiling zerovec v0.11.6
[INFO] [stderr]    Compiling tinystr v0.8.3
[INFO] [stderr]    Compiling potential_utf v0.1.5
[INFO] [stderr]    Compiling icu_collections v2.2.0
[INFO] [stderr]    Compiling icu_locale_core v2.2.0
[INFO] [stderr]    Compiling icu_provider v2.2.0
[INFO] [stderr]    Compiling icu_properties v2.2.0
[INFO] [stderr]    Compiling icu_normalizer v2.2.0
[INFO] [stderr]    Compiling futures-executor v0.3.33
[INFO] [stderr]    Compiling futures v0.3.33
[INFO] [stderr]    Compiling idna_adapter v1.2.2
[INFO] [stderr]    Compiling idna v1.1.0
[INFO] [stderr]    Compiling url v2.5.8
[INFO] [stderr]    Compiling tokio-util v0.7.19
[INFO] [stderr]    Compiling combine v4.6.7
[INFO] [stderr]    Compiling redis v0.27.6
[INFO] [stderr]    Compiling sz-orm-core v9.4.0
[INFO] [stderr]    Compiling sz-orm-observability v9.4.0 (/opt/rustwide/workdir)
[INFO] [stderr] warning: unused dependency `sz-orm-core`
[INFO] [stderr]   --> Cargo.toml:32:15
[INFO] [stderr]    |
[INFO] [stderr] 32 | [dependencies.sz-orm-core]
[INFO] [stderr]    |               ^^^^^^^^^^^^
[INFO] [stderr]    |
[INFO] [stderr]    = note: `cargo::unused_dependencies` is set to `warn` by default
[INFO] [stderr] help: consider removing the dependency on `sz-orm-core`
[INFO] [stderr] warning: `sz-orm-observability` (manifest) generated 1 warning
[INFO] [stderr]     Finished `release` profile [optimized] target(s) in 1m 46s
[INFO] [stderr] warning: the following packages contain code that will be rejected by a future version of Rust: redis v0.27.6
[INFO] [stderr] note: to see what the problems were, use the option `--future-incompat-report`, or run `cargo report future-incompatibilities --id 4`
[INFO] running `Command { std: "docker" "inspect" "bb86b9528dd9c69cc0f11c9fe8cd758a814f1aa9dde4dff7f51d8a08563112d9", kill_on_drop: false }`
[INFO] running `Command { std: "docker" "exec" "-e" "SOURCE_DIR=/opt/rustwide/workdir" "-e" "CARGO_HOME=/opt/rustwide/cargo-home" "-e" "RUSTUP_HOME=/opt/rustwide/rustup-home" "-e" "CARGO_TARGET_DIR=/opt/rustwide/target" "-e" "CARGO_INCREMENTAL=0" "-e" "RUST_BACKTRACE=full" "-e" "RUSTFLAGS=--cap-lints=warn" "-e" "RUSTDOCFLAGS=--cap-lints=warn" "-w" "/opt/rustwide/workdir" "--user" "0:0" "bb86b9528dd9c69cc0f11c9fe8cd758a814f1aa9dde4dff7f51d8a08563112d9" "/opt/rustwide/cargo-home/bin/cargo" "+1.100.0-beta.1" "test" "--frozen" "--no-run" "--message-format=json" "--release", kill_on_drop: false }`
[INFO] [stderr] warning: `package.homepage` is redundant with `package.repository`
[INFO] [stderr]    --> Cargo.toml:115:12
[INFO] [stderr]     |
[INFO] [stderr] 115 | homepage = "https://github.com/ljclz/sz-orm"
[INFO] [stderr]     |            ^^^^^^^^^^^^^^^^^^^^^^^^^^^^^^^^^
[INFO] [stderr] ...
[INFO] [stderr] 120 | repository = "https://github.com/ljclz/sz-orm"
[INFO] [stderr]     |              ---------------------------------
[INFO] [stderr]     |
[INFO] [stderr]     = note: `cargo::redundant_homepage` is set to `warn` by default
[INFO] [stderr] help: consider removing `package.homepage`
[INFO] [stderr] warning: `sz-orm-observability` (manifest) generated 1 warning
[INFO] [stderr]    Compiling sz-orm-observability v9.4.0 (/opt/rustwide/workdir)
[INFO] [stderr] warning: unused dependency `sz-orm-core`
[INFO] [stderr]   --> Cargo.toml:32:15
[INFO] [stderr]    |
[INFO] [stderr] 32 | [dependencies.sz-orm-core]
[INFO] [stderr]    |               ^^^^^^^^^^^^
[INFO] [stderr]    |
[INFO] [stderr]    = note: `cargo::unused_dependencies` is set to `warn` by default
[INFO] [stderr] help: consider removing the dependency on `sz-orm-core`
[INFO] [stderr] warning: `sz-orm-observability` (manifest) generated 1 warning
[INFO] [stderr]     Finished `release` profile [optimized] target(s) in 2.83s
[INFO] [stderr] warning: the following packages contain code that will be rejected by a future version of Rust: redis v0.27.6
[INFO] [stderr] note: to see what the problems were, use the option `--future-incompat-report`, or run `cargo report future-incompatibilities --id 4`
[INFO] running `Command { std: "docker" "inspect" "bb86b9528dd9c69cc0f11c9fe8cd758a814f1aa9dde4dff7f51d8a08563112d9", kill_on_drop: false }`
[INFO] running `Command { std: "docker" "exec" "-e" "SOURCE_DIR=/opt/rustwide/workdir" "-e" "CARGO_HOME=/opt/rustwide/cargo-home" "-e" "RUSTUP_HOME=/opt/rustwide/rustup-home" "-e" "CARGO_TARGET_DIR=/opt/rustwide/target" "-e" "CARGO_INCREMENTAL=0" "-e" "RUST_BACKTRACE=full" "-e" "RUSTFLAGS=--cap-lints=warn" "-e" "RUSTDOCFLAGS=--cap-lints=warn" "-w" "/opt/rustwide/workdir" "--user" "0:0" "bb86b9528dd9c69cc0f11c9fe8cd758a814f1aa9dde4dff7f51d8a08563112d9" "/opt/rustwide/cargo-home/bin/cargo" "+1.100.0-beta.1" "test" "--frozen" "--release", kill_on_drop: false }`
[INFO] [stderr] warning: `package.homepage` is redundant with `package.repository`
[INFO] [stderr]    --> Cargo.toml:115:12
[INFO] [stderr]     |
[INFO] [stderr] 115 | homepage = "https://github.com/ljclz/sz-orm"
[INFO] [stderr]     |            ^^^^^^^^^^^^^^^^^^^^^^^^^^^^^^^^^
[INFO] [stderr] ...
[INFO] [stderr] 120 | repository = "https://github.com/ljclz/sz-orm"
[INFO] [stderr]     |              ---------------------------------
[INFO] [stderr]     |
[INFO] [stderr]     = note: `cargo::redundant_homepage` is set to `warn` by default
[INFO] [stderr] help: consider removing `package.homepage`
[INFO] [stderr] warning: `sz-orm-observability` (manifest) generated 1 warning
[INFO] [stderr] warning: unused dependency `sz-orm-core`
[INFO] [stderr]   --> Cargo.toml:32:15
[INFO] [stderr]    |
[INFO] [stderr] 32 | [dependencies.sz-orm-core]
[INFO] [stderr]    |               ^^^^^^^^^^^^
[INFO] [stderr]    |
[INFO] [stderr]    = note: `cargo::unused_dependencies` is set to `warn` by default
[INFO] [stderr] help: consider removing the dependency on `sz-orm-core`
[INFO] [stderr] warning: `sz-orm-observability` (manifest) generated 1 warning
[INFO] [stderr]     Finished `release` profile [optimized] target(s) in 0.17s
[INFO] [stderr] warning: the following packages contain code that will be rejected by a future version of Rust: redis v0.27.6
[INFO] [stderr] note: to see what the problems were, use the option `--future-incompat-report`, or run `cargo report future-incompatibilities --id 4`
[INFO] [stderr]      Running unittests src/lib.rs (/opt/rustwide/target/release/build/sz-orm-observability/8e360b8e95a73006/out/sz_orm_observability-8e360b8e95a73006)
[INFO] [stdout] 
[INFO] [stdout] running 44 tests
[INFO] [stdout] test slo::tests::test_default_config_is_google_sre_recommended ... ok
[INFO] [stdout] test summary::tests::test_labeled_histogram_render_contains_labels ... ok
[INFO] [stdout] test summary::tests::test_pushgateway_clear ... ok
[INFO] [stdout] test slo::tests::test_slo_page_alerting ... ok
[INFO] [stdout] test summary::tests::test_labeled_histogram_label_order_independent ... ok
[INFO] [stdout] test summary::tests::test_pushgateway_config_default ... ok
[INFO] [stdout] test summary::tests::test_pushgateway_exporter_new ... ok
[INFO] [stdout] test summary::tests::test_labeled_histogram_observe_multiple_labels ... ok
[INFO] [stdout] test summary::tests::test_pushgateway_memory_mode_records_snapshot ... ok
[INFO] [stdout] test summary::tests::test_pushgateway_snapshot_has_metadata ... ok
[INFO] [stdout] test summary::tests::test_labeled_histogram_count_missing_labels ... ok
[INFO] [stdout] test summary::tests::test_pushgateway_push_text ... ok
[INFO] [stdout] test slo::tests::test_slo_all_success ... ok
[INFO] [stdout] test summary::tests::test_labeled_histogram_observe_single_label ... ok
[INFO] [stdout] test summary::tests::test_labeled_histogram_render_inf_bucket ... ok
[INFO] [stdout] test summary::tests::test_summary_name ... ok
[INFO] [stdout] test summary::tests::test_summary_new_empty ... ok
[INFO] [stdout] test summary::tests::test_pushgateway_push_from_registry ... ok
[INFO] [stdout] test slo::tests::test_slo_no_data ... ok
[INFO] [stdout] test summary::tests::test_summary_quantile_p0_and_p1 ... ok
[INFO] [stdout] test summary::tests::test_summary_reset ... ok
[INFO] [stdout] test summary::tests::test_summary_unsorted_input_stays_sorted ... ok
[INFO] [stdout] test summary::tests::test_summary_render_empty_shows_zero ... ok
[INFO] [stdout] test summary::tests::test_url_encode_alphanumeric ... ok
[INFO] [stdout] test summary::tests::test_summary_observe_multiple_p99 ... ok
[INFO] [stdout] test summary::tests::test_pushgateway_config_access ... ok
[INFO] [stdout] test summary::tests::test_url_encode_empty ... ok
[INFO] [stdout] test summary::tests::test_summary_quantiles_all ... ok
[INFO] [stdout] test summary::tests::test_url_encode_special_chars ... ok
[INFO] [stdout] test summary::tests::test_summary_render_contains_type ... ok
[INFO] [stdout] test summary::tests::test_summary_observe_single ... ok
[INFO] [stdout] test tests::test_counter_basic ... ok
[INFO] [stdout] test tests::test_histogram_basic ... ok
[INFO] [stdout] test tests::test_gauge_basic ... ok
[INFO] [stdout] test tests::test_render_prometheus_format ... ok
[INFO] [stdout] test summary::tests::test_labeled_histogram_new ... ok
[INFO] [stdout] test summary::tests::test_summary_quantile_out_of_range ... ok
[INFO] [stdout] test slo::tests::test_display_includes_both_alerts ... ok
[INFO] [stdout] test summary::tests::test_summary_observe_multiple_p50 ... ok
[INFO] [stdout] test summary::tests::test_summary_quantile_empty ... ok
[INFO] [stdout] test slo::tests::test_slo_with_failures ... ok
[INFO] [stdout] test tests::test_counter_with_labels ... ok
[INFO] [stdout] test slo::tests::test_slo_ticket_alerting_independent ... ok
[INFO] [stdout] test slo::tests::test_window_rotation ... ok
[INFO] [stderr]      Running tests/observability_test.rs (/opt/rustwide/target/release/build/sz-orm-observability/ecec0974f2f6bc63/out/observability_test-ecec0974f2f6bc63)
[INFO] [stdout] 
[INFO] [stdout] test result: ok. 44 passed; 0 failed; 0 ignored; 0 measured; 0 filtered out; finished in 0.25s
[INFO] [stdout] 
[INFO] [stdout] 
[INFO] [stdout] running 8 tests
[INFO] [stdout] test test_histogram_observe ... ok
[INFO] [stdout] test test_gauge_inc_dec ... ok
[INFO] [stdout] test test_gauge_set ... ok
[INFO] [stdout] test test_counter_inc ... ok
[INFO] [stdout] test test_counter_inc_by ... ok
[INFO] [stdout] test test_multiple_metrics ... ok
[INFO] [stdout] test test_metrics_registry_new ... ok
[INFO] [stderr]      Running tests/phantom1_wiring.rs (/opt/rustwide/target/release/build/sz-orm-observability/09d3d0aa715677c6/out/phantom1_wiring-09d3d0aa715677c6)
[INFO] [stdout] test test_slo_config_default ... ok
[INFO] [stdout] 
[INFO] [stdout] test result: ok. 8 passed; 0 failed; 0 ignored; 0 measured; 0 filtered out; finished in 0.01s
[INFO] [stdout] 
[INFO] [stdout] 
[INFO] [stdout] running 1 test
[INFO] [stdout] test phantom1_wiring_all_symbols_connected ... FAILED
[INFO] [stderr] error: test failed, to rerun pass `--test phantom1_wiring`
[INFO] [stdout] 
[INFO] [stdout] failures:
[INFO] [stdout] 
[INFO] [stdout] ---- phantom1_wiring_all_symbols_connected stdout ----
[INFO] [stdout] 
[INFO] [stdout] thread 'phantom1_wiring_all_symbols_connected' (1407) panicked at tests/phantom1_wiring.rs:20:5:
[INFO] [stdout] assertion `left == right` failed: 预期 33 个接线成功，实际 0
[INFO] [stdout] stdout:
[INFO] [stdout] 
[INFO] [stdout] stderr:
[INFO] [stdout] error: package(s) `sz-orm-cli` not found in workspace `/opt/rustwide/workdir`
[INFO] [stdout] 
[INFO] [stdout]   left: 0
[INFO] [stdout]  right: 33
[INFO] [stdout] stack backtrace:
[INFO] [stdout]    0:     0x60d878091361 - <<std[617be2ca0a6fd877]::sys::backtrace::BacktraceLock>::print::DisplayBacktrace as core[a373ad73a504971]::fmt::Display>::fmt
[INFO] [stdout]    1:     0x60d8780a528a - core[a373ad73a504971]::fmt::write
[INFO] [stdout]    2:     0x60d87809557c - <alloc[2e1b2a31b91974c5]::vec::Vec<u8> as core[a373ad73a504971]::io::write::Write>::write_fmt
[INFO] [stdout]    3:     0x60d87806d6c6 - std[617be2ca0a6fd877]::panicking::default_hook::{closure#0}
[INFO] [stdout]    4:     0x60d8780899f9 - std[617be2ca0a6fd877]::panicking::default_hook
[INFO] [stdout]    5:     0x60d878025fa0 - test[aada8e7e76ba119b]::test_main_inner::{closure#0}
[INFO] [stdout]    6:     0x60d878089bb2 - std[617be2ca0a6fd877]::panicking::panic_with_hook
[INFO] [stdout]    7:     0x60d87806d772 - std[617be2ca0a6fd877]::panicking::panic_handler::{closure#0}
[INFO] [stdout]    8:     0x60d878066489 - std[617be2ca0a6fd877]::sys::backtrace::__rust_end_short_backtrace::<std[617be2ca0a6fd877]::panicking::panic_handler::{closure#0}, !>
[INFO] [stdout]    9:     0x60d87806e37d - __rustc[ea4f61d10b84890b]::rust_begin_unwind
[INFO] [stdout]   10:     0x60d8780a59bc - core[a373ad73a504971]::panicking::panic_fmt
[INFO] [stdout]   11:     0x60d8780a5933 - core[a373ad73a504971]::panicking::assert_failed_inner
[INFO] [stdout]   12:     0x60d8780a2158 - core[a373ad73a504971]::panicking::assert_failed::<usize, usize>
[INFO] [stdout]   13:     0x60d8780192bc - <phantom1_wiring[db5632402b2f2b45]::phantom1_wiring_all_symbols_connected::{closure#0} as core[a373ad73a504971]::ops::function::FnOnce<()>>::call_once
[INFO] [stdout]   14:     0x60d8780193eb - test[aada8e7e76ba119b]::__rust_begin_short_backtrace::<core[a373ad73a504971]::result::Result<(), alloc[2e1b2a31b91974c5]::string::String>, fn() -> core[a373ad73a504971]::result::Result<(), alloc[2e1b2a31b91974c5]::string::String>>
[INFO] [stdout]   15:     0x60d8780265c5 - test[aada8e7e76ba119b]::run_test::{closure#0}
[INFO] [stdout]   16:     0x60d87801feb4 - std[617be2ca0a6fd877]::sys::backtrace::__rust_begin_short_backtrace::<test[aada8e7e76ba119b]::run_test::{closure#1}, ()>
[INFO] [stdout]   17:     0x60d878029652 - <std[617be2ca0a6fd877]::thread::lifecycle::spawn_unchecked<test[aada8e7e76ba119b]::run_test::{closure#1}, ()>::{closure#1} as core[a373ad73a504971]::ops::function::FnOnce<()>>::call_once::{shim:vtable#0}
[INFO] [stdout]   18:     0x60d878090bbf - <std[617be2ca0a6fd877]::sys::thread::unix::Thread>::new::thread_start
[INFO] [stdout]   19:     0x75087bf30dfa - <unknown>
[INFO] [stdout]   20:     0x75087bfc43d4 - clone
[INFO] [stdout]   21:                0x0 - <unknown>
[INFO] [stdout] 
[INFO] [stdout] 
[INFO] [stdout] failures:
[INFO] [stdout]     phantom1_wiring_all_symbols_connected
[INFO] [stdout] 
[INFO] [stdout] test result: FAILED. 0 passed; 1 failed; 0 ignored; 0 measured; 0 filtered out; finished in 0.03s
[INFO] [stdout] 
[INFO] running `Command { std: "docker" "inspect" "bb86b9528dd9c69cc0f11c9fe8cd758a814f1aa9dde4dff7f51d8a08563112d9", kill_on_drop: false }`
[INFO] running `Command { std: "docker" "rm" "-f" "bb86b9528dd9c69cc0f11c9fe8cd758a814f1aa9dde4dff7f51d8a08563112d9", kill_on_drop: false }`
[INFO] [stdout] bb86b9528dd9c69cc0f11c9fe8cd758a814f1aa9dde4dff7f51d8a08563112d9
