[INFO] fetching crate systeroid-core 0.4.6...
[INFO] testing systeroid-core-0.4.6 against 1.99.0-beta.8+cargoflags=--release for beta-release-1.100-2
[INFO] extracting crate systeroid-core 0.4.6 into /workspace/builds/worker-1-tc1/source
[INFO] started tweaking crates.io crate systeroid-core 0.4.6
[INFO] finished tweaking crates.io crate systeroid-core 0.4.6
[INFO] tweaked toml for crates.io crate systeroid-core 0.4.6 written to /workspace/builds/worker-1-tc1/source/Cargo.toml
[INFO] validating manifest of crates.io crate systeroid-core 0.4.6 on toolchain 1.99.0-beta.8
[INFO] running `Command { std: CARGO_HOME="/workspace/cargo-home" RUSTUP_HOME="/workspace/rustup-home" "/workspace/cargo-home/bin/cargo" "+1.99.0-beta.8" "metadata" "--manifest-path" "Cargo.toml" "--no-deps", kill_on_drop: false }`
[INFO] crate crates.io crate systeroid-core 0.4.6 already has a lockfile, it will not be regenerated
[INFO] running `Command { std: CARGO_HOME="/workspace/cargo-home" RUSTUP_HOME="/workspace/rustup-home" "/workspace/cargo-home/bin/cargo" "+1.99.0-beta.8" "fetch" "--manifest-path" "Cargo.toml", kill_on_drop: false }`
[INFO] [stderr]     Updating crates.io index
[INFO] [stderr]  Downloading crates ...
[INFO] [stderr]   Downloaded globset v0.4.15
[INFO] [stderr]   Downloaded parseit v0.1.2
[INFO] [stderr]   Downloaded bstr v1.11.0
[INFO] running `Command { std: "docker" "create" "-v" "/var/lib/crater-agent-workspace/builds/worker-1-tc1/source:/opt/rustwide/workdir:ro,Z" "-v" "/var/lib/crater-agent-workspace/builds/worker-1-tc1/target:/opt/rustwide/target:rw,Z" "-v" "/var/lib/crater-agent-workspace/cargo-home:/opt/rustwide/cargo-home:ro,Z" "-v" "/var/lib/crater-agent-workspace/rustup-home:/opt/rustwide/rustup-home:ro,Z" "-m" "1610612736" "--network" "none" "ghcr.io/rust-lang/crates-build-env/linux@sha256:77db811e55d90add9212f6832c23229e3de5f1c1f9905e8cb07319ea15df73ac" "sleep" "infinity", kill_on_drop: false }`
[INFO] [stdout] f759b4b4f4fc549c1fa5d303162cea79c582d7af1e67b1709b4addba6d1a8bc6
[INFO] running `Command { std: "docker" "start" "f759b4b4f4fc549c1fa5d303162cea79c582d7af1e67b1709b4addba6d1a8bc6", kill_on_drop: false }`
[INFO] running `Command { std: "docker" "inspect" "f759b4b4f4fc549c1fa5d303162cea79c582d7af1e67b1709b4addba6d1a8bc6", kill_on_drop: false }`
[INFO] running `Command { std: "docker" "exec" "-e" "SOURCE_DIR=/opt/rustwide/workdir" "-e" "CARGO_HOME=/opt/rustwide/cargo-home" "-e" "RUSTUP_HOME=/opt/rustwide/rustup-home" "-e" "CARGO_TARGET_DIR=/opt/rustwide/target" "-w" "/opt/rustwide/workdir" "--user" "0:0" "f759b4b4f4fc549c1fa5d303162cea79c582d7af1e67b1709b4addba6d1a8bc6" "/opt/rustwide/cargo-home/bin/cargo" "+1.99.0-beta.8" "metadata" "--no-deps" "--format-version=1", kill_on_drop: false }`
[INFO] running `Command { std: "docker" "inspect" "f759b4b4f4fc549c1fa5d303162cea79c582d7af1e67b1709b4addba6d1a8bc6", kill_on_drop: false }`
[INFO] running `Command { std: "docker" "exec" "-e" "SOURCE_DIR=/opt/rustwide/workdir" "-e" "CARGO_HOME=/opt/rustwide/cargo-home" "-e" "RUSTUP_HOME=/opt/rustwide/rustup-home" "-e" "CARGO_TARGET_DIR=/opt/rustwide/target" "-e" "CARGO_INCREMENTAL=0" "-e" "RUST_BACKTRACE=full" "-e" "RUSTFLAGS=--cap-lints=warn" "-e" "RUSTDOCFLAGS=--cap-lints=warn" "-w" "/opt/rustwide/workdir" "--user" "0:0" "f759b4b4f4fc549c1fa5d303162cea79c582d7af1e67b1709b4addba6d1a8bc6" "/opt/rustwide/cargo-home/bin/cargo" "+1.99.0-beta.8" "build" "--frozen" "--message-format=json" "--release", kill_on_drop: false }`
[INFO] [stderr]    Compiling libc v0.2.168
[INFO] [stderr]    Compiling proc-macro2 v1.0.95
[INFO] [stderr]    Compiling aho-corasick v1.1.3
[INFO] [stderr]    Compiling tiny-keccak v2.0.2
[INFO] [stderr]    Compiling once_cell v1.20.2
[INFO] [stderr]    Compiling bstr v1.11.0
[INFO] [stderr]    Compiling log v0.4.22
[INFO] [stderr]    Compiling serde v1.0.219
[INFO] [stderr]    Compiling adler2 v2.0.0
[INFO] [stderr]    Compiling miniz_oxide v0.8.0
[INFO] [stderr]    Compiling serde_json v1.0.143
[INFO] [stderr]    Compiling owo-colors v4.2.2
[INFO] [stderr]    Compiling hashbrown v0.14.5
[INFO] [stderr]    Compiling rayon-core v1.13.0
[INFO] [stderr]    Compiling quote v1.0.40
[INFO] [stderr]    Compiling either v1.13.0
[INFO] [stderr]    Compiling syn v2.0.104
[INFO] [stderr]    Compiling getrandom v0.2.15
[INFO] [stderr]    Compiling is-terminal v0.4.13
[INFO] [stderr]    Compiling dirs-sys-next v0.1.2
[INFO] [stderr]    Compiling supports-color v2.1.0
[INFO] [stderr]    Compiling const-random-macro v0.1.16
[INFO] [stderr]    Compiling flate2 v1.0.35
[INFO] [stderr]    Compiling dirs-next v2.0.0
[INFO] [stderr]    Compiling const-random v0.1.18
[INFO] [stderr]    Compiling dlv-list v0.5.2
[INFO] [stderr]    Compiling rayon v1.11.0
[INFO] [stderr]    Compiling regex-automata v0.4.9
[INFO] [stderr]    Compiling ordered-multimap v0.7.3
[INFO] [stderr]    Compiling rust-ini v0.21.3
[INFO] [stderr]    Compiling thiserror-impl v1.0.69
[INFO] [stderr]    Compiling serde_derive v1.0.219
[INFO] [stderr]    Compiling enum-as-inner v0.6.1
[INFO] [stderr]    Compiling globset v0.4.15
[INFO] [stderr]    Compiling regex v1.11.1
[INFO] [stderr]    Compiling ignore v0.4.23
[INFO] [stderr]    Compiling thiserror v1.0.69
[INFO] [stderr]    Compiling sysctl v0.6.0
[INFO] [stderr]    Compiling globwalk v0.8.1
[INFO] [stderr]    Compiling parseit v0.1.2
[INFO] [stderr]    Compiling systeroid-core v0.4.6 (/opt/rustwide/workdir)
[INFO] [stderr]     Finished `release` profile [optimized] target(s) in 1m 01s
[INFO] running `Command { std: "docker" "inspect" "f759b4b4f4fc549c1fa5d303162cea79c582d7af1e67b1709b4addba6d1a8bc6", kill_on_drop: false }`
[INFO] running `Command { std: "docker" "exec" "-e" "SOURCE_DIR=/opt/rustwide/workdir" "-e" "CARGO_HOME=/opt/rustwide/cargo-home" "-e" "RUSTUP_HOME=/opt/rustwide/rustup-home" "-e" "CARGO_TARGET_DIR=/opt/rustwide/target" "-e" "CARGO_INCREMENTAL=0" "-e" "RUST_BACKTRACE=full" "-e" "RUSTFLAGS=--cap-lints=warn" "-e" "RUSTDOCFLAGS=--cap-lints=warn" "-w" "/opt/rustwide/workdir" "--user" "0:0" "f759b4b4f4fc549c1fa5d303162cea79c582d7af1e67b1709b4addba6d1a8bc6" "/opt/rustwide/cargo-home/bin/cargo" "+1.99.0-beta.8" "test" "--frozen" "--no-run" "--message-format=json" "--release", kill_on_drop: false }`
[INFO] [stderr]    Compiling systeroid-core v0.4.6 (/opt/rustwide/workdir)
[INFO] [stderr]     Finished `release` profile [optimized] target(s) in 6.66s
[INFO] running `Command { std: "docker" "inspect" "f759b4b4f4fc549c1fa5d303162cea79c582d7af1e67b1709b4addba6d1a8bc6", kill_on_drop: false }`
[INFO] running `Command { std: "docker" "exec" "-e" "SOURCE_DIR=/opt/rustwide/workdir" "-e" "CARGO_HOME=/opt/rustwide/cargo-home" "-e" "RUSTUP_HOME=/opt/rustwide/rustup-home" "-e" "CARGO_TARGET_DIR=/opt/rustwide/target" "-e" "CARGO_INCREMENTAL=0" "-e" "RUST_BACKTRACE=full" "-e" "RUSTFLAGS=--cap-lints=warn" "-e" "RUSTDOCFLAGS=--cap-lints=warn" "-w" "/opt/rustwide/workdir" "--user" "0:0" "f759b4b4f4fc549c1fa5d303162cea79c582d7af1e67b1709b4addba6d1a8bc6" "/opt/rustwide/cargo-home/bin/cargo" "+1.99.0-beta.8" "test" "--frozen" "--release", kill_on_drop: false }`
[INFO] [stderr]     Finished `release` profile [optimized] target(s) in 0.08s
[INFO] [stderr]      Running unittests src/lib.rs (/opt/rustwide/target/release/deps/systeroid_core-0207e0c202f6bf4f)
[INFO] [stdout] 
[INFO] [stdout] running 11 tests
[INFO] [stdout] test tree::tests::test_print_line ... ok
[INFO] [stdout] test sysctl::parameter::tests::test_sysctl_parameter ... ok
[INFO] [stdout] test config::tests::test_config ... FAILED
[INFO] [stdout] test sysctl::r#type::tests::test_gen_type ... ok
[INFO] [stdout] test sysctl::section::tests::test_sysctl_section ... ok
[INFO] [stdout] test tree::tests::test_tree_creation1 ... ok
[INFO] [stdout] test cache::tests::test_cache ... ok
[INFO] [stdout] test tree::tests::test_tree_creation2 ... ok
[INFO] [stdout] test tree::tests::test_tree_output ... ok
[INFO] [stdout] test tree::tests::test_trees_creation ... ok
[INFO] [stdout] test sysctl::controller::tests::test_sysctl_controller ... FAILED
[INFO] [stdout] 
[INFO] [stdout] failures:
[INFO] [stdout] 
[INFO] [stdout] ---- config::tests::test_config stdout ----
[INFO] [stdout] 
[INFO] [stdout] thread 'config::tests::test_config' (912) panicked at src/config.rs:230:9:
[INFO] [stdout] assertion `left == right` failed
[INFO] [stdout]   left: false
[INFO] [stdout]  right: true
[INFO] [stdout] stack backtrace:
[INFO] [stdout]    0:     0x62998999e7e1 - <<std[70759c8f55707aa4]::sys::backtrace::BacktraceLock>::print::DisplayBacktrace as core[df12db4294e9bfd3]::fmt::Display>::fmt
[INFO] [stdout]    1:     0x6299899b540a - core[df12db4294e9bfd3]::fmt::write
[INFO] [stdout]    2:     0x6299899a312c - <alloc[2182bb758b4b3781]::vec::Vec<u8> as core[df12db4294e9bfd3]::io::write::Write>::write_fmt
[INFO] [stdout]    3:     0x629989978e56 - std[70759c8f55707aa4]::panicking::default_hook::{closure#0}
[INFO] [stdout]    4:     0x6299899968a9 - std[70759c8f55707aa4]::panicking::default_hook
[INFO] [stdout]    5:     0x62998981e4b0 - test[9d35eded1c95d3be]::test_main_inner::<test[9d35eded1c95d3be]::test_main_static::{closure#0}>::{closure#0}
[INFO] [stdout]    6:     0x629989996bd2 - std[70759c8f55707aa4]::panicking::panic_with_hook
[INFO] [stdout]    7:     0x629989978f02 - std[70759c8f55707aa4]::panicking::panic_handler::{closure#0}
[INFO] [stdout]    8:     0x629989971909 - std[70759c8f55707aa4]::sys::backtrace::__rust_end_short_backtrace::<std[70759c8f55707aa4]::panicking::panic_handler::{closure#0}, !>
[INFO] [stdout]    9:     0x629989979b9d - __rustc[8fa7c3cbc660c2b3]::rust_begin_unwind
[INFO] [stdout]   10:     0x6299899b5bec - core[df12db4294e9bfd3]::panicking::panic_fmt
[INFO] [stdout]   11:     0x6299899b5b03 - core[df12db4294e9bfd3]::panicking::assert_failed_inner
[INFO] [stdout]   12:     0x62998980bd5b - core[df12db4294e9bfd3]::panicking::assert_failed::<bool, bool>
[INFO] [stdout]   13:     0x6299897ef312 - systeroid_core[c59542c6758d6be1]::config::tests::test_config
[INFO] [stdout]   14:     0x62998980a7b7 - <systeroid_core[c59542c6758d6be1]::config::tests::test_config::{closure#0} as core[df12db4294e9bfd3]::ops::function::FnOnce<()>>::call_once
[INFO] [stdout]   15:     0x62998981179b - test[9d35eded1c95d3be]::__rust_begin_short_backtrace::<core[df12db4294e9bfd3]::result::Result<(), alloc[2182bb758b4b3781]::string::String>, fn() -> core[df12db4294e9bfd3]::result::Result<(), alloc[2182bb758b4b3781]::string::String>>
[INFO] [stdout]   16:     0x62998981ee05 - test[9d35eded1c95d3be]::run_test::{closure#0}
[INFO] [stdout]   17:     0x6299898186c4 - std[70759c8f55707aa4]::sys::backtrace::__rust_begin_short_backtrace::<test[9d35eded1c95d3be]::run_test::{closure#1}, ()>
[INFO] [stdout]   18:     0x629989821f62 - <std[70759c8f55707aa4]::thread::lifecycle::spawn_unchecked<test[9d35eded1c95d3be]::run_test::{closure#1}, ()>::{closure#1} as core[df12db4294e9bfd3]::ops::function::FnOnce<()>>::call_once::{shim:vtable#0}
[INFO] [stdout]   19:     0x62998999e0a9 - <std[70759c8f55707aa4]::sys::thread::unix::Thread>::new::thread_start
[INFO] [stdout]   20:     0x70505a4c1dfa - <unknown>
[INFO] [stdout]   21:     0x70505a5553d4 - clone
[INFO] [stdout]   22:                0x0 - <unknown>
[INFO] [stdout] 
[INFO] [stdout] ---- sysctl::controller::tests::test_sysctl_controller stdout ----
[INFO] [stdout] 
[INFO] [stdout] thread 'sysctl::controller::tests::test_sysctl_controller' (913) panicked at src/sysctl/controller.rs:282:14:
[INFO] [stdout] parameter has no description
[INFO] [stdout] stack backtrace:
[INFO] [stdout]    0:     0x62998999e7e1 - <<std[70759c8f55707aa4]::sys::backtrace::BacktraceLock>::print::DisplayBacktrace as core[df12db4294e9bfd3]::fmt::Display>::fmt
[INFO] [stdout]    1:     0x6299899b540a - core[df12db4294e9bfd3]::fmt::write
[INFO] [stdout]    2:     0x6299899a312c - <alloc[2182bb758b4b3781]::vec::Vec<u8> as core[df12db4294e9bfd3]::io::write::Write>::write_fmt
[INFO] [stdout]    3:     0x629989978e56 - std[70759c8f55707aa4]::panicking::default_hook::{closure#0}
[INFO] [stdout]    4:     0x6299899968a9 - std[70759c8f55707aa4]::panicking::default_hook
[INFO] [stdout]    5:     0x62998981e4b0 - test[9d35eded1c95d3be]::test_main_inner::<test[9d35eded1c95d3be]::test_main_static::{closure#0}>::{closure#0}
[INFO] [stdout]    6:     0x629989996bd2 - std[70759c8f55707aa4]::panicking::panic_with_hook
[INFO] [stdout]    7:     0x629989978f02 - std[70759c8f55707aa4]::panicking::panic_handler::{closure#0}
[INFO] [stdout]    8:     0x629989971909 - std[70759c8f55707aa4]::sys::backtrace::__rust_end_short_backtrace::<std[70759c8f55707aa4]::panicking::panic_handler::{closure#0}, !>
[INFO] [stdout]    9:     0x629989979b9d - __rustc[8fa7c3cbc660c2b3]::rust_begin_unwind
[INFO] [stdout]   10:     0x6299899b5bec - core[df12db4294e9bfd3]::panicking::panic_fmt
[INFO] [stdout]   11:     0x6299899b5944 - core[df12db4294e9bfd3]::option::expect_failed
[INFO] [stdout]   12:     0x6299897f009b - systeroid_core[c59542c6758d6be1]::sysctl::controller::tests::test_sysctl_controller
[INFO] [stdout]   13:     0x62998980a897 - <systeroid_core[c59542c6758d6be1]::sysctl::controller::tests::test_sysctl_controller::{closure#0} as core[df12db4294e9bfd3]::ops::function::FnOnce<()>>::call_once
[INFO] [stdout]   14:     0x62998981179b - test[9d35eded1c95d3be]::__rust_begin_short_backtrace::<core[df12db4294e9bfd3]::result::Result<(), alloc[2182bb758b4b3781]::string::String>, fn() -> core[df12db4294e9bfd3]::result::Result<(), alloc[2182bb758b4b3781]::string::String>>
[INFO] [stdout]   15:     0x62998981ee05 - test[9d35eded1c95d3be]::run_test::{closure#0}
[INFO] [stdout]   16:     0x6299898186c4 - std[70759c8f55707aa4]::sys::backtrace::__rust_begin_short_backtrace::<test[9d35eded1c95d3be]::run_test::{closure#1}, ()>
[INFO] [stdout]   17:     0x629989821f62 - <std[70759c8f55707aa4]::thread::lifecycle::spawn_unchecked<test[9d35eded1c95d3be]::run_test::{closure#1}, ()>::{closure#1} as core[df12db4294e9bfd3]::ops::function::FnOnce<()>>::call_once::{shim:vtable#0}
[INFO] [stdout]   18:     0x62998999e0a9 - <std[70759c8f55707aa4]::sys::thread::unix::Thread>::new::thread_start
[INFO] [stdout]   19:     0x70505a4c1dfa - <unknown>
[INFO] [stdout]   20:     0x70505a5553d4 - clone
[INFO] [stdout]   21:                0x0 - <unknown>
[INFO] [stdout] 
[INFO] [stdout] 
[INFO] [stdout] failures:
[INFO] [stdout]     config::tests::test_config
[INFO] [stdout]     sysctl::controller::tests::test_sysctl_controller
[INFO] [stdout] 
[INFO] [stdout] test result: FAILED. 9 passed; 2 failed; 0 ignored; 0 measured; 0 filtered out; finished in 1.90s
[INFO] [stdout] 
[INFO] [stderr] error: test failed, to rerun pass `--lib`
[INFO] running `Command { std: "docker" "inspect" "f759b4b4f4fc549c1fa5d303162cea79c582d7af1e67b1709b4addba6d1a8bc6", kill_on_drop: false }`
[INFO] running `Command { std: "docker" "rm" "-f" "f759b4b4f4fc549c1fa5d303162cea79c582d7af1e67b1709b4addba6d1a8bc6", kill_on_drop: false }`
[INFO] [stdout] f759b4b4f4fc549c1fa5d303162cea79c582d7af1e67b1709b4addba6d1a8bc6
