[INFO] fetching crate systemdzbus 0.1.7...
[INFO] testing systemdzbus-0.1.7 against 1.100.0-beta.1+cargoflags=--release for beta-release-1.100-2
[INFO] extracting crate systemdzbus 0.1.7 into /workspace/builds/worker-4-tc2/source
[INFO] started tweaking crates.io crate systemdzbus 0.1.7
[INFO] finished tweaking crates.io crate systemdzbus 0.1.7
[INFO] tweaked toml for crates.io crate systemdzbus 0.1.7 written to /workspace/builds/worker-4-tc2/source/Cargo.toml
[INFO] validating manifest of crates.io crate systemdzbus 0.1.7 on toolchain 1.100.0-beta.1
[INFO] running `Command { std: CARGO_HOME="/workspace/cargo-home" RUSTUP_HOME="/workspace/rustup-home" "/workspace/cargo-home/bin/cargo" "+1.100.0-beta.1" "metadata" "--manifest-path" "Cargo.toml" "--no-deps", kill_on_drop: false }`
[INFO] crate crates.io crate systemdzbus 0.1.7 already has a lockfile, it will not be regenerated
[INFO] running `Command { std: CARGO_HOME="/workspace/cargo-home" RUSTUP_HOME="/workspace/rustup-home" "/workspace/cargo-home/bin/cargo" "+1.100.0-beta.1" "fetch" "--manifest-path" "Cargo.toml", kill_on_drop: false }`
[INFO] [stderr] warning: `package.homepage` is redundant with `package.repository`
[INFO] [stderr]   --> Cargo.toml:29:12
[INFO] [stderr]    |
[INFO] [stderr] 29 | homepage = "https://github.com/GerhardusC/systemdzbus"
[INFO] [stderr]    |            ^^^^^^^^^^^^^^^^^^^^^^^^^^^^^^^^^^^^^^^^^^^
[INFO] [stderr] ...
[INFO] [stderr] 34 | repository = "https://github.com/GerhardusC/systemdzbus"
[INFO] [stderr]    |              -------------------------------------------
[INFO] [stderr]    |
[INFO] [stderr]    = note: `cargo::redundant_homepage` is set to `warn` by default
[INFO] [stderr] help: consider removing `package.homepage`
[INFO] [stderr] warning: `systemdzbus` (manifest) generated 1 warning
[INFO] running `Command { std: "docker" "create" "-v" "/var/lib/crater-agent-workspace/builds/worker-4-tc2/source:/opt/rustwide/workdir:ro,Z" "-v" "/var/lib/crater-agent-workspace/builds/worker-4-tc2/target:/opt/rustwide/target:rw,Z" "-v" "/var/lib/crater-agent-workspace/cargo-home:/opt/rustwide/cargo-home:ro,Z" "-v" "/var/lib/crater-agent-workspace/rustup-home:/opt/rustwide/rustup-home:ro,Z" "-m" "1610612736" "--network" "none" "ghcr.io/rust-lang/crates-build-env/linux@sha256:77db811e55d90add9212f6832c23229e3de5f1c1f9905e8cb07319ea15df73ac" "sleep" "infinity", kill_on_drop: false }`
[INFO] [stdout] 3b900338939203efb370cfb97d4d1695201e4ff3415f53f52be4bb17be3e1c84
[INFO] running `Command { std: "docker" "start" "3b900338939203efb370cfb97d4d1695201e4ff3415f53f52be4bb17be3e1c84", kill_on_drop: false }`
[INFO] running `Command { std: "docker" "inspect" "3b900338939203efb370cfb97d4d1695201e4ff3415f53f52be4bb17be3e1c84", kill_on_drop: false }`
[INFO] running `Command { std: "docker" "exec" "-e" "SOURCE_DIR=/opt/rustwide/workdir" "-e" "CARGO_HOME=/opt/rustwide/cargo-home" "-e" "RUSTUP_HOME=/opt/rustwide/rustup-home" "-e" "CARGO_TARGET_DIR=/opt/rustwide/target" "-w" "/opt/rustwide/workdir" "--user" "0:0" "3b900338939203efb370cfb97d4d1695201e4ff3415f53f52be4bb17be3e1c84" "/opt/rustwide/cargo-home/bin/cargo" "+1.100.0-beta.1" "metadata" "--no-deps" "--format-version=1", kill_on_drop: false }`
[INFO] running `Command { std: "docker" "inspect" "3b900338939203efb370cfb97d4d1695201e4ff3415f53f52be4bb17be3e1c84", kill_on_drop: false }`
[INFO] running `Command { std: "docker" "exec" "-e" "SOURCE_DIR=/opt/rustwide/workdir" "-e" "CARGO_HOME=/opt/rustwide/cargo-home" "-e" "RUSTUP_HOME=/opt/rustwide/rustup-home" "-e" "CARGO_TARGET_DIR=/opt/rustwide/target" "-e" "CARGO_INCREMENTAL=0" "-e" "RUST_BACKTRACE=full" "-e" "RUSTFLAGS=--cap-lints=warn" "-e" "RUSTDOCFLAGS=--cap-lints=warn" "-w" "/opt/rustwide/workdir" "--user" "0:0" "3b900338939203efb370cfb97d4d1695201e4ff3415f53f52be4bb17be3e1c84" "/opt/rustwide/cargo-home/bin/cargo" "+1.100.0-beta.1" "build" "--frozen" "--message-format=json" "--release", kill_on_drop: false }`
[INFO] [stderr] warning: `package.homepage` is redundant with `package.repository`
[INFO] [stderr]   --> Cargo.toml:29:12
[INFO] [stderr]    |
[INFO] [stderr] 29 | homepage = "https://github.com/GerhardusC/systemdzbus"
[INFO] [stderr]    |            ^^^^^^^^^^^^^^^^^^^^^^^^^^^^^^^^^^^^^^^^^^^
[INFO] [stderr] ...
[INFO] [stderr] 34 | repository = "https://github.com/GerhardusC/systemdzbus"
[INFO] [stderr]    |              -------------------------------------------
[INFO] [stderr]    |
[INFO] [stderr]    = note: `cargo::redundant_homepage` is set to `warn` by default
[INFO] [stderr] help: consider removing `package.homepage`
[INFO] [stderr] warning: `systemdzbus` (manifest) generated 1 warning
[INFO] [stderr]    Compiling syn v2.0.101
[INFO] [stderr]    Compiling crossbeam-utils v0.8.21
[INFO] [stderr]    Compiling hashbrown v0.15.3
[INFO] [stderr]    Compiling winnow v0.7.10
[INFO] [stderr]    Compiling toml_datetime v0.6.11
[INFO] [stderr]    Compiling static_assertions v1.1.0
[INFO] [stderr]    Compiling futures-io v0.3.31
[INFO] [stderr]    Compiling fastrand v2.3.0
[INFO] [stderr]    Compiling proc-macro2 v1.0.95
[INFO] [stderr]    Compiling once_cell v1.21.3
[INFO] [stderr]    Compiling serde v1.0.219
[INFO] [stderr]    Compiling unicode-ident v1.0.18
[INFO] [stderr]    Compiling rustix v1.0.7
[INFO] [stderr]    Compiling bitflags v2.9.1
[INFO] [stderr]    Compiling linux-raw-sys v0.9.4
[INFO] [stderr]    Compiling memoffset v0.9.1
[INFO] [stderr]    Compiling endi v1.1.0
[INFO] [stderr]    Compiling cfg_aliases v0.2.1
[INFO] [stderr]    Compiling nix v0.30.1
[INFO] [stderr]    Compiling signal-hook-registry v1.4.5
[INFO] [stderr]    Compiling ordered-stream v0.2.0
[INFO] [stderr]    Compiling tracing-core v0.1.34
[INFO] [stderr]    Compiling futures-lite v2.6.0
[INFO] [stderr]    Compiling piper v0.2.4
[INFO] [stderr]    Compiling indexmap v2.9.0
[INFO] [stderr]    Compiling concurrent-queue v2.5.0
[INFO] [stderr]    Compiling quote v1.0.40
[INFO] [stderr]    Compiling event-listener v5.4.0
[INFO] [stderr]    Compiling event-listener-strategy v0.5.4
[INFO] [stderr]    Compiling async-lock v3.4.0
[INFO] [stderr]    Compiling async-channel v2.3.1
[INFO] [stderr]    Compiling async-broadcast v0.7.2
[INFO] [stderr]    Compiling blocking v1.6.1
[INFO] [stderr]    Compiling async-executor v1.13.2
[INFO] [stderr]    Compiling toml_edit v0.22.27
[INFO] [stderr]    Compiling proc-macro-crate v3.3.0
[INFO] [stderr]    Compiling serde_derive v1.0.219
[INFO] [stderr]    Compiling enumflags2_derive v0.7.11
[INFO] [stderr]    Compiling tracing-attributes v0.1.29
[INFO] [stderr]    Compiling thiserror-impl v2.0.12
[INFO] [stderr]    Compiling serde_repr v0.1.20
[INFO] [stderr]    Compiling async-trait v0.1.88
[INFO] [stderr]    Compiling thiserror v2.0.12
[INFO] [stderr]    Compiling tracing v0.1.41
[INFO] [stderr]    Compiling polling v3.8.0
[INFO] [stderr]    Compiling async-io v2.4.1
[INFO] [stderr]    Compiling async-signal v0.2.11
[INFO] [stderr]    Compiling async-process v2.3.1
[INFO] [stderr]    Compiling zvariant_utils v3.2.0
[INFO] [stderr]    Compiling enumflags2 v0.7.11
[INFO] [stderr]    Compiling zvariant_derive v5.5.3
[INFO] [stderr]    Compiling zvariant v5.5.3
[INFO] [stderr]    Compiling zbus_names v4.2.0
[INFO] [stderr]    Compiling zbus_macros v5.7.1
[INFO] [stderr]    Compiling zbus v5.7.1
[INFO] [stderr]    Compiling systemdzbus v0.1.7 (/opt/rustwide/workdir)
[INFO] [stderr]     Finished `release` profile [optimized] target(s) in 1m 44s
[INFO] [stderr] warning: the following packages contain code that will be rejected by a future version of Rust: nix v0.30.1
[INFO] [stderr] note: to see what the problems were, use the option `--future-incompat-report`, or run `cargo report future-incompatibilities --id 1`
[INFO] running `Command { std: "docker" "inspect" "3b900338939203efb370cfb97d4d1695201e4ff3415f53f52be4bb17be3e1c84", kill_on_drop: false }`
[INFO] running `Command { std: "docker" "exec" "-e" "SOURCE_DIR=/opt/rustwide/workdir" "-e" "CARGO_HOME=/opt/rustwide/cargo-home" "-e" "RUSTUP_HOME=/opt/rustwide/rustup-home" "-e" "CARGO_TARGET_DIR=/opt/rustwide/target" "-e" "CARGO_INCREMENTAL=0" "-e" "RUST_BACKTRACE=full" "-e" "RUSTFLAGS=--cap-lints=warn" "-e" "RUSTDOCFLAGS=--cap-lints=warn" "-w" "/opt/rustwide/workdir" "--user" "0:0" "3b900338939203efb370cfb97d4d1695201e4ff3415f53f52be4bb17be3e1c84" "/opt/rustwide/cargo-home/bin/cargo" "+1.100.0-beta.1" "test" "--frozen" "--no-run" "--message-format=json" "--release", kill_on_drop: false }`
[INFO] [stderr] warning: `package.homepage` is redundant with `package.repository`
[INFO] [stderr]   --> Cargo.toml:29:12
[INFO] [stderr]    |
[INFO] [stderr] 29 | homepage = "https://github.com/GerhardusC/systemdzbus"
[INFO] [stderr]    |            ^^^^^^^^^^^^^^^^^^^^^^^^^^^^^^^^^^^^^^^^^^^
[INFO] [stderr] ...
[INFO] [stderr] 34 | repository = "https://github.com/GerhardusC/systemdzbus"
[INFO] [stderr]    |              -------------------------------------------
[INFO] [stderr]    |
[INFO] [stderr]    = note: `cargo::redundant_homepage` is set to `warn` by default
[INFO] [stderr] help: consider removing `package.homepage`
[INFO] [stderr] warning: `systemdzbus` (manifest) generated 1 warning
[INFO] [stderr]    Compiling async-fs v2.1.2
[INFO] [stderr]    Compiling async-net v2.0.0
[INFO] [stderr]    Compiling smol v2.0.2
[INFO] [stderr]    Compiling systemdzbus v0.1.7 (/opt/rustwide/workdir)
[INFO] [stderr]     Finished `release` profile [optimized] target(s) in 11.58s
[INFO] [stderr] warning: the following packages contain code that will be rejected by a future version of Rust: nix v0.30.1
[INFO] [stderr] note: to see what the problems were, use the option `--future-incompat-report`, or run `cargo report future-incompatibilities --id 1`
[INFO] running `Command { std: "docker" "inspect" "3b900338939203efb370cfb97d4d1695201e4ff3415f53f52be4bb17be3e1c84", kill_on_drop: false }`
[INFO] running `Command { std: "docker" "exec" "-e" "SOURCE_DIR=/opt/rustwide/workdir" "-e" "CARGO_HOME=/opt/rustwide/cargo-home" "-e" "RUSTUP_HOME=/opt/rustwide/rustup-home" "-e" "CARGO_TARGET_DIR=/opt/rustwide/target" "-e" "CARGO_INCREMENTAL=0" "-e" "RUST_BACKTRACE=full" "-e" "RUSTFLAGS=--cap-lints=warn" "-e" "RUSTDOCFLAGS=--cap-lints=warn" "-w" "/opt/rustwide/workdir" "--user" "0:0" "3b900338939203efb370cfb97d4d1695201e4ff3415f53f52be4bb17be3e1c84" "/opt/rustwide/cargo-home/bin/cargo" "+1.100.0-beta.1" "test" "--frozen" "--release", kill_on_drop: false }`
[INFO] [stderr] warning: `package.homepage` is redundant with `package.repository`
[INFO] [stderr]   --> Cargo.toml:29:12
[INFO] [stderr]    |
[INFO] [stderr] 29 | homepage = "https://github.com/GerhardusC/systemdzbus"
[INFO] [stderr]    |            ^^^^^^^^^^^^^^^^^^^^^^^^^^^^^^^^^^^^^^^^^^^
[INFO] [stderr] ...
[INFO] [stderr] 34 | repository = "https://github.com/GerhardusC/systemdzbus"
[INFO] [stderr]    |              -------------------------------------------
[INFO] [stderr]    |
[INFO] [stderr]    = note: `cargo::redundant_homepage` is set to `warn` by default
[INFO] [stderr] help: consider removing `package.homepage`
[INFO] [stderr] warning: `systemdzbus` (manifest) generated 1 warning
[INFO] [stderr]     Finished `release` profile [optimized] target(s) in 0.09s
[INFO] [stderr] warning: the following packages contain code that will be rejected by a future version of Rust: nix v0.30.1
[INFO] [stderr] note: to see what the problems were, use the option `--future-incompat-report`, or run `cargo report future-incompatibilities --id 1`
[INFO] [stderr]      Running unittests src/lib.rs (/opt/rustwide/target/release/build/systemdzbus/8d9f9107896b374e/out/systemdzbus-8d9f9107896b374e)
[INFO] [stdout] 
[INFO] [stdout] running 14 tests
[INFO] [stdout] test systemctl::systemctl_blocking::tests::can_get_unit ... FAILED
[INFO] [stdout] test systemctl::systemctl_async::tests::can_get_unit ... FAILED
[INFO] [stdout] test systemctl::systemctl_blocking::tests::can_list_unit_files ... FAILED
[INFO] [stdout] test systemctl::systemctl_async::tests::can_get_valid_unit_file_state ... FAILED
[INFO] [stdout] test systemctl::systemctl_async::tests::can_list_unit_files ... FAILED
[INFO] [stdout] test tests::can_list_units ... FAILED
[INFO] [stdout] test systemctl::systemctl_blocking::tests::can_list_units ... FAILED
[INFO] [stdout] test systemctl::systemctl_blocking::tests::can_get_valid_unit_file_state ... FAILED
[INFO] [stdout] test systemctl::systemctl_async::tests::it_can_list_jobs ... FAILED
[INFO] [stdout] test tests::it_can_use_builder_pattern_to_get_system_connection_level ... FAILED
[INFO] [stdout] test systemctl::systemctl_async::tests::can_list_units ... FAILED
[INFO] [stdout] test tests::can_list_units_with_higher_level_interface_blocking ... FAILED
[INFO] [stdout] test systemctl::systemctl_async::tests::can_use_manager_proxy_directly ... FAILED
[INFO] [stdout] test systemctl::systemctl_blocking::tests::can_use_manager_proxy_directly ... FAILED
[INFO] [stdout] 
[INFO] [stdout] failures:
[INFO] [stdout] 
[INFO] [stdout] ---- systemctl::systemctl_blocking::tests::can_get_unit stdout ----
[INFO] [stdout] 
[INFO] [stdout] thread 'systemctl::systemctl_blocking::tests::can_get_unit' (1337) panicked at src/systemctl/systemctl_blocking.rs:308:14:
[INFO] [stdout] Should be able to init connection: DbusError(InputOutput(Os { code: 2, kind: NotFound, message: "No such file or directory" }))
[INFO] [stdout] stack backtrace:
[INFO] [stdout]    0:     0x56b03a424391 - <<std[617be2ca0a6fd877]::sys::backtrace::BacktraceLock>::print::DisplayBacktrace as core[a373ad73a504971]::fmt::Display>::fmt
[INFO] [stdout]    1:     0x56b03a439e8a - core[a373ad73a504971]::fmt::write
[INFO] [stdout]    2:     0x56b03a428f8c - <alloc[2e1b2a31b91974c5]::vec::Vec<u8> as core[a373ad73a504971]::io::write::Write>::write_fmt
[INFO] [stdout]    3:     0x56b03a3fe3e6 - std[617be2ca0a6fd877]::panicking::default_hook::{closure#0}
[INFO] [stdout]    4:     0x56b03a41b7c9 - std[617be2ca0a6fd877]::panicking::default_hook
[INFO] [stdout]    5:     0x56b03a276fb0 - test[aada8e7e76ba119b]::test_main_inner::{closure#0}
[INFO] [stdout]    6:     0x56b03a41baf2 - std[617be2ca0a6fd877]::panicking::panic_with_hook
[INFO] [stdout]    7:     0x56b03a3fe492 - std[617be2ca0a6fd877]::panicking::panic_handler::{closure#0}
[INFO] [stdout]    8:     0x56b03a3f6f39 - std[617be2ca0a6fd877]::sys::backtrace::__rust_end_short_backtrace::<std[617be2ca0a6fd877]::panicking::panic_handler::{closure#0}, !>
[INFO] [stdout]    9:     0x56b03a3ff28d - __rustc[ea4f61d10b84890b]::rust_begin_unwind
[INFO] [stdout]   10:     0x56b03a43a5ec - core[a373ad73a504971]::panicking::panic_fmt
[INFO] [stdout]   11:     0x56b03a43a3c2 - core[a373ad73a504971]::result::unwrap_failed
[INFO] [stdout]   12:     0x56b03a251089 - <systemdzbus[227398e387761917]::systemctl::systemctl_blocking::tests::can_get_unit::{closure#0} as core[a373ad73a504971]::ops::function::FnOnce<()>>::call_once
[INFO] [stdout]   13:     0x56b03a26a3fb - test[aada8e7e76ba119b]::__rust_begin_short_backtrace::<core[a373ad73a504971]::result::Result<(), alloc[2e1b2a31b91974c5]::string::String>, fn() -> core[a373ad73a504971]::result::Result<(), alloc[2e1b2a31b91974c5]::string::String>>
[INFO] [stdout]   14:     0x56b03a2775d5 - test[aada8e7e76ba119b]::run_test::{closure#0}
[INFO] [stdout]   15:     0x56b03a270ec4 - std[617be2ca0a6fd877]::sys::backtrace::__rust_begin_short_backtrace::<test[aada8e7e76ba119b]::run_test::{closure#1}, ()>
[INFO] [stdout]   16:     0x56b03a27a662 - <std[617be2ca0a6fd877]::thread::lifecycle::spawn_unchecked<test[aada8e7e76ba119b]::run_test::{closure#1}, ()>::{closure#1} as core[a373ad73a504971]::ops::function::FnOnce<()>>::call_once::{shim:vtable#0}
[INFO] [stdout]   17:     0x56b03a422d7f - <std[617be2ca0a6fd877]::sys::thread::unix::Thread>::new::thread_start
[INFO] [stdout]   18:     0x787110d08dfa - <unknown>
[INFO] [stdout]   19:     0x787110d9c3d4 - clone
[INFO] [stdout]   20:                0x0 - <unknown>
[INFO] [stdout] 
[INFO] [stdout] ---- systemctl::systemctl_async::tests::can_get_unit stdout ----
[INFO] [stdout] 
[INFO] [stdout] thread 'systemctl::systemctl_async::tests::can_get_unit' (1331) panicked at src/systemctl/systemctl_async.rs:332:18:
[INFO] [stdout] Should be able to init connection: DbusError(InputOutput(Os { code: 2, kind: NotFound, message: "No such file or directory" }))
[INFO] [stdout] stack backtrace:
[INFO] [stdout]    0:     0x56b03a424391 - <<std[617be2ca0a6fd877]::sys::backtrace::BacktraceLock>::print::DisplayBacktrace as core[a373ad73a504971]::fmt::Display>::fmt
[INFO] [stdout]    1:     0x56b03a439e8a - core[a373ad73a504971]::fmt::write
[INFO] [stdout]    2:     0x56b03a428f8c - <alloc[2e1b2a31b91974c5]::vec::Vec<u8> as core[a373ad73a504971]::io::write::Write>::write_fmt
[INFO] [stdout]    3:     0x56b03a3fe3e6 - std[617be2ca0a6fd877]::panicking::default_hook::{closure#0}
[INFO] [stdout]    4:     0x56b03a41b7c9 - std[617be2ca0a6fd877]::panicking::default_hook
[INFO] [stdout]    5:     0x56b03a276fb0 - test[aada8e7e76ba119b]::test_main_inner::{closure#0}
[INFO] [stdout]    6:     0x56b03a41baf2 - std[617be2ca0a6fd877]::panicking::panic_with_hook
[INFO] [stdout]    7:     0x56b03a3fe492 - std[617be2ca0a6fd877]::panicking::panic_handler::{closure#0}
[INFO] [stdout]    8:     0x56b03a3f6f39 - std[617be2ca0a6fd877]::sys::backtrace::__rust_end_short_backtrace::<std[617be2ca0a6fd877]::panicking::panic_handler::{closure#0}, !>
[INFO] [stdout]    9:     0x56b03a3ff28d - __rustc[ea4f61d10b84890b]::rust_begin_unwind
[INFO] [stdout]   10:     0x56b03a43a5ec - core[a373ad73a504971]::panicking::panic_fmt
[INFO] [stdout]   11:     0x56b03a43a3c2 - core[a373ad73a504971]::result::unwrap_failed
[INFO] [stdout]   12:     0x56b03a1dac80 - <std[617be2ca0a6fd877]::thread::local::LocalKey<core[a373ad73a504971]::cell::RefCell<(parking[94520506948df958]::Parker, core[a373ad73a504971]::task::wake::Waker, alloc[2e1b2a31b91974c5]::sync::Arc<core[a373ad73a504971]::sync::atomic::Atomic<bool>>)>>>::with::<async_io[f04ea68b860d510c]::driver::block_on<(), systemdzbus[227398e387761917]::systemctl::systemctl_async::tests::can_get_unit::{closure#0}>::{closure#1}, ()>
[INFO] [stdout]   13:     0x56b03a22c515 - async_io[f04ea68b860d510c]::driver::block_on::<(), systemdzbus[227398e387761917]::systemctl::systemctl_async::tests::can_get_unit::{closure#0}>
[INFO] [stdout]   14:     0x56b03a25910a - <systemdzbus[227398e387761917]::systemctl::systemctl_async::tests::can_get_unit::{closure#0} as core[a373ad73a504971]::ops::function::FnOnce<()>>::call_once
[INFO] [stdout]   15:     0x56b03a26a3fb - test[aada8e7e76ba119b]::__rust_begin_short_backtrace::<core[a373ad73a504971]::result::Result<(), alloc[2e1b2a31b91974c5]::string::String>, fn() -> core[a373ad73a504971]::result::Result<(), alloc[2e1b2a31b91974c5]::string::String>>
[INFO] [stdout]   16:     0x56b03a2775d5 - test[aada8e7e76ba119b]::run_test::{closure#0}
[INFO] [stdout]   17:     0x56b03a270ec4 - std[617be2ca0a6fd877]::sys::backtrace::__rust_begin_short_backtrace::<test[aada8e7e76ba119b]::run_test::{closure#1}, ()>
[INFO] [stdout]   18:     0x56b03a27a662 - <std[617be2ca0a6fd877]::thread::lifecycle::spawn_unchecked<test[aada8e7e76ba119b]::run_test::{closure#1}, ()>::{closure#1} as core[a373ad73a504971]::ops::function::FnOnce<()>>::call_once::{shim:vtable#0}
[INFO] [stdout]   19:     0x56b03a422d7f - <std[617be2ca0a6fd877]::sys::thread::unix::Thread>::new::thread_start
[INFO] [stdout]   20:     0x787110d08dfa - <unknown>
[INFO] [stdout]   21:     0x787110d9c3d4 - clone
[INFO] [stdout]   22:                0x0 - <unknown>
[INFO] [stdout] 
[INFO] [stdout] ---- systemctl::systemctl_blocking::tests::can_list_unit_files stdout ----
[INFO] [stdout] 
[INFO] [stdout] thread 'systemctl::systemctl_blocking::tests::can_list_unit_files' (1339) panicked at src/systemctl/systemctl_blocking.rs:354:14:
[INFO] [stdout] Should be able to init connection: DbusError(InputOutput(Os { code: 2, kind: NotFound, message: "No such file or directory" }))
[INFO] [stdout] stack backtrace:
[INFO] [stdout]    0:     0x56b03a424391 - <<std[617be2ca0a6fd877]::sys::backtrace::BacktraceLock>::print::DisplayBacktrace as core[a373ad73a504971]::fmt::Display>::fmt
[INFO] [stdout]    1:     0x56b03a439e8a - core[a373ad73a504971]::fmt::write
[INFO] [stdout]    2:     0x56b03a428f8c - <alloc[2e1b2a31b91974c5]::vec::Vec<u8> as core[a373ad73a504971]::io::write::Write>::write_fmt
[INFO] [stdout]    3:     0x56b03a3fe3e6 - std[617be2ca0a6fd877]::panicking::default_hook::{closure#0}
[INFO] [stdout]    4:     0x56b03a41b7c9 - std[617be2ca0a6fd877]::panicking::default_hook
[INFO] [stdout]    5:     0x56b03a276fb0 - test[aada8e7e76ba119b]::test_main_inner::{closure#0}
[INFO] [stdout]    6:     0x56b03a41baf2 - std[617be2ca0a6fd877]::panicking::panic_with_hook
[INFO] [stdout]    7:     0x56b03a3fe492 - std[617be2ca0a6fd877]::panicking::panic_handler::{closure#0}
[INFO] [stdout]    8:     0x56b03a3f6f39 - std[617be2ca0a6fd877]::sys::backtrace::__rust_end_short_backtrace::<std[617be2ca0a6fd877]::panicking::panic_handler::{closure#0}, !>
[INFO] [stdout]    9:     0x56b03a3ff28d - __rustc[ea4f61d10b84890b]::rust_begin_unwind
[INFO] [stdout]   10:     0x56b03a43a5ec - core[a373ad73a504971]::panicking::panic_fmt
[INFO] [stdout]   11:     0x56b03a43a3c2 - core[a373ad73a504971]::result::unwrap_failed
[INFO] [stdout]   12:     0x56b03a2517a7 - <systemdzbus[227398e387761917]::systemctl::systemctl_blocking::tests::can_list_unit_files::{closure#0} as core[a373ad73a504971]::ops::function::FnOnce<()>>::call_once
[INFO] [stdout]   13:     0x56b03a26a3fb - test[aada8e7e76ba119b]::__rust_begin_short_backtrace::<core[a373ad73a504971]::result::Result<(), alloc[2e1b2a31b91974c5]::string::String>, fn() -> core[a373ad73a504971]::result::Result<(), alloc[2e1b2a31b91974c5]::string::String>>
[INFO] [stdout]   14:     0x56b03a2775d5 - test[aada8e7e76ba119b]::run_test::{closure#0}
[INFO] [stdout]   15:     0x56b03a270ec4 - std[617be2ca0a6fd877]::sys::backtrace::__rust_begin_short_backtrace::<test[aada8e7e76ba119b]::run_test::{closure#1}, ()>
[INFO] [stdout]   16:     0x56b03a27a662 - <std[617be2ca0a6fd877]::thread::lifecycle::spawn_unchecked<test[aada8e7e76ba119b]::run_test::{closure#1}, ()>::{closure#1} as core[a373ad73a504971]::ops::function::FnOnce<()>>::call_once::{shim:vtable#0}
[INFO] [stdout]   17:     0x56b03a422d7f - <std[617be2ca0a6fd877]::sys::thread::unix::Thread>::new::thread_start
[INFO] [stdout]   18:     0x787110d08dfa - <unknown>
[INFO] [stdout]   19:     0x787110d9c3d4 - clone
[INFO] [stdout]   20:                0x0 - <unknown>
[INFO] [stdout] 
[INFO] [stdout] ---- systemctl::systemctl_async::tests::can_get_valid_unit_file_state stdout ----
[INFO] [stdout] 
[INFO] [stdout] thread 'systemctl::systemctl_async::tests::can_get_valid_unit_file_state' (1332) panicked at src/systemctl/systemctl_async.rs:349:18:
[INFO] [stdout] Should be able to init connection: DbusError(InputOutput(Os { code: 2, kind: NotFound, message: "No such file or directory" }))
[INFO] [stdout] stack backtrace:
[INFO] [stdout]    0:     0x56b03a424391 - <<std[617be2ca0a6fd877]::sys::backtrace::BacktraceLock>::print::DisplayBacktrace as core[a373ad73a504971]::fmt::Display>::fmt
[INFO] [stdout]    1:     0x56b03a439e8a - core[a373ad73a504971]::fmt::write
[INFO] [stdout]    2:     0x56b03a428f8c - <alloc[2e1b2a31b91974c5]::vec::Vec<u8> as core[a373ad73a504971]::io::write::Write>::write_fmt
[INFO] [stdout]    3:     0x56b03a3fe3e6 - std[617be2ca0a6fd877]::panicking::default_hook::{closure#0}
[INFO] [stdout]    4:     0x56b03a41b7c9 - std[617be2ca0a6fd877]::panicking::default_hook
[INFO] [stdout]    5:     0x56b03a276fb0 - test[aada8e7e76ba119b]::test_main_inner::{closure#0}
[INFO] [stdout]    6:     0x56b03a41baf2 - std[617be2ca0a6fd877]::panicking::panic_with_hook
[INFO] [stdout]    7:     0x56b03a3fe492 - std[617be2ca0a6fd877]::panicking::panic_handler::{closure#0}
[INFO] [stdout]    8:     0x56b03a3f6f39 - std[617be2ca0a6fd877]::sys::backtrace::__rust_end_short_backtrace::<std[617be2ca0a6fd877]::panicking::panic_handler::{closure#0}, !>
[INFO] [stdout]    9:     0x56b03a3ff28d - __rustc[ea4f61d10b84890b]::rust_begin_unwind
[INFO] [stdout]   10:     0x56b03a43a5ec - core[a373ad73a504971]::panicking::panic_fmt
[INFO] [stdout]   11:     0x56b03a43a3c2 - core[a373ad73a504971]::result::unwrap_failed
[INFO] [stdout]   12:     0x56b03a1e04ff - <std[617be2ca0a6fd877]::thread::local::LocalKey<core[a373ad73a504971]::cell::RefCell<(parking[94520506948df958]::Parker, core[a373ad73a504971]::task::wake::Waker, alloc[2e1b2a31b91974c5]::sync::Arc<core[a373ad73a504971]::sync::atomic::Atomic<bool>>)>>>::with::<async_io[f04ea68b860d510c]::driver::block_on<(), systemdzbus[227398e387761917]::systemctl::systemctl_async::tests::can_get_valid_unit_file_state::{closure#0}>::{closure#1}, ()>
[INFO] [stdout]   13:     0x56b03a22ccd5 - async_io[f04ea68b860d510c]::driver::block_on::<(), systemdzbus[227398e387761917]::systemctl::systemctl_async::tests::can_get_valid_unit_file_state::{closure#0}>
[INFO] [stdout]   14:     0x56b03a2591ca - <systemdzbus[227398e387761917]::systemctl::systemctl_async::tests::can_get_valid_unit_file_state::{closure#0} as core[a373ad73a504971]::ops::function::FnOnce<()>>::call_once
[INFO] [stdout]   15:     0x56b03a26a3fb - test[aada8e7e76ba119b]::__rust_begin_short_backtrace::<core[a373ad73a504971]::result::Result<(), alloc[2e1b2a31b91974c5]::string::String>, fn() -> core[a373ad73a504971]::result::Result<(), alloc[2e1b2a31b91974c5]::string::String>>
[INFO] [stdout]   16:     0x56b03a2775d5 - test[aada8e7e76ba119b]::run_test::{closure#0}
[INFO] [stdout]   17:     0x56b03a270ec4 - std[617be2ca0a6fd877]::sys::backtrace::__rust_begin_short_backtrace::<test[aada8e7e76ba119b]::run_test::{closure#1}, ()>
[INFO] [stdout]   18:     0x56b03a27a662 - <std[617be2ca0a6fd877]::thread::lifecycle::spawn_unchecked<test[aada8e7e76ba119b]::run_test::{closure#1}, ()>::{closure#1} as core[a373ad73a504971]::ops::function::FnOnce<()>>::call_once::{shim:vtable#0}
[INFO] [stdout]   19:     0x56b03a422d7f - <std[617be2ca0a6fd877]::sys::thread::unix::Thread>::new::thread_start
[INFO] [stdout]   20:     0x787110d08dfa - <unknown>
[INFO] [stdout]   21:     0x787110d9c3d4 - clone
[INFO] [stdout]   22:                0x0 - <unknown>
[INFO] [stdout] 
[INFO] [stdout] ---- systemctl::systemctl_async::tests::can_list_unit_files stdout ----
[INFO] [stdout] 
[INFO] [stdout] thread 'systemctl::systemctl_async::tests::can_list_unit_files' (1333) panicked at src/systemctl/systemctl_async.rs:380:18:
[INFO] [stdout] Should be able to init connection: DbusError(InputOutput(Os { code: 2, kind: NotFound, message: "No such file or directory" }))
[INFO] [stdout] stack backtrace:
[INFO] [stdout]    0:     0x56b03a424391 - <<std[617be2ca0a6fd877]::sys::backtrace::BacktraceLock>::print::DisplayBacktrace as core[a373ad73a504971]::fmt::Display>::fmt
[INFO] [stdout]    1:     0x56b03a439e8a - core[a373ad73a504971]::fmt::write
[INFO] [stdout]    2:     0x56b03a428f8c - <alloc[2e1b2a31b91974c5]::vec::Vec<u8> as core[a373ad73a504971]::io::write::Write>::write_fmt
[INFO] [stdout]    3:     0x56b03a3fe3e6 - std[617be2ca0a6fd877]::panicking::default_hook::{closure#0}
[INFO] [stdout]    4:     0x56b03a41b7c9 - std[617be2ca0a6fd877]::panicking::default_hook
[INFO] [stdout]    5:     0x56b03a276fb0 - test[aada8e7e76ba119b]::test_main_inner::{closure#0}
[INFO] [stdout]    6:     0x56b03a41baf2 - std[617be2ca0a6fd877]::panicking::panic_with_hook
[INFO] [stdout]    7:     0x56b03a3fe492 - std[617be2ca0a6fd877]::panicking::panic_handler::{closure#0}
[INFO] [stdout]    8:     0x56b03a3f6f39 - std[617be2ca0a6fd877]::sys::backtrace::__rust_end_short_backtrace::<std[617be2ca0a6fd877]::panicking::panic_handler::{closure#0}, !>
[INFO] [stdout]    9:     0x56b03a3ff28d - __rustc[ea4f61d10b84890b]::rust_begin_unwind
[INFO] [stdout]   10:     0x56b03a43a5ec - core[a373ad73a504971]::panicking::panic_fmt
[INFO] [stdout]   11:     0x56b03a43a3c2 - core[a373ad73a504971]::result::unwrap_failed
[INFO] [stdout]   12:     0x56b03a1dfe13 - <std[617be2ca0a6fd877]::thread::local::LocalKey<core[a373ad73a504971]::cell::RefCell<(parking[94520506948df958]::Parker, core[a373ad73a504971]::task::wake::Waker, alloc[2e1b2a31b91974c5]::sync::Arc<core[a373ad73a504971]::sync::atomic::Atomic<bool>>)>>>::with::<async_io[f04ea68b860d510c]::driver::block_on<(), systemdzbus[227398e387761917]::systemctl::systemctl_async::tests::can_list_unit_files::{closure#0}>::{closure#1}, ()>
[INFO] [stdout]   13:     0x56b03a22cae5 - async_io[f04ea68b860d510c]::driver::block_on::<(), systemdzbus[227398e387761917]::systemctl::systemctl_async::tests::can_list_unit_files::{closure#0}>
[INFO] [stdout]   14:     0x56b03a25919a - <systemdzbus[227398e387761917]::systemctl::systemctl_async::tests::can_list_unit_files::{closure#0} as core[a373ad73a504971]::ops::function::FnOnce<()>>::call_once
[INFO] [stdout]   15:     0x56b03a26a3fb - test[aada8e7e76ba119b]::__rust_begin_short_backtrace::<core[a373ad73a504971]::result::Result<(), alloc[2e1b2a31b91974c5]::string::String>, fn() -> core[a373ad73a504971]::result::Result<(), alloc[2e1b2a31b91974c5]::string::String>>
[INFO] [stdout]   16:     0x56b03a2775d5 - test[aada8e7e76ba119b]::run_test::{closure#0}
[INFO] [stdout]   17:     0x56b03a270ec4 - std[617be2ca0a6fd877]::sys::backtrace::__rust_begin_short_backtrace::<test[aada8e7e76ba119b]::run_test::{closure#1}, ()>
[INFO] [stdout]   18:     0x56b03a27a662 - <std[617be2ca0a6fd877]::thread::lifecycle::spawn_unchecked<test[aada8e7e76ba119b]::run_test::{closure#1}, ()>::{closure#1} as core[a373ad73a504971]::ops::function::FnOnce<()>>::call_once::{shim:vtable#0}
[INFO] [stdout]   19:     0x56b03a422d7f - <std[617be2ca0a6fd877]::sys::thread::unix::Thread>::new::thread_start
[INFO] [stdout]   20:     0x787110d08dfa - <unknown>
[INFO] [stdout]   21:     0x787110d9c3d4 - clone
[INFO] [stdout]   22:                0x0 - <unknown>
[INFO] [stdout] 
[INFO] [stdout] ---- tests::can_list_units stdout ----
[INFO] [stdout] 
[INFO] [stdout] thread 'tests::can_list_units' (1343) panicked at src/lib.rs:144:9:
[INFO] [stdout] assertion failed: res.is_ok()
[INFO] [stdout] stack backtrace:
[INFO] [stdout]    0:     0x56b03a424391 - <<std[617be2ca0a6fd877]::sys::backtrace::BacktraceLock>::print::DisplayBacktrace as core[a373ad73a504971]::fmt::Display>::fmt
[INFO] [stdout]    1:     0x56b03a439e8a - core[a373ad73a504971]::fmt::write
[INFO] [stdout]    2:     0x56b03a428f8c - <alloc[2e1b2a31b91974c5]::vec::Vec<u8> as core[a373ad73a504971]::io::write::Write>::write_fmt
[INFO] [stdout]    3:     0x56b03a3fe3e6 - std[617be2ca0a6fd877]::panicking::default_hook::{closure#0}
[INFO] [stdout]    4:     0x56b03a41b7c9 - std[617be2ca0a6fd877]::panicking::default_hook
[INFO] [stdout]    5:     0x56b03a276fb0 - test[aada8e7e76ba119b]::test_main_inner::{closure#0}
[INFO] [stdout]    6:     0x56b03a41baf2 - std[617be2ca0a6fd877]::panicking::panic_with_hook
[INFO] [stdout]    7:     0x56b03a3fe4c4 - std[617be2ca0a6fd877]::panicking::panic_handler::{closure#0}
[INFO] [stdout]    8:     0x56b03a3f6f39 - std[617be2ca0a6fd877]::sys::backtrace::__rust_end_short_backtrace::<std[617be2ca0a6fd877]::panicking::panic_handler::{closure#0}, !>
[INFO] [stdout]    9:     0x56b03a3ff28d - __rustc[ea4f61d10b84890b]::rust_begin_unwind
[INFO] [stdout]   10:     0x56b03a43a5ec - core[a373ad73a504971]::panicking::panic_fmt
[INFO] [stdout]   11:     0x56b03a43a5b2 - core[a373ad73a504971]::panicking::panic
[INFO] [stdout]   12:     0x56b03a258ae9 - <systemdzbus[227398e387761917]::tests::can_list_units::{closure#0} as core[a373ad73a504971]::ops::function::FnOnce<()>>::call_once
[INFO] [stdout]   13:     0x56b03a26a3fb - test[aada8e7e76ba119b]::__rust_begin_short_backtrace::<core[a373ad73a504971]::result::Result<(), alloc[2e1b2a31b91974c5]::string::String>, fn() -> core[a373ad73a504971]::result::Result<(), alloc[2e1b2a31b91974c5]::string::String>>
[INFO] [stdout]   14:     0x56b03a2775d5 - test[aada8e7e76ba119b]::run_test::{closure#0}
[INFO] [stdout]   15:     0x56b03a270ec4 - std[617be2ca0a6fd877]::sys::backtrace::__rust_begin_short_backtrace::<test[aada8e7e76ba119b]::run_test::{closure#1}, ()>
[INFO] [stdout]   16:     0x56b03a27a662 - <std[617be2ca0a6fd877]::thread::lifecycle::spawn_unchecked<test[aada8e7e76ba119b]::run_test::{closure#1}, ()>::{closure#1} as core[a373ad73a504971]::ops::function::FnOnce<()>>::call_once::{shim:vtable#0}
[INFO] [stdout]   17:     0x56b03a422d7f - <std[617be2ca0a6fd877]::sys::thread::unix::Thread>::new::thread_start
[INFO] [stdout]   18:     0x787110d08dfa - <unknown>
[INFO] [stdout]   19:     0x787110d9c3d4 - clone
[INFO] [stdout]   20:                0x0 - <unknown>
[INFO] [stdout] 
[INFO] [stdout] ---- systemctl::systemctl_blocking::tests::can_list_units stdout ----
[INFO] [stdout] 
[INFO] [stdout] thread 'systemctl::systemctl_blocking::tests::can_list_units' (1340) panicked at src/systemctl/systemctl_blocking.rs:382:14:
[INFO] [stdout] Should be able to init connection: DbusError(InputOutput(Os { code: 2, kind: NotFound, message: "No such file or directory" }))
[INFO] [stdout] stack backtrace:
[INFO] [stdout]    0:     0x56b03a424391 - <<std[617be2ca0a6fd877]::sys::backtrace::BacktraceLock>::print::DisplayBacktrace as core[a373ad73a504971]::fmt::Display>::fmt
[INFO] [stdout]    1:     0x56b03a439e8a - core[a373ad73a504971]::fmt::write
[INFO] [stdout]    2:     0x56b03a428f8c - <alloc[2e1b2a31b91974c5]::vec::Vec<u8> as core[a373ad73a504971]::io::write::Write>::write_fmt
[INFO] [stdout]    3:     0x56b03a3fe3e6 - std[617be2ca0a6fd877]::panicking::default_hook::{closure#0}
[INFO] [stdout]    4:     0x56b03a41b7c9 - std[617be2ca0a6fd877]::panicking::default_hook
[INFO] [stdout]    5:     0x56b03a276fb0 - test[aada8e7e76ba119b]::test_main_inner::{closure#0}
[INFO] [stdout]    6:     0x56b03a41baf2 - std[617be2ca0a6fd877]::panicking::panic_with_hook
[INFO] [stdout]    7:     0x56b03a3fe492 - std[617be2ca0a6fd877]::panicking::panic_handler::{closure#0}
[INFO] [stdout]    8:     0x56b03a3f6f39 - std[617be2ca0a6fd877]::sys::backtrace::__rust_end_short_backtrace::<std[617be2ca0a6fd877]::panicking::panic_handler::{closure#0}, !>
[INFO] [stdout]    9:     0x56b03a3ff28d - __rustc[ea4f61d10b84890b]::rust_begin_unwind
[INFO] [stdout]   10:     0x56b03a43a5ec - core[a373ad73a504971]::panicking::panic_fmt
[INFO] [stdout]   11:     0x56b03a43a3c2 - core[a373ad73a504971]::result::unwrap_failed
[INFO] [stdout]   12:     0x56b03a251472 - <systemdzbus[227398e387761917]::systemctl::systemctl_blocking::tests::can_list_units::{closure#0} as core[a373ad73a504971]::ops::function::FnOnce<()>>::call_once
[INFO] [stdout]   13:     0x56b03a26a3fb - test[aada8e7e76ba119b]::__rust_begin_short_backtrace::<core[a373ad73a504971]::result::Result<(), alloc[2e1b2a31b91974c5]::string::String>, fn() -> core[a373ad73a504971]::result::Result<(), alloc[2e1b2a31b91974c5]::string::String>>
[INFO] [stdout]   14:     0x56b03a2775d5 - test[aada8e7e76ba119b]::run_test::{closure#0}
[INFO] [stdout]   15:     0x56b03a270ec4 - std[617be2ca0a6fd877]::sys::backtrace::__rust_begin_short_backtrace::<test[aada8e7e76ba119b]::run_test::{closure#1}, ()>
[INFO] [stdout]   16:     0x56b03a27a662 - <std[617be2ca0a6fd877]::thread::lifecycle::spawn_unchecked<test[aada8e7e76ba119b]::run_test::{closure#1}, ()>::{closure#1} as core[a373ad73a504971]::ops::function::FnOnce<()>>::call_once::{shim:vtable#0}
[INFO] [stdout]   17:     0x56b03a422d7f - <std[617be2ca0a6fd877]::sys::thread::unix::Thread>::new::thread_start
[INFO] [stdout]   18:     0x787110d08dfa - <unknown>
[INFO] [stdout]   19:     0x787110d9c3d4 - clone
[INFO] [stdout]   20:                0x0 - <unknown>
[INFO] [stdout] 
[INFO] [stdout] ---- systemctl::systemctl_blocking::tests::can_get_valid_unit_file_state stdout ----
[INFO] [stdout] 
[INFO] [stdout] thread 'systemctl::systemctl_blocking::tests::can_get_valid_unit_file_state' (1338) panicked at src/systemctl/systemctl_blocking.rs:328:14:
[INFO] [stdout] Should be able to init connection: DbusError(InputOutput(Os { code: 2, kind: NotFound, message: "No such file or directory" }))
[INFO] [stdout] stack backtrace:
[INFO] [stdout]    0:     0x56b03a424391 - <<std[617be2ca0a6fd877]::sys::backtrace::BacktraceLock>::print::DisplayBacktrace as core[a373ad73a504971]::fmt::Display>::fmt
[INFO] [stdout]    1:     0x56b03a439e8a - core[a373ad73a504971]::fmt::write
[INFO] [stdout]    2:     0x56b03a428f8c - <alloc[2e1b2a31b91974c5]::vec::Vec<u8> as core[a373ad73a504971]::io::write::Write>::write_fmt
[INFO] [stdout]    3:     0x56b03a3fe3e6 - std[617be2ca0a6fd877]::panicking::default_hook::{closure#0}
[INFO] [stdout]    4:     0x56b03a41b7c9 - std[617be2ca0a6fd877]::panicking::default_hook
[INFO] [stdout]    5:     0x56b03a276fb0 - test[aada8e7e76ba119b]::test_main_inner::{closure#0}
[INFO] [stdout]    6:     0x56b03a41baf2 - std[617be2ca0a6fd877]::panicking::panic_with_hook
[INFO] [stdout]    7:     0x56b03a3fe492 - std[617be2ca0a6fd877]::panicking::panic_handler::{closure#0}
[INFO] [stdout]    8:     0x56b03a3f6f39 - std[617be2ca0a6fd877]::sys::backtrace::__rust_end_short_backtrace::<std[617be2ca0a6fd877]::panicking::panic_handler::{closure#0}, !>
[INFO] [stdout]    9:     0x56b03a3ff28d - __rustc[ea4f61d10b84890b]::rust_begin_unwind
[INFO] [stdout]   10:     0x56b03a43a5ec - core[a373ad73a504971]::panicking::panic_fmt
[INFO] [stdout]   11:     0x56b03a43a3c2 - core[a373ad73a504971]::result::unwrap_failed
[INFO] [stdout]   12:     0x56b03a251d38 - <systemdzbus[227398e387761917]::systemctl::systemctl_blocking::tests::can_get_valid_unit_file_state::{closure#0} as core[a373ad73a504971]::ops::function::FnOnce<()>>::call_once
[INFO] [stdout]   13:     0x56b03a26a3fb - test[aada8e7e76ba119b]::__rust_begin_short_backtrace::<core[a373ad73a504971]::result::Result<(), alloc[2e1b2a31b91974c5]::string::String>, fn() -> core[a373ad73a504971]::result::Result<(), alloc[2e1b2a31b91974c5]::string::String>>
[INFO] [stdout]   14:     0x56b03a2775d5 - test[aada8e7e76ba119b]::run_test::{closure#0}
[INFO] [stdout]   15:     0x56b03a270ec4 - std[617be2ca0a6fd877]::sys::backtrace::__rust_begin_short_backtrace::<test[aada8e7e76ba119b]::run_test::{closure#1}, ()>
[INFO] [stdout]   16:     0x56b03a27a662 - <std[617be2ca0a6fd877]::thread::lifecycle::spawn_unchecked<test[aada8e7e76ba119b]::run_test::{closure#1}, ()>::{closure#1} as core[a373ad73a504971]::ops::function::FnOnce<()>>::call_once::{shim:vtable#0}
[INFO] [stdout]   17:     0x56b03a422d7f - <std[617be2ca0a6fd877]::sys::thread::unix::Thread>::new::thread_start
[INFO] [stdout]   18:     0x787110d08dfa - <unknown>
[INFO] [stdout]   19:     0x787110d9c3d4 - clone
[INFO] [stdout]   20:                0x0 - <unknown>
[INFO] [stdout] 
[INFO] [stdout] ---- systemctl::systemctl_async::tests::it_can_list_jobs stdout ----
[INFO] [stdout] 
[INFO] [stdout] thread 'systemctl::systemctl_async::tests::it_can_list_jobs' (1336) panicked at src/systemctl/systemctl_async.rs:318:18:
[INFO] [stdout] Should be able to init connection: DbusError(InputOutput(Os { code: 2, kind: NotFound, message: "No such file or directory" }))
[INFO] [stdout] stack backtrace:
[INFO] [stdout]    0:     0x56b03a424391 - <<std[617be2ca0a6fd877]::sys::backtrace::BacktraceLock>::print::DisplayBacktrace as core[a373ad73a504971]::fmt::Display>::fmt
[INFO] [stdout]    1:     0x56b03a439e8a - core[a373ad73a504971]::fmt::write
[INFO] [stdout]    2:     0x56b03a428f8c - <alloc[2e1b2a31b91974c5]::vec::Vec<u8> as core[a373ad73a504971]::io::write::Write>::write_fmt
[INFO] [stdout]    3:     0x56b03a3fe3e6 - std[617be2ca0a6fd877]::panicking::default_hook::{closure#0}
[INFO] [stdout]    4:     0x56b03a41b7c9 - std[617be2ca0a6fd877]::panicking::default_hook
[INFO] [stdout]    5:     0x56b03a276fb0 - test[aada8e7e76ba119b]::test_main_inner::{closure#0}
[INFO] [stdout]    6:     0x56b03a41baf2 - std[617be2ca0a6fd877]::panicking::panic_with_hook
[INFO] [stdout]    7:     0x56b03a3fe492 - std[617be2ca0a6fd877]::panicking::panic_handler::{closure#0}
[INFO] [stdout]    8:     0x56b03a3f6f39 - std[617be2ca0a6fd877]::sys::backtrace::__rust_end_short_backtrace::<std[617be2ca0a6fd877]::panicking::panic_handler::{closure#0}, !>
[INFO] [stdout]    9:     0x56b03a3ff28d - __rustc[ea4f61d10b84890b]::rust_begin_unwind
[INFO] [stdout]   10:     0x56b03a43a5ec - core[a373ad73a504971]::panicking::panic_fmt
[INFO] [stdout]   11:     0x56b03a43a3c2 - core[a373ad73a504971]::result::unwrap_failed
[INFO] [stdout]   12:     0x56b03a1dd98c - <std[617be2ca0a6fd877]::thread::local::LocalKey<core[a373ad73a504971]::cell::RefCell<(parking[94520506948df958]::Parker, core[a373ad73a504971]::task::wake::Waker, alloc[2e1b2a31b91974c5]::sync::Arc<core[a373ad73a504971]::sync::atomic::Atomic<bool>>)>>>::with::<async_io[f04ea68b860d510c]::driver::block_on<(), systemdzbus[227398e387761917]::systemctl::systemctl_async::tests::it_can_list_jobs::{closure#0}>::{closure#1}, ()>
[INFO] [stdout]   13:     0x56b03a22c8f5 - async_io[f04ea68b860d510c]::driver::block_on::<(), systemdzbus[227398e387761917]::systemctl::systemctl_async::tests::it_can_list_jobs::{closure#0}>
[INFO] [stdout]   14:     0x56b03a25916a - <systemdzbus[227398e387761917]::systemctl::systemctl_async::tests::it_can_list_jobs::{closure#0} as core[a373ad73a504971]::ops::function::FnOnce<()>>::call_once
[INFO] [stdout]   15:     0x56b03a26a3fb - test[aada8e7e76ba119b]::__rust_begin_short_backtrace::<core[a373ad73a504971]::result::Result<(), alloc[2e1b2a31b91974c5]::string::String>, fn() -> core[a373ad73a504971]::result::Result<(), alloc[2e1b2a31b91974c5]::string::String>>
[INFO] [stdout]   16:     0x56b03a2775d5 - test[aada8e7e76ba119b]::run_test::{closure#0}
[INFO] [stdout]   17:     0x56b03a270ec4 - std[617be2ca0a6fd877]::sys::backtrace::__rust_begin_short_backtrace::<test[aada8e7e76ba119b]::run_test::{closure#1}, ()>
[INFO] [stdout]   18:     0x56b03a27a662 - <std[617be2ca0a6fd877]::thread::lifecycle::spawn_unchecked<test[aada8e7e76ba119b]::run_test::{closure#1}, ()>::{closure#1} as core[a373ad73a504971]::ops::function::FnOnce<()>>::call_once::{shim:vtable#0}
[INFO] [stdout]   19:     0x56b03a422d7f - <std[617be2ca0a6fd877]::sys::thread::unix::Thread>::new::thread_start
[INFO] [stdout]   20:     0x787110d08dfa - <unknown>
[INFO] [stdout]   21:     0x787110d9c3d4 - clone
[INFO] [stdout]   22:                0x0 - <unknown>
[INFO] [stdout] 
[INFO] [stdout] ---- tests::it_can_use_builder_pattern_to_get_system_connection_level stdout ----
[INFO] [stdout] 
[INFO] [stdout] thread 'tests::it_can_use_builder_pattern_to_get_system_connection_level' (1347) panicked at src/lib.rs:107:14:
[INFO] [stdout] Should be able to initialise connection: DbusError(InputOutput(Os { code: 2, kind: NotFound, message: "No such file or directory" }))
[INFO] [stdout] stack backtrace:
[INFO] [stdout]    0:     0x56b03a424391 - <<std[617be2ca0a6fd877]::sys::backtrace::BacktraceLock>::print::DisplayBacktrace as core[a373ad73a504971]::fmt::Display>::fmt
[INFO] [stdout]    1:     0x56b03a439e8a - core[a373ad73a504971]::fmt::write
[INFO] [stdout]    2:     0x56b03a428f8c - <alloc[2e1b2a31b91974c5]::vec::Vec<u8> as core[a373ad73a504971]::io::write::Write>::write_fmt
[INFO] [stdout]    3:     0x56b03a3fe3e6 - std[617be2ca0a6fd877]::panicking::default_hook::{closure#0}
[INFO] [stdout]    4:     0x56b03a41b7c9 - std[617be2ca0a6fd877]::panicking::default_hook
[INFO] [stdout]    5:     0x56b03a276fb0 - test[aada8e7e76ba119b]::test_main_inner::{closure#0}
[INFO] [stdout]    6:     0x56b03a41baf2 - std[617be2ca0a6fd877]::panicking::panic_with_hook
[INFO] [stdout]    7:     0x56b03a3fe492 - std[617be2ca0a6fd877]::panicking::panic_handler::{closure#0}
[INFO] [stdout]    8:     0x56b03a3f6f39 - std[617be2ca0a6fd877]::sys::backtrace::__rust_end_short_backtrace::<std[617be2ca0a6fd877]::panicking::panic_handler::{closure#0}, !>
[INFO] [stdout]    9:     0x56b03a3ff28d - __rustc[ea4f61d10b84890b]::rust_begin_unwind
[INFO] [stdout]   10:     0x56b03a43a5ec - core[a373ad73a504971]::panicking::panic_fmt
[INFO] [stdout]   11:     0x56b03a43a3c2 - core[a373ad73a504971]::result::unwrap_failed
[INFO] [stdout]   12:     0x56b03a258fd2 - <systemdzbus[227398e387761917]::tests::it_can_use_builder_pattern_to_get_system_connection_level::{closure#0} as core[a373ad73a504971]::ops::function::FnOnce<()>>::call_once
[INFO] [stdout]   13:     0x56b03a26a3fb - test[aada8e7e76ba119b]::__rust_begin_short_backtrace::<core[a373ad73a504971]::result::Result<(), alloc[2e1b2a31b91974c5]::string::String>, fn() -> core[a373ad73a504971]::result::Result<(), alloc[2e1b2a31b91974c5]::string::String>>
[INFO] [stdout]   14:     0x56b03a2775d5 - test[aada8e7e76ba119b]::run_test::{closure#0}
[INFO] [stdout]   15:     0x56b03a270ec4 - std[617be2ca0a6fd877]::sys::backtrace::__rust_begin_short_backtrace::<test[aada8e7e76ba119b]::run_test::{closure#1}, ()>
[INFO] [stdout]   16:     0x56b03a27a662 - <std[617be2ca0a6fd877]::thread::lifecycle::spawn_unchecked<test[aada8e7e76ba119b]::run_test::{closure#1}, ()>::{closure#1} as core[a373ad73a504971]::ops::function::FnOnce<()>>::call_once::{shim:vtable#0}
[INFO] [stdout]   17:     0x56b03a422d7f - <std[617be2ca0a6fd877]::sys::thread::unix::Thread>::new::thread_start
[INFO] [stdout]   18:     0x787110d08dfa - <unknown>
[INFO] [stdout]   19:     0x787110d9c3d4 - clone
[INFO] [stdout]   20:                0x0 - <unknown>
[INFO] [stdout] 
[INFO] [stdout] ---- systemctl::systemctl_async::tests::can_list_units stdout ----
[INFO] [stdout] 
[INFO] [stdout] thread 'systemctl::systemctl_async::tests::can_list_units' (1334) panicked at src/systemctl/systemctl_async.rs:414:18:
[INFO] [stdout] Should be able to init connection: DbusError(InputOutput(Os { code: 2, kind: NotFound, message: "No such file or directory" }))
[INFO] [stdout] stack backtrace:
[INFO] [stdout]    0:     0x56b03a424391 - <<std[617be2ca0a6fd877]::sys::backtrace::BacktraceLock>::print::DisplayBacktrace as core[a373ad73a504971]::fmt::Display>::fmt
[INFO] [stdout]    1:     0x56b03a439e8a - core[a373ad73a504971]::fmt::write
[INFO] [stdout]    2:     0x56b03a428f8c - <alloc[2e1b2a31b91974c5]::vec::Vec<u8> as core[a373ad73a504971]::io::write::Write>::write_fmt
[INFO] [stdout]    3:     0x56b03a3fe3e6 - std[617be2ca0a6fd877]::panicking::default_hook::{closure#0}
[INFO] [stdout]    4:     0x56b03a41b7c9 - std[617be2ca0a6fd877]::panicking::default_hook
[INFO] [stdout]    5:     0x56b03a276fb0 - test[aada8e7e76ba119b]::test_main_inner::{closure#0}
[INFO] [stdout]    6:     0x56b03a41baf2 - std[617be2ca0a6fd877]::panicking::panic_with_hook
[INFO] [stdout]    7:     0x56b03a3fe492 - std[617be2ca0a6fd877]::panicking::panic_handler::{closure#0}
[INFO] [stdout]    8:     0x56b03a3f6f39 - std[617be2ca0a6fd877]::sys::backtrace::__rust_end_short_backtrace::<std[617be2ca0a6fd877]::panicking::panic_handler::{closure#0}, !>
[INFO] [stdout]    9:     0x56b03a3ff28d - __rustc[ea4f61d10b84890b]::rust_begin_unwind
[INFO] [stdout]   10:     0x56b03a43a5ec - core[a373ad73a504971]::panicking::panic_fmt
[INFO] [stdout]   11:     0x56b03a43a3c2 - core[a373ad73a504971]::result::unwrap_failed
[INFO] [stdout]   12:     0x56b03a1dc546 - <std[617be2ca0a6fd877]::thread::local::LocalKey<core[a373ad73a504971]::cell::RefCell<(parking[94520506948df958]::Parker, core[a373ad73a504971]::task::wake::Waker, alloc[2e1b2a31b91974c5]::sync::Arc<core[a373ad73a504971]::sync::atomic::Atomic<bool>>)>>>::with::<async_io[f04ea68b860d510c]::driver::block_on<(), systemdzbus[227398e387761917]::systemctl::systemctl_async::tests::can_list_units::{closure#0}>::{closure#1}, ()>
[INFO] [stdout]   13:     0x56b03a22c705 - async_io[f04ea68b860d510c]::driver::block_on::<(), systemdzbus[227398e387761917]::systemctl::systemctl_async::tests::can_list_units::{closure#0}>
[INFO] [stdout]   14:     0x56b03a25913a - <systemdzbus[227398e387761917]::systemctl::systemctl_async::tests::can_list_units::{closure#0} as core[a373ad73a504971]::ops::function::FnOnce<()>>::call_once
[INFO] [stdout]   15:     0x56b03a26a3fb - test[aada8e7e76ba119b]::__rust_begin_short_backtrace::<core[a373ad73a504971]::result::Result<(), alloc[2e1b2a31b91974c5]::string::String>, fn() -> core[a373ad73a504971]::result::Result<(), alloc[2e1b2a31b91974c5]::string::String>>
[INFO] [stdout]   16:     0x56b03a2775d5 - test[aada8e7e76ba119b]::run_test::{closure#0}
[INFO] [stdout]   17:     0x56b03a270ec4 - std[617be2ca0a6fd877]::sys::backtrace::__rust_begin_short_backtrace::<test[aada8e7e76ba119b]::run_test::{closure#1}, ()>
[INFO] [stdout]   18:     0x56b03a27a662 - <std[617be2ca0a6fd877]::thread::lifecycle::spawn_unchecked<test[aada8e7e76ba119b]::run_test::{closure#1}, ()>::{closure#1} as core[a373ad73a504971]::ops::function::FnOnce<()>>::call_once::{shim:vtable#0}
[INFO] [stdout]   19:     0x56b03a422d7f - <std[617be2ca0a6fd877]::sys::thread::unix::Thread>::new::thread_start
[INFO] [stdout]   20:     0x787110d08dfa - <unknown>
[INFO] [stdout]   21:     0x787110d9c3d4 - clone
[INFO] [stdout]   22:                0x0 - <unknown>
[INFO] [stdout] 
[INFO] [stdout] ---- tests::can_list_units_with_higher_level_interface_blocking stdout ----
[INFO] [stdout] 
[INFO] [stdout] thread 'tests::can_list_units_with_higher_level_interface_blocking' (1345) panicked at src/lib.rs:122:14:
[INFO] [stdout] Should be able to initialise connection: DbusError(InputOutput(Os { code: 2, kind: NotFound, message: "No such file or directory" }))
[INFO] [stdout] stack backtrace:
[INFO] [stdout]    0:     0x56b03a424391 - <<std[617be2ca0a6fd877]::sys::backtrace::BacktraceLock>::print::DisplayBacktrace as core[a373ad73a504971]::fmt::Display>::fmt
[INFO] [stdout]    1:     0x56b03a439e8a - core[a373ad73a504971]::fmt::write
[INFO] [stdout]    2:     0x56b03a428f8c - <alloc[2e1b2a31b91974c5]::vec::Vec<u8> as core[a373ad73a504971]::io::write::Write>::write_fmt
[INFO] [stdout]    3:     0x56b03a3fe3e6 - std[617be2ca0a6fd877]::panicking::default_hook::{closure#0}
[INFO] [stdout]    4:     0x56b03a41b7c9 - std[617be2ca0a6fd877]::panicking::default_hook
[INFO] [stdout]    5:     0x56b03a276fb0 - test[aada8e7e76ba119b]::test_main_inner::{closure#0}
[INFO] [stdout]    6:     0x56b03a41baf2 - std[617be2ca0a6fd877]::panicking::panic_with_hook
[INFO] [stdout]    7:     0x56b03a3fe492 - std[617be2ca0a6fd877]::panicking::panic_handler::{closure#0}
[INFO] [stdout]    8:     0x56b03a3f6f39 - std[617be2ca0a6fd877]::sys::backtrace::__rust_end_short_backtrace::<std[617be2ca0a6fd877]::panicking::panic_handler::{closure#0}, !>
[INFO] [stdout]    9:     0x56b03a3ff28d - __rustc[ea4f61d10b84890b]::rust_begin_unwind
[INFO] [stdout]   10:     0x56b03a43a5ec - core[a373ad73a504971]::panicking::panic_fmt
[INFO] [stdout]   11:     0x56b03a43a3c2 - core[a373ad73a504971]::result::unwrap_failed
[INFO] [stdout]   12:     0x56b03a258ce2 - <systemdzbus[227398e387761917]::tests::can_list_units_with_higher_level_interface_blocking::{closure#0} as core[a373ad73a504971]::ops::function::FnOnce<()>>::call_once
[INFO] [stdout]   13:     0x56b03a26a3fb - test[aada8e7e76ba119b]::__rust_begin_short_backtrace::<core[a373ad73a504971]::result::Result<(), alloc[2e1b2a31b91974c5]::string::String>, fn() -> core[a373ad73a504971]::result::Result<(), alloc[2e1b2a31b91974c5]::string::String>>
[INFO] [stdout]   14:     0x56b03a2775d5 - test[aada8e7e76ba119b]::run_test::{closure#0}
[INFO] [stdout]   15:     0x56b03a270ec4 - std[617be2ca0a6fd877]::sys::backtrace::__rust_begin_short_backtrace::<test[aada8e7e76ba119b]::run_test::{closure#1}, ()>
[INFO] [stdout]   16:     0x56b03a27a662 - <std[617be2ca0a6fd877]::thread::lifecycle::spawn_unchecked<test[aada8e7e76ba119b]::run_test::{closure#1}, ()>::{closure#1} as core[a373ad73a504971]::ops::function::FnOnce<()>>::call_once::{shim:vtable#0}
[INFO] [stdout]   17:     0x56b03a422d7f - <std[617be2ca0a6fd877]::sys::thread::unix::Thread>::new::thread_start
[INFO] [stdout]   18:     0x787110d08dfa - <unknown>
[INFO] [stdout]   19:     0x787110d9c3d4 - clone
[INFO] [stdout]   20:                0x0 - <unknown>
[INFO] [stdout] 
[INFO] [stdout] ---- systemctl::systemctl_async::tests::can_use_manager_proxy_directly stdout ----
[INFO] [stdout] 
[INFO] [stdout] thread 'systemctl::systemctl_async::tests::can_use_manager_proxy_directly' (1335) panicked at src/systemctl/systemctl_async.rs:398:18:
[INFO] [stdout] Should be able to init connection: DbusError(InputOutput(Os { code: 2, kind: NotFound, message: "No such file or directory" }))
[INFO] [stdout] stack backtrace:
[INFO] [stdout]    0:     0x56b03a424391 - <<std[617be2ca0a6fd877]::sys::backtrace::BacktraceLock>::print::DisplayBacktrace as core[a373ad73a504971]::fmt::Display>::fmt
[INFO] [stdout]    1:     0x56b03a439e8a - core[a373ad73a504971]::fmt::write
[INFO] [stdout]    2:     0x56b03a428f8c - <alloc[2e1b2a31b91974c5]::vec::Vec<u8> as core[a373ad73a504971]::io::write::Write>::write_fmt
[INFO] [stdout]    3:     0x56b03a3fe3e6 - std[617be2ca0a6fd877]::panicking::default_hook::{closure#0}
[INFO] [stdout]    4:     0x56b03a41b7c9 - std[617be2ca0a6fd877]::panicking::default_hook
[INFO] [stdout]    5:     0x56b03a276fb0 - test[aada8e7e76ba119b]::test_main_inner::{closure#0}
[INFO] [stdout]    6:     0x56b03a41baf2 - std[617be2ca0a6fd877]::panicking::panic_with_hook
[INFO] [stdout]    7:     0x56b03a3fe492 - std[617be2ca0a6fd877]::panicking::panic_handler::{closure#0}
[INFO] [stdout]    8:     0x56b03a3f6f39 - std[617be2ca0a6fd877]::sys::backtrace::__rust_end_short_backtrace::<std[617be2ca0a6fd877]::panicking::panic_handler::{closure#0}, !>
[INFO] [stdout]    9:     0x56b03a3ff28d - __rustc[ea4f61d10b84890b]::rust_begin_unwind
[INFO] [stdout]   10:     0x56b03a43a5ec - core[a373ad73a504971]::panicking::panic_fmt
[INFO] [stdout]   11:     0x56b03a43a3c2 - core[a373ad73a504971]::result::unwrap_failed
[INFO] [stdout]   12:     0x56b03a1e1bb9 - <std[617be2ca0a6fd877]::thread::local::LocalKey<core[a373ad73a504971]::cell::RefCell<(parking[94520506948df958]::Parker, core[a373ad73a504971]::task::wake::Waker, alloc[2e1b2a31b91974c5]::sync::Arc<core[a373ad73a504971]::sync::atomic::Atomic<bool>>)>>>::with::<async_io[f04ea68b860d510c]::driver::block_on<(), systemdzbus[227398e387761917]::systemctl::systemctl_async::tests::can_use_manager_proxy_directly::{closure#0}>::{closure#1}, ()>
[INFO] [stdout]   13:     0x56b03a22cec5 - async_io[f04ea68b860d510c]::driver::block_on::<(), systemdzbus[227398e387761917]::systemctl::systemctl_async::tests::can_use_manager_proxy_directly::{closure#0}>
[INFO] [stdout]   14:     0x56b03a2591fa - <systemdzbus[227398e387761917]::systemctl::systemctl_async::tests::can_use_manager_proxy_directly::{closure#0} as core[a373ad73a504971]::ops::function::FnOnce<()>>::call_once
[INFO] [stdout]   15:     0x56b03a26a3fb - test[aada8e7e76ba119b]::__rust_begin_short_backtrace::<core[a373ad73a504971]::result::Result<(), alloc[2e1b2a31b91974c5]::string::String>, fn() -> core[a373ad73a504971]::result::Result<(), alloc[2e1b2a31b91974c5]::string::String>>
[INFO] [stdout]   16:     0x56b03a2775d5 - test[aada8e7e76ba119b]::run_test::{closure#0}
[INFO] [stdout]   17:     0x56b03a270ec4 - std[617be2ca0a6fd877]::sys::backtrace::__rust_begin_short_backtrace::<test[aada8e7e76ba119b]::run_test::{closure#1}, ()>
[INFO] [stdout]   18:     0x56b03a27a662 - <std[617be2ca0a6fd877]::thread::lifecycle::spawn_unchecked<test[aada8e7e76ba119b]::run_test::{closure#1}, ()>::{closure#1} as core[a373ad73a504971]::ops::function::FnOnce<()>>::call_once::{shim:vtable#0}
[INFO] [stdout]   19:     0x56b03a422d7f - <std[617be2ca0a6fd877]::sys::thread::unix::Thread>::new::thread_start
[INFO] [stdout]   20:     0x787110d08dfa - <unknown>
[INFO] [stdout]   21:     0x787110d9c3d4 - clone
[INFO] [stdout]   22:                0x0 - <unknown>
[INFO] [stdout] 
[INFO] [stdout] ---- systemctl::systemctl_blocking::tests::can_use_manager_proxy_directly stdout ----
[INFO] [stdout] 
[INFO] [stdout] thread 'systemctl::systemctl_blocking::tests::can_use_manager_proxy_directly' (1342) panicked at src/systemctl/systemctl_blocking.rs:369:14:
[INFO] [stdout] Should be able to init connection: DbusError(InputOutput(Os { code: 2, kind: NotFound, message: "No such file or directory" }))
[INFO] [stdout] stack backtrace:
[INFO] [stdout]    0:     0x56b03a424391 - <<std[617be2ca0a6fd877]::sys::backtrace::BacktraceLock>::print::DisplayBacktrace as core[a373ad73a504971]::fmt::Display>::fmt
[INFO] [stdout]    1:     0x56b03a439e8a - core[a373ad73a504971]::fmt::write
[INFO] [stdout]    2:     0x56b03a428f8c - <alloc[2e1b2a31b91974c5]::vec::Vec<u8> as core[a373ad73a504971]::io::write::Write>::write_fmt
[INFO] [stdout]    3:     0x56b03a3fe3e6 - std[617be2ca0a6fd877]::panicking::default_hook::{closure#0}
[INFO] [stdout]    4:     0x56b03a41b7c9 - std[617be2ca0a6fd877]::panicking::default_hook
[INFO] [stdout]    5:     0x56b03a276fb0 - test[aada8e7e76ba119b]::test_main_inner::{closure#0}
[INFO] [stdout]    6:     0x56b03a41baf2 - std[617be2ca0a6fd877]::panicking::panic_with_hook
[INFO] [stdout]    7:     0x56b03a3fe492 - std[617be2ca0a6fd877]::panicking::panic_handler::{closure#0}
[INFO] [stdout]    8:     0x56b03a3f6f39 - std[617be2ca0a6fd877]::sys::backtrace::__rust_end_short_backtrace::<std[617be2ca0a6fd877]::panicking::panic_handler::{closure#0}, !>
[INFO] [stdout]    9:     0x56b03a3ff28d - __rustc[ea4f61d10b84890b]::rust_begin_unwind
[INFO] [stdout]   10:     0x56b03a43a5ec - core[a373ad73a504971]::panicking::panic_fmt
[INFO] [stdout]   11:     0x56b03a43a3c2 - core[a373ad73a504971]::result::unwrap_failed
[INFO] [stdout]   12:     0x56b03a2520cd - <systemdzbus[227398e387761917]::systemctl::systemctl_blocking::tests::can_use_manager_proxy_directly::{closure#0} as core[a373ad73a504971]::ops::function::FnOnce<()>>::call_once
[INFO] [stdout]   13:     0x56b03a26a3fb - test[aada8e7e76ba119b]::__rust_begin_short_backtrace::<core[a373ad73a504971]::result::Result<(), alloc[2e1b2a31b91974c5]::string::String>, fn() -> core[a373ad73a504971]::result::Result<(), alloc[2e1b2a31b91974c5]::string::String>>
[INFO] [stdout]   14:     0x56b03a2775d5 - test[aada8e7e76ba119b]::run_test::{closure#0}
[INFO] [stdout]   15:     0x56b03a270ec4 - std[617be2ca0a6fd877]::sys::backtrace::__rust_begin_short_backtrace::<test[aada8e7e76ba119b]::run_test::{closure#1}, ()>
[INFO] [stdout]   16:     0x56b03a27a662 - <std[617be2ca0a6fd877]::thread::lifecycle::spawn_unchecked<test[aada8e7e76ba119b]::run_test::{closure#1}, ()>::{closure#1} as core[a373ad73a504971]::ops::function::FnOnce<()>>::call_once::{shim:vtable#0}
[INFO] [stdout]   17:     0x56b03a422d7f - <std[617be2ca0a6fd877]::sys::thread::unix::Thread>::new::thread_start
[INFO] [stdout]   18:     0x787110d08dfa - <unknown>
[INFO] [stdout]   19:     0x787110d9c3d4 - clone
[INFO] [stdout]   20:                0x0 - <unknown>
[INFO] [stdout] 
[INFO] [stdout] 
[INFO] [stdout] failures:
[INFO] [stdout]     systemctl::systemctl_async::tests::can_get_unit
[INFO] [stdout]     systemctl::systemctl_async::tests::can_get_valid_unit_file_state
[INFO] [stdout]     systemctl::systemctl_async::tests::can_list_unit_files
[INFO] [stdout]     systemctl::systemctl_async::tests::can_list_units
[INFO] [stdout]     systemctl::systemctl_async::tests::can_use_manager_proxy_directly
[INFO] [stdout]     systemctl::systemctl_async::tests::it_can_list_jobs
[INFO] [stdout]     systemctl::systemctl_blocking::tests::can_get_unit
[INFO] [stdout]     systemctl::systemctl_blocking::tests::can_get_valid_unit_file_state
[INFO] [stdout]     systemctl::systemctl_blocking::tests::can_list_unit_files
[INFO] [stdout]     systemctl::systemctl_blocking::tests::can_list_units
[INFO] [stdout]     systemctl::systemctl_blocking::tests::can_use_manager_proxy_directly
[INFO] [stdout]     tests::can_list_units
[INFO] [stdout]     tests::can_list_units_with_higher_level_interface_blocking
[INFO] [stdout]     tests::it_can_use_builder_pattern_to_get_system_connection_level
[INFO] [stdout] 
[INFO] [stdout] test result: FAILED. 0 passed; 14 failed; 0 ignored; 0 measured; 0 filtered out; finished in 0.02s
[INFO] [stdout] 
[INFO] [stderr] error: test failed, to rerun pass `--lib`
[INFO] running `Command { std: "docker" "inspect" "3b900338939203efb370cfb97d4d1695201e4ff3415f53f52be4bb17be3e1c84", kill_on_drop: false }`
[INFO] running `Command { std: "docker" "rm" "-f" "3b900338939203efb370cfb97d4d1695201e4ff3415f53f52be4bb17be3e1c84", kill_on_drop: false }`
[INFO] [stdout] 3b900338939203efb370cfb97d4d1695201e4ff3415f53f52be4bb17be3e1c84
