[INFO] fetching crate systemd_client 0.2.1...
[INFO] testing systemd_client-0.2.1 against 1.100.0-beta.1+cargoflags=--release for beta-release-1.100-2
[INFO] extracting crate systemd_client 0.2.1 into /workspace/builds/worker-7-tc2/source
[INFO] started tweaking crates.io crate systemd_client 0.2.1
[INFO] finished tweaking crates.io crate systemd_client 0.2.1
[INFO] tweaked toml for crates.io crate systemd_client 0.2.1 written to /workspace/builds/worker-7-tc2/source/Cargo.toml
[INFO] validating manifest of crates.io crate systemd_client 0.2.1 on toolchain 1.100.0-beta.1
[INFO] running `Command { std: CARGO_HOME="/workspace/cargo-home" RUSTUP_HOME="/workspace/rustup-home" "/workspace/cargo-home/bin/cargo" "+1.100.0-beta.1" "metadata" "--manifest-path" "Cargo.toml" "--no-deps", kill_on_drop: false }`
[INFO] crate crates.io crate systemd_client 0.2.1 already has a lockfile, it will not be regenerated
[INFO] running `Command { std: CARGO_HOME="/workspace/cargo-home" RUSTUP_HOME="/workspace/rustup-home" "/workspace/cargo-home/bin/cargo" "+1.100.0-beta.1" "fetch" "--manifest-path" "Cargo.toml", kill_on_drop: false }`
[INFO] [stderr] warning: `package.homepage` is redundant with `package.repository`
[INFO] [stderr]   --> Cargo.toml:22:12
[INFO] [stderr]    |
[INFO] [stderr] 22 | homepage = "https://github.com/51yu/systemd-client"
[INFO] [stderr]    |            ^^^^^^^^^^^^^^^^^^^^^^^^^^^^^^^^^^^^^^^^
[INFO] [stderr] ...
[INFO] [stderr] 26 | repository = "https://github.com/51yu/systemd-client"
[INFO] [stderr]    |              ----------------------------------------
[INFO] [stderr]    |
[INFO] [stderr]    = note: `cargo::redundant_homepage` is set to `warn` by default
[INFO] [stderr] help: consider removing `package.homepage`
[INFO] [stderr] warning: `systemd_client` (manifest) generated 1 warning
[INFO] running `Command { std: "docker" "create" "-v" "/var/lib/crater-agent-workspace/builds/worker-7-tc2/source:/opt/rustwide/workdir:ro,Z" "-v" "/var/lib/crater-agent-workspace/builds/worker-7-tc2/target:/opt/rustwide/target:rw,Z" "-v" "/var/lib/crater-agent-workspace/cargo-home:/opt/rustwide/cargo-home:ro,Z" "-v" "/var/lib/crater-agent-workspace/rustup-home:/opt/rustwide/rustup-home:ro,Z" "-m" "1610612736" "--network" "none" "ghcr.io/rust-lang/crates-build-env/linux@sha256:77db811e55d90add9212f6832c23229e3de5f1c1f9905e8cb07319ea15df73ac" "sleep" "infinity", kill_on_drop: false }`
[INFO] [stdout] 5ea7982dbdc3cc7a84b8f8b1a1e8249d14240b27b451ad54ecb16792396b682f
[INFO] running `Command { std: "docker" "start" "5ea7982dbdc3cc7a84b8f8b1a1e8249d14240b27b451ad54ecb16792396b682f", kill_on_drop: false }`
[INFO] running `Command { std: "docker" "inspect" "5ea7982dbdc3cc7a84b8f8b1a1e8249d14240b27b451ad54ecb16792396b682f", kill_on_drop: false }`
[INFO] running `Command { std: "docker" "exec" "-e" "SOURCE_DIR=/opt/rustwide/workdir" "-e" "CARGO_HOME=/opt/rustwide/cargo-home" "-e" "RUSTUP_HOME=/opt/rustwide/rustup-home" "-e" "CARGO_TARGET_DIR=/opt/rustwide/target" "-w" "/opt/rustwide/workdir" "--user" "0:0" "5ea7982dbdc3cc7a84b8f8b1a1e8249d14240b27b451ad54ecb16792396b682f" "/opt/rustwide/cargo-home/bin/cargo" "+1.100.0-beta.1" "metadata" "--no-deps" "--format-version=1", kill_on_drop: false }`
[INFO] running `Command { std: "docker" "inspect" "5ea7982dbdc3cc7a84b8f8b1a1e8249d14240b27b451ad54ecb16792396b682f", kill_on_drop: false }`
[INFO] running `Command { std: "docker" "exec" "-e" "SOURCE_DIR=/opt/rustwide/workdir" "-e" "CARGO_HOME=/opt/rustwide/cargo-home" "-e" "RUSTUP_HOME=/opt/rustwide/rustup-home" "-e" "CARGO_TARGET_DIR=/opt/rustwide/target" "-e" "CARGO_INCREMENTAL=0" "-e" "RUST_BACKTRACE=full" "-e" "RUSTFLAGS=--cap-lints=warn" "-e" "RUSTDOCFLAGS=--cap-lints=warn" "-w" "/opt/rustwide/workdir" "--user" "0:0" "5ea7982dbdc3cc7a84b8f8b1a1e8249d14240b27b451ad54ecb16792396b682f" "/opt/rustwide/cargo-home/bin/cargo" "+1.100.0-beta.1" "build" "--frozen" "--message-format=json" "--release", kill_on_drop: false }`
[INFO] [stderr] warning: `package.homepage` is redundant with `package.repository`
[INFO] [stderr]   --> Cargo.toml:22:12
[INFO] [stderr]    |
[INFO] [stderr] 22 | homepage = "https://github.com/51yu/systemd-client"
[INFO] [stderr]    |            ^^^^^^^^^^^^^^^^^^^^^^^^^^^^^^^^^^^^^^^^
[INFO] [stderr] ...
[INFO] [stderr] 26 | repository = "https://github.com/51yu/systemd-client"
[INFO] [stderr]    |              ----------------------------------------
[INFO] [stderr]    |
[INFO] [stderr]    = note: `cargo::redundant_homepage` is set to `warn` by default
[INFO] [stderr] help: consider removing `package.homepage`
[INFO] [stderr] warning: `systemd_client` (manifest) generated 1 warning
[INFO] [stderr]    Compiling proc-macro2 v1.0.36
[INFO] [stderr]    Compiling unicode-xid v0.2.2
[INFO] [stderr]    Compiling syn v1.0.84
[INFO] [stderr]    Compiling libc v0.2.112
[INFO] [stderr]    Compiling memchr v2.4.1
[INFO] [stderr]    Compiling futures-core v0.3.19
[INFO] [stderr]    Compiling cfg-if v1.0.0
[INFO] [stderr]    Compiling serde v1.0.133
[INFO] [stderr]    Compiling serde_derive v1.0.133
[INFO] [stderr]    Compiling pin-project-lite v0.2.7
[INFO] [stderr]    Compiling autocfg v1.0.1
[INFO] [stderr]    Compiling log v0.4.14
[INFO] [stderr]    Compiling cache-padded v1.2.0
[INFO] [stderr]    Compiling concurrent-queue v1.2.2
[INFO] [stderr]    Compiling event-listener v2.5.1
[INFO] [stderr]    Compiling futures-io v0.3.19
[INFO] [stderr]    Compiling memoffset v0.6.5
[INFO] [stderr]    Compiling slab v0.4.5
[INFO] [stderr]    Compiling waker-fn v1.1.0
[INFO] [stderr]    Compiling parking v2.0.0
[INFO] [stderr]    Compiling futures-task v0.3.19
[INFO] [stderr]    Compiling quote v1.0.14
[INFO] [stderr]    Compiling fastrand v1.6.0
[INFO] [stderr]    Compiling aho-corasick v0.7.18
[INFO] [stderr]    Compiling futures-lite v1.12.0
[INFO] [stderr]    Compiling async-trait v0.1.52
[INFO] [stderr]    Compiling static_assertions v1.1.0
[INFO] [stderr]    Compiling once_cell v1.9.0
[INFO] [stderr]    Compiling futures-util v0.3.19
[INFO] [stderr]    Compiling ppv-lite86 v0.2.16
[INFO] [stderr]    Compiling regex-syntax v0.6.25
[INFO] [stderr]    Compiling getrandom v0.2.4
[INFO] [stderr]    Compiling byteorder v1.4.3
[INFO] [stderr]    Compiling rand_core v0.6.3
[INFO] [stderr]    Compiling polling v2.2.0
[INFO] [stderr]    Compiling socket2 v0.4.2
[INFO] [stderr]    Compiling rand_chacha v0.3.1
[INFO] [stderr]    Compiling bitflags v1.3.2
[INFO] [stderr]    Compiling pin-utils v0.1.0
[INFO] [stderr]    Compiling easy-parallel v3.2.0
[INFO] [stderr]    Compiling async-task v4.0.3
[INFO] [stderr]    Compiling lazy_static v1.4.0
[INFO] [stderr]    Compiling futures-sink v0.3.19
[INFO] [stderr]    Compiling tracing-core v0.1.21
[INFO] [stderr]    Compiling async-executor v1.4.1
[INFO] [stderr]    Compiling rand v0.8.4
[INFO] [stderr]    Compiling async-broadcast v0.3.4
[INFO] [stderr]    Compiling async-io v1.6.0
[INFO] [stderr]    Compiling nix v0.23.1
[INFO] [stderr]    Compiling regex v1.5.4
[INFO] [stderr]    Compiling toml v0.5.8
[INFO] [stderr]    Compiling async-channel v1.6.1
[INFO] [stderr]    Compiling async-lock v2.4.0
[INFO] [stderr]    Compiling ordered-stream v0.0.1
[INFO] [stderr]    Compiling hex v0.4.3
[INFO] [stderr]    Compiling sha1 v0.6.0
[INFO] [stderr]    Compiling thiserror-impl v1.0.30
[INFO] [stderr]    Compiling enumflags2_derive v0.7.3
[INFO] [stderr]    Compiling tracing-attributes v0.1.18
[INFO] [stderr]    Compiling serde_repr v0.1.7
[INFO] [stderr]    Compiling async-recursion v0.3.2
[INFO] [stderr]    Compiling derivative v2.2.0
[INFO] [stderr]    Compiling tracing v0.1.29
[INFO] [stderr]    Compiling thiserror v1.0.30
[INFO] [stderr]    Compiling proc-macro-crate v1.1.0
[INFO] [stderr]    Compiling zvariant_derive v3.0.0
[INFO] [stderr]    Compiling zbus_macros v2.0.1
[INFO] [stderr]    Compiling enumflags2 v0.7.3
[INFO] [stderr]    Compiling zvariant v3.0.0
[INFO] [stderr]    Compiling zbus_names v2.1.0
[INFO] [stderr]    Compiling zbus v2.0.1
[INFO] [stderr]    Compiling systemd_client v0.2.1 (/opt/rustwide/workdir)
[INFO] [stderr] warning: unused dependency `tracing`
[INFO] [stderr]  --> Cargo.toml:4:15
[INFO] [stderr]   |
[INFO] [stderr] 4 | [dependencies.tracing]
[INFO] [stderr]   |               ^^^^^^^^
[INFO] [stderr]   |
[INFO] [stderr]   = note: `cargo::unused_dependencies` is set to `warn` by default
[INFO] [stderr] help: consider removing the dependency on `tracing`
[INFO] [stderr] warning: `systemd_client` (manifest) generated 1 warning
[INFO] [stderr]     Finished `release` profile [optimized] target(s) in 2m 02s
[INFO] running `Command { std: "docker" "inspect" "5ea7982dbdc3cc7a84b8f8b1a1e8249d14240b27b451ad54ecb16792396b682f", kill_on_drop: false }`
[INFO] running `Command { std: "docker" "exec" "-e" "SOURCE_DIR=/opt/rustwide/workdir" "-e" "CARGO_HOME=/opt/rustwide/cargo-home" "-e" "RUSTUP_HOME=/opt/rustwide/rustup-home" "-e" "CARGO_TARGET_DIR=/opt/rustwide/target" "-e" "CARGO_INCREMENTAL=0" "-e" "RUST_BACKTRACE=full" "-e" "RUSTFLAGS=--cap-lints=warn" "-e" "RUSTDOCFLAGS=--cap-lints=warn" "-w" "/opt/rustwide/workdir" "--user" "0:0" "5ea7982dbdc3cc7a84b8f8b1a1e8249d14240b27b451ad54ecb16792396b682f" "/opt/rustwide/cargo-home/bin/cargo" "+1.100.0-beta.1" "test" "--frozen" "--no-run" "--message-format=json" "--release", kill_on_drop: false }`
[INFO] [stderr] warning: `package.homepage` is redundant with `package.repository`
[INFO] [stderr]   --> Cargo.toml:22:12
[INFO] [stderr]    |
[INFO] [stderr] 22 | homepage = "https://github.com/51yu/systemd-client"
[INFO] [stderr]    |            ^^^^^^^^^^^^^^^^^^^^^^^^^^^^^^^^^^^^^^^^
[INFO] [stderr] ...
[INFO] [stderr] 26 | repository = "https://github.com/51yu/systemd-client"
[INFO] [stderr]    |              ----------------------------------------
[INFO] [stderr]    |
[INFO] [stderr]    = note: `cargo::redundant_homepage` is set to `warn` by default
[INFO] [stderr] help: consider removing `package.homepage`
[INFO] [stderr] warning: `systemd_client` (manifest) generated 1 warning
[INFO] [stderr]    Compiling tokio-macros v1.7.0
[INFO] [stderr]    Compiling num_cpus v1.13.1
[INFO] [stderr]    Compiling tokio v1.15.0
[INFO] [stderr]    Compiling systemd_client v0.2.1 (/opt/rustwide/workdir)
[INFO] [stderr] warning: unused dependency `tracing`
[INFO] [stderr]  --> Cargo.toml:4:15
[INFO] [stderr]   |
[INFO] [stderr] 4 | [dependencies.tracing]
[INFO] [stderr]   |               ^^^^^^^^
[INFO] [stderr]   |
[INFO] [stderr]   = note: `cargo::unused_dependencies` is set to `warn` by default
[INFO] [stderr] help: consider removing the dependency on `tracing`
[INFO] [stderr] warning: `systemd_client` (manifest) generated 1 warning
[INFO] [stderr]     Finished `release` profile [optimized] target(s) in 1m 19s
[INFO] running `Command { std: "docker" "inspect" "5ea7982dbdc3cc7a84b8f8b1a1e8249d14240b27b451ad54ecb16792396b682f", kill_on_drop: false }`
[INFO] running `Command { std: "docker" "exec" "-e" "SOURCE_DIR=/opt/rustwide/workdir" "-e" "CARGO_HOME=/opt/rustwide/cargo-home" "-e" "RUSTUP_HOME=/opt/rustwide/rustup-home" "-e" "CARGO_TARGET_DIR=/opt/rustwide/target" "-e" "CARGO_INCREMENTAL=0" "-e" "RUST_BACKTRACE=full" "-e" "RUSTFLAGS=--cap-lints=warn" "-e" "RUSTDOCFLAGS=--cap-lints=warn" "-w" "/opt/rustwide/workdir" "--user" "0:0" "5ea7982dbdc3cc7a84b8f8b1a1e8249d14240b27b451ad54ecb16792396b682f" "/opt/rustwide/cargo-home/bin/cargo" "+1.100.0-beta.1" "test" "--frozen" "--release", kill_on_drop: false }`
[INFO] [stderr] warning: `package.homepage` is redundant with `package.repository`
[INFO] [stderr]   --> Cargo.toml:22:12
[INFO] [stderr]    |
[INFO] [stderr] 22 | homepage = "https://github.com/51yu/systemd-client"
[INFO] [stderr]    |            ^^^^^^^^^^^^^^^^^^^^^^^^^^^^^^^^^^^^^^^^
[INFO] [stderr] ...
[INFO] [stderr] 26 | repository = "https://github.com/51yu/systemd-client"
[INFO] [stderr]    |              ----------------------------------------
[INFO] [stderr]    |
[INFO] [stderr]    = note: `cargo::redundant_homepage` is set to `warn` by default
[INFO] [stderr] help: consider removing `package.homepage`
[INFO] [stderr] warning: `systemd_client` (manifest) generated 1 warning
[INFO] [stderr] warning: unused dependency `tracing`
[INFO] [stderr]  --> Cargo.toml:4:15
[INFO] [stderr]   |
[INFO] [stderr] 4 | [dependencies.tracing]
[INFO] [stderr]   |               ^^^^^^^^
[INFO] [stderr]   |
[INFO] [stderr]   = note: `cargo::unused_dependencies` is set to `warn` by default
[INFO] [stderr] help: consider removing the dependency on `tracing`
[INFO] [stderr] warning: `systemd_client` (manifest) generated 1 warning
[INFO] [stderr]     Finished `release` profile [optimized] target(s) in 0.19s
[INFO] [stderr]      Running unittests src/lib.rs (/opt/rustwide/target/release/build/systemd_client/dd43b93667253fa5/out/systemd_client-dd43b93667253fa5)
[INFO] [stdout] 
[INFO] [stdout] running 0 tests
[INFO] [stdout] 
[INFO] [stdout] test result: ok. 0 passed; 0 failed; 0 ignored; 0 measured; 0 filtered out; finished in 0.00s
[INFO] [stdout] 
[INFO] [stderr]      Running tests/test_list_units.rs (/opt/rustwide/target/release/build/systemd_client/f7cc16fe86a91ce9/out/test_list_units-f7cc16fe86a91ce9)
[INFO] [stdout] 
[INFO] [stdout] running 2 tests
[INFO] [stdout] test test_nonblock ... FAILED
[INFO] [stdout] test test_blocking ... FAILED
[INFO] [stdout] 
[INFO] [stdout] failures:
[INFO] [stdout] 
[INFO] [stdout] ---- test_nonblock stdout ----
[INFO] [stdout] 
[INFO] [stdout] thread 'test_nonblock' (1719) panicked at tests/test_list_units.rs:17:10:
[INFO] [stdout] build nonblock client failed: Error(ZBus(Io(Os { code: 2, kind: NotFound, message: "No such file or directory" })))
[INFO] [stdout] stack backtrace:
[INFO] [stdout]    0:     0x62d0881efaf1 - <<std[617be2ca0a6fd877]::sys::backtrace::BacktraceLock>::print::DisplayBacktrace as core[a373ad73a504971]::fmt::Display>::fmt
[INFO] [stdout]    1:     0x62d0882050ea - core[a373ad73a504971]::fmt::write
[INFO] [stdout]    2:     0x62d0881f40bc - <alloc[2e1b2a31b91974c5]::vec::Vec<u8> as core[a373ad73a504971]::io::write::Write>::write_fmt
[INFO] [stdout]    3:     0x62d0881caed6 - std[617be2ca0a6fd877]::panicking::default_hook::{closure#0}
[INFO] [stdout]    4:     0x62d0881e76c9 - std[617be2ca0a6fd877]::panicking::default_hook
[INFO] [stdout]    5:     0x62d087f96550 - test[aada8e7e76ba119b]::test_main_inner::{closure#0}
[INFO] [stdout]    6:     0x62d0881e79f2 - std[617be2ca0a6fd877]::panicking::panic_with_hook
[INFO] [stdout]    7:     0x62d0881caf82 - std[617be2ca0a6fd877]::panicking::panic_handler::{closure#0}
[INFO] [stdout]    8:     0x62d0881c3ad9 - std[617be2ca0a6fd877]::sys::backtrace::__rust_end_short_backtrace::<std[617be2ca0a6fd877]::panicking::panic_handler::{closure#0}, !>
[INFO] [stdout]    9:     0x62d0881cbb8d - __rustc[ea4f61d10b84890b]::rust_begin_unwind
[INFO] [stdout]   10:     0x62d08820584c - core[a373ad73a504971]::panicking::panic_fmt
[INFO] [stdout]   11:     0x62d088205622 - core[a373ad73a504971]::result::unwrap_failed
[INFO] [stdout]   12:     0x62d087f258ad - <core[a373ad73a504971]::pin::Pin<&mut test_list_units[9a96e3a7c7fb19f6]::test_nonblock::{closure#0}> as core[a373ad73a504971]::future::future::Future>::poll
[INFO] [stdout]   13:     0x62d087f3c052 - <tokio[c90db64590fe7221]::macros::scoped_tls::ScopedKey<tokio[c90db64590fe7221]::runtime::basic_scheduler::Context>>::set::<tokio[c90db64590fe7221]::runtime::basic_scheduler::enter<<tokio[c90db64590fe7221]::runtime::basic_scheduler::Inner<tokio[c90db64590fe7221]::runtime::driver::Driver>>::block_on<core[a373ad73a504971]::pin::Pin<&mut test_list_units[9a96e3a7c7fb19f6]::test_nonblock::{closure#0}>>::{closure#0}, (), tokio[c90db64590fe7221]::runtime::driver::Driver>::{closure#0}, ()>
[INFO] [stdout]   14:     0x62d087f51415 - <tokio[c90db64590fe7221]::runtime::basic_scheduler::BasicScheduler<tokio[c90db64590fe7221]::runtime::driver::Driver>>::block_on::<test_list_units[9a96e3a7c7fb19f6]::test_nonblock::{closure#0}>
[INFO] [stdout]   15:     0x62d087f5e8bc - <tokio[c90db64590fe7221]::runtime::Runtime>::block_on::<test_list_units[9a96e3a7c7fb19f6]::test_nonblock::{closure#0}>
[INFO] [stdout]   16:     0x62d087f6ba50 - <test_list_units[9a96e3a7c7fb19f6]::test_nonblock::{closure#0} as core[a373ad73a504971]::ops::function::FnOnce<()>>::call_once
[INFO] [stdout]   17:     0x62d087f8999b - test[aada8e7e76ba119b]::__rust_begin_short_backtrace::<core[a373ad73a504971]::result::Result<(), alloc[2e1b2a31b91974c5]::string::String>, fn() -> core[a373ad73a504971]::result::Result<(), alloc[2e1b2a31b91974c5]::string::String>>
[INFO] [stdout]   18:     0x62d087f96b75 - test[aada8e7e76ba119b]::run_test::{closure#0}
[INFO] [stdout]   19:     0x62d087f90464 - std[617be2ca0a6fd877]::sys::backtrace::__rust_begin_short_backtrace::<test[aada8e7e76ba119b]::run_test::{closure#1}, ()>
[INFO] [stdout]   20:     0x62d087f99c02 - <std[617be2ca0a6fd877]::thread::lifecycle::spawn_unchecked<test[aada8e7e76ba119b]::run_test::{closure#1}, ()>::{closure#1} as core[a373ad73a504971]::ops::function::FnOnce<()>>::call_once::{shim:vtable#0}
[INFO] [stdout]   21:     0x62d0881eeb5f - <std[617be2ca0a6fd877]::sys::thread::unix::Thread>::new::thread_start
[INFO] [stdout]   22:     0x7161f68bedfa - <unknown>
[INFO] [stdout]   23:     0x7161f69523d4 - clone
[INFO] [stdout]   24:                0x0 - <unknown>
[INFO] [stdout] 
[INFO] [stdout] ---- test_blocking stdout ----
[INFO] [stdout] 
[INFO] [stdout] thread 'test_blocking' (1718) panicked at tests/test_list_units.rs:5:50:
[INFO] [stdout] build blocking client failed: Error(ZBus(Io(Os { code: 2, kind: NotFound, message: "No such file or directory" })))
[INFO] [stdout] stack backtrace:
[INFO] [stdout]    0:     0x62d0881efaf1 - <<std[617be2ca0a6fd877]::sys::backtrace::BacktraceLock>::print::DisplayBacktrace as core[a373ad73a504971]::fmt::Display>::fmt
[INFO] [stdout]    1:     0x62d0882050ea - core[a373ad73a504971]::fmt::write
[INFO] [stdout]    2:     0x62d0881f40bc - <alloc[2e1b2a31b91974c5]::vec::Vec<u8> as core[a373ad73a504971]::io::write::Write>::write_fmt
[INFO] [stdout]    3:     0x62d0881caed6 - std[617be2ca0a6fd877]::panicking::default_hook::{closure#0}
[INFO] [stdout]    4:     0x62d0881e76c9 - std[617be2ca0a6fd877]::panicking::default_hook
[INFO] [stdout]    5:     0x62d087f96550 - test[aada8e7e76ba119b]::test_main_inner::{closure#0}
[INFO] [stdout]    6:     0x62d0881e79f2 - std[617be2ca0a6fd877]::panicking::panic_with_hook
[INFO] [stdout]    7:     0x62d0881caf82 - std[617be2ca0a6fd877]::panicking::panic_handler::{closure#0}
[INFO] [stdout]    8:     0x62d0881c3ad9 - std[617be2ca0a6fd877]::sys::backtrace::__rust_end_short_backtrace::<std[617be2ca0a6fd877]::panicking::panic_handler::{closure#0}, !>
[INFO] [stdout]    9:     0x62d0881cbb8d - __rustc[ea4f61d10b84890b]::rust_begin_unwind
[INFO] [stdout]   10:     0x62d08820584c - core[a373ad73a504971]::panicking::panic_fmt
[INFO] [stdout]   11:     0x62d088205622 - core[a373ad73a504971]::result::unwrap_failed
[INFO] [stdout]   12:     0x62d087f6b89a - <test_list_units[9a96e3a7c7fb19f6]::test_blocking::{closure#0} as core[a373ad73a504971]::ops::function::FnOnce<()>>::call_once
[INFO] [stdout]   13:     0x62d087f8999b - test[aada8e7e76ba119b]::__rust_begin_short_backtrace::<core[a373ad73a504971]::result::Result<(), alloc[2e1b2a31b91974c5]::string::String>, fn() -> core[a373ad73a504971]::result::Result<(), alloc[2e1b2a31b91974c5]::string::String>>
[INFO] [stdout]   14:     0x62d087f96b75 - test[aada8e7e76ba119b]::run_test::{closure#0}
[INFO] [stdout]   15:     0x62d087f90464 - std[617be2ca0a6fd877]::sys::backtrace::__rust_begin_short_backtrace::<test[aada8e7e76ba119b]::run_test::{closure#1}, ()>
[INFO] [stdout]   16:     0x62d087f99c02 - <std[617be2ca0a6fd877]::thread::lifecycle::spawn_unchecked<test[aada8e7e76ba119b]::run_test::{closure#1}, ()>::{closure#1} as core[a373ad73a504971]::ops::function::FnOnce<()>>::call_once::{shim:vtable#0}
[INFO] [stdout]   17:     0x62d0881eeb5f - <std[617be2ca0a6fd877]::sys::thread::unix::Thread>::new::thread_start
[INFO] [stdout]   18:     0x7161f68bedfa - <unknown>
[INFO] [stdout]   19:     0x7161f69523d4 - clone
[INFO] [stdout]   20:                0x0 - <unknown>
[INFO] [stdout] 
[INFO] [stdout] 
[INFO] [stdout] failures:
[INFO] [stdout]     test_blocking
[INFO] [stdout]     test_nonblock
[INFO] [stdout] 
[INFO] [stdout] test result: FAILED. 0 passed; 2 failed; 0 ignored; 0 measured; 0 filtered out; finished in 0.00s
[INFO] [stdout] 
[INFO] [stderr] error: test failed, to rerun pass `--test test_list_units`
[INFO] running `Command { std: "docker" "inspect" "5ea7982dbdc3cc7a84b8f8b1a1e8249d14240b27b451ad54ecb16792396b682f", kill_on_drop: false }`
[INFO] running `Command { std: "docker" "rm" "-f" "5ea7982dbdc3cc7a84b8f8b1a1e8249d14240b27b451ad54ecb16792396b682f", kill_on_drop: false }`
[INFO] [stdout] 5ea7982dbdc3cc7a84b8f8b1a1e8249d14240b27b451ad54ecb16792396b682f
