[INFO] fetching crate systemd-lsp 0.2.1...
[INFO] testing systemd-lsp-0.2.1 against 1.99.0-beta.8+cargoflags=--release for beta-release-1.100-2
[INFO] extracting crate systemd-lsp 0.2.1 into /workspace/builds/worker-3-tc1/source
[INFO] started tweaking crates.io crate systemd-lsp 0.2.1
[INFO] removed 0 missing tests
[INFO] finished tweaking crates.io crate systemd-lsp 0.2.1
[INFO] tweaked toml for crates.io crate systemd-lsp 0.2.1 written to /workspace/builds/worker-3-tc1/source/Cargo.toml
[INFO] validating manifest of crates.io crate systemd-lsp 0.2.1 on toolchain 1.99.0-beta.8
[INFO] running `Command { std: CARGO_HOME="/workspace/cargo-home" RUSTUP_HOME="/workspace/rustup-home" "/workspace/cargo-home/bin/cargo" "+1.99.0-beta.8" "metadata" "--manifest-path" "Cargo.toml" "--no-deps", kill_on_drop: false }`
[INFO] crate crates.io crate systemd-lsp 0.2.1 already has a lockfile, it will not be regenerated
[INFO] running `Command { std: CARGO_HOME="/workspace/cargo-home" RUSTUP_HOME="/workspace/rustup-home" "/workspace/cargo-home/bin/cargo" "+1.99.0-beta.8" "fetch" "--manifest-path" "Cargo.toml", kill_on_drop: false }`
[INFO] [stderr]     Updating crates.io index
[INFO] [stderr]  Downloading crates ...
[INFO] [stderr]   Downloaded tower-lsp-server v0.22.1
[INFO] [stderr]   Downloaded jiff-static v0.2.18
[INFO] [stderr]   Downloaded syn v2.0.113
[INFO] [stderr]   Downloaded jiff v0.2.18
[INFO] [stderr]   Downloaded libc v0.2.179
[INFO] running `Command { std: "docker" "create" "-v" "/var/lib/crater-agent-workspace/builds/worker-3-tc1/source:/opt/rustwide/workdir:ro,Z" "-v" "/var/lib/crater-agent-workspace/builds/worker-3-tc1/target:/opt/rustwide/target:rw,Z" "-v" "/var/lib/crater-agent-workspace/cargo-home:/opt/rustwide/cargo-home:ro,Z" "-v" "/var/lib/crater-agent-workspace/rustup-home:/opt/rustwide/rustup-home:ro,Z" "-m" "1610612736" "--network" "none" "ghcr.io/rust-lang/crates-build-env/linux@sha256:77db811e55d90add9212f6832c23229e3de5f1c1f9905e8cb07319ea15df73ac" "sleep" "infinity", kill_on_drop: false }`
[INFO] [stdout] a6c0731f819675c957d9541c822bd9f19fc09ac7d0fd2a2754f2dfe362c7775c
[INFO] running `Command { std: "docker" "start" "a6c0731f819675c957d9541c822bd9f19fc09ac7d0fd2a2754f2dfe362c7775c", kill_on_drop: false }`
[INFO] running `Command { std: "docker" "inspect" "a6c0731f819675c957d9541c822bd9f19fc09ac7d0fd2a2754f2dfe362c7775c", kill_on_drop: false }`
[INFO] running `Command { std: "docker" "exec" "-e" "SOURCE_DIR=/opt/rustwide/workdir" "-e" "CARGO_HOME=/opt/rustwide/cargo-home" "-e" "RUSTUP_HOME=/opt/rustwide/rustup-home" "-e" "CARGO_TARGET_DIR=/opt/rustwide/target" "-w" "/opt/rustwide/workdir" "--user" "0:0" "a6c0731f819675c957d9541c822bd9f19fc09ac7d0fd2a2754f2dfe362c7775c" "/opt/rustwide/cargo-home/bin/cargo" "+1.99.0-beta.8" "metadata" "--no-deps" "--format-version=1", kill_on_drop: false }`
[INFO] running `Command { std: "docker" "inspect" "a6c0731f819675c957d9541c822bd9f19fc09ac7d0fd2a2754f2dfe362c7775c", kill_on_drop: false }`
[INFO] running `Command { std: "docker" "exec" "-e" "SOURCE_DIR=/opt/rustwide/workdir" "-e" "CARGO_HOME=/opt/rustwide/cargo-home" "-e" "RUSTUP_HOME=/opt/rustwide/rustup-home" "-e" "CARGO_TARGET_DIR=/opt/rustwide/target" "-e" "CARGO_INCREMENTAL=0" "-e" "RUST_BACKTRACE=full" "-e" "RUSTFLAGS=--cap-lints=warn" "-e" "RUSTDOCFLAGS=--cap-lints=warn" "-w" "/opt/rustwide/workdir" "--user" "0:0" "a6c0731f819675c957d9541c822bd9f19fc09ac7d0fd2a2754f2dfe362c7775c" "/opt/rustwide/cargo-home/bin/cargo" "+1.99.0-beta.8" "build" "--frozen" "--message-format=json" "--release", kill_on_drop: false }`
[INFO] [stderr]    Compiling proc-macro2 v1.0.105
[INFO] [stderr]    Compiling quote v1.0.43
[INFO] [stderr]    Compiling unicode-ident v1.0.22
[INFO] [stderr]    Compiling libc v0.2.179
[INFO] [stderr]    Compiling memchr v2.7.6
[INFO] [stderr]    Compiling parking_lot_core v0.9.12
[INFO] [stderr]    Compiling scopeguard v1.2.0
[INFO] [stderr]    Compiling smallvec v1.15.1
[INFO] [stderr]    Compiling pin-project-lite v0.2.16
[INFO] [stderr]    Compiling cfg-if v1.0.4
[INFO] [stderr]    Compiling futures-sink v0.3.31
[INFO] [stderr]    Compiling futures-core v0.3.31
[INFO] [stderr]    Compiling serde_core v1.0.228
[INFO] [stderr]    Compiling zmij v1.0.12
[INFO] [stderr]    Compiling utf8parse v0.2.2
[INFO] [stderr]    Compiling once_cell v1.21.3
[INFO] [stderr]    Compiling futures-io v0.3.31
[INFO] [stderr]    Compiling lock_api v0.4.14
[INFO] [stderr]    Compiling crossbeam-utils v0.8.21
[INFO] [stderr]    Compiling anstyle-parse v0.2.7
[INFO] [stderr]    Compiling futures-task v0.3.31
[INFO] [stderr]    Compiling is_terminal_polyfill v1.70.2
[INFO] [stderr]    Compiling serde v1.0.228
[INFO] [stderr]    Compiling colorchoice v1.0.4
[INFO] [stderr]    Compiling futures-channel v0.3.31
[INFO] [stderr]    Compiling anstyle-query v1.1.5
[INFO] [stderr]    Compiling anstyle v1.0.13
[INFO] [stderr]    Compiling pin-utils v0.1.0
[INFO] [stderr]    Compiling serde_json v1.0.149
[INFO] [stderr]    Compiling slab v0.4.11
[INFO] [stderr]    Compiling regex-syntax v0.8.8
[INFO] [stderr]    Compiling bitflags v1.3.2
[INFO] [stderr]    Compiling itoa v1.0.17
[INFO] [stderr]    Compiling httparse v1.10.1
[INFO] [stderr]    Compiling hashbrown v0.14.5
[INFO] [stderr]    Compiling bytes v1.12.0
[INFO] [stderr]    Compiling fluent-uri v0.1.4
[INFO] [stderr]    Compiling tracing-core v0.1.36
[INFO] [stderr]    Compiling anstream v0.6.21
[INFO] [stderr]    Compiling tower-layer v0.3.3
[INFO] [stderr]    Compiling log v0.4.29
[INFO] [stderr]    Compiling heck v0.5.0
[INFO] [stderr]    Compiling thiserror v1.0.69
[INFO] [stderr]    Compiling sync_wrapper v1.0.2
[INFO] [stderr]    Compiling tower-service v0.3.3
[INFO] [stderr]    Compiling strsim v0.11.1
[INFO] [stderr]    Compiling clap_lex v0.7.6
[INFO] [stderr]    Compiling aho-corasick v1.1.4
[INFO] [stderr]    Compiling jiff v0.2.18
[INFO] [stderr]    Compiling percent-encoding v2.3.2
[INFO] [stderr]    Compiling clap_builder v4.5.54
[INFO] [stderr]    Compiling syn v2.0.113
[INFO] [stderr]    Compiling errno v0.3.14
[INFO] [stderr]    Compiling mio v1.1.1
[INFO] [stderr]    Compiling socket2 v0.6.1
[INFO] [stderr]    Compiling parking_lot v0.12.5
[INFO] [stderr]    Compiling dashmap v6.1.0
[INFO] [stderr]    Compiling dashmap v5.5.3
[INFO] [stderr]    Compiling signal-hook-registry v1.4.8
[INFO] [stderr]    Compiling regex-automata v0.4.13
[INFO] [stderr]    Compiling futures-macro v0.3.31
[INFO] [stderr]    Compiling serde_derive v1.0.228
[INFO] [stderr]    Compiling tokio-macros v2.6.0
[INFO] [stderr]    Compiling serde_repr v0.1.20
[INFO] [stderr]    Compiling tracing-attributes v0.1.31
[INFO] [stderr]    Compiling clap_derive v4.5.49
[INFO] [stderr]    Compiling thiserror-impl v1.0.69
[INFO] [stderr]    Compiling async-trait v0.1.89
[INFO] [stderr]    Compiling tokio v1.49.0
[INFO] [stderr]    Compiling regex v1.12.2
[INFO] [stderr]    Compiling futures-util v0.3.31
[INFO] [stderr]    Compiling tracing v0.1.44
[INFO] [stderr]    Compiling env_filter v0.1.4
[INFO] [stderr]    Compiling env_logger v0.11.8
[INFO] [stderr]    Compiling clap v4.5.54
[INFO] [stderr]    Compiling lsp-types v0.97.0
[INFO] [stderr]    Compiling futures v0.3.31
[INFO] [stderr]    Compiling tower v0.5.2
[INFO] [stderr]    Compiling tokio-util v0.7.18
[INFO] [stderr]    Compiling tower-lsp-server v0.22.1
[INFO] [stderr]    Compiling systemd-lsp v0.2.1 (/opt/rustwide/workdir)
[INFO] [stderr]     Finished `release` profile [optimized] target(s) in 2m 31s
[INFO] running `Command { std: "docker" "inspect" "a6c0731f819675c957d9541c822bd9f19fc09ac7d0fd2a2754f2dfe362c7775c", kill_on_drop: false }`
[INFO] running `Command { std: "docker" "exec" "-e" "SOURCE_DIR=/opt/rustwide/workdir" "-e" "CARGO_HOME=/opt/rustwide/cargo-home" "-e" "RUSTUP_HOME=/opt/rustwide/rustup-home" "-e" "CARGO_TARGET_DIR=/opt/rustwide/target" "-e" "CARGO_INCREMENTAL=0" "-e" "RUST_BACKTRACE=full" "-e" "RUSTFLAGS=--cap-lints=warn" "-e" "RUSTDOCFLAGS=--cap-lints=warn" "-w" "/opt/rustwide/workdir" "--user" "0:0" "a6c0731f819675c957d9541c822bd9f19fc09ac7d0fd2a2754f2dfe362c7775c" "/opt/rustwide/cargo-home/bin/cargo" "+1.99.0-beta.8" "test" "--frozen" "--no-run" "--message-format=json" "--release", kill_on_drop: false }`
[INFO] [stderr]    Compiling tokio v1.49.0
[INFO] [stderr]    Compiling tokio-util v0.7.18
[INFO] [stderr]    Compiling tokio-stream v0.1.18
[INFO] [stderr]    Compiling tokio-test v0.4.5
[INFO] [stderr]    Compiling tower-lsp-server v0.22.1
[INFO] [stderr]    Compiling systemd-lsp v0.2.1 (/opt/rustwide/workdir)
[INFO] [stderr]     Finished `release` profile [optimized] target(s) in 2m 09s
[INFO] running `Command { std: "docker" "inspect" "a6c0731f819675c957d9541c822bd9f19fc09ac7d0fd2a2754f2dfe362c7775c", kill_on_drop: false }`
[INFO] running `Command { std: "docker" "exec" "-e" "SOURCE_DIR=/opt/rustwide/workdir" "-e" "CARGO_HOME=/opt/rustwide/cargo-home" "-e" "RUSTUP_HOME=/opt/rustwide/rustup-home" "-e" "CARGO_TARGET_DIR=/opt/rustwide/target" "-e" "CARGO_INCREMENTAL=0" "-e" "RUST_BACKTRACE=full" "-e" "RUSTFLAGS=--cap-lints=warn" "-e" "RUSTDOCFLAGS=--cap-lints=warn" "-w" "/opt/rustwide/workdir" "--user" "0:0" "a6c0731f819675c957d9541c822bd9f19fc09ac7d0fd2a2754f2dfe362c7775c" "/opt/rustwide/cargo-home/bin/cargo" "+1.99.0-beta.8" "test" "--frozen" "--release", kill_on_drop: false }`
[INFO] [stderr]     Finished `release` profile [optimized] target(s) in 0.17s
[INFO] [stderr]      Running unittests src/lib.rs (/opt/rustwide/target/release/deps/systemd_lsp-664a532f7dd74740)
[INFO] [stdout] 
[INFO] [stdout] running 39 tests
[INFO] [stdout] test constants::tests::test_app_name_constant ... ok
[INFO] [stdout] test completion::tests::test_create_directive_completion ... ok
[INFO] [stdout] test completion::tests::test_create_documentation ... ok
[INFO] [stdout] test constants::tests::test_section_directives_contains_expected_sections ... ok
[INFO] [stdout] test constants::tests::test_directive_descriptions_contain_expected_entries ... ok
[INFO] [stdout] test constants::tests::test_protect_home_values ... ok
[INFO] [stdout] test constants::tests::test_valid_values_for_restart_directive ... ok
[INFO] [stdout] test constants::tests::test_valid_values_for_standard_io ... ok
[INFO] [stdout] test constants::tests::test_valid_values_for_type_directive ... ok
[INFO] [stdout] test definition::tests::test_documentation_content_quality ... ok
[INFO] [stdout] test definition::tests::test_embedded_documentation_exists ... ok
[INFO] [stdout] test constants::tests::test_protect_system_values ... ok
[INFO] [stdout] test constants::tests::test_section_directives_contain_valid_directives ... ok
[INFO] [stdout] test constants::tests::test_section_documentation_not_empty ... ok
[INFO] [stdout] test constants::tests::test_valid_sections_not_empty ... ok
[INFO] [stdout] test constants::tests::test_valid_values_for_boolean_directives ... ok
[INFO] [stdout] test parser::tests::test_case_sensitivity ... ok
[INFO] [stdout] test parser::tests::test_get_section_at_line ... ok
[INFO] [stdout] test parser::tests::test_get_section_header_at_position ... ok
[INFO] [stdout] test parser::tests::test_get_word_at_position ... ok
[INFO] [stdout] test parser::tests::test_document_storage_and_retrieval ... ok
[INFO] [stdout] test parser::tests::test_parse_basic_systemd_file ... ok
[INFO] [stdout] test parser::tests::test_parse_edge_cases ... ok
[INFO] [stdout] test parser::tests::test_parse_with_comments_and_empty_lines ... ok
[INFO] [stdout] test definition::tests::test_get_definition_for_unknown_section ... ok
[INFO] [stdout] test parser::tests::test_parse_multiline_directive_execstart ... ok
[INFO] [stdout] test definition::tests::test_get_definition_for_valid_section ... ok
[INFO] [stdout] test definition::tests::test_get_definition_for_invalid_position ... ok
[INFO] [stdout] test definition::tests::test_get_definition_case_insensitive ... ok
[INFO] [stdout] test completion::tests::test_completion_creation ... ok
[INFO] [stdout] test completion::tests::test_section_header_completion ... ok
[INFO] [stdout] test completion::tests::test_completion_item_properties ... ok
[INFO] [stdout] test completion::tests::test_get_directive_documentation ... ok
[INFO] [stdout] test completion::tests::test_no_value_completions_for_freeform_directive ... ok
[INFO] [stdout] test completion::tests::test_value_completions_for_restart_directive ... ok
[INFO] [stdout] test completion::tests::test_get_section_documentation ... ok
[INFO] [stdout] test completion::tests::test_get_completions_returns_results ... ok
[INFO] [stdout] test completion::tests::test_no_duplicate_completions ... ok
[INFO] [stderr]      Running unittests src/main.rs (/opt/rustwide/target/release/deps/systemd_lsp-b3f153e86935fd43)
[INFO] [stdout] test completion::tests::test_context_aware_completions ... ok
[INFO] [stdout] 
[INFO] [stdout] test result: ok. 39 passed; 0 failed; 0 ignored; 0 measured; 0 filtered out; finished in 1.92s
[INFO] [stdout] 
[INFO] [stdout] 
[INFO] [stdout] running 78 tests
[INFO] [stdout] test constants::tests::test_protect_system_values ... ok
[INFO] [stdout] test constants::tests::test_directive_descriptions_contain_expected_entries ... ok
[INFO] [stdout] test constants::tests::test_section_directives_contains_expected_sections ... ok
[INFO] [stdout] test constants::tests::test_section_documentation_not_empty ... ok
[INFO] [stdout] test constants::tests::test_valid_sections_not_empty ... ok
[INFO] [stdout] test constants::tests::test_valid_values_for_boolean_directives ... ok
[INFO] [stdout] test constants::tests::test_valid_values_for_restart_directive ... ok
[INFO] [stdout] test constants::tests::test_valid_values_for_standard_io ... ok
[INFO] [stdout] test constants::tests::test_valid_values_for_type_directive ... ok
[INFO] [stdout] test definition::tests::test_documentation_content_quality ... ok
[INFO] [stdout] test completion::tests::test_create_documentation ... ok
[INFO] [stdout] test definition::tests::test_embedded_documentation_exists ... ok
[INFO] [stdout] test definition::tests::test_get_definition_for_invalid_position ... ok
[INFO] [stdout] test definition::tests::test_get_definition_for_unknown_section ... ok
[INFO] [stdout] test constants::tests::test_app_name_constant ... ok
[INFO] [stdout] test diagnostics::tests::test_diagnostics_persistence ... ok
[INFO] [stdout] test diagnostics::tests::test_empty_execstart_diagnostic ... ok
[INFO] [stdout] test diagnostics::tests::test_invalid_directive_diagnostic ... ok
[INFO] [stdout] test diagnostics::tests::test_invalid_section_diagnostic ... ok
[INFO] [stdout] test diagnostics::tests::test_invalid_type_value_diagnostic ... ok
[INFO] [stdout] test definition::tests::test_get_definition_for_valid_section ... ok
[INFO] [stdout] test diagnostics::tests::test_multiple_diagnostics ... ok
[INFO] [stdout] test diagnostics::tests::test_valid_unit_no_diagnostics ... ok
[INFO] [stdout] test formatting::tests::test_format_document_no_changes_needed ... ok
[INFO] [stdout] test formatting::tests::test_format_document_integration ... ok
[INFO] [stdout] test formatting::tests::test_opinionated_formatting_no_spaces_around_equals ... ok
[INFO] [stdout] test formatting::tests::test_opinionated_formatting_no_blank_lines_within_sections ... ok
[INFO] [stdout] test formatting::tests::test_opinionated_formatting_removes_extra_blank_lines ... ok
[INFO] [stdout] test formatting::tests::test_opinionated_formatting_preserves_comments ... ok
[INFO] [stdout] test formatting::tests::test_opinionated_formatting_single_section ... ok
[INFO] [stdout] test formatting::tests::test_opinionated_formatting_section_spacing ... ok
[INFO] [stdout] test parser::tests::test_case_sensitivity ... ok
[INFO] [stdout] test parser::tests::test_get_section_at_line ... ok
[INFO] [stdout] test parser::tests::test_document_storage_and_retrieval ... ok
[INFO] [stdout] test completion::tests::test_create_directive_completion ... ok
[INFO] [stdout] test parser::tests::test_parse_basic_systemd_file ... ok
[INFO] [stdout] test parser::tests::test_parse_edge_cases ... ok
[INFO] [stdout] test parser::tests::test_parse_multiline_directive_execstart ... ok
[INFO] [stdout] test parser::tests::test_parse_with_comments_and_empty_lines ... ok
[INFO] [stdout] test semantic_tokens::tests::test_directive_with_empty_value ... ok
[INFO] [stdout] test semantic_tokens::tests::test_document_not_found ... ok
[INFO] [stdout] test semantic_tokens::tests::test_document_with_only_comments ... ok
[INFO] [stdout] test semantic_tokens::tests::test_document_with_only_sections ... ok
[INFO] [stdout] test semantic_tokens::tests::test_empty_document ... ok
[INFO] [stdout] test semantic_tokens::tests::test_multiline_execstart_tokens_cover_all_lines ... ok
[INFO] [stdout] test constants::tests::test_protect_home_values ... ok
[INFO] [stdout] test parser::tests::test_get_word_at_position ... ok
[INFO] [stdout] test semantic_tokens::tests::test_multiple_directives_same_section ... ok
[INFO] [stdout] test parser::tests::test_get_section_header_at_position ... ok
[INFO] [stdout] test semantic_tokens::tests::test_multiple_sections_with_directives ... ok
[INFO] [stdout] test definition::tests::test_get_definition_case_insensitive ... ok
[INFO] [stdout] test semantic_tokens::tests::test_token_delta_encoding ... ok
[INFO] [stdout] test semantic_tokens::tests::test_tokens_are_sorted_by_position ... ok
[INFO] [stdout] test tests::test_definition_provider_initialization ... ok
[INFO] [stdout] test tests::test_diagnostics_module_initialization ... ok
[INFO] [stdout] test tests::test_formatter_module_initialization ... ok
[INFO] [stdout] test tests::test_formatter_preserves_section_structure ... ok
[INFO] [stdout] test tests::test_end_to_end_document_processing ... ok
[INFO] [stdout] test semantic_tokens::tests::test_single_directive ... ok
[INFO] [stdout] test tests::test_integrated_parsing_and_diagnostics ... ok
[INFO] [stdout] test tests::test_constants_validation ... ok
[INFO] [stdout] test tests::test_parser_with_multiline_directives ... ok
[INFO] [stdout] test tests::test_parser_initialization ... ok
[INFO] [stdout] test tests::test_semantic_tokens_legend ... ok
[INFO] [stdout] test tests::test_integrated_parsing_and_semantics ... ok
[INFO] [stdout] test constants::tests::test_section_directives_contain_valid_directives ... ok
[INFO] [stdout] test completion::tests::test_get_completions_returns_results ... ok
[INFO] [stdout] test completion::tests::test_value_completions_for_restart_directive ... ok
[INFO] [stdout] test tests::test_completion_module_initialization ... ok
[INFO] [stdout] test completion::tests::test_completion_creation ... ok
[INFO] [stdout] test completion::tests::test_section_header_completion ... ok
[INFO] [stdout] test tests::test_integrated_parsing_and_completion ... ok
[INFO] [stdout] test completion::tests::test_no_value_completions_for_freeform_directive ... ok
[INFO] [stdout] test completion::tests::test_completion_item_properties ... ok
[INFO] [stdout] test completion::tests::test_get_directive_documentation ... ok
[INFO] [stdout] test completion::tests::test_get_section_documentation ... ok
[INFO] [stdout] test completion::tests::test_no_duplicate_completions ... ok
[INFO] [stdout] test completion::tests::test_context_aware_completions ... ok
[INFO] [stderr]      Running tests/cli_tests.rs (/opt/rustwide/target/release/deps/cli_tests-55d27c96e0242404)
[INFO] [stdout] 
[INFO] [stdout] test result: ok. 78 passed; 0 failed; 0 ignored; 0 measured; 0 filtered out; finished in 2.32s
[INFO] [stdout] 
[INFO] [stdout] 
[INFO] [stdout] running 9 tests
[INFO] [stderr]     Finished `release` profile [optimized] target(s) in 0.09s
[INFO] [stdout] test test_expected_error_count ... FAILED
[INFO] [stdout] test test_cli_directory_recursive ... FAILED
[INFO] [stdout] test test_cli_multiple_files ... FAILED
[INFO] [stdout] test test_cli_valid_service_file ... FAILED
[INFO] [stdout] test test_cli_directory_non_recursive ... FAILED
[INFO] [stdout] test test_line_numbers_in_output ... ok
[INFO] [stdout] test test_cli_warnings_only ... FAILED
[INFO] [stdout] test test_cli_example_with_errors ... FAILED
[INFO] [stdout] test test_cli_nonexistent_file ... ok
[INFO] [stdout] 
[INFO] [stdout] failures:
[INFO] [stdout] 
[INFO] [stdout] ---- test_expected_error_count stdout ----
[INFO] [stdout] 
[INFO] [stdout] thread 'test_expected_error_count' (1558) panicked at tests/cli_tests.rs:221:5:
[INFO] [stdout] Expected at least 9 diagnostics, found 0. Diagnostics:
[INFO] [stdout] 
[INFO] [stdout] stack backtrace:
[INFO] [stdout]    0:     0x64c23506b2e7 - <<std[70759c8f55707aa4]::sys::backtrace::BacktraceLock>::print::DisplayBacktrace as core[df12db4294e9bfd3]::fmt::Display>::fmt
[INFO] [stdout]    1:     0x64c235053daa - core[df12db4294e9bfd3]::fmt::write
[INFO] [stdout]    2:     0x64c23506a89b - <alloc[2182bb758b4b3781]::vec::Vec<u8> as core[df12db4294e9bfd3]::io::write::Write>::write_fmt
[INFO] [stdout]    3:     0x64c23506a37f - std[70759c8f55707aa4]::panicking::default_hook::{closure#0}
[INFO] [stdout]    4:     0x64c235069faa - std[70759c8f55707aa4]::panicking::default_hook
[INFO] [stdout]    5:     0x64c235069ae2 - std[70759c8f55707aa4]::panicking::panic_with_hook
[INFO] [stdout]    6:     0x64c235090e51 - std[70759c8f55707aa4]::panicking::panic_handler::{closure#0}
[INFO] [stdout]    7:     0x64c235090e09 - std[70759c8f55707aa4]::sys::backtrace::__rust_end_short_backtrace::<std[70759c8f55707aa4]::panicking::panic_handler::{closure#0}, !>
[INFO] [stdout]    8:     0x64c23509131c - __rustc[8fa7c3cbc660c2b3]::rust_begin_unwind
[INFO] [stdout]    9:     0x64c235053c3b - core[df12db4294e9bfd3]::panicking::panic_fmt
[INFO] [stdout]   10:     0x64c2350515dc - <cli_tests[1f86e8de1bd22abf]::test_expected_error_count::{closure#0} as core[df12db4294e9bfd3]::ops::function::FnOnce<()>>::call_once
[INFO] [stdout]   11:     0x64c2350a8feb - test[9d35eded1c95d3be]::__rust_begin_short_backtrace::<core[df12db4294e9bfd3]::result::Result<(), alloc[2182bb758b4b3781]::string::String>, fn() -> core[df12db4294e9bfd3]::result::Result<(), alloc[2182bb758b4b3781]::string::String>>
[INFO] [stdout]   12:     0x64c2350a5161 - test[9d35eded1c95d3be]::run_test::{closure#0}
[INFO] [stderr] error: test failed, to rerun pass `--test cli_tests`
[INFO] [stdout]   13:     0x64c2350a494c - std[70759c8f55707aa4]::sys::backtrace::__rust_begin_short_backtrace::<test[9d35eded1c95d3be]::run_test::{closure#1}, ()>
[INFO] [stdout]   14:     0x64c2350c123c - <std[70759c8f55707aa4]::thread::lifecycle::spawn_unchecked<test[9d35eded1c95d3be]::run_test::{closure#1}, ()>::{closure#1} as core[df12db4294e9bfd3]::ops::function::FnOnce<()>>::call_once::{shim:vtable#0}
[INFO] [stdout]   15:     0x64c2350926d2 - <std[70759c8f55707aa4]::sys::thread::unix::Thread>::new::thread_start
[INFO] [stdout]   16:     0x793734aeddfa - <unknown>
[INFO] [stdout]   17:     0x793734b813d4 - clone
[INFO] [stdout]   18:                0x0 - <unknown>
[INFO] [stdout] 
[INFO] [stdout] ---- test_cli_directory_recursive stdout ----
[INFO] [stdout] 
[INFO] [stdout] thread 'test_cli_directory_recursive' (1552) panicked at tests/cli_tests.rs:200:5:
[INFO] [stdout] Should process files from examples directory recursively
[INFO] [stdout] stack backtrace:
[INFO] [stdout]    0:     0x64c23506b2e7 - <<std[70759c8f55707aa4]::sys::backtrace::BacktraceLock>::print::DisplayBacktrace as core[df12db4294e9bfd3]::fmt::Display>::fmt
[INFO] [stdout]    1:     0x64c235053daa - core[df12db4294e9bfd3]::fmt::write
[INFO] [stdout]    2:     0x64c23506a89b - <alloc[2182bb758b4b3781]::vec::Vec<u8> as core[df12db4294e9bfd3]::io::write::Write>::write_fmt
[INFO] [stdout]    3:     0x64c23506a37f - std[70759c8f55707aa4]::panicking::default_hook::{closure#0}
[INFO] [stdout]    4:     0x64c235069faa - std[70759c8f55707aa4]::panicking::default_hook
[INFO] [stdout]    5:     0x64c235069ae2 - std[70759c8f55707aa4]::panicking::panic_with_hook
[INFO] [stdout]    6:     0x64c235090e82 - std[70759c8f55707aa4]::panicking::panic_handler::{closure#0}
[INFO] [stdout]    7:     0x64c235090e09 - std[70759c8f55707aa4]::sys::backtrace::__rust_end_short_backtrace::<std[70759c8f55707aa4]::panicking::panic_handler::{closure#0}, !>
[INFO] [stdout]    8:     0x64c23509131c - __rustc[8fa7c3cbc660c2b3]::rust_begin_unwind
[INFO] [stdout]    9:     0x64c235053c3b - core[df12db4294e9bfd3]::panicking::panic_fmt
[INFO] [stdout]   10:     0x64c2350521b0 - <cli_tests[1f86e8de1bd22abf]::test_cli_directory_recursive::{closure#0} as core[df12db4294e9bfd3]::ops::function::FnOnce<()>>::call_once
[INFO] [stdout]   11:     0x64c2350a8feb - test[9d35eded1c95d3be]::__rust_begin_short_backtrace::<core[df12db4294e9bfd3]::result::Result<(), alloc[2182bb758b4b3781]::string::String>, fn() -> core[df12db4294e9bfd3]::result::Result<(), alloc[2182bb758b4b3781]::string::String>>
[INFO] [stdout]   12:     0x64c2350a5161 - test[9d35eded1c95d3be]::run_test::{closure#0}
[INFO] [stdout]   13:     0x64c2350a494c - std[70759c8f55707aa4]::sys::backtrace::__rust_begin_short_backtrace::<test[9d35eded1c95d3be]::run_test::{closure#1}, ()>
[INFO] [stdout]   14:     0x64c2350c123c - <std[70759c8f55707aa4]::thread::lifecycle::spawn_unchecked<test[9d35eded1c95d3be]::run_test::{closure#1}, ()>::{closure#1} as core[df12db4294e9bfd3]::ops::function::FnOnce<()>>::call_once::{shim:vtable#0}
[INFO] [stdout]   15:     0x64c2350926d2 - <std[70759c8f55707aa4]::sys::thread::unix::Thread>::new::thread_start
[INFO] [stdout]   16:     0x793734aeddfa - <unknown>
[INFO] [stdout]   17:     0x793734b813d4 - clone
[INFO] [stdout]   18:                0x0 - <unknown>
[INFO] [stdout] 
[INFO] [stdout] ---- test_cli_multiple_files stdout ----
[INFO] [stdout] 
[INFO] [stdout] thread 'test_cli_multiple_files' (1554) panicked at tests/cli_tests.rs:132:5:
[INFO] [stdout] Should mention file with errors
[INFO] [stdout] stack backtrace:
[INFO] [stdout]    0:     0x64c23506b2e7 - <<std[70759c8f55707aa4]::sys::backtrace::BacktraceLock>::print::DisplayBacktrace as core[df12db4294e9bfd3]::fmt::Display>::fmt
[INFO] [stdout]    1:     0x64c235053daa - core[df12db4294e9bfd3]::fmt::write
[INFO] [stdout]    2:     0x64c23506a89b - <alloc[2182bb758b4b3781]::vec::Vec<u8> as core[df12db4294e9bfd3]::io::write::Write>::write_fmt
[INFO] [stdout]    3:     0x64c23506a37f - std[70759c8f55707aa4]::panicking::default_hook::{closure#0}
[INFO] [stdout]    4:     0x64c235069faa - std[70759c8f55707aa4]::panicking::default_hook
[INFO] [stdout]    5:     0x64c235069ae2 - std[70759c8f55707aa4]::panicking::panic_with_hook
[INFO] [stdout]    6:     0x64c235090e82 - std[70759c8f55707aa4]::panicking::panic_handler::{closure#0}
[INFO] [stdout]    7:     0x64c235090e09 - std[70759c8f55707aa4]::sys::backtrace::__rust_end_short_backtrace::<std[70759c8f55707aa4]::panicking::panic_handler::{closure#0}, !>
[INFO] [stdout]    8:     0x64c23509131c - __rustc[8fa7c3cbc660c2b3]::rust_begin_unwind
[INFO] [stdout]    9:     0x64c235053c3b - core[df12db4294e9bfd3]::panicking::panic_fmt
[INFO] [stdout]   10:     0x64c235050d4b - <cli_tests[1f86e8de1bd22abf]::test_cli_multiple_files::{closure#0} as core[df12db4294e9bfd3]::ops::function::FnOnce<()>>::call_once
[INFO] [stdout]   11:     0x64c2350a8feb - test[9d35eded1c95d3be]::__rust_begin_short_backtrace::<core[df12db4294e9bfd3]::result::Result<(), alloc[2182bb758b4b3781]::string::String>, fn() -> core[df12db4294e9bfd3]::result::Result<(), alloc[2182bb758b4b3781]::string::String>>
[INFO] [stdout]   12:     0x64c2350a5161 - test[9d35eded1c95d3be]::run_test::{closure#0}
[INFO] [stdout]   13:     0x64c2350a494c - std[70759c8f55707aa4]::sys::backtrace::__rust_begin_short_backtrace::<test[9d35eded1c95d3be]::run_test::{closure#1}, ()>
[INFO] [stdout]   14:     0x64c2350c123c - <std[70759c8f55707aa4]::thread::lifecycle::spawn_unchecked<test[9d35eded1c95d3be]::run_test::{closure#1}, ()>::{closure#1} as core[df12db4294e9bfd3]::ops::function::FnOnce<()>>::call_once::{shim:vtable#0}
[INFO] [stdout]   15:     0x64c2350926d2 - <std[70759c8f55707aa4]::sys::thread::unix::Thread>::new::thread_start
[INFO] [stdout]   16:     0x793734aeddfa - <unknown>
[INFO] [stdout]   17:     0x793734b813d4 - clone
[INFO] [stdout]   18:                0x0 - <unknown>
[INFO] [stdout] 
[INFO] [stdout] ---- test_cli_valid_service_file stdout ----
[INFO] [stdout] 
[INFO] [stdout] thread 'test_cli_valid_service_file' (1556) panicked at tests/cli_tests.rs:110:5:
[INFO] [stdout] assertion `left == right` failed: Expected exit code 0 for valid file
[INFO] [stdout]   left: 1
[INFO] [stdout]  right: 0
[INFO] [stdout] stack backtrace:
[INFO] [stdout]    0:     0x64c23506b2e7 - <<std[70759c8f55707aa4]::sys::backtrace::BacktraceLock>::print::DisplayBacktrace as core[df12db4294e9bfd3]::fmt::Display>::fmt
[INFO] [stdout]    1:     0x64c235053daa - core[df12db4294e9bfd3]::fmt::write
[INFO] [stdout]    2:     0x64c23506a89b - <alloc[2182bb758b4b3781]::vec::Vec<u8> as core[df12db4294e9bfd3]::io::write::Write>::write_fmt
[INFO] [stdout]    3:     0x64c23506a37f - std[70759c8f55707aa4]::panicking::default_hook::{closure#0}
[INFO] [stdout]    4:     0x64c235069faa - std[70759c8f55707aa4]::panicking::default_hook
[INFO] [stdout]    5:     0x64c235069ae2 - std[70759c8f55707aa4]::panicking::panic_with_hook
[INFO] [stdout]    6:     0x64c235090e51 - std[70759c8f55707aa4]::panicking::panic_handler::{closure#0}
[INFO] [stdout]    7:     0x64c235090e09 - std[70759c8f55707aa4]::sys::backtrace::__rust_end_short_backtrace::<std[70759c8f55707aa4]::panicking::panic_handler::{closure#0}, !>
[INFO] [stdout]    8:     0x64c23509131c - __rustc[8fa7c3cbc660c2b3]::rust_begin_unwind
[INFO] [stdout]    9:     0x64c235053c3b - core[df12db4294e9bfd3]::panicking::panic_fmt
[INFO] [stdout]   10:     0x64c235053bb5 - core[df12db4294e9bfd3]::panicking::assert_failed_inner
[INFO] [stdout]   11:     0x64c2350909b7 - core[df12db4294e9bfd3]::panicking::assert_failed::<i32, i32>
[INFO] [stdout]   12:     0x64c23505176b - <cli_tests[1f86e8de1bd22abf]::test_cli_valid_service_file::{closure#0} as core[df12db4294e9bfd3]::ops::function::FnOnce<()>>::call_once
[INFO] [stdout]   13:     0x64c2350a8feb - test[9d35eded1c95d3be]::__rust_begin_short_backtrace::<core[df12db4294e9bfd3]::result::Result<(), alloc[2182bb758b4b3781]::string::String>, fn() -> core[df12db4294e9bfd3]::result::Result<(), alloc[2182bb758b4b3781]::string::String>>
[INFO] [stdout]   14:     0x64c2350a5161 - test[9d35eded1c95d3be]::run_test::{closure#0}
[INFO] [stdout]   15:     0x64c2350a494c - std[70759c8f55707aa4]::sys::backtrace::__rust_begin_short_backtrace::<test[9d35eded1c95d3be]::run_test::{closure#1}, ()>
[INFO] [stdout]   16:     0x64c2350c123c - <std[70759c8f55707aa4]::thread::lifecycle::spawn_unchecked<test[9d35eded1c95d3be]::run_test::{closure#1}, ()>::{closure#1} as core[df12db4294e9bfd3]::ops::function::FnOnce<()>>::call_once::{shim:vtable#0}
[INFO] [stdout]   17:     0x64c2350926d2 - <std[70759c8f55707aa4]::sys::thread::unix::Thread>::new::thread_start
[INFO] [stdout]   18:     0x793734aeddfa - <unknown>
[INFO] [stdout]   19:     0x793734b813d4 - clone
[INFO] [stdout]   20:                0x0 - <unknown>
[INFO] [stdout] 
[INFO] [stdout] ---- test_cli_directory_non_recursive stdout ----
[INFO] [stdout] 
[INFO] [stdout] thread 'test_cli_directory_non_recursive' (1551) panicked at tests/cli_tests.rs:182:5:
[INFO] [stdout] Should process files in examples directory
[INFO] [stdout] stack backtrace:
[INFO] [stdout]    0:     0x64c23506b2e7 - <<std[70759c8f55707aa4]::sys::backtrace::BacktraceLock>::print::DisplayBacktrace as core[df12db4294e9bfd3]::fmt::Display>::fmt
[INFO] [stdout]    1:     0x64c235053daa - core[df12db4294e9bfd3]::fmt::write
[INFO] [stdout]    2:     0x64c23506a89b - <alloc[2182bb758b4b3781]::vec::Vec<u8> as core[df12db4294e9bfd3]::io::write::Write>::write_fmt
[INFO] [stdout]    3:     0x64c23506a37f - std[70759c8f55707aa4]::panicking::default_hook::{closure#0}
[INFO] [stdout]    4:     0x64c235069faa - std[70759c8f55707aa4]::panicking::default_hook
[INFO] [stdout]    5:     0x64c235069ae2 - std[70759c8f55707aa4]::panicking::panic_with_hook
[INFO] [stdout]    6:     0x64c235090e82 - std[70759c8f55707aa4]::panicking::panic_handler::{closure#0}
[INFO] [stdout]    7:     0x64c235090e09 - std[70759c8f55707aa4]::sys::backtrace::__rust_end_short_backtrace::<std[70759c8f55707aa4]::panicking::panic_handler::{closure#0}, !>
[INFO] [stdout]    8:     0x64c23509131c - __rustc[8fa7c3cbc660c2b3]::rust_begin_unwind
[INFO] [stdout]    9:     0x64c235053c3b - core[df12db4294e9bfd3]::panicking::panic_fmt
[INFO] [stdout]   10:     0x64c2350526a0 - <cli_tests[1f86e8de1bd22abf]::test_cli_directory_non_recursive::{closure#0} as core[df12db4294e9bfd3]::ops::function::FnOnce<()>>::call_once
[INFO] [stdout]   11:     0x64c2350a8feb - test[9d35eded1c95d3be]::__rust_begin_short_backtrace::<core[df12db4294e9bfd3]::result::Result<(), alloc[2182bb758b4b3781]::string::String>, fn() -> core[df12db4294e9bfd3]::result::Result<(), alloc[2182bb758b4b3781]::string::String>>
[INFO] [stdout]   12:     0x64c2350a5161 - test[9d35eded1c95d3be]::run_test::{closure#0}
[INFO] [stdout]   13:     0x64c2350a494c - std[70759c8f55707aa4]::sys::backtrace::__rust_begin_short_backtrace::<test[9d35eded1c95d3be]::run_test::{closure#1}, ()>
[INFO] [stdout]   14:     0x64c2350c123c - <std[70759c8f55707aa4]::thread::lifecycle::spawn_unchecked<test[9d35eded1c95d3be]::run_test::{closure#1}, ()>::{closure#1} as core[df12db4294e9bfd3]::ops::function::FnOnce<()>>::call_once::{shim:vtable#0}
[INFO] [stdout]   15:     0x64c2350926d2 - <std[70759c8f55707aa4]::sys::thread::unix::Thread>::new::thread_start
[INFO] [stdout]   16:     0x793734aeddfa - <unknown>
[INFO] [stdout]   17:     0x793734b813d4 - clone
[INFO] [stdout]   18:                0x0 - <unknown>
[INFO] [stdout] 
[INFO] [stdout] ---- test_cli_warnings_only stdout ----
[INFO] [stdout] 
[INFO] [stdout] thread 'test_cli_warnings_only' (1557) panicked at tests/cli_tests.rs:163:5:
[INFO] [stdout] assertion `left == right` failed: Expected exit code 0 for warnings only
[INFO] [stdout]   left: 1
[INFO] [stdout]  right: 0
[INFO] [stdout] stack backtrace:
[INFO] [stdout]    0:     0x64c23506b2e7 - <<std[70759c8f55707aa4]::sys::backtrace::BacktraceLock>::print::DisplayBacktrace as core[df12db4294e9bfd3]::fmt::Display>::fmt
[INFO] [stdout]    1:     0x64c235053daa - core[df12db4294e9bfd3]::fmt::write
[INFO] [stdout]    2:     0x64c23506a89b - <alloc[2182bb758b4b3781]::vec::Vec<u8> as core[df12db4294e9bfd3]::io::write::Write>::write_fmt
[INFO] [stdout]    3:     0x64c23506a37f - std[70759c8f55707aa4]::panicking::default_hook::{closure#0}
[INFO] [stdout]    4:     0x64c235069faa - std[70759c8f55707aa4]::panicking::default_hook
[INFO] [stdout]    5:     0x64c235069ae2 - std[70759c8f55707aa4]::panicking::panic_with_hook
[INFO] [stdout]    6:     0x64c235090e51 - std[70759c8f55707aa4]::panicking::panic_handler::{closure#0}
[INFO] [stdout]    7:     0x64c235090e09 - std[70759c8f55707aa4]::sys::backtrace::__rust_end_short_backtrace::<std[70759c8f55707aa4]::panicking::panic_handler::{closure#0}, !>
[INFO] [stdout]    8:     0x64c23509131c - __rustc[8fa7c3cbc660c2b3]::rust_begin_unwind
[INFO] [stdout]    9:     0x64c235053c3b - core[df12db4294e9bfd3]::panicking::panic_fmt
[INFO] [stdout]   10:     0x64c235053bb5 - core[df12db4294e9bfd3]::panicking::assert_failed_inner
[INFO] [stdout]   11:     0x64c2350909b7 - core[df12db4294e9bfd3]::panicking::assert_failed::<i32, i32>
[INFO] [stdout]   12:     0x64c235050bc6 - <cli_tests[1f86e8de1bd22abf]::test_cli_warnings_only::{closure#0} as core[df12db4294e9bfd3]::ops::function::FnOnce<()>>::call_once
[INFO] [stdout]   13:     0x64c2350a8feb - test[9d35eded1c95d3be]::__rust_begin_short_backtrace::<core[df12db4294e9bfd3]::result::Result<(), alloc[2182bb758b4b3781]::string::String>, fn() -> core[df12db4294e9bfd3]::result::Result<(), alloc[2182bb758b4b3781]::string::String>>
[INFO] [stdout]   14:     0x64c2350a5161 - test[9d35eded1c95d3be]::run_test::{closure#0}
[INFO] [stdout]   15:     0x64c2350a494c - std[70759c8f55707aa4]::sys::backtrace::__rust_begin_short_backtrace::<test[9d35eded1c95d3be]::run_test::{closure#1}, ()>
[INFO] [stdout]   16:     0x64c2350c123c - <std[70759c8f55707aa4]::thread::lifecycle::spawn_unchecked<test[9d35eded1c95d3be]::run_test::{closure#1}, ()>::{closure#1} as core[df12db4294e9bfd3]::ops::function::FnOnce<()>>::call_once::{shim:vtable#0}
[INFO] [stdout]   17:     0x64c2350926d2 - <std[70759c8f55707aa4]::sys::thread::unix::Thread>::new::thread_start
[INFO] [stdout]   18:     0x793734aeddfa - <unknown>
[INFO] [stdout]   19:     0x793734b813d4 - clone
[INFO] [stdout]   20:                0x0 - <unknown>
[INFO] [stdout] 
[INFO] [stdout] ---- test_cli_example_with_errors stdout ----
[INFO] [stdout] 
[INFO] [stdout] thread 'test_cli_example_with_errors' (1553) panicked at tests/cli_tests.rs:48:5:
[INFO] [stdout] Should detect invalid Type value
[INFO] [stdout] stack backtrace:
[INFO] [stdout]    0:     0x64c23506b2e7 - <<std[70759c8f55707aa4]::sys::backtrace::BacktraceLock>::print::DisplayBacktrace as core[df12db4294e9bfd3]::fmt::Display>::fmt
[INFO] [stdout]    1:     0x64c235053daa - core[df12db4294e9bfd3]::fmt::write
[INFO] [stdout]    2:     0x64c23506a89b - <alloc[2182bb758b4b3781]::vec::Vec<u8> as core[df12db4294e9bfd3]::io::write::Write>::write_fmt
[INFO] [stdout]    3:     0x64c23506a37f - std[70759c8f55707aa4]::panicking::default_hook::{closure#0}
[INFO] [stdout]    4:     0x64c235069faa - std[70759c8f55707aa4]::panicking::default_hook
[INFO] [stdout]    5:     0x64c235069ae2 - std[70759c8f55707aa4]::panicking::panic_with_hook
[INFO] [stdout]    6:     0x64c235090e82 - std[70759c8f55707aa4]::panicking::panic_handler::{closure#0}
[INFO] [stdout]    7:     0x64c235090e09 - std[70759c8f55707aa4]::sys::backtrace::__rust_end_short_backtrace::<std[70759c8f55707aa4]::panicking::panic_handler::{closure#0}, !>
[INFO] [stdout]    8:     0x64c23509131c - __rustc[8fa7c3cbc660c2b3]::rust_begin_unwind
[INFO] [stdout]    9:     0x64c235053c3b - core[df12db4294e9bfd3]::panicking::panic_fmt
[INFO] [stdout]   10:     0x64c235052563 - <cli_tests[1f86e8de1bd22abf]::test_cli_example_with_errors::{closure#0} as core[df12db4294e9bfd3]::ops::function::FnOnce<()>>::call_once
[INFO] [stdout]   11:     0x64c2350a8feb - test[9d35eded1c95d3be]::__rust_begin_short_backtrace::<core[df12db4294e9bfd3]::result::Result<(), alloc[2182bb758b4b3781]::string::String>, fn() -> core[df12db4294e9bfd3]::result::Result<(), alloc[2182bb758b4b3781]::string::String>>
[INFO] [stdout]   12:     0x64c2350a5161 - test[9d35eded1c95d3be]::run_test::{closure#0}
[INFO] [stdout]   13:     0x64c2350a494c - std[70759c8f55707aa4]::sys::backtrace::__rust_begin_short_backtrace::<test[9d35eded1c95d3be]::run_test::{closure#1}, ()>
[INFO] [stdout]   14:     0x64c2350c123c - <std[70759c8f55707aa4]::thread::lifecycle::spawn_unchecked<test[9d35eded1c95d3be]::run_test::{closure#1}, ()>::{closure#1} as core[df12db4294e9bfd3]::ops::function::FnOnce<()>>::call_once::{shim:vtable#0}
[INFO] [stdout]   15:     0x64c2350926d2 - <std[70759c8f55707aa4]::sys::thread::unix::Thread>::new::thread_start
[INFO] [stdout]   16:     0x793734aeddfa - <unknown>
[INFO] [stdout]   17:     0x793734b813d4 - clone
[INFO] [stdout]   18:                0x0 - <unknown>
[INFO] [stdout] 
[INFO] [stdout] 
[INFO] [stdout] failures:
[INFO] [stdout]     test_cli_directory_non_recursive
[INFO] [stdout]     test_cli_directory_recursive
[INFO] [stdout]     test_cli_example_with_errors
[INFO] [stdout]     test_cli_multiple_files
[INFO] [stdout]     test_cli_valid_service_file
[INFO] [stdout]     test_cli_warnings_only
[INFO] [stdout]     test_expected_error_count
[INFO] [stdout] 
[INFO] [stdout] test result: FAILED. 2 passed; 7 failed; 0 ignored; 0 measured; 0 filtered out; finished in 0.22s
[INFO] [stdout] 
[INFO] running `Command { std: "docker" "inspect" "a6c0731f819675c957d9541c822bd9f19fc09ac7d0fd2a2754f2dfe362c7775c", kill_on_drop: false }`
[INFO] running `Command { std: "docker" "rm" "-f" "a6c0731f819675c957d9541c822bd9f19fc09ac7d0fd2a2754f2dfe362c7775c", kill_on_drop: false }`
[INFO] [stdout] a6c0731f819675c957d9541c822bd9f19fc09ac7d0fd2a2754f2dfe362c7775c
