[INFO] fetching crate systemd-journal-sdk 0.10.0...
[INFO] testing systemd-journal-sdk-0.10.0 against 1.99.0-beta.8+cargoflags=--release for beta-release-1.100-2
[INFO] extracting crate systemd-journal-sdk 0.10.0 into /workspace/builds/worker-1-tc1/source
[INFO] started tweaking crates.io crate systemd-journal-sdk 0.10.0
[INFO] removed 0 missing examples
[INFO] finished tweaking crates.io crate systemd-journal-sdk 0.10.0
[INFO] tweaked toml for crates.io crate systemd-journal-sdk 0.10.0 written to /workspace/builds/worker-1-tc1/source/Cargo.toml
[INFO] validating manifest of crates.io crate systemd-journal-sdk 0.10.0 on toolchain 1.99.0-beta.8
[INFO] running `Command { std: CARGO_HOME="/workspace/cargo-home" RUSTUP_HOME="/workspace/rustup-home" "/workspace/cargo-home/bin/cargo" "+1.99.0-beta.8" "metadata" "--manifest-path" "Cargo.toml" "--no-deps", kill_on_drop: false }`
[INFO] crate crates.io crate systemd-journal-sdk 0.10.0 already has a lockfile, it will not be regenerated
[INFO] running `Command { std: CARGO_HOME="/workspace/cargo-home" RUSTUP_HOME="/workspace/rustup-home" "/workspace/cargo-home/bin/cargo" "+1.99.0-beta.8" "fetch" "--manifest-path" "Cargo.toml", kill_on_drop: false }`
[INFO] [stderr]     Updating crates.io index
[INFO] [stderr]  Downloading crates ...
[INFO] [stderr]   Downloaded wasm-bindgen-macro v0.2.126
[INFO] [stderr]   Downloaded wasm-bindgen-shared v0.2.126
[INFO] [stderr]   Downloaded block-buffer v0.12.1
[INFO] [stderr]   Downloaded wasm-bindgen v0.2.126
[INFO] [stderr]   Downloaded kqueue v1.2.0
[INFO] [stderr]   Downloaded zstd-safe v7.2.4
[INFO] [stderr]   Downloaded digest v0.11.3
[INFO] [stderr]   Downloaded futures-task v0.3.33
[INFO] [stderr]   Downloaded wasm-bindgen-macro-support v0.2.126
[INFO] [stderr]   Downloaded rustc-hash v2.1.3
[INFO] [stderr]   Downloaded zstd v0.13.3
[INFO] [stderr]   Downloaded ouroboros v0.18.5
[INFO] [stderr]   Downloaded proc-macro2-diagnostics v0.10.1
[INFO] [stderr]   Downloaded fastrand v2.5.0
[INFO] [stderr]   Downloaded tokio-macros v2.7.1
[INFO] [stderr]   Downloaded aliasable v0.1.3
[INFO] [stderr]   Downloaded kqueue-sys v1.1.2
[INFO] [stderr]   Downloaded crypto-common v0.2.2
[INFO] [stderr]   Downloaded futures-core v0.3.33
[INFO] [stderr]   Downloaded systemd-journal-sdk-registry v0.10.0
[INFO] [stderr]   Downloaded thiserror v2.0.19
[INFO] [stderr]   Downloaded thiserror-impl v2.0.19
[INFO] [stderr]   Downloaded systemd-journal-sdk-common v0.10.0
[INFO] [stderr]   Downloaded inotify v0.11.4
[INFO] [stderr]   Downloaded notify-types v2.1.0
[INFO] [stderr]   Downloaded inotify-sys v0.1.8
[INFO] [stderr]   Downloaded fsevent-sys v4.1.0
[INFO] [stderr]   Downloaded uuid v1.24.0
[INFO] [stderr]   Downloaded ouroboros_macro v0.18.5
[INFO] [stderr]   Downloaded cmov v0.5.4
[INFO] [stderr]   Downloaded lz4_flex v0.14.0
[INFO] [stderr]   Downloaded hmac v0.13.0
[INFO] [stderr]   Downloaded cpufeatures v0.3.0
[INFO] [stderr]   Downloaded memmap2 v0.9.11
[INFO] [stderr]   Downloaded sha2 v0.11.0
[INFO] [stderr]   Downloaded jobserver v0.1.35
[INFO] [stderr]   Downloaded ctutils v0.4.2
[INFO] [stderr]   Downloaded hybrid-array v0.4.13
[INFO] [stderr]   Downloaded const-oid v0.10.2
[INFO] [stderr]   Downloaded bitflags v2.13.1
[INFO] [stderr]   Downloaded notify v8.2.0
[INFO] [stderr]   Downloaded twox-hash v2.1.3
[INFO] [stderr]   Downloaded yansi v1.0.1
[INFO] [stderr]   Downloaded systemd-journal-sdk-log-writer v0.10.0
[INFO] [stderr]   Downloaded systemd-journal-sdk-core v0.10.0
[INFO] [stderr]   Downloaded cc v1.4.0
[INFO] [stderr]   Downloaded zerocopy-derive v0.9.0-alpha.0
[INFO] [stderr]   Downloaded js-sys v0.3.103
[INFO] [stderr]   Downloaded mio v1.2.2
[INFO] [stderr]   Downloaded num-bigint v0.5.1
[INFO] [stderr]   Downloaded ruzstd v0.9.0
[INFO] [stderr]   Downloaded futures-util v0.3.33
[INFO] [stderr]   Downloaded serde_json v1.0.151
[INFO] [stderr]   Downloaded zerocopy v0.9.0-alpha.0
[INFO] [stderr]   Downloaded lzma-rust2 v0.18.0
[INFO] [stderr]   Downloaded zstd-sys v2.0.16+zstd.1.5.7
[INFO] [stderr]   Downloaded tokio v1.53.1
[INFO] running `Command { std: "docker" "create" "-v" "/var/lib/crater-agent-workspace/builds/worker-1-tc1/source:/opt/rustwide/workdir:ro,Z" "-v" "/var/lib/crater-agent-workspace/builds/worker-1-tc1/target:/opt/rustwide/target:rw,Z" "-v" "/var/lib/crater-agent-workspace/cargo-home:/opt/rustwide/cargo-home:ro,Z" "-v" "/var/lib/crater-agent-workspace/rustup-home:/opt/rustwide/rustup-home:ro,Z" "-m" "1610612736" "--network" "none" "ghcr.io/rust-lang/crates-build-env/linux@sha256:77db811e55d90add9212f6832c23229e3de5f1c1f9905e8cb07319ea15df73ac" "sleep" "infinity", kill_on_drop: false }`
[INFO] [stdout] 41e4498cef4b3befec55f2705e54e7d9f214bac60315526426dd05bed88d29c7
[INFO] running `Command { std: "docker" "start" "41e4498cef4b3befec55f2705e54e7d9f214bac60315526426dd05bed88d29c7", kill_on_drop: false }`
[INFO] running `Command { std: "docker" "inspect" "41e4498cef4b3befec55f2705e54e7d9f214bac60315526426dd05bed88d29c7", kill_on_drop: false }`
[INFO] running `Command { std: "docker" "exec" "-e" "SOURCE_DIR=/opt/rustwide/workdir" "-e" "CARGO_HOME=/opt/rustwide/cargo-home" "-e" "RUSTUP_HOME=/opt/rustwide/rustup-home" "-e" "CARGO_TARGET_DIR=/opt/rustwide/target" "-w" "/opt/rustwide/workdir" "--user" "0:0" "41e4498cef4b3befec55f2705e54e7d9f214bac60315526426dd05bed88d29c7" "/opt/rustwide/cargo-home/bin/cargo" "+1.99.0-beta.8" "metadata" "--no-deps" "--format-version=1", kill_on_drop: false }`
[INFO] running `Command { std: "docker" "inspect" "41e4498cef4b3befec55f2705e54e7d9f214bac60315526426dd05bed88d29c7", kill_on_drop: false }`
[INFO] running `Command { std: "docker" "exec" "-e" "SOURCE_DIR=/opt/rustwide/workdir" "-e" "CARGO_HOME=/opt/rustwide/cargo-home" "-e" "RUSTUP_HOME=/opt/rustwide/rustup-home" "-e" "CARGO_TARGET_DIR=/opt/rustwide/target" "-e" "CARGO_INCREMENTAL=0" "-e" "RUST_BACKTRACE=full" "-e" "RUSTFLAGS=--cap-lints=warn" "-e" "RUSTDOCFLAGS=--cap-lints=warn" "-w" "/opt/rustwide/workdir" "--user" "0:0" "41e4498cef4b3befec55f2705e54e7d9f214bac60315526426dd05bed88d29c7" "/opt/rustwide/cargo-home/bin/cargo" "+1.99.0-beta.8" "build" "--frozen" "--message-format=json" "--release", kill_on_drop: false }`
[INFO] [stderr]    Compiling libc v0.2.189
[INFO] [stderr]    Compiling unicode-ident v1.0.24
[INFO] [stderr]    Compiling cfg-if v1.0.4
[INFO] [stderr]    Compiling find-msvc-tools v0.1.9
[INFO] [stderr]    Compiling typenum v1.20.1
[INFO] [stderr]    Compiling shlex v2.0.1
[INFO] [stderr]    Compiling bitflags v2.13.1
[INFO] [stderr]    Compiling pkg-config v0.3.33
[INFO] [stderr]    Compiling cmov v0.5.4
[INFO] [stderr]    Compiling inotify-sys v0.1.8
[INFO] [stderr]    Compiling getrandom v0.4.3
[INFO] [stderr]    Compiling num-traits v0.2.19
[INFO] [stderr]    Compiling parking_lot_core v0.9.12
[INFO] [stderr]    Compiling const-oid v0.10.2
[INFO] [stderr]    Compiling log v0.4.33
[INFO] [stderr]    Compiling scopeguard v1.2.0
[INFO] [stderr]    Compiling smallvec v1.15.2
[INFO] [stderr]    Compiling proc-macro2 v1.0.107
[INFO] [stderr]    Compiling lock_api v0.4.14
[INFO] [stderr]    Compiling zstd-safe v7.2.4
[INFO] [stderr]    Compiling same-file v1.0.6
[INFO] [stderr]    Compiling thiserror v2.0.19
[INFO] [stderr]    Compiling version_check v0.9.5
[INFO] [stderr]    Compiling zmij v1.0.23
[INFO] [stderr]    Compiling walkdir v2.5.0
[INFO] [stderr]    Compiling notify-types v2.1.0
[INFO] [stderr]    Compiling serde_json v1.0.151
[INFO] [stderr]    Compiling zerocopy v0.9.0-alpha.0
[INFO] [stderr]    Compiling rustc-hash v2.1.3
[INFO] [stderr]    Compiling ctutils v0.4.2
[INFO] [stderr]    Compiling cpufeatures v0.3.0
[INFO] [stderr]    Compiling quote v1.0.47
[INFO] [stderr]    Compiling rustix v1.1.4
[INFO] [stderr]    Compiling proc-macro2-diagnostics v0.10.1
[INFO] [stderr]    Compiling static_assertions v1.1.0
[INFO] [stderr]    Compiling twox-hash v2.1.3
[INFO] [stderr]    Compiling memchr v2.8.3
[INFO] [stderr]    Compiling yansi v1.0.1
[INFO] [stderr]    Compiling syn v2.0.119
[INFO] [stderr]    Compiling syn v3.0.3
[INFO] [stderr]    Compiling ruzstd v0.9.0
[INFO] [stderr]    Compiling siphasher v1.0.3
[INFO] [stderr]    Compiling lz4_flex v0.14.0
[INFO] [stderr]    Compiling heck v0.4.1
[INFO] [stderr]    Compiling linux-raw-sys v0.12.1
[INFO] [stderr]    Compiling aliasable v0.1.3
[INFO] [stderr]    Compiling fastrand v2.5.0
[INFO] [stderr]    Compiling hex v0.4.3
[INFO] [stderr]    Compiling hybrid-array v0.4.13
[INFO] [stderr]    Compiling num-integer v0.1.46
[INFO] [stderr]    Compiling crypto-common v0.2.2
[INFO] [stderr]    Compiling block-buffer v0.12.1
[INFO] [stderr]    Compiling jobserver v0.1.35
[INFO] [stderr]    Compiling errno v0.3.14
[INFO] [stderr]    Compiling mio v1.2.2
[INFO] [stderr]    Compiling socket2 v0.6.5
[INFO] [stderr]    Compiling memmap2 v0.9.11
[INFO] [stderr]    Compiling inotify v0.11.4
[INFO] [stderr]    Compiling num-bigint v0.5.1
[INFO] [stderr]    Compiling signal-hook-registry v1.4.8
[INFO] [stderr]    Compiling uuid v1.24.0
[INFO] [stderr]    Compiling parking_lot v0.12.5
[INFO] [stderr]    Compiling cc v1.4.0
[INFO] [stderr]    Compiling notify v8.2.0
[INFO] [stderr]    Compiling serde_derive v1.0.229
[INFO] [stderr]    Compiling thiserror-impl v2.0.19
[INFO] [stderr]    Compiling digest v0.11.3
[INFO] [stderr]    Compiling sha2 v0.11.0
[INFO] [stderr]    Compiling hmac v0.13.0
[INFO] [stderr]    Compiling tempfile v3.27.0
[INFO] [stderr]    Compiling zstd-sys v2.0.16+zstd.1.5.7
[INFO] [stderr]    Compiling lzma-rust2 v0.18.0
[INFO] [stderr]    Compiling tracing-attributes v0.1.31
[INFO] [stderr]    Compiling tokio-macros v2.7.1
[INFO] [stderr]    Compiling zerocopy-derive v0.9.0-alpha.0
[INFO] [stderr]    Compiling ouroboros_macro v0.18.5
[INFO] [stderr]    Compiling tokio v1.53.1
[INFO] [stderr]    Compiling serde v1.0.229
[INFO] [stderr]    Compiling tracing v0.1.44
[INFO] [stderr]    Compiling ouroboros v0.18.5
[INFO] [stderr]    Compiling systemd-journal-sdk-common v0.10.0
[INFO] [stderr]    Compiling chrono v0.4.45
[INFO] [stderr]    Compiling systemd-journal-sdk-registry v0.10.0
[INFO] [stderr]    Compiling zstd v0.13.3
[INFO] [stderr]    Compiling systemd-journal-sdk-core v0.10.0
[INFO] [stderr]    Compiling systemd-journal-sdk-log-writer v0.10.0
[INFO] [stderr]    Compiling systemd-journal-sdk v0.10.0 (/opt/rustwide/workdir)
[INFO] [stderr]     Finished `release` profile [optimized] target(s) in 1m 27s
[INFO] running `Command { std: "docker" "inspect" "41e4498cef4b3befec55f2705e54e7d9f214bac60315526426dd05bed88d29c7", kill_on_drop: false }`
[INFO] running `Command { std: "docker" "exec" "-e" "SOURCE_DIR=/opt/rustwide/workdir" "-e" "CARGO_HOME=/opt/rustwide/cargo-home" "-e" "RUSTUP_HOME=/opt/rustwide/rustup-home" "-e" "CARGO_TARGET_DIR=/opt/rustwide/target" "-e" "CARGO_INCREMENTAL=0" "-e" "RUST_BACKTRACE=full" "-e" "RUSTFLAGS=--cap-lints=warn" "-e" "RUSTDOCFLAGS=--cap-lints=warn" "-w" "/opt/rustwide/workdir" "--user" "0:0" "41e4498cef4b3befec55f2705e54e7d9f214bac60315526426dd05bed88d29c7" "/opt/rustwide/cargo-home/bin/cargo" "+1.99.0-beta.8" "test" "--frozen" "--no-run" "--message-format=json" "--release", kill_on_drop: false }`
[INFO] [stderr]    Compiling systemd-journal-sdk v0.10.0 (/opt/rustwide/workdir)
[INFO] [stderr]     Finished `release` profile [optimized] target(s) in 21.06s
[INFO] running `Command { std: "docker" "inspect" "41e4498cef4b3befec55f2705e54e7d9f214bac60315526426dd05bed88d29c7", kill_on_drop: false }`
[INFO] running `Command { std: "docker" "exec" "-e" "SOURCE_DIR=/opt/rustwide/workdir" "-e" "CARGO_HOME=/opt/rustwide/cargo-home" "-e" "RUSTUP_HOME=/opt/rustwide/rustup-home" "-e" "CARGO_TARGET_DIR=/opt/rustwide/target" "-e" "CARGO_INCREMENTAL=0" "-e" "RUST_BACKTRACE=full" "-e" "RUSTFLAGS=--cap-lints=warn" "-e" "RUSTDOCFLAGS=--cap-lints=warn" "-w" "/opt/rustwide/workdir" "--user" "0:0" "41e4498cef4b3befec55f2705e54e7d9f214bac60315526426dd05bed88d29c7" "/opt/rustwide/cargo-home/bin/cargo" "+1.99.0-beta.8" "test" "--frozen" "--release", kill_on_drop: false }`
[INFO] [stderr]     Finished `release` profile [optimized] target(s) in 0.13s
[INFO] [stderr]      Running unittests src/lib.rs (/opt/rustwide/target/release/deps/journal-48de00ff0ba6cd49)
[INFO] [stdout] 
[INFO] [stdout] running 167 tests
[INFO] [stdout] test explorer::tests::explorer_estimated_histogram_distribution_matches_netdata_integer_math ... ok
[INFO] [stdout] test explorer::tests::explorer_first_value_tracks_required_field_identities ... ok
[INFO] [stdout] test explorer::tests::explorer_fts_disables_first_value_early_stop ... ok
[INFO] [stdout] test explorer::tests::explorer_first_value_counts_one_value_per_selected_field ... ok
[INFO] [stdout] test explorer::tests::explorer_filters_then_combines_outputs_in_one_candidate_pass ... ok
[INFO] [stdout] test explorer::tests::explorer_cursor_rows_defer_payload_expansion ... ok
[INFO] [stdout] test explorer::tests::explorer_facet_time_bounds_do_not_count_slack_rows_without_source_realtime ... ok
[INFO] [stdout] test explorer::tests::explorer_combines_rows_histogram_and_facets_in_one_pass ... ok
[INFO] [stdout] test explorer::tests::explorer_empty_result_keeps_requested_facet_with_no_values ... ok
[INFO] [stdout] test explorer::tests::explorer_first_value_stops_after_same_data_satisfies_multiple_roles ... ok
[INFO] [stdout] test explorer::tests::explorer_first_value_does_not_double_count_duplicate_facets_or_histogram ... ok
[INFO] [stdout] test explorer::tests::explorer_auto_anchor_scans_backward_from_tail ... ok
[INFO] [stdout] test explorer::tests::explorer_filters_with_or_values_and_and_fields ... ok
[INFO] [stdout] test explorer::tests::explorer_sampling_uses_actual_histogram_bucket_count ... ok
[INFO] [stdout] test explorer::tests::explorer_backward_time_bound_stops_after_slack_window ... ok
[INFO] [stdout] test explorer::tests::explorer_sampling_seqnum_estimate_clamps_over_scanned_to_one ... ok
[INFO] [stdout] test netdata::tests::backward_realtime_anchor_remains_exclusive_for_data_only_requests ... ok
[INFO] [stdout] test netdata::tests::boot_first_realtime_keeps_earliest_timestamp_like_plugin ... ok
[INFO] [stdout] test netdata::tests::backward_realtime_anchor_is_exclusive_for_non_data_only_requests ... ok
[INFO] [stdout] test explorer::tests::explorer_fts_or_terms_and_negative_terms_filter_rows ... ok
[INFO] [stdout] test netdata::tests::collect_journal_files_reports_unreadable_subdirectories ... ok
[INFO] [stdout] test explorer::tests::explorer_histogram_and_fts_are_opt_in ... ok
[INFO] [stdout] test netdata::tests::disposed_journal_extension_matches_plugin_scan_contract ... ok
[INFO] [stdout] test explorer::tests::explorer_groups_facets_with_same_filter_set ... ok
[INFO] [stdout] test netdata::tests::exact_source_names_follow_plugin_prefixes ... ok
[INFO] [stdout] test netdata::tests::duplicate_row_timestamps_match_plugin_direction_adjustment ... ok
[INFO] [stdout] test netdata::tests::dynamic_process_name_matches_plugin_fallback_order ... ok
[INFO] [stdout] test netdata::tests::histogram_chart_metadata_includes_empty_dimension_arrays ... ok
[INFO] [stdout] test netdata::tests::file_overlap_uses_netdata_max_realtime_slack ... ok
[INFO] [stdout] test netdata::tests::facet_values_are_truncated_and_collapsed_like_plugin ... ok
[INFO] [stdout] test netdata::tests::histogram_values_are_truncated_and_collapsed_like_plugin ... ok
[INFO] [stdout] test netdata::tests::journal_file_order_matches_plugin_comparator_shape ... ok
[INFO] [stdout] test netdata::tests::merge_histogram_rejects_inconsistent_bucket_shape ... ok
[INFO] [stdout] test explorer::tests::explorer_rejects_debug_row_traversal_column_collection ... ok
[INFO] [stdout] test explorer::tests::explorer_reuses_classified_data_objects ... ok
[INFO] [stdout] test explorer::tests::explorer_index_strategy_matches_traversal_for_all_values ... ok
[INFO] [stdout] test explorer::tests::explorer_skips_irrelevant_compressed_data_for_facets ... ok
[INFO] [stdout] test explorer::tests::explorer_index_strategy_preserves_same_field_filter_exclusion ... ok
[INFO] [stdout] test explorer::tests::explorer_rejects_duplicate_facet_fields ... ok
[INFO] [stdout] test explorer::tests::explorer_same_field_filter_exclusion_counts_filtered_out_facet_values ... ok
[INFO] [stdout] test netdata::tests::collect_journal_files_deduplicates_symlinked_directories ... ok
[INFO] [stdout] test netdata::tests::netdata_facet_counts_use_native_sliced_filter_semantics ... ok
[INFO] [stdout] test netdata::tests::netdata_function_empty_source_selector_metadata_falls_back_to_defaults ... ok
[INFO] [stdout] test explorer::tests::explorer_index_strategy_rejects_first_value_semantics ... ok
[INFO] [stdout] test netdata::tests::collect_journal_files_recurses_nested_directories ... ok
[INFO] [stdout] test netdata::tests::collect_journal_files_deduplicates_symlinked_files ... ok
[INFO] [stdout] test netdata::tests::netdata_function_api_honors_cancellation_after_final_file_progress ... ok
[INFO] [stdout] test netdata::tests::netdata_function_api_reports_file_end_progress_for_small_scans ... ok
[INFO] [stdout] test netdata::tests::netdata_function_api_reports_timeout_as_partial_table ... ok
[INFO] [stdout] test netdata::tests::netdata_function_reports_zero_count_existing_facets_for_empty_results ... ok
[INFO] [stdout] test netdata::tests::netdata_function_uses_custom_source_selector_metadata ... ok
[INFO] [stdout] test netdata::tests::netdata_function_uses_default_source_selector_metadata ... ok
[INFO] [stdout] test netdata::tests::netdata_function_reports_requested_facet_groups_even_when_absent ... ok
[INFO] [stdout] test netdata::tests::netdata_function_tail_anchor_with_newer_filtered_out_rows_returns_empty_200 ... ok
[INFO] [stdout] test netdata::tests::netdata_last_one_keeps_echo_and_uses_effective_minimum_two ... ok
[INFO] [stdout] test netdata::tests::netdata_multi_filter_facet_counts_exclude_same_field_filter ... ok
[INFO] [stdout] test netdata::tests::netdata_requests_never_enable_debug_row_traversal_column_collection ... ok
[INFO] [stdout] test netdata::tests::netdata_function_pages_with_anchor_without_duplicate_or_missing_rows ... ok
[INFO] [stdout] test netdata::tests::normalizes_inverted_time_window_like_plugin ... ok
[INFO] [stdout] test netdata::tests::netdata_function_progress_counts_only_query_files ... ok
[INFO] [stdout] test netdata::tests::normalizes_relative_time_window_like_plugin ... ok
[INFO] [stdout] test netdata::tests::page_window_counts_backward_anchor_like_netdata_facets ... ok
[INFO] [stdout] test netdata::tests::normalizes_missing_time_window_to_last_hour_like_plugin ... ok
[INFO] [stdout] test netdata::tests::page_window_counts_forward_anchor_like_netdata_facets ... ok
[INFO] [stdout] test netdata::tests::page_window_counts_tail_anchor_like_netdata_facets ... ok
[INFO] [stdout] test netdata::tests::parses_netdata_fts_query_like_simple_pattern ... ok
[INFO] [stdout] test netdata::tests::parses_netdata_selections_as_and_fields_or_values ... ok
[INFO] [stdout] test netdata::tests::normalizes_equal_time_window_like_plugin ... ok
[INFO] [stdout] test netdata::tests::netdata_function_state_receives_learned_source_realtime_delta ... ok
[INFO] [stdout] test netdata::tests::plugin_compatible_profile_caches_user_group_resolution ... ok
[INFO] [stdout] test netdata::tests::plugin_compatible_profile_resolves_user_group_ids_explicitly ... ok
[INFO] [stdout] test netdata::tests::sort_and_limit_keeps_cross_file_equal_timestamps_for_anchor_continuity ... ok
[INFO] [stdout] test netdata::tests::sort_and_limit_clears_rows_when_limit_is_zero ... ok
[INFO] [stdout] test netdata::tests::sort_and_limit_retains_full_raw_boundary_group_for_forward_query ... ok
[INFO] [stdout] test netdata::tests::source_classification_matches_plugin_filename_shape ... ok
[INFO] [stdout] test netdata::tests::source_selection_echoes_and_filters_known_groups ... ok
[INFO] [stdout] test netdata::tests::source_summary_coverage_is_off_below_one_second ... ok
[INFO] [stdout] test netdata::tests::normalizes_missing_after_with_supplied_before_like_plugin ... ok
[INFO] [stdout] test netdata::tests::sort_and_limit_keeps_same_file_duplicate_display_adjustment ... ok
[INFO] [stdout] test netdata::tests::systemd_profile_transforms_priority_and_facility_for_display ... ok
[INFO] [stdout] test parse::tests::cursor_seek_order_ignores_x_hash_but_exact_match_checks_it ... ok
[INFO] [stdout] test parse::tests::parse_cursor_accepts_legacy_sdk_shape ... ok
[INFO] [stdout] test parse::tests::parse_cursor_accepts_official_systemd_shape ... ok
[INFO] [stdout] test netdata::tests::sort_and_limit_retains_full_raw_boundary_group_when_last_cuts_through_it ... ok
[INFO] [stdout] test tests::default_reader_options_use_production_window_size ... ok
[INFO] [stdout] test netdata::tests::systemd_profile_keeps_user_group_ids_raw_by_default ... ok
[INFO] [stdout] test netdata::tests::netdata_function_tail_delta_reports_exact_incremental_facets_and_histogram ... ok
[INFO] [stdout] test netdata::tests::netdata_function_tail_polls_return_only_rows_after_anchor_then_304 ... ok
[INFO] [stdout] test parse::tests::parse_cursor_accepts_partial_systemd_shape ... ok
[INFO] [stdout] test netdata::tests::source_selection_uses_caller_metadata_before_filename_fallback ... ok
[INFO] [stdout] test netdata::tests::source_summary_fills_missing_caller_metadata_from_header ... ok
[INFO] [stdout] test netdata::tests::netdata_function_boundary_expansion_does_not_report_more_rows ... ok
[INFO] [stdout] test netdata::tests::netdata_timestamp_column_does_not_advertise_range_filter ... ok
[INFO] [stdout] test tests::facade::directory_reader_unique_state_survives_cache_pressure ... ok
[INFO] [stdout] test tests::facade::directory_reader_query_unique_deduplicates_indexed_values_across_files ... ok
[INFO] [stdout] test tests::facade::facade_compressed_data_payloads_remain_valid_for_current_row ... ok
[INFO] [stdout] test tests::facade::directory_reader_unique_cache_invalidates_after_live_append ... ok
[INFO] [stdout] test tests::directory_reader_uses_sequential_path_for_non_overlapping_files ... ok
[INFO] [stdout] test tests::facade::facade_uncompressed_data_uses_mmap_payload_for_whole_file_reader ... ok
[INFO] [stdout] test tests::facade::facade_uncompressed_windowed_data_remains_valid_for_current_row ... ok
[INFO] [stdout] test tests::facade::facade_whole_file_row_handles_mixed_compressed_and_uncompressed_payloads ... ok
[INFO] [stdout] test tests::facade::file_reader_query_unique_uses_field_index ... ok
[INFO] [stdout] test tests::facade::facade_uncompressed_windowed_row_pins_are_bounded_under_window_pressure ... ok
[INFO] [stdout] test tests::facade::file_reader_seek_clears_cached_entry_payload_offsets ... ok
[INFO] [stdout] test tests::facade::jf_facade_data_enumeration_handles_compressed_payloads ... ok
[INFO] [stdout] test tests::facade::file_reader_steps_forward_and_backward_across_entry_array_nodes ... ok
[INFO] [stdout] test tests::facade::reader_preserves_raw_byte_field_names ... ok
[INFO] [stdout] test tests::facade::jf_facade_stateful_reader_operations ... ok
[INFO] [stdout] test tests::facade::visit_entry_payloads_clears_row_pins_when_visitor_returns_error ... ok
[INFO] [stdout] test tests::facade::jf_facade_unique_state_handles_compressed_payloads_and_restart ... ok
[INFO] [stdout] test tests::indexed_snapshot::compact_final_object_padding_may_lie_outside_declared_arena ... ok
[INFO] [stdout] test tests::facade::directory_reader_unique_cache_high_cardinality_reuses_index ... ok
[INFO] [stdout] test netdata::tests::netdata_function_api_disables_sampling_for_data_only ... ok
[INFO] [stdout] test tests::indexed_snapshot::empty_inherited_sequence_snapshot_stays_frozen_after_append ... ok
[INFO] [stdout] test tests::indexed_snapshot::indexed_capture_rejects_unpublished_postings_and_tail_hints ... ok
[INFO] [stdout] test tests::indexed_snapshot::indexed_empty_snapshot_stays_empty_after_append ... ok
[INFO] [stdout] test explorer::tests::explorer_control_cancels_inside_large_scan ... ok
[INFO] [stdout] test tests::indexed_snapshot::indexed_historical_and_whole_file_compressed_fixtures ... FAILED
[INFO] [stdout] test netdata::tests::netdata_function_api_reports_sampling_counters ... ok
[INFO] [stdout] test explorer::tests::explorer_control_reports_progress_during_large_scan ... ok
[INFO] [stdout] test tests::indexed_snapshot::indexed_snapshot_archived_state_is_frozen ... ok
[INFO] [stdout] test tests::indexed_snapshot::indexed_snapshot_offline_is_not_archived ... ok
[INFO] [stdout] test tests::indexed_snapshot::declared_arena_may_exclude_physical_padding ... ok
[INFO] [stdout] test tests::indexed_snapshot::indexed_queries_reject_missing_captured_postings ... ok
[INFO] [stdout] test tests::indexed_snapshot::indexed_snapshot_legacy_header_boot_metadata ... ok
[INFO] [stdout] test tests::indexed_snapshot::strict_index_accepts_empty_indexless_journal ... ok
[INFO] [stdout] test tests::indexed_snapshot::append_open_rejects_objects_outside_declared_arena_without_mutation ... ok
[INFO] [stdout] test netdata::tests::netdata_function_api_reports_cancellation ... ok
[INFO] [stdout] test tests::indexed_snapshot::rejected_append_open_preserves_short_file_bytes ... ok
[INFO] [stdout] test tests::indexed_snapshot::strict_index_empty_boot_metadata_respects_compatible_flag ... ok
[INFO] [stdout] test tests::indexed_snapshot::strict_empty_metadata_rejects_current_file_head_sequence ... ok
[INFO] [stdout] test tests::indexed_snapshot::strict_index_rejects_empty_entry_metadata_and_field_orphans ... ok
[INFO] [stdout] test tests::indexed_snapshot::strict_index_allows_empty_inherited_sequence ... ok
[INFO] [stdout] test tests::indexed_snapshot::rejected_reuse_preserves_truncated_tail_bytes ... ok
[INFO] [stdout] test netdata::tests::netdata_function_api_cancels_during_active_scan ... ok
[INFO] [stdout] test netdata::tests::netdata_function_api_reports_progress ... ok
[INFO] [stdout] test tests::json_entry_includes_monotonic_timestamp_and_preserves_utf8 ... ok
[INFO] [stdout] test tests::no_rtc_fixtures_drain_without_tail_object_errors ... FAILED
[INFO] [stdout] test tests::parse_match_bytes_accepts_binary_values ... ok
[INFO] [stdout] test tests::parse_match_bytes_rejects_invalid_field_names ... ok
[INFO] [stdout] test tests::indexed_snapshot::strict_index_rejects_hash_tables_outside_object_tail ... ok
[INFO] [stdout] test tests::indexed_snapshot::strict_index_rejects_missing_or_duplicate_populated_tables ... ok
[INFO] [stdout] test tests::reader_options_with_bounds_sets_bounds ... ok
[INFO] [stdout] test tests::indexed_snapshot::append_reopen_post_change_preserves_physical_allocation ... ok
[INFO] [stdout] test tests::snapshot_header_is_fixed_while_live_header_refreshes ... ok
[INFO] [stdout] test tests::snapshot_reader_handles_final_partial_mmap_window ... ok
[INFO] [stdout] test tests::indexed_snapshot::strict_index_rejects_last_entry_missing_reverse_link ... ok
[INFO] [stdout] test tests::verification::verify_file_detects_corruption ... ok
[INFO] [stdout] test tests::raw_writer_explicit_zero_monotonic_pass_through ... ok
[INFO] [stdout] test tests::indexed_snapshot::snapshot_rejects_objects_outside_declared_arena ... ok
[INFO] [stdout] test tests::verification::verify_file_with_key_rejects_short_sealed_header_without_panic ... ok
[INFO] [stdout] test tests::indexed_snapshot::writer_failure_poison_preserves_bytes_and_prevalidation_reuses ... ok
[INFO] [stdout] test tests::raw_writer_backward_monotonic_is_clamped_and_verifies ... ok
[INFO] [stdout] test tests::indexed_snapshot::existing_writer_sync_preserves_physical_allocation ... ok
[INFO] [stdout] test tests::verification::verify_file_rejects_referenced_zero_sized_data_object ... FAILED
[INFO] [stdout] test tests::verification::verify_file_passes_on_valid_fixture ... FAILED
[INFO] [stdout] test tests::indexed_snapshot::append_reopen_sync_preserves_physical_allocation ... ok
[INFO] [stdout] test tests::indexed_snapshot::existing_writer_post_change_preserves_physical_allocation ... ok
[INFO] [stdout] test tests::indexed_snapshot::writer_construction_rejects_objects_outside_declared_arena_without_mutation ... ok
[INFO] [stdout] test tests::indexed_snapshot::strict_reuse_guard_preserves_invalid_arena_bytes ... ok
[INFO] [stdout] test tests::indexed_snapshot::strict_index_rejects_objects_outside_declared_arena ... ok
[INFO] [stdout] test tests::indexed_snapshot::indexed_snapshot_bounds_postings_values_and_payload_lifetimes ... ok
[INFO] [stdout] test tests::verification::verify_file_with_key_rejects_aligned_size_overflow ... ok
[INFO] [stdout] test tests::verification::verify_file_and_key_work_with_tiny_reader_windows ... ok
[INFO] [stdout] test tests::indexed_snapshot::empty_metadata_respects_historical_field_presence ... ok
[INFO] [stdout] test tests::verification::verify_file_with_key_validates_sealed_hmacs ... ok
[INFO] [stdout] test tests::indexed_snapshot::indexed_snapshot_survives_concurrent_append_and_array_growth ... ok
[INFO] [stdout] 
[INFO] [stdout] failures:
[INFO] [stdout] 
[INFO] [stdout] ---- tests::indexed_snapshot::indexed_historical_and_whole_file_compressed_fixtures stdout ----
[INFO] [stdout] 
[INFO] [stdout] thread 'tests::indexed_snapshot::indexed_historical_and_whole_file_compressed_fixtures' (2093) panicked at src/tests/indexed_snapshot.rs:250:40:
[INFO] [stdout] called `Result::unwrap()` on an `Err` value: Os { code: 2, kind: NotFound, message: "No such file or directory" }
[INFO] [stdout] stack backtrace:
[INFO] [stdout]    0:     0x577476dee981 - <<std[70759c8f55707aa4]::sys::backtrace::BacktraceLock>::print::DisplayBacktrace as core[df12db4294e9bfd3]::fmt::Display>::fmt
[INFO] [stdout]    1:     0x577476e0475a - core[df12db4294e9bfd3]::fmt::write
[INFO] [stdout]    2:     0x577476df31fc - <alloc[2182bb758b4b3781]::vec::Vec<u8> as core[df12db4294e9bfd3]::io::write::Write>::write_fmt
[INFO] [stdout]    3:     0x577476dc7a86 - std[70759c8f55707aa4]::panicking::default_hook::{closure#0}
[INFO] [stdout]    4:     0x577476de58d9 - std[70759c8f55707aa4]::panicking::default_hook
[INFO] [stdout]    5:     0x577476cbd5d0 - test[9d35eded1c95d3be]::test_main_inner::<test[9d35eded1c95d3be]::test_main_static::{closure#0}>::{closure#0}
[INFO] [stdout]    6:     0x577476de5a92 - std[70759c8f55707aa4]::panicking::panic_with_hook
[INFO] [stdout]    7:     0x577476dc7b32 - std[70759c8f55707aa4]::panicking::panic_handler::{closure#0}
[INFO] [stdout]    8:     0x577476dc04a9 - std[70759c8f55707aa4]::sys::backtrace::__rust_end_short_backtrace::<std[70759c8f55707aa4]::panicking::panic_handler::{closure#0}, !>
[INFO] [stdout]    9:     0x577476dc89cd - __rustc[8fa7c3cbc660c2b3]::rust_begin_unwind
[INFO] [stdout]   10:     0x577476e04ebc - core[df12db4294e9bfd3]::panicking::panic_fmt
[INFO] [stdout]   11:     0x577476e04c92 - core[df12db4294e9bfd3]::result::unwrap_failed
[INFO] [stdout]   12:     0x577476c1ae9e - journal[ea89040aa4c4b3d9]::tests::indexed_snapshot::indexed_historical_and_whole_file_compressed_fixtures
[INFO] [stdout]   13:     0x577476c89ba9 - <journal[ea89040aa4c4b3d9]::tests::indexed_snapshot::indexed_historical_and_whole_file_compressed_fixtures::{closure#0} as core[df12db4294e9bfd3]::ops::function::FnOnce<()>>::call_once
[INFO] [stdout]   14:     0x577476cb08bb - test[9d35eded1c95d3be]::__rust_begin_short_backtrace::<core[df12db4294e9bfd3]::result::Result<(), alloc[2182bb758b4b3781]::string::String>, fn() -> core[df12db4294e9bfd3]::result::Result<(), alloc[2182bb758b4b3781]::string::String>>
[INFO] [stdout]   15:     0x577476cbdf25 - test[9d35eded1c95d3be]::run_test::{closure#0}
[INFO] [stdout]   16:     0x577476cb77e4 - std[70759c8f55707aa4]::sys::backtrace::__rust_begin_short_backtrace::<test[9d35eded1c95d3be]::run_test::{closure#1}, ()>
[INFO] [stdout]   17:     0x577476cc1082 - <std[70759c8f55707aa4]::thread::lifecycle::spawn_unchecked<test[9d35eded1c95d3be]::run_test::{closure#1}, ()>::{closure#1} as core[df12db4294e9bfd3]::ops::function::FnOnce<()>>::call_once::{shim:vtable#0}
[INFO] [stdout]   18:     0x577476dedc39 - <std[70759c8f55707aa4]::sys::thread::unix::Thread>::new::thread_start
[INFO] [stdout]   19:     0x7390506cedfa - <unknown>
[INFO] [stdout]   20:     0x7390507623d4 - clone
[INFO] [stdout]   21:                0x0 - <unknown>
[INFO] [stdout] 
[INFO] [stdout] ---- tests::no_rtc_fixtures_drain_without_tail_object_errors stdout ----
[INFO] [stdout] 
[INFO] [stdout] thread 'tests::no_rtc_fixtures_drain_without_tail_object_errors' (2117) panicked at src/tests.rs:84:50:
[INFO] [stdout] fixture directory exists: Os { code: 2, kind: NotFound, message: "No such file or directory" }
[INFO] [stdout] stack backtrace:
[INFO] [stdout]    0:     0x577476dee981 - <<std[70759c8f55707aa4]::sys::backtrace::BacktraceLock>::print::DisplayBacktrace as core[df12db4294e9bfd3]::fmt::Display>::fmt
[INFO] [stdout]    1:     0x577476e0475a - core[df12db4294e9bfd3]::fmt::write
[INFO] [stdout]    2:     0x577476df31fc - <alloc[2182bb758b4b3781]::vec::Vec<u8> as core[df12db4294e9bfd3]::io::write::Write>::write_fmt
[INFO] [stdout]    3:     0x577476dc7a86 - std[70759c8f55707aa4]::panicking::default_hook::{closure#0}
[INFO] [stdout]    4:     0x577476de58d9 - std[70759c8f55707aa4]::panicking::default_hook
[INFO] [stdout]    5:     0x577476cbd5d0 - test[9d35eded1c95d3be]::test_main_inner::<test[9d35eded1c95d3be]::test_main_static::{closure#0}>::{closure#0}
[INFO] [stdout]    6:     0x577476de5a92 - std[70759c8f55707aa4]::panicking::panic_with_hook
[INFO] [stdout]    7:     0x577476dc7b32 - std[70759c8f55707aa4]::panicking::panic_handler::{closure#0}
[INFO] [stdout]    8:     0x577476dc04a9 - std[70759c8f55707aa4]::sys::backtrace::__rust_end_short_backtrace::<std[70759c8f55707aa4]::panicking::panic_handler::{closure#0}, !>
[INFO] [stdout]    9:     0x577476dc89cd - __rustc[8fa7c3cbc660c2b3]::rust_begin_unwind
[INFO] [stdout]   10:     0x577476e04ebc - core[df12db4294e9bfd3]::panicking::panic_fmt
[INFO] [stdout]   11:     0x577476e04c92 - core[df12db4294e9bfd3]::result::unwrap_failed
[INFO] [stdout]   12:     0x577476c0bfea - journal[ea89040aa4c4b3d9]::tests::no_rtc_fixtures_drain_without_tail_object_errors
[INFO] [stdout]   13:     0x577476c888c9 - <journal[ea89040aa4c4b3d9]::tests::no_rtc_fixtures_drain_without_tail_object_errors::{closure#0} as core[df12db4294e9bfd3]::ops::function::FnOnce<()>>::call_once
[INFO] [stdout]   14:     0x577476cb08bb - test[9d35eded1c95d3be]::__rust_begin_short_backtrace::<core[df12db4294e9bfd3]::result::Result<(), alloc[2182bb758b4b3781]::string::String>, fn() -> core[df12db4294e9bfd3]::result::Result<(), alloc[2182bb758b4b3781]::string::String>>
[INFO] [stdout]   15:     0x577476cbdf25 - test[9d35eded1c95d3be]::run_test::{closure#0}
[INFO] [stdout]   16:     0x577476cb77e4 - std[70759c8f55707aa4]::sys::backtrace::__rust_begin_short_backtrace::<test[9d35eded1c95d3be]::run_test::{closure#1}, ()>
[INFO] [stdout]   17:     0x577476cc1082 - <std[70759c8f55707aa4]::thread::lifecycle::spawn_unchecked<test[9d35eded1c95d3be]::run_test::{closure#1}, ()>::{closure#1} as core[df12db4294e9bfd3]::ops::function::FnOnce<()>>::call_once::{shim:vtable#0}
[INFO] [stdout]   18:     0x577476dedc39 - <std[70759c8f55707aa4]::sys::thread::unix::Thread>::new::thread_start
[INFO] [stdout]   19:     0x7390506cedfa - <unknown>
[INFO] [stdout]   20:     0x7390507623d4 - clone
[INFO] [stdout]   21:                0x0 - <unknown>
[INFO] [stdout] 
[INFO] [stdout] ---- tests::verification::verify_file_rejects_referenced_zero_sized_data_object stdout ----
[INFO] [stdout] 
[INFO] [stdout] thread 'tests::verification::verify_file_rejects_referenced_zero_sized_data_object' (2128) panicked at src/tests/verification.rs:235:10:
[INFO] [stdout] decompress fixture to temporary journal: Journal(Io(Os { code: 2, kind: NotFound, message: "No such file or directory" }))
[INFO] [stdout] stack backtrace:
[INFO] [stdout]    0:     0x577476dee981 - <<std[70759c8f55707aa4]::sys::backtrace::BacktraceLock>::print::DisplayBacktrace as core[df12db4294e9bfd3]::fmt::Display>::fmt
[INFO] [stdout]    1:     0x577476e0475a - core[df12db4294e9bfd3]::fmt::write
[INFO] [stdout]    2:     0x577476df31fc - <alloc[2182bb758b4b3781]::vec::Vec<u8> as core[df12db4294e9bfd3]::io::write::Write>::write_fmt
[INFO] [stdout]    3:     0x577476dc7a86 - std[70759c8f55707aa4]::panicking::default_hook::{closure#0}
[INFO] [stdout]    4:     0x577476de58d9 - std[70759c8f55707aa4]::panicking::default_hook
[INFO] [stdout]    5:     0x577476cbd5d0 - test[9d35eded1c95d3be]::test_main_inner::<test[9d35eded1c95d3be]::test_main_static::{closure#0}>::{closure#0}
[INFO] [stdout]    6:     0x577476de5a92 - std[70759c8f55707aa4]::panicking::panic_with_hook
[INFO] [stdout]    7:     0x577476dc7b32 - std[70759c8f55707aa4]::panicking::panic_handler::{closure#0}
[INFO] [stdout]    8:     0x577476dc04a9 - std[70759c8f55707aa4]::sys::backtrace::__rust_end_short_backtrace::<std[70759c8f55707aa4]::panicking::panic_handler::{closure#0}, !>
[INFO] [stdout]    9:     0x577476dc89cd - __rustc[8fa7c3cbc660c2b3]::rust_begin_unwind
[INFO] [stdout]   10:     0x577476e04ebc - core[df12db4294e9bfd3]::panicking::panic_fmt
[INFO] [stdout]   11:     0x577476e04c92 - core[df12db4294e9bfd3]::result::unwrap_failed
[INFO] [stdout]   12:     0x577476c6355f - journal[ea89040aa4c4b3d9]::tests::verification::verify_file_rejects_referenced_zero_sized_data_object
[INFO] [stdout]   13:     0x577476c89929 - <journal[ea89040aa4c4b3d9]::tests::verification::verify_file_rejects_referenced_zero_sized_data_object::{closure#0} as core[df12db4294e9bfd3]::ops::function::FnOnce<()>>::call_once
[INFO] [stdout]   14:     0x577476cb08bb - test[9d35eded1c95d3be]::__rust_begin_short_backtrace::<core[df12db4294e9bfd3]::result::Result<(), alloc[2182bb758b4b3781]::string::String>, fn() -> core[df12db4294e9bfd3]::result::Result<(), alloc[2182bb758b4b3781]::string::String>>
[INFO] [stdout]   15:     0x577476cbdf25 - test[9d35eded1c95d3be]::run_test::{closure#0}
[INFO] [stdout]   16:     0x577476cb77e4 - std[70759c8f55707aa4]::sys::backtrace::__rust_begin_short_backtrace::<test[9d35eded1c95d3be]::run_test::{closure#1}, ()>
[INFO] [stdout]   17:     0x577476cc1082 - <std[70759c8f55707aa4]::thread::lifecycle::spawn_unchecked<test[9d35eded1c95d3be]::run_test::{closure#1}, ()>::{closure#1} as core[df12db4294e9bfd3]::ops::function::FnOnce<()>>::call_once::{shim:vtable#0}
[INFO] [stdout]   18:     0x577476dedc39 - <std[70759c8f55707aa4]::sys::thread::unix::Thread>::new::thread_start
[INFO] [stdout]   19:     0x7390506cedfa - <unknown>
[INFO] [stdout]   20:     0x7390507623d4 - clone
[INFO] [stdout]   21:                0x0 - <unknown>
[INFO] [stdout] 
[INFO] [stdout] ---- tests::verification::verify_file_passes_on_valid_fixture stdout ----
[INFO] [stdout] 
[INFO] [stdout] thread 'tests::verification::verify_file_passes_on_valid_fixture' (2127) panicked at src/tests/verification.rs:132:24:
[INFO] [stdout] expected verification to pass for valid fixture: VerificationError("open/decompression failed: i/o error during object operation: No such file or directory (os error 2)")
[INFO] [stdout] stack backtrace:
[INFO] [stdout]    0:     0x577476dee981 - <<std[70759c8f55707aa4]::sys::backtrace::BacktraceLock>::print::DisplayBacktrace as core[df12db4294e9bfd3]::fmt::Display>::fmt
[INFO] [stdout]    1:     0x577476e0475a - core[df12db4294e9bfd3]::fmt::write
[INFO] [stdout]    2:     0x577476df31fc - <alloc[2182bb758b4b3781]::vec::Vec<u8> as core[df12db4294e9bfd3]::io::write::Write>::write_fmt
[INFO] [stdout]    3:     0x577476dc7a86 - std[70759c8f55707aa4]::panicking::default_hook::{closure#0}
[INFO] [stdout]    4:     0x577476de58d9 - std[70759c8f55707aa4]::panicking::default_hook
[INFO] [stdout]    5:     0x577476cbd5d0 - test[9d35eded1c95d3be]::test_main_inner::<test[9d35eded1c95d3be]::test_main_static::{closure#0}>::{closure#0}
[INFO] [stdout]    6:     0x577476de5a92 - std[70759c8f55707aa4]::panicking::panic_with_hook
[INFO] [stdout]    7:     0x577476dc7b32 - std[70759c8f55707aa4]::panicking::panic_handler::{closure#0}
[INFO] [stdout]    8:     0x577476dc04a9 - std[70759c8f55707aa4]::sys::backtrace::__rust_end_short_backtrace::<std[70759c8f55707aa4]::panicking::panic_handler::{closure#0}, !>
[INFO] [stdout]    9:     0x577476dc89cd - __rustc[8fa7c3cbc660c2b3]::rust_begin_unwind
[INFO] [stdout]   10:     0x577476e04ebc - core[df12db4294e9bfd3]::panicking::panic_fmt
[INFO] [stdout]   11:     0x577476e04c92 - core[df12db4294e9bfd3]::result::unwrap_failed
[INFO] [stdout]   12:     0x577476c61ad4 - journal[ea89040aa4c4b3d9]::tests::verification::verify_file_passes_on_valid_fixture
[INFO] [stdout]   13:     0x577476c898a9 - <journal[ea89040aa4c4b3d9]::tests::verification::verify_file_passes_on_valid_fixture::{closure#0} as core[df12db4294e9bfd3]::ops::function::FnOnce<()>>::call_once
[INFO] [stdout]   14:     0x577476cb08bb - test[9d35eded1c95d3be]::__rust_begin_short_backtrace::<core[df12db4294e9bfd3]::result::Result<(), alloc[2182bb758b4b3781]::string::String>, fn() -> core[df12db4294e9bfd3]::result::Result<(), alloc[2182bb758b4b3781]::string::String>>
[INFO] [stdout]   15:     0x577476cbdf25 - test[9d35eded1c95d3be]::run_test::{closure#0}
[INFO] [stdout]   16:     0x577476cb77e4 - std[70759c8f55707aa4]::sys::backtrace::__rust_begin_short_backtrace::<test[9d35eded1c95d3be]::run_test::{closure#1}, ()>
[INFO] [stdout]   17:     0x577476cc1082 - <std[70759c8f55707aa4]::thread::lifecycle::spawn_unchecked<test[9d35eded1c95d3be]::run_test::{closure#1}, ()>::{closure#1} as core[df12db4294e9bfd3]::ops::function::FnOnce<()>>::call_once::{shim:vtable#0}
[INFO] [stdout]   18:     0x577476dedc39 - <std[70759c8f55707aa4]::sys::thread::unix::Thread>::new::thread_start
[INFO] [stdout]   19:     0x7390506cedfa - <unknown>
[INFO] [stdout]   20:     0x7390507623d4 - clone
[INFO] [stdout]   21:                0x0 - <unknown>
[INFO] [stdout] 
[INFO] [stdout] 
[INFO] [stdout] failures:
[INFO] [stdout]     tests::indexed_snapshot::indexed_historical_and_whole_file_compressed_fixtures
[INFO] [stdout]     tests::no_rtc_fixtures_drain_without_tail_object_errors
[INFO] [stdout]     tests::verification::verify_file_passes_on_valid_fixture
[INFO] [stdout]     tests::verification::verify_file_rejects_referenced_zero_sized_data_object
[INFO] [stdout] 
[INFO] [stdout] test result: FAILED. 163 passed; 4 failed; 0 ignored; 0 measured; 0 filtered out; finished in 6.20s
[INFO] [stdout] 
[INFO] [stderr] error: test failed, to rerun pass `--lib`
[INFO] running `Command { std: "docker" "inspect" "41e4498cef4b3befec55f2705e54e7d9f214bac60315526426dd05bed88d29c7", kill_on_drop: false }`
[INFO] running `Command { std: "docker" "rm" "-f" "41e4498cef4b3befec55f2705e54e7d9f214bac60315526426dd05bed88d29c7", kill_on_drop: false }`
[INFO] [stdout] 41e4498cef4b3befec55f2705e54e7d9f214bac60315526426dd05bed88d29c7
