[INFO] fetching crate systemd-journal-sdk-core 0.10.0...
[INFO] testing systemd-journal-sdk-core-0.10.0 against 1.100.0-beta.1+cargoflags=--release for beta-release-1.100-2
[INFO] extracting crate systemd-journal-sdk-core 0.10.0 into /workspace/builds/worker-5-tc2/source
[INFO] started tweaking crates.io crate systemd-journal-sdk-core 0.10.0
[INFO] removed 0 missing examples
[INFO] finished tweaking crates.io crate systemd-journal-sdk-core 0.10.0
[INFO] tweaked toml for crates.io crate systemd-journal-sdk-core 0.10.0 written to /workspace/builds/worker-5-tc2/source/Cargo.toml
[INFO] validating manifest of crates.io crate systemd-journal-sdk-core 0.10.0 on toolchain 1.100.0-beta.1
[INFO] running `Command { std: CARGO_HOME="/workspace/cargo-home" RUSTUP_HOME="/workspace/rustup-home" "/workspace/cargo-home/bin/cargo" "+1.100.0-beta.1" "metadata" "--manifest-path" "Cargo.toml" "--no-deps", kill_on_drop: false }`
[INFO] crate crates.io crate systemd-journal-sdk-core 0.10.0 already has a lockfile, it will not be regenerated
[INFO] running `Command { std: CARGO_HOME="/workspace/cargo-home" RUSTUP_HOME="/workspace/rustup-home" "/workspace/cargo-home/bin/cargo" "+1.100.0-beta.1" "fetch" "--manifest-path" "Cargo.toml", kill_on_drop: false }`
[INFO] [stderr] warning: `package.homepage` is redundant with `package.repository`
[INFO] [stderr]    --> Cargo.toml:106:12
[INFO] [stderr]     |
[INFO] [stderr] 106 | homepage = "https://github.com/netdata/systemd-journal-sdk"
[INFO] [stderr]     |            ^^^^^^^^^^^^^^^^^^^^^^^^^^^^^^^^^^^^^^^^^^^^^^^^
[INFO] [stderr] ...
[INFO] [stderr] 111 | repository = "https://github.com/netdata/systemd-journal-sdk"
[INFO] [stderr]     |              ------------------------------------------------
[INFO] [stderr]     |
[INFO] [stderr]     = note: `cargo::redundant_homepage` is set to `warn` by default
[INFO] [stderr] help: consider removing `package.homepage`
[INFO] [stderr] warning: `systemd-journal-sdk-core` (manifest) generated 1 warning
[INFO] running `Command { std: "docker" "create" "-v" "/var/lib/crater-agent-workspace/builds/worker-5-tc2/source:/opt/rustwide/workdir:ro,Z" "-v" "/var/lib/crater-agent-workspace/builds/worker-5-tc2/target:/opt/rustwide/target:rw,Z" "-v" "/var/lib/crater-agent-workspace/cargo-home:/opt/rustwide/cargo-home:ro,Z" "-v" "/var/lib/crater-agent-workspace/rustup-home:/opt/rustwide/rustup-home:ro,Z" "-m" "1610612736" "--network" "none" "ghcr.io/rust-lang/crates-build-env/linux@sha256:77db811e55d90add9212f6832c23229e3de5f1c1f9905e8cb07319ea15df73ac" "sleep" "infinity", kill_on_drop: false }`
[INFO] [stdout] 5162f52afc0f16e59e9e189f23f872db1b30550dcba5166be44e43bf423b59ba
[INFO] running `Command { std: "docker" "start" "5162f52afc0f16e59e9e189f23f872db1b30550dcba5166be44e43bf423b59ba", kill_on_drop: false }`
[INFO] running `Command { std: "docker" "inspect" "5162f52afc0f16e59e9e189f23f872db1b30550dcba5166be44e43bf423b59ba", kill_on_drop: false }`
[INFO] running `Command { std: "docker" "exec" "-e" "SOURCE_DIR=/opt/rustwide/workdir" "-e" "CARGO_HOME=/opt/rustwide/cargo-home" "-e" "RUSTUP_HOME=/opt/rustwide/rustup-home" "-e" "CARGO_TARGET_DIR=/opt/rustwide/target" "-w" "/opt/rustwide/workdir" "--user" "0:0" "5162f52afc0f16e59e9e189f23f872db1b30550dcba5166be44e43bf423b59ba" "/opt/rustwide/cargo-home/bin/cargo" "+1.100.0-beta.1" "metadata" "--no-deps" "--format-version=1", kill_on_drop: false }`
[INFO] running `Command { std: "docker" "inspect" "5162f52afc0f16e59e9e189f23f872db1b30550dcba5166be44e43bf423b59ba", kill_on_drop: false }`
[INFO] running `Command { std: "docker" "exec" "-e" "SOURCE_DIR=/opt/rustwide/workdir" "-e" "CARGO_HOME=/opt/rustwide/cargo-home" "-e" "RUSTUP_HOME=/opt/rustwide/rustup-home" "-e" "CARGO_TARGET_DIR=/opt/rustwide/target" "-e" "CARGO_INCREMENTAL=0" "-e" "RUST_BACKTRACE=full" "-e" "RUSTFLAGS=--cap-lints=warn" "-e" "RUSTDOCFLAGS=--cap-lints=warn" "-w" "/opt/rustwide/workdir" "--user" "0:0" "5162f52afc0f16e59e9e189f23f872db1b30550dcba5166be44e43bf423b59ba" "/opt/rustwide/cargo-home/bin/cargo" "+1.100.0-beta.1" "build" "--frozen" "--message-format=json" "--release", kill_on_drop: false }`
[INFO] [stderr] warning: `package.homepage` is redundant with `package.repository`
[INFO] [stderr]    --> Cargo.toml:106:12
[INFO] [stderr]     |
[INFO] [stderr] 106 | homepage = "https://github.com/netdata/systemd-journal-sdk"
[INFO] [stderr]     |            ^^^^^^^^^^^^^^^^^^^^^^^^^^^^^^^^^^^^^^^^^^^^^^^^
[INFO] [stderr] ...
[INFO] [stderr] 111 | repository = "https://github.com/netdata/systemd-journal-sdk"
[INFO] [stderr]     |              ------------------------------------------------
[INFO] [stderr]     |
[INFO] [stderr]     = note: `cargo::redundant_homepage` is set to `warn` by default
[INFO] [stderr] help: consider removing `package.homepage`
[INFO] [stderr] warning: `systemd-journal-sdk-core` (manifest) generated 1 warning
[INFO] [stderr]    Compiling syn v2.0.119
[INFO] [stderr]    Compiling zstd-sys v2.0.16+zstd.1.5.7
[INFO] [stderr]    Compiling zerocopy v0.9.0-alpha.0
[INFO] [stderr]    Compiling notify v8.2.0
[INFO] [stderr]    Compiling uuid v1.24.0
[INFO] [stderr]    Compiling twox-hash v2.1.3
[INFO] [stderr]    Compiling systemd-journal-sdk-common v0.10.0
[INFO] [stderr]    Compiling num-bigint v0.5.1
[INFO] [stderr]    Compiling lz4_flex v0.14.0
[INFO] [stderr]    Compiling lzma-rust2 v0.18.0
[INFO] [stderr]    Compiling ruzstd v0.9.0
[INFO] [stderr]    Compiling tracing-attributes v0.1.31
[INFO] [stderr]    Compiling tokio-macros v2.7.1
[INFO] [stderr]    Compiling zerocopy-derive v0.9.0-alpha.0
[INFO] [stderr]    Compiling tokio v1.53.1
[INFO] [stderr]    Compiling tracing v0.1.44
[INFO] [stderr]    Compiling systemd-journal-sdk-registry v0.10.0
[INFO] [stderr]    Compiling zstd-safe v7.2.4
[INFO] [stderr]    Compiling zstd v0.13.3
[INFO] [stderr]    Compiling systemd-journal-sdk-core v0.10.0 (/opt/rustwide/workdir)
[INFO] [stderr] warning: unused dependency `serde_json`
[INFO] [stderr]   --> Cargo.toml:45:15
[INFO] [stderr]    |
[INFO] [stderr] 45 | [dependencies.serde_json]
[INFO] [stderr]    |               ^^^^^^^^^^^
[INFO] [stderr]    |
[INFO] [stderr]    = note: `cargo::unused_dependencies` is set to `warn` by default
[INFO] [stderr] help: consider removing the dependency on `serde_json`
[INFO] [stderr] warning: `systemd-journal-sdk-core` (manifest) generated 1 warning
[INFO] [stderr]     Finished `release` profile [optimized] target(s) in 47.87s
[INFO] running `Command { std: "docker" "inspect" "5162f52afc0f16e59e9e189f23f872db1b30550dcba5166be44e43bf423b59ba", kill_on_drop: false }`
[INFO] running `Command { std: "docker" "exec" "-e" "SOURCE_DIR=/opt/rustwide/workdir" "-e" "CARGO_HOME=/opt/rustwide/cargo-home" "-e" "RUSTUP_HOME=/opt/rustwide/rustup-home" "-e" "CARGO_TARGET_DIR=/opt/rustwide/target" "-e" "CARGO_INCREMENTAL=0" "-e" "RUST_BACKTRACE=full" "-e" "RUSTFLAGS=--cap-lints=warn" "-e" "RUSTDOCFLAGS=--cap-lints=warn" "-w" "/opt/rustwide/workdir" "--user" "0:0" "5162f52afc0f16e59e9e189f23f872db1b30550dcba5166be44e43bf423b59ba" "/opt/rustwide/cargo-home/bin/cargo" "+1.100.0-beta.1" "test" "--frozen" "--no-run" "--message-format=json" "--release", kill_on_drop: false }`
[INFO] [stderr] warning: `package.homepage` is redundant with `package.repository`
[INFO] [stderr]    --> Cargo.toml:106:12
[INFO] [stderr]     |
[INFO] [stderr] 106 | homepage = "https://github.com/netdata/systemd-journal-sdk"
[INFO] [stderr]     |            ^^^^^^^^^^^^^^^^^^^^^^^^^^^^^^^^^^^^^^^^^^^^^^^^
[INFO] [stderr] ...
[INFO] [stderr] 111 | repository = "https://github.com/netdata/systemd-journal-sdk"
[INFO] [stderr]     |              ------------------------------------------------
[INFO] [stderr]     |
[INFO] [stderr]     = note: `cargo::redundant_homepage` is set to `warn` by default
[INFO] [stderr] help: consider removing `package.homepage`
[INFO] [stderr] warning: `systemd-journal-sdk-core` (manifest) generated 1 warning
[INFO] [stderr]    Compiling inotify v0.11.4
[INFO] [stderr]    Compiling notify-types v2.1.0
[INFO] [stderr]    Compiling notify v8.2.0
[INFO] [stderr]    Compiling systemd-journal-sdk-registry v0.10.0
[INFO] [stderr]    Compiling systemd-journal-sdk-core v0.10.0 (/opt/rustwide/workdir)
[INFO] [stderr] warning: unused dependency `serde_json`
[INFO] [stderr]   --> Cargo.toml:45:15
[INFO] [stderr]    |
[INFO] [stderr] 45 | [dependencies.serde_json]
[INFO] [stderr]    |               ^^^^^^^^^^^
[INFO] [stderr]    |
[INFO] [stderr]    = note: `cargo::unused_dependencies` is set to `warn` by default
[INFO] [stderr] help: consider removing the dependency on `serde_json`
[INFO] [stderr] help: to still use for development builds, move to `dev-dependencies`
[INFO] [stderr] warning: `systemd-journal-sdk-core` (manifest) generated 1 warning
[INFO] [stderr]     Finished `release` profile [optimized] target(s) in 16.45s
[INFO] running `Command { std: "docker" "inspect" "5162f52afc0f16e59e9e189f23f872db1b30550dcba5166be44e43bf423b59ba", kill_on_drop: false }`
[INFO] running `Command { std: "docker" "exec" "-e" "SOURCE_DIR=/opt/rustwide/workdir" "-e" "CARGO_HOME=/opt/rustwide/cargo-home" "-e" "RUSTUP_HOME=/opt/rustwide/rustup-home" "-e" "CARGO_TARGET_DIR=/opt/rustwide/target" "-e" "CARGO_INCREMENTAL=0" "-e" "RUST_BACKTRACE=full" "-e" "RUSTFLAGS=--cap-lints=warn" "-e" "RUSTDOCFLAGS=--cap-lints=warn" "-w" "/opt/rustwide/workdir" "--user" "0:0" "5162f52afc0f16e59e9e189f23f872db1b30550dcba5166be44e43bf423b59ba" "/opt/rustwide/cargo-home/bin/cargo" "+1.100.0-beta.1" "test" "--frozen" "--release", kill_on_drop: false }`
[INFO] [stderr] warning: `package.homepage` is redundant with `package.repository`
[INFO] [stderr]    --> Cargo.toml:106:12
[INFO] [stderr]     |
[INFO] [stderr] 106 | homepage = "https://github.com/netdata/systemd-journal-sdk"
[INFO] [stderr]     |            ^^^^^^^^^^^^^^^^^^^^^^^^^^^^^^^^^^^^^^^^^^^^^^^^
[INFO] [stderr] ...
[INFO] [stderr] 111 | repository = "https://github.com/netdata/systemd-journal-sdk"
[INFO] [stderr]     |              ------------------------------------------------
[INFO] [stderr]     |
[INFO] [stderr]     = note: `cargo::redundant_homepage` is set to `warn` by default
[INFO] [stderr] help: consider removing `package.homepage`
[INFO] [stderr] warning: `systemd-journal-sdk-core` (manifest) generated 1 warning
[INFO] [stderr] warning: unused dependency `serde_json`
[INFO] [stderr]   --> Cargo.toml:45:15
[INFO] [stderr]    |
[INFO] [stderr] 45 | [dependencies.serde_json]
[INFO] [stderr]    |               ^^^^^^^^^^^
[INFO] [stderr]    |
[INFO] [stderr]    = note: `cargo::unused_dependencies` is set to `warn` by default
[INFO] [stderr] help: consider removing the dependency on `serde_json`
[INFO] [stderr] help: to still use for development builds, move to `dev-dependencies`
[INFO] [stderr] warning: `systemd-journal-sdk-core` (manifest) generated 1 warning
[INFO] [stderr]     Finished `release` profile [optimized] target(s) in 0.11s
[INFO] [stderr]      Running unittests src/lib.rs (/opt/rustwide/target/release/build/systemd-journal-sdk-core/36961742f837c044/out/journal_core-36961742f837c044)
[INFO] [stdout] 
[INFO] [stdout] running 91 tests
[INFO] [stdout] test file::file::tests::payload_parts_structured_equals_contiguous_payload ... ok
[INFO] [stdout] test file::guarded_cell::tests::test_guard_prevents_double_borrow ... ok
[INFO] [stdout] test file::hash::tests::jenkins_hash64_matches_systemd_lookup3_values ... ok
[INFO] [stdout] test file::guarded_cell::tests::test_get_mut ... ok
[INFO] [stdout] test file::hash::tests::multi_part_jenkins_hash_matches_all_payload_splits ... ok
[INFO] [stdout] test file::hash::tests::multi_part_hashes_match_concatenated_payload ... ok
[INFO] [stdout] test file::mmap::tests::live_reader_refreshes_file_size_only_when_access_exceeds_cache ... ok
[INFO] [stdout] test file::mmap::tests::live_whole_file_maps_cached_file_once_and_remaps_on_growth ... ok
[INFO] [stdout] test file::file::tests::sanitize_header_for_historical_size_matches_per_field_boundaries ... ok
[INFO] [stdout] test file::mmap::tests::post_change_drops_mappings_before_truncating_oversized_windows ... ok
[INFO] [stdout] test file::guarded_cell::tests::test_into_inner ... ok
[INFO] [stdout] test file::mmap::tests::row_pinned_slice_uses_overflow_storage_at_window_limit_one ... ok
[INFO] [stdout] test file::mmap::tests::sequential_boundary_crossing_slides_window_instead_of_growing_from_start ... ok
[INFO] [stdout] test file::mmap::tests::snapshot_reader_does_not_refresh_file_size_after_growth ... ok
[INFO] [stdout] test file::mmap::tests::snapshot_whole_file_does_not_refresh_file_size_after_growth ... ok
[INFO] [stdout] test file::lock::tests::stale_dead_pid_lock_is_reclaimed ... ok
[INFO] [stdout] test file::file::tests::entry_data_iterator_reports_zero_offsets_as_invalid ... ok
[INFO] [stdout] test file::guarded_cell::tests::test_basic_borrow ... ok
[INFO] [stdout] test file::file::tests::visit_data_payload_at_decompresses_payload ... ok
[INFO] [stdout] test file::hash::tests::contiguous_jenkins_fast_path_matches_multi_part_reference_for_tail_lengths ... ok
[INFO] [stdout] test file::mmap::tests::test_consistent_state_after_failed_eviction ... ok
[INFO] [stdout] test file::file::tests::visit_data_payload_at_returns_compact_uncompressed_payload ... ok
[INFO] [stdout] test file::file::tests::writer_lock_is_disabled_by_default ... ok
[INFO] [stdout] test file::mmap::tests::test_consistent_state_after_failed_remap ... ok
[INFO] [stdout] test file::object::tests::lz4_decompress_clears_buffer_on_short_prefix ... ok
[INFO] [stdout] test file::mmap::tests::snapshot_whole_file_maps_cached_file_once ... ok
[INFO] [stdout] test file::object::tests::lz4_decompress_rejects_oversized_payload_prefix ... ok
[INFO] [stdout] test file::object::tests::lz4_decompress_rejects_size_mismatch ... ok
[INFO] [stdout] test file::object::tests::lz4_decompress_clears_buffer_on_decode_error ... ok
[INFO] [stdout] test file::object::tests::read_limited_to_end_errors_and_clears_when_limit_is_exceeded ... ok
[INFO] [stdout] test file::object_compression::tests::zstd_decompressor_keeps_ruzstd_fallback ... ok
[INFO] [stdout] test file::mmap::tests::whole_file_writer_owned_remaps_after_post_change_growth ... ok
[INFO] [stdout] test file::object_compression::tests::native_zstd_decompresses_into_reserved_vec ... ok
[INFO] [stdout] test file::file::tests::writer_lock_helper_rejects_second_acquire ... ok
[INFO] [stdout] test file::file::tests::create_uses_journal_file_permissions ... ok
[INFO] [stdout] test file::reader::tests::build_filter_failure_keeps_pending_filter ... ok
[INFO] [stdout] test file::reader::tests::build_filter_returns_expr_and_consumes_pending_filter ... ok
[INFO] [stdout] test file::object::header_tests::stable_header_accepts_population_boundaries ... ok
[INFO] [stdout] test file::writer::tests::compression_threshold_clamps_to_systemd_minimum ... ok
[INFO] [stdout] test file::object::header_tests::stable_header_historical_population_gates ... ok
[INFO] [stdout] test file::writer::tests::default_duplicate_elimination_keeps_one_resolved_state ... ok
[INFO] [stdout] test file::writer::tests::compression_threshold_matches_systemd_default_boundary ... ok
[INFO] [stdout] test file::writer::tests::field_cache_hits_exact_field_names ... ok
[INFO] [stdout] test file::writer::tests::field_cache_skips_oversized_field_names ... ok
[INFO] [stdout] test file::writer::tests::field_cache_stays_bounded_after_capacity_is_exceeded ... ok
[INFO] [stdout] test file::writer::tests::compact_invalid_cached_tail_falls_back_to_authoritative_array_chain ... ok
[INFO] [stdout] test file::object::header_tests::stable_header_hash_table_population_boundaries ... ok
[INFO] [stdout] test file::mmap::tests::publication_preserves_retained_allocation_and_trims_only_window_growth ... ok
[INFO] [stdout] test file::object::header_tests::stable_header_rejects_population_contradictions ... ok
[INFO] [stdout] test file::writer::tests::new_data_entry_item_starts_with_empty_link_state ... ok
[INFO] [stdout] test file::writer::tests::entry_seqnum_override_preserves_gaps ... ok
[INFO] [stdout] test file::writer::tests::same_boot_monotonic_is_clamped_by_low_level_writer ... ok
[INFO] [stdout] test file::writer::tests::entry_boot_id_override_preserves_multiboot_ordering ... ok
[INFO] [stdout] test file::file::tests::compact_writer_reader_and_stock_journalctl ... ok
[INFO] [stdout] test file::object::header_tests::stable_header_array_reference_population ... ok
[INFO] [stdout] test file::writer::tests::resolved_data_link_state_tracks_regular_and_compact_tail_growth ... ok
[INFO] [stdout] test file::file::tests::open_for_append_rejects_unkeyed_journal_without_mutation ... ok
[INFO] [stdout] test file::writer::tests::compact_writer_grows_arena_past_initial_allocation ... ok
[INFO] [stdout] test file::writer::tests::seal_tests::unsealed_writer_does_not_set_sealed_flags ... ok
[INFO] [stdout] test file::file::tests::live_readers_open_and_follow_during_arena_growth ... ok
[INFO] [stdout] test file::writer::tests::compact_preflight_failure_without_mutation_allows_retry ... ok
[INFO] [stdout] test file::writer::tests::all_mutating_append_stages_poison_writer_and_block_retry ... ok
[INFO] [stdout] test file::writer::tests::structured_tests::structured_writer_deduplicates_duplicate_payloads_by_default ... ok
[INFO] [stdout] test file::writer::tests::structured_tests::structured_writer_matches_raw_payload_writer_bytes ... ok
[INFO] [stdout] test file::writer::tests::structured_tests::mixed_entry_fields_match_raw_payload_writer_bytes ... ok
[INFO] [stdout] test file::writer::tests::structured_tests::live_publication_modes_preserve_closed_file_bytes ... ok
[INFO] [stdout] test file::writer::tests::seal_tests::sealed_writer_tampered_data_fails_stock_verify ... ok
[INFO] [stdout] test file::writer::tests::structured_tests::structured_writer_preserves_binary_field_values ... ok
[INFO] [stdout] test file::writer::tests::structured_tests::structured_writer_rejects_invalid_field_names_before_writing ... ok
[INFO] [stdout] test file::writer::tests::seal_tests::sealed_writer_multi_interval_gap_passes_stock_verify ... ok
[INFO] [stdout] test file::writer::tests::trusted_unique_duplicate_offsets_use_authoritative_fallback_state ... ok
[INFO] [stdout] test file::writer::tests::writer_constructor_rejects_unkeyed_journal_without_panic ... ok
[INFO] [stdout] test file::writer::tests::writer_add_entry_rejects_unkeyed_journal_without_mutation ... ok
[INFO] [stdout] test file::writer::tests::zstd_frame_with_content_size_adds_decodable_frame_size ... ok
[INFO] [stdout] test file::writer::tests::zstd_frame_with_content_size_leaves_unsupported_frames_unchanged ... ok
[INFO] [stdout] test fss::tests::test_fsprg_vectors ... FAILED
[INFO] [stdout] test file::writer::tests::structured_tests::writer_field_name_policies_cover_journald_app_and_raw ... ok
[INFO] [stdout] test file::writer::tests::seal_tests::sealed_writer_interval_crossing_passes_stock_verify ... ok
[INFO] [stdout] test file::writer::tests::trusted_unique_duplicate_fallback_reads_updated_data_state ... ok
[INFO] [stdout] test file::writer::tests::writer_initial_arena_covers_large_hash_tables ... ok
[INFO] [stdout] test file::writer::tests::structured_tests::trusted_unique_payloads_keeps_unique_entry_output_identical ... ok
[INFO] [stdout] test file::writer::tests::seal_tests::compact_sealed_writer_passes_stock_verify ... ok
[INFO] [stdout] test file::writer::tests::seal_tests::sealed_writer_wrong_key_fails_stock_verify ... ok
[INFO] [stdout] test file::file::tests::live_open_rejects_unsafe_header_and_table_mappings ... ok
[INFO] [stdout] test file::writer::tests::structured_tests::structured_writer_matches_raw_payload_writer_bytes_across_deterministic_corpus ... ok
[INFO] [stdout] test file::writer::tests::seal_tests::sealed_writer_first_entry_future_epoch_passes_stock_verify ... ok
[INFO] [stdout] test file::writer::tests::seal_tests::sealed_writer_empty_file_passes_stock_verify ... ok
[INFO] [stdout] test file::writer::tests::seal_tests::sealed_writer_entry_before_start_rejected ... ok
[INFO] [stdout] test file::writer::tests::seal_tests::sealed_writer_basic_passes_stock_verify ... ok
[INFO] [stdout] test file::writer::tests::seal_tests::sealed_writer_unaligned_start_uses_systemd_epoch_boundary ... ok
[INFO] [stdout] test file::writer::tests::append_validation_poison_depends_on_prior_publication_mutation ... ok
[INFO] [stdout] 
[INFO] [stdout] failures:
[INFO] [stdout] 
[INFO] [stdout] ---- fss::tests::test_fsprg_vectors stdout ----
[INFO] [stdout] 
[INFO] [stdout] thread 'fss::tests::test_fsprg_vectors' (1017) panicked at src/fss.rs:333:33:
[INFO] [stdout] failed to read fixture at /tests/fss/fixtures/fsprg-vectors-v01.json: No such file or directory (os error 2)
[INFO] [stdout] stack backtrace:
[INFO] [stdout]    0:     0x5eb42affce11 - <<std[617be2ca0a6fd877]::sys::backtrace::BacktraceLock>::print::DisplayBacktrace as core[a373ad73a504971]::fmt::Display>::fmt
[INFO] [stdout]    1:     0x5eb42b011daa - core[a373ad73a504971]::fmt::write
[INFO] [stdout]    2:     0x5eb42b00132c - <alloc[2e1b2a31b91974c5]::vec::Vec<u8> as core[a373ad73a504971]::io::write::Write>::write_fmt
[INFO] [stdout]    3:     0x5eb42afd6d46 - std[617be2ca0a6fd877]::panicking::default_hook::{closure#0}
[INFO] [stdout]    4:     0x5eb42aff4229 - std[617be2ca0a6fd877]::panicking::default_hook
[INFO] [stdout]    5:     0x5eb42af4cb40 - test[aada8e7e76ba119b]::test_main_inner::{closure#0}
[INFO] [stdout]    6:     0x5eb42aff43e2 - std[617be2ca0a6fd877]::panicking::panic_with_hook
[INFO] [stdout]    7:     0x5eb42afd6df2 - std[617be2ca0a6fd877]::panicking::panic_handler::{closure#0}
[INFO] [stdout]    8:     0x5eb42afcf859 - std[617be2ca0a6fd877]::sys::backtrace::__rust_end_short_backtrace::<std[617be2ca0a6fd877]::panicking::panic_handler::{closure#0}, !>
[INFO] [stdout]    9:     0x5eb42afd79fd - __rustc[ea4f61d10b84890b]::rust_begin_unwind
[INFO] [stdout]   10:     0x5eb42b01250c - core[a373ad73a504971]::panicking::panic_fmt
[INFO] [stdout]   11:     0x5eb42ae25069 - journal_core[af92bfa2f87df8a1]::fss::tests::load_fixture::{closure#0}
[INFO] [stdout]   12:     0x5eb42ae28919 - <journal_core[af92bfa2f87df8a1]::fss::tests::test_fsprg_vectors::{closure#0} as core[a373ad73a504971]::ops::function::FnOnce<()>>::call_once
[INFO] [stdout]   13:     0x5eb42af3ff8b - test[aada8e7e76ba119b]::__rust_begin_short_backtrace::<core[a373ad73a504971]::result::Result<(), alloc[2e1b2a31b91974c5]::string::String>, fn() -> core[a373ad73a504971]::result::Result<(), alloc[2e1b2a31b91974c5]::string::String>>
[INFO] [stdout]   14:     0x5eb42af4d165 - test[aada8e7e76ba119b]::run_test::{closure#0}
[INFO] [stdout]   15:     0x5eb42af46a54 - std[617be2ca0a6fd877]::sys::backtrace::__rust_begin_short_backtrace::<test[aada8e7e76ba119b]::run_test::{closure#1}, ()>
[INFO] [stdout]   16:     0x5eb42af501f2 - <std[617be2ca0a6fd877]::thread::lifecycle::spawn_unchecked<test[aada8e7e76ba119b]::run_test::{closure#1}, ()>::{closure#1} as core[a373ad73a504971]::ops::function::FnOnce<()>>::call_once::{shim:vtable#0}
[INFO] [stdout]   17:     0x5eb42affbd0f - <std[617be2ca0a6fd877]::sys::thread::unix::Thread>::new::thread_start
[INFO] [stdout]   18:     0x7b38fdb78dfa - <unknown>
[INFO] [stdout]   19:     0x7b38fdc0c3d4 - clone
[INFO] [stdout]   20:                0x0 - <unknown>
[INFO] [stdout] 
[INFO] [stdout] 
[INFO] [stdout] failures:
[INFO] [stdout]     fss::tests::test_fsprg_vectors
[INFO] [stdout] 
[INFO] [stdout] test result: FAILED. 90 passed; 1 failed; 0 ignored; 0 measured; 0 filtered out; finished in 3.59s
[INFO] [stdout] 
[INFO] [stderr] error: test failed, to rerun pass `--lib`
[INFO] running `Command { std: "docker" "inspect" "5162f52afc0f16e59e9e189f23f872db1b30550dcba5166be44e43bf423b59ba", kill_on_drop: false }`
[INFO] running `Command { std: "docker" "rm" "-f" "5162f52afc0f16e59e9e189f23f872db1b30550dcba5166be44e43bf423b59ba", kill_on_drop: false }`
[INFO] [stdout] 5162f52afc0f16e59e9e189f23f872db1b30550dcba5166be44e43bf423b59ba
