[INFO] fetching crate systemd-journal-sdk-common 0.10.0...
[INFO] testing systemd-journal-sdk-common-0.10.0 against 1.99.0-beta.8+cargoflags=--release for beta-release-1.100-2
[INFO] extracting crate systemd-journal-sdk-common 0.10.0 into /workspace/builds/worker-1-tc1/source
[INFO] started tweaking crates.io crate systemd-journal-sdk-common 0.10.0
[INFO] finished tweaking crates.io crate systemd-journal-sdk-common 0.10.0
[INFO] tweaked toml for crates.io crate systemd-journal-sdk-common 0.10.0 written to /workspace/builds/worker-1-tc1/source/Cargo.toml
[INFO] validating manifest of crates.io crate systemd-journal-sdk-common 0.10.0 on toolchain 1.99.0-beta.8
[INFO] running `Command { std: CARGO_HOME="/workspace/cargo-home" RUSTUP_HOME="/workspace/rustup-home" "/workspace/cargo-home/bin/cargo" "+1.99.0-beta.8" "metadata" "--manifest-path" "Cargo.toml" "--no-deps", kill_on_drop: false }`
[INFO] crate crates.io crate systemd-journal-sdk-common 0.10.0 already has a lockfile, it will not be regenerated
[INFO] running `Command { std: CARGO_HOME="/workspace/cargo-home" RUSTUP_HOME="/workspace/rustup-home" "/workspace/cargo-home/bin/cargo" "+1.99.0-beta.8" "fetch" "--manifest-path" "Cargo.toml", kill_on_drop: false }`
[INFO] [stderr]  Downloading crates ...
[INFO] [stderr]   Downloaded ctor v1.0.11
[INFO] [stderr]   Downloaded link-section v0.19.1
[INFO] running `Command { std: "docker" "create" "-v" "/var/lib/crater-agent-workspace/builds/worker-1-tc1/source:/opt/rustwide/workdir:ro,Z" "-v" "/var/lib/crater-agent-workspace/builds/worker-1-tc1/target:/opt/rustwide/target:rw,Z" "-v" "/var/lib/crater-agent-workspace/cargo-home:/opt/rustwide/cargo-home:ro,Z" "-v" "/var/lib/crater-agent-workspace/rustup-home:/opt/rustwide/rustup-home:ro,Z" "-m" "1610612736" "--network" "none" "ghcr.io/rust-lang/crates-build-env/linux@sha256:77db811e55d90add9212f6832c23229e3de5f1c1f9905e8cb07319ea15df73ac" "sleep" "infinity", kill_on_drop: false }`
[INFO] [stdout] 1f44694d61cf62bb6917aef0774a5f73ffe166e8f8843738859118ccf7f4f465
[INFO] running `Command { std: "docker" "start" "1f44694d61cf62bb6917aef0774a5f73ffe166e8f8843738859118ccf7f4f465", kill_on_drop: false }`
[INFO] running `Command { std: "docker" "inspect" "1f44694d61cf62bb6917aef0774a5f73ffe166e8f8843738859118ccf7f4f465", kill_on_drop: false }`
[INFO] running `Command { std: "docker" "exec" "-e" "SOURCE_DIR=/opt/rustwide/workdir" "-e" "CARGO_HOME=/opt/rustwide/cargo-home" "-e" "RUSTUP_HOME=/opt/rustwide/rustup-home" "-e" "CARGO_TARGET_DIR=/opt/rustwide/target" "-w" "/opt/rustwide/workdir" "--user" "0:0" "1f44694d61cf62bb6917aef0774a5f73ffe166e8f8843738859118ccf7f4f465" "/opt/rustwide/cargo-home/bin/cargo" "+1.99.0-beta.8" "metadata" "--no-deps" "--format-version=1", kill_on_drop: false }`
[INFO] running `Command { std: "docker" "inspect" "1f44694d61cf62bb6917aef0774a5f73ffe166e8f8843738859118ccf7f4f465", kill_on_drop: false }`
[INFO] running `Command { std: "docker" "exec" "-e" "SOURCE_DIR=/opt/rustwide/workdir" "-e" "CARGO_HOME=/opt/rustwide/cargo-home" "-e" "RUSTUP_HOME=/opt/rustwide/rustup-home" "-e" "CARGO_TARGET_DIR=/opt/rustwide/target" "-e" "CARGO_INCREMENTAL=0" "-e" "RUST_BACKTRACE=full" "-e" "RUSTFLAGS=--cap-lints=warn" "-e" "RUSTDOCFLAGS=--cap-lints=warn" "-w" "/opt/rustwide/workdir" "--user" "0:0" "1f44694d61cf62bb6917aef0774a5f73ffe166e8f8843738859118ccf7f4f465" "/opt/rustwide/cargo-home/bin/cargo" "+1.99.0-beta.8" "build" "--frozen" "--message-format=json" "--release", kill_on_drop: false }`
[INFO] [stderr]    Compiling proc-macro2 v1.0.107
[INFO] [stderr]    Compiling quote v1.0.47
[INFO] [stderr]    Compiling syn v3.0.3
[INFO] [stderr]    Compiling serde_derive v1.0.229
[INFO] [stderr]    Compiling serde v1.0.229
[INFO] [stderr]    Compiling systemd-journal-sdk-common v0.10.0 (/opt/rustwide/workdir)
[INFO] [stderr]     Finished `release` profile [optimized] target(s) in 6.59s
[INFO] running `Command { std: "docker" "inspect" "1f44694d61cf62bb6917aef0774a5f73ffe166e8f8843738859118ccf7f4f465", kill_on_drop: false }`
[INFO] running `Command { std: "docker" "exec" "-e" "SOURCE_DIR=/opt/rustwide/workdir" "-e" "CARGO_HOME=/opt/rustwide/cargo-home" "-e" "RUSTUP_HOME=/opt/rustwide/rustup-home" "-e" "CARGO_TARGET_DIR=/opt/rustwide/target" "-e" "CARGO_INCREMENTAL=0" "-e" "RUST_BACKTRACE=full" "-e" "RUSTFLAGS=--cap-lints=warn" "-e" "RUSTDOCFLAGS=--cap-lints=warn" "-w" "/opt/rustwide/workdir" "--user" "0:0" "1f44694d61cf62bb6917aef0774a5f73ffe166e8f8843738859118ccf7f4f465" "/opt/rustwide/cargo-home/bin/cargo" "+1.99.0-beta.8" "test" "--frozen" "--no-run" "--message-format=json" "--release", kill_on_drop: false }`
[INFO] [stderr]    Compiling systemd-journal-sdk-common v0.10.0 (/opt/rustwide/workdir)
[INFO] [stderr]     Finished `release` profile [optimized] target(s) in 0.49s
[INFO] running `Command { std: "docker" "inspect" "1f44694d61cf62bb6917aef0774a5f73ffe166e8f8843738859118ccf7f4f465", kill_on_drop: false }`
[INFO] running `Command { std: "docker" "exec" "-e" "SOURCE_DIR=/opt/rustwide/workdir" "-e" "CARGO_HOME=/opt/rustwide/cargo-home" "-e" "RUSTUP_HOME=/opt/rustwide/rustup-home" "-e" "CARGO_TARGET_DIR=/opt/rustwide/target" "-e" "CARGO_INCREMENTAL=0" "-e" "RUST_BACKTRACE=full" "-e" "RUSTFLAGS=--cap-lints=warn" "-e" "RUSTDOCFLAGS=--cap-lints=warn" "-w" "/opt/rustwide/workdir" "--user" "0:0" "1f44694d61cf62bb6917aef0774a5f73ffe166e8f8843738859118ccf7f4f465" "/opt/rustwide/cargo-home/bin/cargo" "+1.99.0-beta.8" "test" "--frozen" "--release", kill_on_drop: false }`
[INFO] [stderr]     Finished `release` profile [optimized] target(s) in 0.05s
[INFO] [stderr]      Running unittests src/lib.rs (/opt/rustwide/target/release/deps/journal_common-76dc94a6fca990c5)
[INFO] [stdout] 
[INFO] [stdout] running 31 tests
[INFO] [stdout] test compat::tests::test_is_multiple_of_u32 ... ok
[INFO] [stdout] test time::tests::test_microseconds_add ... ok
[INFO] [stdout] test time::tests::test_microseconds_to_seconds ... ok
[INFO] [stdout] test time::tests::test_monotonic_now_is_ordered ... ok
[INFO] [stdout] test time::tests::test_realtime_clock_forward_jump ... ok
[INFO] [stdout] test time::tests::test_conversion_roundtrip ... ok
[INFO] [stdout] test time::tests::test_from_conversions ... ok
[INFO] [stdout] test time::tests::test_microseconds_checked_add ... ok
[INFO] [stdout] test time::tests::test_microseconds_is_multiple_of ... ok
[INFO] [stdout] test time::tests::test_microseconds_checked_sub ... ok
[INFO] [stdout] test time::tests::test_realtime_clock_handles_same_time ... ok
[INFO] [stdout] test time::tests::test_microseconds_sub ... ok
[INFO] [stdout] test time::tests::test_microseconds_sub_underflow - should panic ... FAILED
[INFO] [stdout] test time::tests::test_microseconds_saturating_sub ... ok
[INFO] [stdout] test time::tests::test_microseconds_rem ... ok
[INFO] [stdout] test time::tests::test_realtime_clock_monotonic ... ok
[INFO] [stdout] test time::tests::test_realtime_clock_observe_preserves_monotonicity ... ok
[INFO] [stdout] test time::tests::test_realtime_clock_with_initial ... ok
[INFO] [stdout] test time::tests::test_seconds_add ... ok
[INFO] [stdout] test time::tests::test_seconds_checked_add ... ok
[INFO] [stdout] test time::tests::test_seconds_sub ... ok
[INFO] [stdout] test time::tests::test_seconds_is_multiple_of ... ok
[INFO] [stdout] test time::tests::test_seconds_saturating_sub ... ok
[INFO] [stdout] test time::tests::test_seconds_rem ... ok
[INFO] [stdout] test time::tests::test_seconds_saturating_add ... ok
[INFO] [stdout] test time::tests::test_realtime_clock_last_seen ... ok
[INFO] [stdout] test compat::tests::test_is_multiple_of_u64 ... ok
[INFO] [stdout] test time::tests::test_microseconds_saturating_add ... ok
[INFO] [stdout] test time::tests::test_seconds_checked_sub ... ok
[INFO] [stderr] error: test failed, to rerun pass `--lib`
[INFO] [stdout] test time::tests::test_seconds_sub_underflow - should panic ... FAILED
[INFO] [stdout] test time::tests::test_seconds_to_microseconds ... ok
[INFO] [stdout] 
[INFO] [stdout] failures:
[INFO] [stdout] 
[INFO] [stdout] ---- time::tests::test_microseconds_sub_underflow stdout ----
[INFO] [stdout] note: test did not panic as expected at src/time.rs:529:8
[INFO] [stdout] ---- time::tests::test_seconds_sub_underflow stdout ----
[INFO] [stdout] note: test did not panic as expected at src/time.rs:444:8
[INFO] [stdout] 
[INFO] [stdout] failures:
[INFO] [stdout]     time::tests::test_microseconds_sub_underflow
[INFO] [stdout]     time::tests::test_seconds_sub_underflow
[INFO] [stdout] 
[INFO] [stdout] test result: FAILED. 29 passed; 2 failed; 0 ignored; 0 measured; 0 filtered out; finished in 0.01s
[INFO] [stdout] 
[INFO] running `Command { std: "docker" "inspect" "1f44694d61cf62bb6917aef0774a5f73ffe166e8f8843738859118ccf7f4f465", kill_on_drop: false }`
[INFO] running `Command { std: "docker" "rm" "-f" "1f44694d61cf62bb6917aef0774a5f73ffe166e8f8843738859118ccf7f4f465", kill_on_drop: false }`
[INFO] [stdout] 1f44694d61cf62bb6917aef0774a5f73ffe166e8f8843738859118ccf7f4f465
