[INFO] fetching crate sysml-core 0.1.0...
[INFO] testing sysml-core-0.1.0 against 1.100.0-beta.1+cargoflags=--release for beta-release-1.100-2
[INFO] extracting crate sysml-core 0.1.0 into /workspace/builds/worker-0-tc2/source
[INFO] started tweaking crates.io crate sysml-core 0.1.0
[INFO] finished tweaking crates.io crate sysml-core 0.1.0
[INFO] tweaked toml for crates.io crate sysml-core 0.1.0 written to /workspace/builds/worker-0-tc2/source/Cargo.toml
[INFO] validating manifest of crates.io crate sysml-core 0.1.0 on toolchain 1.100.0-beta.1
[INFO] running `Command { std: CARGO_HOME="/workspace/cargo-home" RUSTUP_HOME="/workspace/rustup-home" "/workspace/cargo-home/bin/cargo" "+1.100.0-beta.1" "metadata" "--manifest-path" "Cargo.toml" "--no-deps", kill_on_drop: false }`
[INFO] crate crates.io crate sysml-core 0.1.0 already has a lockfile, it will not be regenerated
[INFO] running `Command { std: CARGO_HOME="/workspace/cargo-home" RUSTUP_HOME="/workspace/rustup-home" "/workspace/cargo-home/bin/cargo" "+1.100.0-beta.1" "fetch" "--manifest-path" "Cargo.toml", kill_on_drop: false }`
[INFO] running `Command { std: "docker" "create" "-v" "/var/lib/crater-agent-workspace/builds/worker-0-tc2/source:/opt/rustwide/workdir:ro,Z" "-v" "/var/lib/crater-agent-workspace/builds/worker-0-tc2/target:/opt/rustwide/target:rw,Z" "-v" "/var/lib/crater-agent-workspace/cargo-home:/opt/rustwide/cargo-home:ro,Z" "-v" "/var/lib/crater-agent-workspace/rustup-home:/opt/rustwide/rustup-home:ro,Z" "-m" "1610612736" "--network" "none" "ghcr.io/rust-lang/crates-build-env/linux@sha256:77db811e55d90add9212f6832c23229e3de5f1c1f9905e8cb07319ea15df73ac" "sleep" "infinity", kill_on_drop: false }`
[INFO] [stdout] edbdebf0070c29f624d265902ff6ea0b973253a5ff4af7dce9c2f099fd4428e2
[INFO] running `Command { std: "docker" "start" "edbdebf0070c29f624d265902ff6ea0b973253a5ff4af7dce9c2f099fd4428e2", kill_on_drop: false }`
[INFO] running `Command { std: "docker" "inspect" "edbdebf0070c29f624d265902ff6ea0b973253a5ff4af7dce9c2f099fd4428e2", kill_on_drop: false }`
[INFO] running `Command { std: "docker" "exec" "-e" "SOURCE_DIR=/opt/rustwide/workdir" "-e" "CARGO_HOME=/opt/rustwide/cargo-home" "-e" "RUSTUP_HOME=/opt/rustwide/rustup-home" "-e" "CARGO_TARGET_DIR=/opt/rustwide/target" "-w" "/opt/rustwide/workdir" "--user" "0:0" "edbdebf0070c29f624d265902ff6ea0b973253a5ff4af7dce9c2f099fd4428e2" "/opt/rustwide/cargo-home/bin/cargo" "+1.100.0-beta.1" "metadata" "--no-deps" "--format-version=1", kill_on_drop: false }`
[INFO] running `Command { std: "docker" "inspect" "edbdebf0070c29f624d265902ff6ea0b973253a5ff4af7dce9c2f099fd4428e2", kill_on_drop: false }`
[INFO] running `Command { std: "docker" "exec" "-e" "SOURCE_DIR=/opt/rustwide/workdir" "-e" "CARGO_HOME=/opt/rustwide/cargo-home" "-e" "RUSTUP_HOME=/opt/rustwide/rustup-home" "-e" "CARGO_TARGET_DIR=/opt/rustwide/target" "-e" "CARGO_INCREMENTAL=0" "-e" "RUST_BACKTRACE=full" "-e" "RUSTFLAGS=--cap-lints=warn" "-e" "RUSTDOCFLAGS=--cap-lints=warn" "-w" "/opt/rustwide/workdir" "--user" "0:0" "edbdebf0070c29f624d265902ff6ea0b973253a5ff4af7dce9c2f099fd4428e2" "/opt/rustwide/cargo-home/bin/cargo" "+1.100.0-beta.1" "build" "--frozen" "--message-format=json" "--release", kill_on_drop: false }`
[INFO] [stderr]    Compiling syn v2.0.117
[INFO] [stderr]    Compiling regex-syntax v0.8.10
[INFO] [stderr]    Compiling ucd-trie v0.1.7
[INFO] [stderr]    Compiling num-modular v0.6.1
[INFO] [stderr]    Compiling tree-sitter-sysml v0.1.0
[INFO] [stderr]    Compiling tree-sitter v0.24.7
[INFO] [stderr]    Compiling tree-sitter-language v0.1.7
[INFO] [stderr]    Compiling serde_json v1.0.149
[INFO] [stderr]    Compiling pest v2.8.6
[INFO] [stderr]    Compiling num-order v1.2.0
[INFO] [stderr]    Compiling regex-automata v0.4.14
[INFO] [stderr]    Compiling darling_core v0.20.11
[INFO] [stderr]    Compiling pest_generator v2.8.6
[INFO] [stderr]    Compiling regex v1.12.3
[INFO] [stderr]    Compiling thiserror-impl v2.0.18
[INFO] [stderr]    Compiling serde_derive v1.0.228
[INFO] [stderr]    Compiling pest_derive v2.8.6
[INFO] [stderr]    Compiling thiserror v2.0.18
[INFO] [stderr]    Compiling darling_macro v0.20.11
[INFO] [stderr]    Compiling darling v0.20.11
[INFO] [stderr]    Compiling derive_builder_core v0.20.2
[INFO] [stderr]    Compiling serde v1.0.228
[INFO] [stderr]    Compiling nomograph-core v0.1.0
[INFO] [stderr]    Compiling derive_builder_macro v0.20.2
[INFO] [stderr]    Compiling derive_builder v0.20.2
[INFO] [stderr]    Compiling handlebars v6.4.0
[INFO] [stderr]    Compiling sysml-core v0.1.0 (/opt/rustwide/workdir)
[INFO] [stderr] warning: unused dependency `anyhow`
[INFO] [stderr]  --> Cargo.toml:1:15
[INFO] [stderr]   |
[INFO] [stderr] 1 | [dependencies.anyhow]
[INFO] [stderr]   |               ^^^^^^^
[INFO] [stderr]   |
[INFO] [stderr]   = note: `cargo::unused_dependencies` is set to `warn` by default
[INFO] [stderr] help: consider removing the dependency on `anyhow`
[INFO] [stderr] warning: `sysml-core` (manifest) generated 1 warning
[INFO] [stderr]     Finished `release` profile [optimized] target(s) in 44.08s
[INFO] running `Command { std: "docker" "inspect" "edbdebf0070c29f624d265902ff6ea0b973253a5ff4af7dce9c2f099fd4428e2", kill_on_drop: false }`
[INFO] running `Command { std: "docker" "exec" "-e" "SOURCE_DIR=/opt/rustwide/workdir" "-e" "CARGO_HOME=/opt/rustwide/cargo-home" "-e" "RUSTUP_HOME=/opt/rustwide/rustup-home" "-e" "CARGO_TARGET_DIR=/opt/rustwide/target" "-e" "CARGO_INCREMENTAL=0" "-e" "RUST_BACKTRACE=full" "-e" "RUSTFLAGS=--cap-lints=warn" "-e" "RUSTDOCFLAGS=--cap-lints=warn" "-w" "/opt/rustwide/workdir" "--user" "0:0" "edbdebf0070c29f624d265902ff6ea0b973253a5ff4af7dce9c2f099fd4428e2" "/opt/rustwide/cargo-home/bin/cargo" "+1.100.0-beta.1" "test" "--frozen" "--no-run" "--message-format=json" "--release", kill_on_drop: false }`
[INFO] [stderr]    Compiling sysml-core v0.1.0 (/opt/rustwide/workdir)
[INFO] [stderr] warning: unused dependency `anyhow`
[INFO] [stderr]  --> Cargo.toml:1:15
[INFO] [stderr]   |
[INFO] [stderr] 1 | [dependencies.anyhow]
[INFO] [stderr]   |               ^^^^^^^
[INFO] [stderr]   |
[INFO] [stderr]   = note: `cargo::unused_dependencies` is set to `warn` by default
[INFO] [stderr] help: consider removing the dependency on `anyhow`
[INFO] [stderr] warning: `sysml-core` (manifest) generated 1 warning
[INFO] [stderr]     Finished `release` profile [optimized] target(s) in 11.02s
[INFO] running `Command { std: "docker" "inspect" "edbdebf0070c29f624d265902ff6ea0b973253a5ff4af7dce9c2f099fd4428e2", kill_on_drop: false }`
[INFO] running `Command { std: "docker" "exec" "-e" "SOURCE_DIR=/opt/rustwide/workdir" "-e" "CARGO_HOME=/opt/rustwide/cargo-home" "-e" "RUSTUP_HOME=/opt/rustwide/rustup-home" "-e" "CARGO_TARGET_DIR=/opt/rustwide/target" "-e" "CARGO_INCREMENTAL=0" "-e" "RUST_BACKTRACE=full" "-e" "RUSTFLAGS=--cap-lints=warn" "-e" "RUSTDOCFLAGS=--cap-lints=warn" "-w" "/opt/rustwide/workdir" "--user" "0:0" "edbdebf0070c29f624d265902ff6ea0b973253a5ff4af7dce9c2f099fd4428e2" "/opt/rustwide/cargo-home/bin/cargo" "+1.100.0-beta.1" "test" "--frozen" "--release", kill_on_drop: false }`
[INFO] [stderr] warning: unused dependency `anyhow`
[INFO] [stderr]  --> Cargo.toml:1:15
[INFO] [stderr]   |
[INFO] [stderr] 1 | [dependencies.anyhow]
[INFO] [stderr]   |               ^^^^^^^
[INFO] [stderr]   |
[INFO] [stderr]   = note: `cargo::unused_dependencies` is set to `warn` by default
[INFO] [stderr] help: consider removing the dependency on `anyhow`
[INFO] [stderr] warning: `sysml-core` (manifest) generated 1 warning
[INFO] [stderr]     Finished `release` profile [optimized] target(s) in 0.18s
[INFO] [stderr]      Running unittests src/lib.rs (/opt/rustwide/target/release/build/sysml-core/f369c11f74ce2d11/out/sysml_core-f369c11f74ce2d11)
[INFO] [stdout] 
[INFO] [stdout] running 116 tests
[INFO] [stdout] test diff::tests::test_compact_format ... ok
[INFO] [stdout] test badge::tests::test_render_svg_contains_label_and_value ... ok
[INFO] [stdout] test badge::tests::test_color_thresholds ... ok
[INFO] [stdout] test badge::tests::test_svg_is_valid_xml ... ok
[INFO] [stdout] test diff::tests::test_diff_element_removed ... ok
[INFO] [stdout] test diff::tests::test_diff_element_modified ... ok
[INFO] [stdout] test diff::tests::test_diff_relationship_added ... ok
[INFO] [stdout] test diff::tests::test_diff_no_changes ... ok
[INFO] [stdout] test graph::tests::test_check_orphan_requirements ... ok
[INFO] [stdout] test graph::coverage_tests::test_intentional_no_layer_entries_are_valid ... ok
[INFO] [stdout] test graph::tests::test_check_dangling_references ... ok
[INFO] [stdout] test graph::coverage_tests::test_dispatch_covers_all_non_synthetic_variants ... ok
[INFO] [stdout] test graph::coverage_tests::test_relationship_kind_names_covers_all_variants ... ok
[INFO] [stdout] test graph::coverage_tests::test_parsed_element_kinds_in_vocabulary ... ok
[INFO] [stdout] test diff::tests::test_diff_relationship_removed ... ok
[INFO] [stdout] test graph::coverage_tests::test_classify_layer_covers_all_element_kinds ... ok
[INFO] [stdout] test graph::coverage_tests::test_parsed_relationship_kinds_in_vocabulary ... ok
[INFO] [stdout] test graph::coverage_tests::test_relationship_kind_names_no_stale_entries ... ok
[INFO] [stdout] test graph::coverage_tests::test_structural_kinds_are_valid_relationship_kinds ... ok
[INFO] [stdout] test diff::tests::test_diff_element_added ... ok
[INFO] [stdout] test graph::tests::test_exhibit_usage_extracted ... FAILED
[INFO] [stdout] test badge::tests::test_badge_data_from_eve_model ... FAILED
[INFO] [stdout] test graph::tests::test_check_unconnected_ports ... ok
[INFO] [stdout] test graph::tests::test_cross_file_trace ... FAILED
[INFO] [stdout] test graph::tests::test_first_statement_extracted ... FAILED
[INFO] [stdout] test graph::tests::test_flow_usage_extracted ... FAILED
[INFO] [stdout] test graph::tests::test_index_eve_model ... FAILED
[INFO] [stdout] test graph::tests::test_import_resolution_qualifies_targets ... FAILED
[INFO] [stdout] test graph::tests::test_name_matches_dotted_feature_chain ... ok
[INFO] [stdout] test graph::tests::test_query_typed_by ... FAILED
[INFO] [stdout] test graph::tests::test_inspect_not_found ... ok
[INFO] [stdout] test graph::tests::test_query_unfiltered_includes_all_types ... FAILED
[INFO] [stdout] test graph::tests::test_rflp_layer_in_search_detail ... FAILED
[INFO] [stdout] test graph::tests::test_query_exclude_rel ... FAILED
[INFO] [stdout] test graph::tests::test_members_populated ... FAILED
[INFO] [stdout] test graph::tests::test_query_with_name_filter ... ok
[INFO] [stdout] test graph::tests::test_inspect_element ... FAILED
[INFO] [stdout] test graph::tests::test_query_returns_import_relationships ... FAILED
[INFO] [stdout] test graph::tests::test_query_returns_member_relationships ... FAILED
[INFO] [stdout] test graph::tests::test_query_satisfy ... ok
[INFO] [stdout] test graph::tests::test_rflp_layer_populated ... FAILED
[INFO] [stdout] test graph::tests::test_rflp_layer_roundtrip ... ok
[INFO] [stdout] test graph::tests::test_trace_flat_deduplicates ... ok
[INFO] [stdout] test graph::tests::test_save_load_roundtrip ... ok
[INFO] [stdout] test graph::tests::test_search_empty_query ... ok
[INFO] [stdout] test graph::tests::test_search_kind_expansion ... FAILED
[INFO] [stdout] test graph::tests::test_search_scores_normalized ... FAILED
[INFO] [stdout] test graph::tests::test_search_by_kind ... FAILED
[INFO] [stdout] test graph::tests::test_search_by_name ... FAILED
[INFO] [stdout] test graph::tests::test_search_exact_name ... FAILED
[INFO] [stdout] test graph::tests::test_search_multi_word_query ... FAILED
[INFO] [stdout] test graph::tests::test_trace_explicit_member_type_filter ... FAILED
[INFO] [stdout] test graph::tests::test_trace_hops_have_element_metadata ... FAILED
[INFO] [stdout] test graph::tests::test_trace_with_include_structural ... FAILED
[INFO] [stdout] test graph::tests::test_trace_from_element ... FAILED
[INFO] [stdout] test graph::tests::test_message_relationships_extracted ... FAILED
[INFO] [stdout] test graph::tests::test_trace_with_type_filter ... ok
[INFO] [stdout] test metamodel::tests::test_metamodel_checks_run ... ok
[INFO] [stdout] test metamodel::tests::test_satisfy_target_check ... ok
[INFO] [stdout] test metamodel::tests::test_ports_have_type_check ... ok
[INFO] [stdout] test parser::tests::test_parse_file_path_stored ... ok
[INFO] [stdout] test parser::tests::test_parse_eve_requirements ... FAILED
[INFO] [stdout] test parser::tests::test_parse_simple_package ... ok
[INFO] [stdout] test graph::tests::test_redefines_statement_extracted ... FAILED
[INFO] [stdout] test parser::tests::test_validate_invalid_sysml ... ok
[INFO] [stdout] test plan::tests::test_classify_impact ... ok
[INFO] [stdout] test plan::tests::test_classify_relationship ... ok
[INFO] [stdout] test plan::tests::test_classify_reverse ... ok
[INFO] [stdout] test metamodel::tests::test_verify_target_check ... ok
[INFO] [stdout] test plan::tests::test_decompose_completeness ... ok
[INFO] [stdout] test parser::tests::test_parse_element_kinds ... ok
[INFO] [stdout] test parser::tests::test_parse_eve_mining_frigate ... FAILED
[INFO] [stdout] test plan::tests::test_plan_rel_strings_are_valid_relationship_kinds ... ok
[INFO] [stdout] test parser::tests::test_parse_produces_relationships ... ok
[INFO] [stdout] test render::tests::test_parse_render_format ... ok
[INFO] [stdout] test parser::tests::test_validate_valid_sysml ... ok
[INFO] [stdout] test plan::tests::test_classify_comparison ... ok
[INFO] [stdout] test plan::tests::test_classify_completeness ... ok
[INFO] [stdout] test plan::tests::test_classify_discovery ... ok
[INFO] [stdout] test plan::tests::test_classify_global ... ok
[INFO] [stdout] test render::tests::test_render_completeness_report_html ... ok
[INFO] [stdout] test plan::tests::test_plan_steps_sequential ... ok
[INFO] [stdout] test render::tests::test_render_completeness_report_md ... ok
[INFO] [stdout] test scaffold::tests::test_scaffold_action ... ok
[INFO] [stdout] test scaffold::tests::test_scaffold_parseable ... ok
[INFO] [stdout] test scaffold::tests::test_scaffold_part ... ok
[INFO] [stdout] test scaffold::tests::test_scaffold_requirement ... ok
[INFO] [stdout] test render::tests::test_parse_builtin_template ... ok
[INFO] [stdout] test render::tests::test_render_requirements_table_md ... ok
[INFO] [stdout] test plan::tests::test_decompose_global ... ok
[INFO] [stdout] test scaffold::tests::test_scaffold_state ... ok
[INFO] [stdout] test scaffold::tests::test_scaffold_use_case ... ok
[INFO] [stdout] test render::tests::test_render_traceability_matrix_csv ... ok
[INFO] [stdout] test render::tests::test_render_traceability_matrix_html ... ok
[INFO] [stdout] test render::tests::test_render_traceability_matrix_md ... ok
[INFO] [stdout] test scaffold::tests::test_parse_kind ... ok
[INFO] [stdout] test scaffold::tests::test_scaffold_interface ... ok
[INFO] [stdout] test scaffold::tests::test_scaffold_package ... ok
[INFO] [stdout] test scaffold::tests::test_scaffold_verification ... ok
[INFO] [stdout] test vocabulary::tests::test_classify_layer_logical ... ok
[INFO] [stdout] test plan::tests::test_decompose_relationship ... ok
[INFO] [stdout] test vocabulary::tests::test_classify_layer_none ... ok
[INFO] [stdout] test plan::tests::test_decompose_impact ... ok
[INFO] [stdout] test vocabulary::tests::test_classify_layer_functional ... ok
[INFO] [stdout] test plan::tests::test_extract_entities_capitalized ... ok
[INFO] [stdout] test plan::tests::test_extract_entities_fallback ... ok
[INFO] [stdout] test vocabulary::tests::test_classify_layer_requirements ... ok
[INFO] [stdout] test vocabulary::tests::test_expand_no_matches ... ok
[INFO] [stdout] test vocabulary::tests::test_expand_preserves_tokens ... ok
[INFO] [stdout] test vocabulary::tests::test_expand_allocate_query ... ok
[INFO] [stdout] test vocabulary::tests::test_expand_multi_word_term ... ok
[INFO] [stdout] test vocabulary::tests::test_expand_requirement_satisfy_query ... ok
[INFO] [stdout] test vocabulary::tests::test_expand_deduplicates ... ok
[INFO] [stdout] test vocabulary::tests::test_stem_match_across_forms ... ok
[INFO] [stdout] test vocabulary::tests::test_naive_stem ... ok
[INFO] [stdout] test vocabulary::tests::test_stop_words_filtered ... ok
[INFO] [stdout] 
[INFO] [stdout] failures:
[INFO] [stdout] 
[INFO] [stdout] ---- graph::tests::test_exhibit_usage_extracted stdout ----
[INFO] [stdout] 
[INFO] [stdout] thread 'graph::tests::test_exhibit_usage_extracted' (818) panicked at src/graph.rs:1853:9:
[INFO] [stdout] expected at least 1 Exhibit relationship from exhibit_usage
[INFO] [stdout] stack backtrace:
[INFO] [stdout]    0:     0x5c7089f955e1 - <<std[617be2ca0a6fd877]::sys::backtrace::BacktraceLock>::print::DisplayBacktrace as core[a373ad73a504971]::fmt::Display>::fmt
[INFO] [stdout]    1:     0x5c7089fac3da - core[a373ad73a504971]::fmt::write
[INFO] [stdout]    2:     0x5c7089f99acc - <alloc[2e1b2a31b91974c5]::vec::Vec<u8> as core[a373ad73a504971]::io::write::Write>::write_fmt
[INFO] [stdout]    3:     0x5c7089f6fd36 - std[617be2ca0a6fd877]::panicking::default_hook::{closure#0}
[INFO] [stdout]    4:     0x5c7089f8cd69 - std[617be2ca0a6fd877]::panicking::default_hook
[INFO] [stdout]    5:     0x5c7089eb5df0 - test[aada8e7e76ba119b]::test_main_inner::{closure#0}
[INFO] [stdout]    6:     0x5c7089f8cf22 - std[617be2ca0a6fd877]::panicking::panic_with_hook
[INFO] [stdout]    7:     0x5c7089f6fe14 - std[617be2ca0a6fd877]::panicking::panic_handler::{closure#0}
[INFO] [stdout]    8:     0x5c7089f687a9 - std[617be2ca0a6fd877]::sys::backtrace::__rust_end_short_backtrace::<std[617be2ca0a6fd877]::panicking::panic_handler::{closure#0}, !>
[INFO] [stdout]    9:     0x5c7089f709ed - __rustc[ea4f61d10b84890b]::rust_begin_unwind
[INFO] [stdout]   10:     0x5c7089facb0c - core[a373ad73a504971]::panicking::panic_fmt
[INFO] [stdout]   11:     0x5c7089e531da - <sysml_core[2a58f8c21a09f4b]::graph::tests::test_exhibit_usage_extracted::{closure#0} as core[a373ad73a504971]::ops::function::FnOnce<()>>::call_once
[INFO] [stdout]   12:     0x5c7089ea923b - test[aada8e7e76ba119b]::__rust_begin_short_backtrace::<core[a373ad73a504971]::result::Result<(), alloc[2e1b2a31b91974c5]::string::String>, fn() -> core[a373ad73a504971]::result::Result<(), alloc[2e1b2a31b91974c5]::string::String>>
[INFO] [stdout]   13:     0x5c7089eb6415 - test[aada8e7e76ba119b]::run_test::{closure#0}
[INFO] [stdout]   14:     0x5c7089eafd04 - std[617be2ca0a6fd877]::sys::backtrace::__rust_begin_short_backtrace::<test[aada8e7e76ba119b]::run_test::{closure#1}, ()>
[INFO] [stdout]   15:     0x5c7089eb94a2 - <std[617be2ca0a6fd877]::thread::lifecycle::spawn_unchecked<test[aada8e7e76ba119b]::run_test::{closure#1}, ()>::{closure#1} as core[a373ad73a504971]::ops::function::FnOnce<()>>::call_once::{shim:vtable#0}
[INFO] [stdout]   16:     0x5c7089f948ff - <std[617be2ca0a6fd877]::sys::thread::unix::Thread>::new::thread_start
[INFO] [stdout]   17:     0x7743c3691dfa - <unknown>
[INFO] [stdout]   18:     0x7743c37253d4 - clone
[INFO] [stdout]   19:                0x0 - <unknown>
[INFO] [stdout] 
[INFO] [stdout] ---- badge::tests::test_badge_data_from_eve_model stdout ----
[INFO] [stdout] 
[INFO] [stdout] thread 'badge::tests::test_badge_data_from_eve_model' (795) panicked at src/badge.rs:190:9:
[INFO] [stdout] assertion failed: data.elements > 0
[INFO] [stdout] stack backtrace:
[INFO] [stdout]    0:     0x5c7089f955e1 - <<std[617be2ca0a6fd877]::sys::backtrace::BacktraceLock>::print::DisplayBacktrace as core[a373ad73a504971]::fmt::Display>::fmt
[INFO] [stdout]    1:     0x5c7089fac3da - core[a373ad73a504971]::fmt::write
[INFO] [stdout]    2:     0x5c7089f99acc - <alloc[2e1b2a31b91974c5]::vec::Vec<u8> as core[a373ad73a504971]::io::write::Write>::write_fmt
[INFO] [stdout]    3:     0x5c7089f6fd36 - std[617be2ca0a6fd877]::panicking::default_hook::{closure#0}
[INFO] [stdout]    4:     0x5c7089f8cd69 - std[617be2ca0a6fd877]::panicking::default_hook
[INFO] [stdout]    5:     0x5c7089eb5df0 - test[aada8e7e76ba119b]::test_main_inner::{closure#0}
[INFO] [stdout]    6:     0x5c7089f8cf22 - std[617be2ca0a6fd877]::panicking::panic_with_hook
[INFO] [stdout]    7:     0x5c7089f6fe14 - std[617be2ca0a6fd877]::panicking::panic_handler::{closure#0}
[INFO] [stdout]    8:     0x5c7089f687a9 - std[617be2ca0a6fd877]::sys::backtrace::__rust_end_short_backtrace::<std[617be2ca0a6fd877]::panicking::panic_handler::{closure#0}, !>
[INFO] [stdout]    9:     0x5c7089f709ed - __rustc[ea4f61d10b84890b]::rust_begin_unwind
[INFO] [stdout]   10:     0x5c7089facb0c - core[a373ad73a504971]::panicking::panic_fmt
[INFO] [stdout]   11:     0x5c7089facad2 - core[a373ad73a504971]::panicking::panic
[INFO] [stdout]   12:     0x5c7089e9f1a3 - <sysml_core[2a58f8c21a09f4b]::badge::tests::test_badge_data_from_eve_model::{closure#0} as core[a373ad73a504971]::ops::function::FnOnce<()>>::call_once
[INFO] [stdout]   13:     0x5c7089ea923b - test[aada8e7e76ba119b]::__rust_begin_short_backtrace::<core[a373ad73a504971]::result::Result<(), alloc[2e1b2a31b91974c5]::string::String>, fn() -> core[a373ad73a504971]::result::Result<(), alloc[2e1b2a31b91974c5]::string::String>>
[INFO] [stdout]   14:     0x5c7089eb6415 - test[aada8e7e76ba119b]::run_test::{closure#0}
[INFO] [stdout]   15:     0x5c7089eafd04 - std[617be2ca0a6fd877]::sys::backtrace::__rust_begin_short_backtrace::<test[aada8e7e76ba119b]::run_test::{closure#1}, ()>
[INFO] [stdout]   16:     0x5c7089eb94a2 - <std[617be2ca0a6fd877]::thread::lifecycle::spawn_unchecked<test[aada8e7e76ba119b]::run_test::{closure#1}, ()>::{closure#1} as core[a373ad73a504971]::ops::function::FnOnce<()>>::call_once::{shim:vtable#0}
[INFO] [stdout]   17:     0x5c7089f948ff - <std[617be2ca0a6fd877]::sys::thread::unix::Thread>::new::thread_start
[INFO] [stdout]   18:     0x7743c3691dfa - <unknown>
[INFO] [stdout]   19:     0x7743c37253d4 - clone
[INFO] [stdout]   20:                0x0 - <unknown>
[INFO] [stdout] 
[INFO] [stdout] ---- graph::tests::test_cross_file_trace stdout ----
[INFO] [stdout] 
[INFO] [stdout] thread 'graph::tests::test_cross_file_trace' (817) panicked at src/graph.rs:1396:9:
[INFO] [stdout] cross-file trace should find relationships
[INFO] [stdout] stack backtrace:
[INFO] [stdout]    0:     0x5c7089f955e1 - <<std[617be2ca0a6fd877]::sys::backtrace::BacktraceLock>::print::DisplayBacktrace as core[a373ad73a504971]::fmt::Display>::fmt
[INFO] [stdout]    1:     0x5c7089fac3da - core[a373ad73a504971]::fmt::write
[INFO] [stdout]    2:     0x5c7089f99acc - <alloc[2e1b2a31b91974c5]::vec::Vec<u8> as core[a373ad73a504971]::io::write::Write>::write_fmt
[INFO] [stdout]    3:     0x5c7089f6fd36 - std[617be2ca0a6fd877]::panicking::default_hook::{closure#0}
[INFO] [stdout]    4:     0x5c7089f8cd69 - std[617be2ca0a6fd877]::panicking::default_hook
[INFO] [stdout]    5:     0x5c7089eb5df0 - test[aada8e7e76ba119b]::test_main_inner::{closure#0}
[INFO] [stdout]    6:     0x5c7089f8cf22 - std[617be2ca0a6fd877]::panicking::panic_with_hook
[INFO] [stdout]    7:     0x5c7089f6fe14 - std[617be2ca0a6fd877]::panicking::panic_handler::{closure#0}
[INFO] [stdout]    8:     0x5c7089f687a9 - std[617be2ca0a6fd877]::sys::backtrace::__rust_end_short_backtrace::<std[617be2ca0a6fd877]::panicking::panic_handler::{closure#0}, !>
[INFO] [stdout]    9:     0x5c7089f709ed - __rustc[ea4f61d10b84890b]::rust_begin_unwind
[INFO] [stdout]   10:     0x5c7089facb0c - core[a373ad73a504971]::panicking::panic_fmt
[INFO] [stdout]   11:     0x5c7089e4fff2 - <sysml_core[2a58f8c21a09f4b]::graph::tests::test_cross_file_trace::{closure#0} as core[a373ad73a504971]::ops::function::FnOnce<()>>::call_once
[INFO] [stdout]   12:     0x5c7089ea923b - test[aada8e7e76ba119b]::__rust_begin_short_backtrace::<core[a373ad73a504971]::result::Result<(), alloc[2e1b2a31b91974c5]::string::String>, fn() -> core[a373ad73a504971]::result::Result<(), alloc[2e1b2a31b91974c5]::string::String>>
[INFO] [stdout]   13:     0x5c7089eb6415 - test[aada8e7e76ba119b]::run_test::{closure#0}
[INFO] [stdout]   14:     0x5c7089eafd04 - std[617be2ca0a6fd877]::sys::backtrace::__rust_begin_short_backtrace::<test[aada8e7e76ba119b]::run_test::{closure#1}, ()>
[INFO] [stdout]   15:     0x5c7089eb94a2 - <std[617be2ca0a6fd877]::thread::lifecycle::spawn_unchecked<test[aada8e7e76ba119b]::run_test::{closure#1}, ()>::{closure#1} as core[a373ad73a504971]::ops::function::FnOnce<()>>::call_once::{shim:vtable#0}
[INFO] [stdout]   16:     0x5c7089f948ff - <std[617be2ca0a6fd877]::sys::thread::unix::Thread>::new::thread_start
[INFO] [stdout]   17:     0x7743c3691dfa - <unknown>
[INFO] [stdout]   18:     0x7743c37253d4 - clone
[INFO] [stdout]   19:                0x0 - <unknown>
[INFO] [stdout] 
[INFO] [stdout] ---- graph::tests::test_first_statement_extracted stdout ----
[INFO] [stdout] 
[INFO] [stdout] thread 'graph::tests::test_first_statement_extracted' (819) panicked at src/graph.rs:1819:9:
[INFO] [stdout] expected >=10 Succession relationships (including first_statement), got 0
[INFO] [stdout] stack backtrace:
[INFO] [stdout]    0:     0x5c7089f955e1 - <<std[617be2ca0a6fd877]::sys::backtrace::BacktraceLock>::print::DisplayBacktrace as core[a373ad73a504971]::fmt::Display>::fmt
[INFO] [stdout]    1:     0x5c7089fac3da - core[a373ad73a504971]::fmt::write
[INFO] [stdout]    2:     0x5c7089f99acc - <alloc[2e1b2a31b91974c5]::vec::Vec<u8> as core[a373ad73a504971]::io::write::Write>::write_fmt
[INFO] [stdout]    3:     0x5c7089f6fd36 - std[617be2ca0a6fd877]::panicking::default_hook::{closure#0}
[INFO] [stdout]    4:     0x5c7089f8cd69 - std[617be2ca0a6fd877]::panicking::default_hook
[INFO] [stdout]    5:     0x5c7089eb5df0 - test[aada8e7e76ba119b]::test_main_inner::{closure#0}
[INFO] [stdout]    6:     0x5c7089f8cf22 - std[617be2ca0a6fd877]::panicking::panic_with_hook
[INFO] [stdout]    7:     0x5c7089f6fde2 - std[617be2ca0a6fd877]::panicking::panic_handler::{closure#0}
[INFO] [stdout]    8:     0x5c7089f687a9 - std[617be2ca0a6fd877]::sys::backtrace::__rust_end_short_backtrace::<std[617be2ca0a6fd877]::panicking::panic_handler::{closure#0}, !>
[INFO] [stdout]    9:     0x5c7089f709ed - __rustc[ea4f61d10b84890b]::rust_begin_unwind
[INFO] [stdout]   10:     0x5c7089facb0c - core[a373ad73a504971]::panicking::panic_fmt
[INFO] [stdout]   11:     0x5c7089e54038 - <sysml_core[2a58f8c21a09f4b]::graph::tests::test_first_statement_extracted::{closure#0} as core[a373ad73a504971]::ops::function::FnOnce<()>>::call_once
[INFO] [stdout]   12:     0x5c7089ea923b - test[aada8e7e76ba119b]::__rust_begin_short_backtrace::<core[a373ad73a504971]::result::Result<(), alloc[2e1b2a31b91974c5]::string::String>, fn() -> core[a373ad73a504971]::result::Result<(), alloc[2e1b2a31b91974c5]::string::String>>
[INFO] [stdout]   13:     0x5c7089eb6415 - test[aada8e7e76ba119b]::run_test::{closure#0}
[INFO] [stdout]   14:     0x5c7089eafd04 - std[617be2ca0a6fd877]::sys::backtrace::__rust_begin_short_backtrace::<test[aada8e7e76ba119b]::run_test::{closure#1}, ()>
[INFO] [stdout]   15:     0x5c7089eb94a2 - <std[617be2ca0a6fd877]::thread::lifecycle::spawn_unchecked<test[aada8e7e76ba119b]::run_test::{closure#1}, ()>::{closure#1} as core[a373ad73a504971]::ops::function::FnOnce<()>>::call_once::{shim:vtable#0}
[INFO] [stdout]   16:     0x5c7089f948ff - <std[617be2ca0a6fd877]::sys::thread::unix::Thread>::new::thread_start
[INFO] [stdout]   17:     0x7743c3691dfa - <unknown>
[INFO] [stdout]   18:     0x7743c37253d4 - clone
[INFO] [stdout]   19:                0x0 - <unknown>
[INFO] [stdout] 
[INFO] [stdout] ---- graph::tests::test_flow_usage_extracted stdout ----
[INFO] [stdout] 
[INFO] [stdout] thread 'graph::tests::test_flow_usage_extracted' (820) panicked at src/graph.rs:1802:9:
[INFO] [stdout] expected >=10 Flow relationships (including flow_usage), got 0
[INFO] [stdout] stack backtrace:
[INFO] [stdout]    0:     0x5c7089f955e1 - <<std[617be2ca0a6fd877]::sys::backtrace::BacktraceLock>::print::DisplayBacktrace as core[a373ad73a504971]::fmt::Display>::fmt
[INFO] [stdout]    1:     0x5c7089fac3da - core[a373ad73a504971]::fmt::write
[INFO] [stdout]    2:     0x5c7089f99acc - <alloc[2e1b2a31b91974c5]::vec::Vec<u8> as core[a373ad73a504971]::io::write::Write>::write_fmt
[INFO] [stdout]    3:     0x5c7089f6fd36 - std[617be2ca0a6fd877]::panicking::default_hook::{closure#0}
[INFO] [stdout]    4:     0x5c7089f8cd69 - std[617be2ca0a6fd877]::panicking::default_hook
[INFO] [stdout]    5:     0x5c7089eb5df0 - test[aada8e7e76ba119b]::test_main_inner::{closure#0}
[INFO] [stdout]    6:     0x5c7089f8cf22 - std[617be2ca0a6fd877]::panicking::panic_with_hook
[INFO] [stdout]    7:     0x5c7089f6fde2 - std[617be2ca0a6fd877]::panicking::panic_handler::{closure#0}
[INFO] [stdout]    8:     0x5c7089f687a9 - std[617be2ca0a6fd877]::sys::backtrace::__rust_end_short_backtrace::<std[617be2ca0a6fd877]::panicking::panic_handler::{closure#0}, !>
[INFO] [stdout]    9:     0x5c7089f709ed - __rustc[ea4f61d10b84890b]::rust_begin_unwind
[INFO] [stdout]   10:     0x5c7089facb0c - core[a373ad73a504971]::panicking::panic_fmt
[INFO] [stdout]   11:     0x5c7089e51318 - <sysml_core[2a58f8c21a09f4b]::graph::tests::test_flow_usage_extracted::{closure#0} as core[a373ad73a504971]::ops::function::FnOnce<()>>::call_once
[INFO] [stdout]   12:     0x5c7089ea923b - test[aada8e7e76ba119b]::__rust_begin_short_backtrace::<core[a373ad73a504971]::result::Result<(), alloc[2e1b2a31b91974c5]::string::String>, fn() -> core[a373ad73a504971]::result::Result<(), alloc[2e1b2a31b91974c5]::string::String>>
[INFO] [stdout]   13:     0x5c7089eb6415 - test[aada8e7e76ba119b]::run_test::{closure#0}
[INFO] [stdout]   14:     0x5c7089eafd04 - std[617be2ca0a6fd877]::sys::backtrace::__rust_begin_short_backtrace::<test[aada8e7e76ba119b]::run_test::{closure#1}, ()>
[INFO] [stdout]   15:     0x5c7089eb94a2 - <std[617be2ca0a6fd877]::thread::lifecycle::spawn_unchecked<test[aada8e7e76ba119b]::run_test::{closure#1}, ()>::{closure#1} as core[a373ad73a504971]::ops::function::FnOnce<()>>::call_once::{shim:vtable#0}
[INFO] [stdout]   16:     0x5c7089f948ff - <std[617be2ca0a6fd877]::sys::thread::unix::Thread>::new::thread_start
[INFO] [stdout]   17:     0x7743c3691dfa - <unknown>
[INFO] [stdout]   18:     0x7743c37253d4 - clone
[INFO] [stdout]   19:                0x0 - <unknown>
[INFO] [stdout] 
[INFO] [stdout] ---- graph::tests::test_index_eve_model stdout ----
[INFO] [stdout] 
[INFO] [stdout] thread 'graph::tests::test_index_eve_model' (822) panicked at src/graph.rs:1089:9:
[INFO] [stdout] should have elements
[INFO] [stdout] stack backtrace:
[INFO] [stdout]    0:     0x5c7089f955e1 - <<std[617be2ca0a6fd877]::sys::backtrace::BacktraceLock>::print::DisplayBacktrace as core[a373ad73a504971]::fmt::Display>::fmt
[INFO] [stdout]    1:     0x5c7089fac3da - core[a373ad73a504971]::fmt::write
[INFO] [stdout]    2:     0x5c7089f99acc - <alloc[2e1b2a31b91974c5]::vec::Vec<u8> as core[a373ad73a504971]::io::write::Write>::write_fmt
[INFO] [stdout]    3:     0x5c7089f6fd36 - std[617be2ca0a6fd877]::panicking::default_hook::{closure#0}
[INFO] [stdout]    4:     0x5c7089f8cd69 - std[617be2ca0a6fd877]::panicking::default_hook
[INFO] [stdout]    5:     0x5c7089eb5df0 - test[aada8e7e76ba119b]::test_main_inner::{closure#0}
[INFO] [stdout]    6:     0x5c7089f8cf22 - std[617be2ca0a6fd877]::panicking::panic_with_hook
[INFO] [stdout]    7:     0x5c7089f6fe14 - std[617be2ca0a6fd877]::panicking::panic_handler::{closure#0}
[INFO] [stdout]    8:     0x5c7089f687a9 - std[617be2ca0a6fd877]::sys::backtrace::__rust_end_short_backtrace::<std[617be2ca0a6fd877]::panicking::panic_handler::{closure#0}, !>
[INFO] [stdout]    9:     0x5c7089f709ed - __rustc[ea4f61d10b84890b]::rust_begin_unwind
[INFO] [stdout]   10:     0x5c7089facb0c - core[a373ad73a504971]::panicking::panic_fmt
[INFO] [stdout]   11:     0x5c7089e4f9ed - <sysml_core[2a58f8c21a09f4b]::graph::tests::test_index_eve_model::{closure#0} as core[a373ad73a504971]::ops::function::FnOnce<()>>::call_once
[INFO] [stdout]   12:     0x5c7089ea923b - test[aada8e7e76ba119b]::__rust_begin_short_backtrace::<core[a373ad73a504971]::result::Result<(), alloc[2e1b2a31b91974c5]::string::String>, fn() -> core[a373ad73a504971]::result::Result<(), alloc[2e1b2a31b91974c5]::string::String>>
[INFO] [stdout]   13:     0x5c7089eb6415 - test[aada8e7e76ba119b]::run_test::{closure#0}
[INFO] [stdout]   14:     0x5c7089eafd04 - std[617be2ca0a6fd877]::sys::backtrace::__rust_begin_short_backtrace::<test[aada8e7e76ba119b]::run_test::{closure#1}, ()>
[INFO] [stdout]   15:     0x5c7089eb94a2 - <std[617be2ca0a6fd877]::thread::lifecycle::spawn_unchecked<test[aada8e7e76ba119b]::run_test::{closure#1}, ()>::{closure#1} as core[a373ad73a504971]::ops::function::FnOnce<()>>::call_once::{shim:vtable#0}
[INFO] [stdout]   16:     0x5c7089f948ff - <std[617be2ca0a6fd877]::sys::thread::unix::Thread>::new::thread_start
[INFO] [stdout]   17:     0x7743c3691dfa - <unknown>
[INFO] [stdout]   18:     0x7743c37253d4 - clone
[INFO] [stdout]   19:                0x0 - <unknown>
[INFO] [stdout] 
[INFO] [stdout] ---- graph::tests::test_import_resolution_qualifies_targets stdout ----
[INFO] [stdout] 
[INFO] [stdout] thread 'graph::tests::test_import_resolution_qualifies_targets' (821) panicked at src/graph.rs:1361:9:
[INFO] [stdout] import resolution should qualify OreExtractionEfficiencyRequirement
[INFO] [stdout] stack backtrace:
[INFO] [stdout]    0:     0x5c7089f955e1 - <<std[617be2ca0a6fd877]::sys::backtrace::BacktraceLock>::print::DisplayBacktrace as core[a373ad73a504971]::fmt::Display>::fmt
[INFO] [stdout]    1:     0x5c7089fac3da - core[a373ad73a504971]::fmt::write
[INFO] [stdout]    2:     0x5c7089f99acc - <alloc[2e1b2a31b91974c5]::vec::Vec<u8> as core[a373ad73a504971]::io::write::Write>::write_fmt
[INFO] [stdout]    3:     0x5c7089f6fd36 - std[617be2ca0a6fd877]::panicking::default_hook::{closure#0}
[INFO] [stdout]    4:     0x5c7089f8cd69 - std[617be2ca0a6fd877]::panicking::default_hook
[INFO] [stdout]    5:     0x5c7089eb5df0 - test[aada8e7e76ba119b]::test_main_inner::{closure#0}
[INFO] [stdout]    6:     0x5c7089f8cf22 - std[617be2ca0a6fd877]::panicking::panic_with_hook
[INFO] [stdout]    7:     0x5c7089f6fe14 - std[617be2ca0a6fd877]::panicking::panic_handler::{closure#0}
[INFO] [stdout]    8:     0x5c7089f687a9 - std[617be2ca0a6fd877]::sys::backtrace::__rust_end_short_backtrace::<std[617be2ca0a6fd877]::panicking::panic_handler::{closure#0}, !>
[INFO] [stdout]    9:     0x5c7089f709ed - __rustc[ea4f61d10b84890b]::rust_begin_unwind
[INFO] [stdout]   10:     0x5c7089facb0c - core[a373ad73a504971]::panicking::panic_fmt
[INFO] [stdout]   11:     0x5c7089e5573a - <sysml_core[2a58f8c21a09f4b]::graph::tests::test_import_resolution_qualifies_targets::{closure#0} as core[a373ad73a504971]::ops::function::FnOnce<()>>::call_once
[INFO] [stdout]   12:     0x5c7089ea923b - test[aada8e7e76ba119b]::__rust_begin_short_backtrace::<core[a373ad73a504971]::result::Result<(), alloc[2e1b2a31b91974c5]::string::String>, fn() -> core[a373ad73a504971]::result::Result<(), alloc[2e1b2a31b91974c5]::string::String>>
[INFO] [stdout]   13:     0x5c7089eb6415 - test[aada8e7e76ba119b]::run_test::{closure#0}
[INFO] [stdout]   14:     0x5c7089eafd04 - std[617be2ca0a6fd877]::sys::backtrace::__rust_begin_short_backtrace::<test[aada8e7e76ba119b]::run_test::{closure#1}, ()>
[INFO] [stdout]   15:     0x5c7089eb94a2 - <std[617be2ca0a6fd877]::thread::lifecycle::spawn_unchecked<test[aada8e7e76ba119b]::run_test::{closure#1}, ()>::{closure#1} as core[a373ad73a504971]::ops::function::FnOnce<()>>::call_once::{shim:vtable#0}
[INFO] [stdout]   16:     0x5c7089f948ff - <std[617be2ca0a6fd877]::sys::thread::unix::Thread>::new::thread_start
[INFO] [stdout]   17:     0x7743c3691dfa - <unknown>
[INFO] [stdout]   18:     0x7743c37253d4 - clone
[INFO] [stdout]   19:                0x0 - <unknown>
[INFO] [stdout] 
[INFO] [stdout] ---- graph::tests::test_query_typed_by stdout ----
[INFO] [stdout] 
[INFO] [stdout] thread 'graph::tests::test_query_typed_by' (832) panicked at src/graph.rs:1320:9:
[INFO] [stdout] Eve model should have TypedBy relationships
[INFO] [stdout] stack backtrace:
[INFO] [stdout]    0:     0x5c7089f955e1 - <<std[617be2ca0a6fd877]::sys::backtrace::BacktraceLock>::print::DisplayBacktrace as core[a373ad73a504971]::fmt::Display>::fmt
[INFO] [stdout]    1:     0x5c7089fac3da - core[a373ad73a504971]::fmt::write
[INFO] [stdout]    2:     0x5c7089f99acc - <alloc[2e1b2a31b91974c5]::vec::Vec<u8> as core[a373ad73a504971]::io::write::Write>::write_fmt
[INFO] [stdout]    3:     0x5c7089f6fd36 - std[617be2ca0a6fd877]::panicking::default_hook::{closure#0}
[INFO] [stdout]    4:     0x5c7089f8cd69 - std[617be2ca0a6fd877]::panicking::default_hook
[INFO] [stdout]    5:     0x5c7089eb5df0 - test[aada8e7e76ba119b]::test_main_inner::{closure#0}
[INFO] [stdout]    6:     0x5c7089f8cf22 - std[617be2ca0a6fd877]::panicking::panic_with_hook
[INFO] [stdout]    7:     0x5c7089f6fe14 - std[617be2ca0a6fd877]::panicking::panic_handler::{closure#0}
[INFO] [stdout]    8:     0x5c7089f687a9 - std[617be2ca0a6fd877]::sys::backtrace::__rust_end_short_backtrace::<std[617be2ca0a6fd877]::panicking::panic_handler::{closure#0}, !>
[INFO] [stdout]    9:     0x5c7089f709ed - __rustc[ea4f61d10b84890b]::rust_begin_unwind
[INFO] [stdout]   10:     0x5c7089facb0c - core[a373ad73a504971]::panicking::panic_fmt
[INFO] [stdout]   11:     0x5c7089e4f401 - <sysml_core[2a58f8c21a09f4b]::graph::tests::test_query_typed_by::{closure#0} as core[a373ad73a504971]::ops::function::FnOnce<()>>::call_once
[INFO] [stdout]   12:     0x5c7089ea923b - test[aada8e7e76ba119b]::__rust_begin_short_backtrace::<core[a373ad73a504971]::result::Result<(), alloc[2e1b2a31b91974c5]::string::String>, fn() -> core[a373ad73a504971]::result::Result<(), alloc[2e1b2a31b91974c5]::string::String>>
[INFO] [stdout]   13:     0x5c7089eb6415 - test[aada8e7e76ba119b]::run_test::{closure#0}
[INFO] [stdout]   14:     0x5c7089eafd04 - std[617be2ca0a6fd877]::sys::backtrace::__rust_begin_short_backtrace::<test[aada8e7e76ba119b]::run_test::{closure#1}, ()>
[INFO] [stdout]   15:     0x5c7089eb94a2 - <std[617be2ca0a6fd877]::thread::lifecycle::spawn_unchecked<test[aada8e7e76ba119b]::run_test::{closure#1}, ()>::{closure#1} as core[a373ad73a504971]::ops::function::FnOnce<()>>::call_once::{shim:vtable#0}
[INFO] [stdout]   16:     0x5c7089f948ff - <std[617be2ca0a6fd877]::sys::thread::unix::Thread>::new::thread_start
[INFO] [stdout]   17:     0x7743c3691dfa - <unknown>
[INFO] [stdout]   18:     0x7743c37253d4 - clone
[INFO] [stdout]   19:                0x0 - <unknown>
[INFO] [stdout] 
[INFO] [stdout] ---- graph::tests::test_query_unfiltered_includes_all_types stdout ----
[INFO] [stdout] 
[INFO] [stdout] thread 'graph::tests::test_query_unfiltered_includes_all_types' (833) panicked at src/graph.rs:1627:9:
[INFO] [stdout] unfiltered query should include Member
[INFO] [stdout] stack backtrace:
[INFO] [stdout]    0:     0x5c7089f955e1 - <<std[617be2ca0a6fd877]::sys::backtrace::BacktraceLock>::print::DisplayBacktrace as core[a373ad73a504971]::fmt::Display>::fmt
[INFO] [stdout]    1:     0x5c7089fac3da - core[a373ad73a504971]::fmt::write
[INFO] [stdout]    2:     0x5c7089f99acc - <alloc[2e1b2a31b91974c5]::vec::Vec<u8> as core[a373ad73a504971]::io::write::Write>::write_fmt
[INFO] [stdout]    3:     0x5c7089f6fd36 - std[617be2ca0a6fd877]::panicking::default_hook::{closure#0}
[INFO] [stdout]    4:     0x5c7089f8cd69 - std[617be2ca0a6fd877]::panicking::default_hook
[INFO] [stdout]    5:     0x5c7089eb5df0 - test[aada8e7e76ba119b]::test_main_inner::{closure#0}
[INFO] [stdout]    6:     0x5c7089f8cf22 - std[617be2ca0a6fd877]::panicking::panic_with_hook
[INFO] [stdout]    7:     0x5c7089f6fe14 - std[617be2ca0a6fd877]::panicking::panic_handler::{closure#0}
[INFO] [stdout]    8:     0x5c7089f687a9 - std[617be2ca0a6fd877]::sys::backtrace::__rust_end_short_backtrace::<std[617be2ca0a6fd877]::panicking::panic_handler::{closure#0}, !>
[INFO] [stdout]    9:     0x5c7089f709ed - __rustc[ea4f61d10b84890b]::rust_begin_unwind
[INFO] [stdout]   10:     0x5c7089facb0c - core[a373ad73a504971]::panicking::panic_fmt
[INFO] [stdout]   11:     0x5c7089e55bfe - <sysml_core[2a58f8c21a09f4b]::graph::tests::test_query_unfiltered_includes_all_types::{closure#0} as core[a373ad73a504971]::ops::function::FnOnce<()>>::call_once
[INFO] [stdout]   12:     0x5c7089ea923b - test[aada8e7e76ba119b]::__rust_begin_short_backtrace::<core[a373ad73a504971]::result::Result<(), alloc[2e1b2a31b91974c5]::string::String>, fn() -> core[a373ad73a504971]::result::Result<(), alloc[2e1b2a31b91974c5]::string::String>>
[INFO] [stdout]   13:     0x5c7089eb6415 - test[aada8e7e76ba119b]::run_test::{closure#0}
[INFO] [stdout]   14:     0x5c7089eafd04 - std[617be2ca0a6fd877]::sys::backtrace::__rust_begin_short_backtrace::<test[aada8e7e76ba119b]::run_test::{closure#1}, ()>
[INFO] [stdout]   15:     0x5c7089eb94a2 - <std[617be2ca0a6fd877]::thread::lifecycle::spawn_unchecked<test[aada8e7e76ba119b]::run_test::{closure#1}, ()>::{closure#1} as core[a373ad73a504971]::ops::function::FnOnce<()>>::call_once::{shim:vtable#0}
[INFO] [stdout]   16:     0x5c7089f948ff - <std[617be2ca0a6fd877]::sys::thread::unix::Thread>::new::thread_start
[INFO] [stdout]   17:     0x7743c3691dfa - <unknown>
[INFO] [stdout]   18:     0x7743c37253d4 - clone
[INFO] [stdout]   19:                0x0 - <unknown>
[INFO] [stdout] 
[INFO] [stdout] ---- graph::tests::test_rflp_layer_in_search_detail stdout ----
[INFO] [stdout] 
[INFO] [stdout] thread 'graph::tests::test_rflp_layer_in_search_detail' (836) panicked at src/graph.rs:1533:9:
[INFO] [stdout] assertion failed: !hits.is_empty()
[INFO] [stdout] stack backtrace:
[INFO] [stdout]    0:     0x5c7089f955e1 - <<std[617be2ca0a6fd877]::sys::backtrace::BacktraceLock>::print::DisplayBacktrace as core[a373ad73a504971]::fmt::Display>::fmt
[INFO] [stdout]    1:     0x5c7089fac3da - core[a373ad73a504971]::fmt::write
[INFO] [stdout]    2:     0x5c7089f99acc - <alloc[2e1b2a31b91974c5]::vec::Vec<u8> as core[a373ad73a504971]::io::write::Write>::write_fmt
[INFO] [stdout]    3:     0x5c7089f6fd36 - std[617be2ca0a6fd877]::panicking::default_hook::{closure#0}
[INFO] [stdout]    4:     0x5c7089f8cd69 - std[617be2ca0a6fd877]::panicking::default_hook
[INFO] [stdout]    5:     0x5c7089eb5df0 - test[aada8e7e76ba119b]::test_main_inner::{closure#0}
[INFO] [stdout]    6:     0x5c7089f8cf22 - std[617be2ca0a6fd877]::panicking::panic_with_hook
[INFO] [stdout]    7:     0x5c7089f6fe14 - std[617be2ca0a6fd877]::panicking::panic_handler::{closure#0}
[INFO] [stdout]    8:     0x5c7089f687a9 - std[617be2ca0a6fd877]::sys::backtrace::__rust_end_short_backtrace::<std[617be2ca0a6fd877]::panicking::panic_handler::{closure#0}, !>
[INFO] [stdout]    9:     0x5c7089f709ed - __rustc[ea4f61d10b84890b]::rust_begin_unwind
[INFO] [stdout]   10:     0x5c7089facb0c - core[a373ad73a504971]::panicking::panic_fmt
[INFO] [stdout]   11:     0x5c7089facad2 - core[a373ad73a504971]::panicking::panic
[INFO] [stdout]   12:     0x5c7089e542ad - <sysml_core[2a58f8c21a09f4b]::graph::tests::test_rflp_layer_in_search_detail::{closure#0} as core[a373ad73a504971]::ops::function::FnOnce<()>>::call_once
[INFO] [stdout]   13:     0x5c7089ea923b - test[aada8e7e76ba119b]::__rust_begin_short_backtrace::<core[a373ad73a504971]::result::Result<(), alloc[2e1b2a31b91974c5]::string::String>, fn() -> core[a373ad73a504971]::result::Result<(), alloc[2e1b2a31b91974c5]::string::String>>
[INFO] [stdout]   14:     0x5c7089eb6415 - test[aada8e7e76ba119b]::run_test::{closure#0}
[INFO] [stdout]   15:     0x5c7089eafd04 - std[617be2ca0a6fd877]::sys::backtrace::__rust_begin_short_backtrace::<test[aada8e7e76ba119b]::run_test::{closure#1}, ()>
[INFO] [stdout]   16:     0x5c7089eb94a2 - <std[617be2ca0a6fd877]::thread::lifecycle::spawn_unchecked<test[aada8e7e76ba119b]::run_test::{closure#1}, ()>::{closure#1} as core[a373ad73a504971]::ops::function::FnOnce<()>>::call_once::{shim:vtable#0}
[INFO] [stdout]   17:     0x5c7089f948ff - <std[617be2ca0a6fd877]::sys::thread::unix::Thread>::new::thread_start
[INFO] [stdout]   18:     0x7743c3691dfa - <unknown>
[INFO] [stdout]   19:     0x7743c37253d4 - clone
[INFO] [stdout]   20:                0x0 - <unknown>
[INFO] [stdout] 
[INFO] [stdout] ---- graph::tests::test_query_exclude_rel stdout ----
[INFO] [stdout] 
[INFO] [stdout] thread 'graph::tests::test_query_exclude_rel' (828) panicked at src/graph.rs:1723:9:
[INFO] [stdout] should still have non-excluded relationships
[INFO] [stdout] stack backtrace:
[INFO] [stdout]    0:     0x5c7089f955e1 - <<std[617be2ca0a6fd877]::sys::backtrace::BacktraceLock>::print::DisplayBacktrace as core[a373ad73a504971]::fmt::Display>::fmt
[INFO] [stdout]    1:     0x5c7089fac3da - core[a373ad73a504971]::fmt::write
[INFO] [stdout]    2:     0x5c7089f99acc - <alloc[2e1b2a31b91974c5]::vec::Vec<u8> as core[a373ad73a504971]::io::write::Write>::write_fmt
[INFO] [stdout]    3:     0x5c7089f6fd36 - std[617be2ca0a6fd877]::panicking::default_hook::{closure#0}
[INFO] [stdout]    4:     0x5c7089f8cd69 - std[617be2ca0a6fd877]::panicking::default_hook
[INFO] [stdout]    5:     0x5c7089eb5df0 - test[aada8e7e76ba119b]::test_main_inner::{closure#0}
[INFO] [stdout]    6:     0x5c7089f8cf22 - std[617be2ca0a6fd877]::panicking::panic_with_hook
[INFO] [stdout]    7:     0x5c7089f6fe14 - std[617be2ca0a6fd877]::panicking::panic_handler::{closure#0}
[INFO] [stdout]    8:     0x5c7089f687a9 - std[617be2ca0a6fd877]::sys::backtrace::__rust_end_short_backtrace::<std[617be2ca0a6fd877]::panicking::panic_handler::{closure#0}, !>
[INFO] [stdout]    9:     0x5c7089f709ed - __rustc[ea4f61d10b84890b]::rust_begin_unwind
[INFO] [stdout]   10:     0x5c7089facb0c - core[a373ad73a504971]::panicking::panic_fmt
[INFO] [stdout]   11:     0x5c7089e506dc - <sysml_core[2a58f8c21a09f4b]::graph::tests::test_query_exclude_rel::{closure#0} as core[a373ad73a504971]::ops::function::FnOnce<()>>::call_once
[INFO] [stdout]   12:     0x5c7089ea923b - test[aada8e7e76ba119b]::__rust_begin_short_backtrace::<core[a373ad73a504971]::result::Result<(), alloc[2e1b2a31b91974c5]::string::String>, fn() -> core[a373ad73a504971]::result::Result<(), alloc[2e1b2a31b91974c5]::string::String>>
[INFO] [stdout]   13:     0x5c7089eb6415 - test[aada8e7e76ba119b]::run_test::{closure#0}
[INFO] [stdout]   14:     0x5c7089eafd04 - std[617be2ca0a6fd877]::sys::backtrace::__rust_begin_short_backtrace::<test[aada8e7e76ba119b]::run_test::{closure#1}, ()>
[INFO] [stdout]   15:     0x5c7089eb94a2 - <std[617be2ca0a6fd877]::thread::lifecycle::spawn_unchecked<test[aada8e7e76ba119b]::run_test::{closure#1}, ()>::{closure#1} as core[a373ad73a504971]::ops::function::FnOnce<()>>::call_once::{shim:vtable#0}
[INFO] [stdout]   16:     0x5c7089f948ff - <std[617be2ca0a6fd877]::sys::thread::unix::Thread>::new::thread_start
[INFO] [stdout]   17:     0x7743c3691dfa - <unknown>
[INFO] [stdout]   18:     0x7743c37253d4 - clone
[INFO] [stdout]   19:                0x0 - <unknown>
[INFO] [stdout] 
[INFO] [stdout] ---- graph::tests::test_members_populated stdout ----
[INFO] [stdout] 
[INFO] [stdout] thread 'graph::tests::test_members_populated' (825) panicked at src/graph.rs:1373:9:
[INFO] [stdout] at least one element should have members
[INFO] [stdout] stack backtrace:
[INFO] [stdout]    0:     0x5c7089f955e1 - <<std[617be2ca0a6fd877]::sys::backtrace::BacktraceLock>::print::DisplayBacktrace as core[a373ad73a504971]::fmt::Display>::fmt
[INFO] [stdout]    1:     0x5c7089fac3da - core[a373ad73a504971]::fmt::write
[INFO] [stdout]    2:     0x5c7089f99acc - <alloc[2e1b2a31b91974c5]::vec::Vec<u8> as core[a373ad73a504971]::io::write::Write>::write_fmt
[INFO] [stdout]    3:     0x5c7089f6fd36 - std[617be2ca0a6fd877]::panicking::default_hook::{closure#0}
[INFO] [stdout]    4:     0x5c7089f8cd69 - std[617be2ca0a6fd877]::panicking::default_hook
[INFO] [stdout]    5:     0x5c7089eb5df0 - test[aada8e7e76ba119b]::test_main_inner::{closure#0}
[INFO] [stdout]    6:     0x5c7089f8cf22 - std[617be2ca0a6fd877]::panicking::panic_with_hook
[INFO] [stdout]    7:     0x5c7089f6fe14 - std[617be2ca0a6fd877]::panicking::panic_handler::{closure#0}
[INFO] [stdout]    8:     0x5c7089f687a9 - std[617be2ca0a6fd877]::sys::backtrace::__rust_end_short_backtrace::<std[617be2ca0a6fd877]::panicking::panic_handler::{closure#0}, !>
[INFO] [stdout]    9:     0x5c7089f709ed - __rustc[ea4f61d10b84890b]::rust_begin_unwind
[INFO] [stdout]   10:     0x5c7089facb0c - core[a373ad73a504971]::panicking::panic_fmt
[INFO] [stdout]   11:     0x5c7089e50342 - <sysml_core[2a58f8c21a09f4b]::graph::tests::test_members_populated::{closure#0} as core[a373ad73a504971]::ops::function::FnOnce<()>>::call_once
[INFO] [stdout]   12:     0x5c7089ea923b - test[aada8e7e76ba119b]::__rust_begin_short_backtrace::<core[a373ad73a504971]::result::Result<(), alloc[2e1b2a31b91974c5]::string::String>, fn() -> core[a373ad73a504971]::result::Result<(), alloc[2e1b2a31b91974c5]::string::String>>
[INFO] [stdout]   13:     0x5c7089eb6415 - test[aada8e7e76ba119b]::run_test::{closure#0}
[INFO] [stdout]   14:     0x5c7089eafd04 - std[617be2ca0a6fd877]::sys::backtrace::__rust_begin_short_backtrace::<test[aada8e7e76ba119b]::run_test::{closure#1}, ()>
[INFO] [stdout]   15:     0x5c7089eb94a2 - <std[617be2ca0a6fd877]::thread::lifecycle::spawn_unchecked<test[aada8e7e76ba119b]::run_test::{closure#1}, ()>::{closure#1} as core[a373ad73a504971]::ops::function::FnOnce<()>>::call_once::{shim:vtable#0}
[INFO] [stdout]   16:     0x5c7089f948ff - <std[617be2ca0a6fd877]::sys::thread::unix::Thread>::new::thread_start
[INFO] [stdout]   17:     0x7743c3691dfa - <unknown>
[INFO] [stdout]   18:     0x7743c37253d4 - clone
[INFO] [stdout]   19:                0x0 - <unknown>
[INFO] [stdout] 
[INFO] [stdout] ---- graph::tests::test_inspect_element stdout ----
[INFO] [stdout] 
[INFO] [stdout] thread 'graph::tests::test_inspect_element' (823) panicked at src/graph.rs:1735:9:
[INFO] [stdout] inspect should find the element
[INFO] [stdout] stack backtrace:
[INFO] [stdout]    0:     0x5c7089f955e1 - <<std[617be2ca0a6fd877]::sys::backtrace::BacktraceLock>::print::DisplayBacktrace as core[a373ad73a504971]::fmt::Display>::fmt
[INFO] [stdout]    1:     0x5c7089fac3da - core[a373ad73a504971]::fmt::write
[INFO] [stdout]    2:     0x5c7089f99acc - <alloc[2e1b2a31b91974c5]::vec::Vec<u8> as core[a373ad73a504971]::io::write::Write>::write_fmt
[INFO] [stdout]    3:     0x5c7089f6fd36 - std[617be2ca0a6fd877]::panicking::default_hook::{closure#0}
[INFO] [stdout]    4:     0x5c7089f8cd69 - std[617be2ca0a6fd877]::panicking::default_hook
[INFO] [stdout]    5:     0x5c7089eb5df0 - test[aada8e7e76ba119b]::test_main_inner::{closure#0}
[INFO] [stdout]    6:     0x5c7089f8cf22 - std[617be2ca0a6fd877]::panicking::panic_with_hook
[INFO] [stdout]    7:     0x5c7089f6fe14 - std[617be2ca0a6fd877]::panicking::panic_handler::{closure#0}
[INFO] [stdout]    8:     0x5c7089f687a9 - std[617be2ca0a6fd877]::sys::backtrace::__rust_end_short_backtrace::<std[617be2ca0a6fd877]::panicking::panic_handler::{closure#0}, !>
[INFO] [stdout]    9:     0x5c7089f709ed - __rustc[ea4f61d10b84890b]::rust_begin_unwind
[INFO] [stdout]   10:     0x5c7089facb0c - core[a373ad73a504971]::panicking::panic_fmt
[INFO] [stdout]   11:     0x5c7089e4fc85 - <sysml_core[2a58f8c21a09f4b]::graph::tests::test_inspect_element::{closure#0} as core[a373ad73a504971]::ops::function::FnOnce<()>>::call_once
[INFO] [stdout]   12:     0x5c7089ea923b - test[aada8e7e76ba119b]::__rust_begin_short_backtrace::<core[a373ad73a504971]::result::Result<(), alloc[2e1b2a31b91974c5]::string::String>, fn() -> core[a373ad73a504971]::result::Result<(), alloc[2e1b2a31b91974c5]::string::String>>
[INFO] [stdout]   13:     0x5c7089eb6415 - test[aada8e7e76ba119b]::run_test::{closure#0}
[INFO] [stdout]   14:     0x5c7089eafd04 - std[617be2ca0a6fd877]::sys::backtrace::__rust_begin_short_backtrace::<test[aada8e7e76ba119b]::run_test::{closure#1}, ()>
[INFO] [stdout]   15:     0x5c7089eb94a2 - <std[617be2ca0a6fd877]::thread::lifecycle::spawn_unchecked<test[aada8e7e76ba119b]::run_test::{closure#1}, ()>::{closure#1} as core[a373ad73a504971]::ops::function::FnOnce<()>>::call_once::{shim:vtable#0}
[INFO] [stdout]   16:     0x5c7089f948ff - <std[617be2ca0a6fd877]::sys::thread::unix::Thread>::new::thread_start
[INFO] [stdout]   17:     0x7743c3691dfa - <unknown>
[INFO] [stdout]   18:     0x7743c37253d4 - clone
[INFO] [stdout]   19:                0x0 - <unknown>
[INFO] [stdout] 
[INFO] [stdout] ---- graph::tests::test_query_returns_import_relationships stdout ----
[INFO] [stdout] 
[INFO] [stdout] thread 'graph::tests::test_query_returns_import_relationships' (829) panicked at src/graph.rs:1604:9:
[INFO] [stdout] query --rel import should return results (was previously filtered)
[INFO] [stdout] stack backtrace:
[INFO] [stdout]    0:     0x5c7089f955e1 - <<std[617be2ca0a6fd877]::sys::backtrace::BacktraceLock>::print::DisplayBacktrace as core[a373ad73a504971]::fmt::Display>::fmt
[INFO] [stdout]    1:     0x5c7089fac3da - core[a373ad73a504971]::fmt::write
[INFO] [stdout]    2:     0x5c7089f99acc - <alloc[2e1b2a31b91974c5]::vec::Vec<u8> as core[a373ad73a504971]::io::write::Write>::write_fmt
[INFO] [stdout]    3:     0x5c7089f6fd36 - std[617be2ca0a6fd877]::panicking::default_hook::{closure#0}
[INFO] [stdout]    4:     0x5c7089f8cd69 - std[617be2ca0a6fd877]::panicking::default_hook
[INFO] [stdout]    5:     0x5c7089eb5df0 - test[aada8e7e76ba119b]::test_main_inner::{closure#0}
[INFO] [stdout]    6:     0x5c7089f8cf22 - std[617be2ca0a6fd877]::panicking::panic_with_hook
[INFO] [stdout]    7:     0x5c7089f6fe14 - std[617be2ca0a6fd877]::panicking::panic_handler::{closure#0}
[INFO] [stdout]    8:     0x5c7089f687a9 - std[617be2ca0a6fd877]::sys::backtrace::__rust_end_short_backtrace::<std[617be2ca0a6fd877]::panicking::panic_handler::{closure#0}, !>
[INFO] [stdout]    9:     0x5c7089f709ed - __rustc[ea4f61d10b84890b]::rust_begin_unwind
[INFO] [stdout]   10:     0x5c7089facb0c - core[a373ad73a504971]::panicking::panic_fmt
[INFO] [stdout]   11:     0x5c7089e551cb - <sysml_core[2a58f8c21a09f4b]::graph::tests::test_query_returns_import_relationships::{closure#0} as core[a373ad73a504971]::ops::function::FnOnce<()>>::call_once
[INFO] [stdout]   12:     0x5c7089ea923b - test[aada8e7e76ba119b]::__rust_begin_short_backtrace::<core[a373ad73a504971]::result::Result<(), alloc[2e1b2a31b91974c5]::string::String>, fn() -> core[a373ad73a504971]::result::Result<(), alloc[2e1b2a31b91974c5]::string::String>>
[INFO] [stdout]   13:     0x5c7089eb6415 - test[aada8e7e76ba119b]::run_test::{closure#0}
[INFO] [stdout]   14:     0x5c7089eafd04 - std[617be2ca0a6fd877]::sys::backtrace::__rust_begin_short_backtrace::<test[aada8e7e76ba119b]::run_test::{closure#1}, ()>
[INFO] [stdout]   15:     0x5c7089eb94a2 - <std[617be2ca0a6fd877]::thread::lifecycle::spawn_unchecked<test[aada8e7e76ba119b]::run_test::{closure#1}, ()>::{closure#1} as core[a373ad73a504971]::ops::function::FnOnce<()>>::call_once::{shim:vtable#0}
[INFO] [stdout]   16:     0x5c7089f948ff - <std[617be2ca0a6fd877]::sys::thread::unix::Thread>::new::thread_start
[INFO] [stdout]   17:     0x7743c3691dfa - <unknown>
[INFO] [stdout]   18:     0x7743c37253d4 - clone
[INFO] [stdout]   19:                0x0 - <unknown>
[INFO] [stdout] 
[INFO] [stdout] ---- graph::tests::test_query_returns_member_relationships stdout ----
[INFO] [stdout] 
[INFO] [stdout] thread 'graph::tests::test_query_returns_member_relationships' (830) panicked at src/graph.rs:1582:9:
[INFO] [stdout] query --rel member should return results (was previously filtered)
[INFO] [stdout] stack backtrace:
[INFO] [stdout]    0:     0x5c7089f955e1 - <<std[617be2ca0a6fd877]::sys::backtrace::BacktraceLock>::print::DisplayBacktrace as core[a373ad73a504971]::fmt::Display>::fmt
[INFO] [stdout]    1:     0x5c7089fac3da - core[a373ad73a504971]::fmt::write
[INFO] [stdout]    2:     0x5c7089f99acc - <alloc[2e1b2a31b91974c5]::vec::Vec<u8> as core[a373ad73a504971]::io::write::Write>::write_fmt
[INFO] [stdout]    3:     0x5c7089f6fd36 - std[617be2ca0a6fd877]::panicking::default_hook::{closure#0}
[INFO] [stdout]    4:     0x5c7089f8cd69 - std[617be2ca0a6fd877]::panicking::default_hook
[INFO] [stdout]    5:     0x5c7089eb5df0 - test[aada8e7e76ba119b]::test_main_inner::{closure#0}
[INFO] [stdout]    6:     0x5c7089f8cf22 - std[617be2ca0a6fd877]::panicking::panic_with_hook
[INFO] [stdout]    7:     0x5c7089f6fe14 - std[617be2ca0a6fd877]::panicking::panic_handler::{closure#0}
[INFO] [stdout]    8:     0x5c7089f687a9 - std[617be2ca0a6fd877]::sys::backtrace::__rust_end_short_backtrace::<std[617be2ca0a6fd877]::panicking::panic_handler::{closure#0}, !>
[INFO] [stdout]    9:     0x5c7089f709ed - __rustc[ea4f61d10b84890b]::rust_begin_unwind
[INFO] [stdout]   10:     0x5c7089facb0c - core[a373ad73a504971]::panicking::panic_fmt
[INFO] [stdout]   11:     0x5c7089e5554b - <sysml_core[2a58f8c21a09f4b]::graph::tests::test_query_returns_member_relationships::{closure#0} as core[a373ad73a504971]::ops::function::FnOnce<()>>::call_once
[INFO] [stdout]   12:     0x5c7089ea923b - test[aada8e7e76ba119b]::__rust_begin_short_backtrace::<core[a373ad73a504971]::result::Result<(), alloc[2e1b2a31b91974c5]::string::String>, fn() -> core[a373ad73a504971]::result::Result<(), alloc[2e1b2a31b91974c5]::string::String>>
[INFO] [stdout]   13:     0x5c7089eb6415 - test[aada8e7e76ba119b]::run_test::{closure#0}
[INFO] [stdout]   14:     0x5c7089eafd04 - std[617be2ca0a6fd877]::sys::backtrace::__rust_begin_short_backtrace::<test[aada8e7e76ba119b]::run_test::{closure#1}, ()>
[INFO] [stdout]   15:     0x5c7089eb94a2 - <std[617be2ca0a6fd877]::thread::lifecycle::spawn_unchecked<test[aada8e7e76ba119b]::run_test::{closure#1}, ()>::{closure#1} as core[a373ad73a504971]::ops::function::FnOnce<()>>::call_once::{shim:vtable#0}
[INFO] [stdout]   16:     0x5c7089f948ff - <std[617be2ca0a6fd877]::sys::thread::unix::Thread>::new::thread_start
[INFO] [stdout]   17:     0x7743c3691dfa - <unknown>
[INFO] [stdout]   18:     0x7743c37253d4 - clone
[INFO] [stdout]   19:                0x0 - <unknown>
[INFO] [stdout] 
[INFO] [stdout] ---- graph::tests::test_rflp_layer_populated stdout ----
[INFO] [stdout] 
[INFO] [stdout] thread 'graph::tests::test_rflp_layer_populated' (837) panicked at src/graph.rs:1492:9:
[INFO] [stdout] at least some elements should have RFLP layer
[INFO] [stdout] stack backtrace:
[INFO] [stdout]    0:     0x5c7089f955e1 - <<std[617be2ca0a6fd877]::sys::backtrace::BacktraceLock>::print::DisplayBacktrace as core[a373ad73a504971]::fmt::Display>::fmt
[INFO] [stdout]    1:     0x5c7089fac3da - core[a373ad73a504971]::fmt::write
[INFO] [stdout]    2:     0x5c7089f99acc - <alloc[2e1b2a31b91974c5]::vec::Vec<u8> as core[a373ad73a504971]::io::write::Write>::write_fmt
[INFO] [stdout]    3:     0x5c7089f6fd36 - std[617be2ca0a6fd877]::panicking::default_hook::{closure#0}
[INFO] [stdout]    4:     0x5c7089f8cd69 - std[617be2ca0a6fd877]::panicking::default_hook
[INFO] [stdout]    5:     0x5c7089eb5df0 - test[aada8e7e76ba119b]::test_main_inner::{closure#0}
[INFO] [stdout]    6:     0x5c7089f8cf22 - std[617be2ca0a6fd877]::panicking::panic_with_hook
[INFO] [stdout]    7:     0x5c7089f6fe14 - std[617be2ca0a6fd877]::panicking::panic_handler::{closure#0}
[INFO] [stdout]    8:     0x5c7089f687a9 - std[617be2ca0a6fd877]::sys::backtrace::__rust_end_short_backtrace::<std[617be2ca0a6fd877]::panicking::panic_handler::{closure#0}, !>
[INFO] [stdout]    9:     0x5c7089f709ed - __rustc[ea4f61d10b84890b]::rust_begin_unwind
[INFO] [stdout]   10:     0x5c7089facb0c - core[a373ad73a504971]::panicking::panic_fmt
[INFO] [stdout]   11:     0x5c7089e517d7 - <sysml_core[2a58f8c21a09f4b]::graph::tests::test_rflp_layer_populated::{closure#0} as core[a373ad73a504971]::ops::function::FnOnce<()>>::call_once
[INFO] [stdout]   12:     0x5c7089ea923b - test[aada8e7e76ba119b]::__rust_begin_short_backtrace::<core[a373ad73a504971]::result::Result<(), alloc[2e1b2a31b91974c5]::string::String>, fn() -> core[a373ad73a504971]::result::Result<(), alloc[2e1b2a31b91974c5]::string::String>>
[INFO] [stdout]   13:     0x5c7089eb6415 - test[aada8e7e76ba119b]::run_test::{closure#0}
[INFO] [stdout]   14:     0x5c7089eafd04 - std[617be2ca0a6fd877]::sys::backtrace::__rust_begin_short_backtrace::<test[aada8e7e76ba119b]::run_test::{closure#1}, ()>
[INFO] [stdout]   15:     0x5c7089eb94a2 - <std[617be2ca0a6fd877]::thread::lifecycle::spawn_unchecked<test[aada8e7e76ba119b]::run_test::{closure#1}, ()>::{closure#1} as core[a373ad73a504971]::ops::function::FnOnce<()>>::call_once::{shim:vtable#0}
[INFO] [stdout]   16:     0x5c7089f948ff - <std[617be2ca0a6fd877]::sys::thread::unix::Thread>::new::thread_start
[INFO] [stdout]   17:     0x7743c3691dfa - <unknown>
[INFO] [stdout]   18:     0x7743c37253d4 - clone
[INFO] [stdout]   19:                0x0 - <unknown>
[INFO] [stdout] 
[INFO] [stdout] ---- graph::tests::test_search_kind_expansion stdout ----
[INFO] [stdout] 
[INFO] [stdout] thread 'graph::tests::test_search_kind_expansion' (844) panicked at src/graph.rs:1159:9:
[INFO] [stdout] should find elements for 'requirement'
[INFO] [stdout] stack backtrace:
[INFO] [stdout]    0:     0x5c7089f955e1 - <<std[617be2ca0a6fd877]::sys::backtrace::BacktraceLock>::print::DisplayBacktrace as core[a373ad73a504971]::fmt::Display>::fmt
[INFO] [stdout]    1:     0x5c7089fac3da - core[a373ad73a504971]::fmt::write
[INFO] [stdout]    2:     0x5c7089f99acc - <alloc[2e1b2a31b91974c5]::vec::Vec<u8> as core[a373ad73a504971]::io::write::Write>::write_fmt
[INFO] [stdout]    3:     0x5c7089f6fd36 - std[617be2ca0a6fd877]::panicking::default_hook::{closure#0}
[INFO] [stdout]    4:     0x5c7089f8cd69 - std[617be2ca0a6fd877]::panicking::default_hook
[INFO] [stdout]    5:     0x5c7089eb5df0 - test[aada8e7e76ba119b]::test_main_inner::{closure#0}
[INFO] [stdout]    6:     0x5c7089f8cf22 - std[617be2ca0a6fd877]::panicking::panic_with_hook
[INFO] [stdout]    7:     0x5c7089f6fe14 - std[617be2ca0a6fd877]::panicking::panic_handler::{closure#0}
[INFO] [stdout]    8:     0x5c7089f687a9 - std[617be2ca0a6fd877]::sys::backtrace::__rust_end_short_backtrace::<std[617be2ca0a6fd877]::panicking::panic_handler::{closure#0}, !>
[INFO] [stdout]    9:     0x5c7089f709ed - __rustc[ea4f61d10b84890b]::rust_begin_unwind
[INFO] [stdout]   10:     0x5c7089facb0c - core[a373ad73a504971]::panicking::panic_fmt
[INFO] [stdout]   11:     0x5c7089e526db - <sysml_core[2a58f8c21a09f4b]::graph::tests::test_search_kind_expansion::{closure#0} as core[a373ad73a504971]::ops::function::FnOnce<()>>::call_once
[INFO] [stdout]   12:     0x5c7089ea923b - test[aada8e7e76ba119b]::__rust_begin_short_backtrace::<core[a373ad73a504971]::result::Result<(), alloc[2e1b2a31b91974c5]::string::String>, fn() -> core[a373ad73a504971]::result::Result<(), alloc[2e1b2a31b91974c5]::string::String>>
[INFO] [stdout]   13:     0x5c7089eb6415 - test[aada8e7e76ba119b]::run_test::{closure#0}
[INFO] [stdout]   14:     0x5c7089eafd04 - std[617be2ca0a6fd877]::sys::backtrace::__rust_begin_short_backtrace::<test[aada8e7e76ba119b]::run_test::{closure#1}, ()>
[INFO] [stdout]   15:     0x5c7089eb94a2 - <std[617be2ca0a6fd877]::thread::lifecycle::spawn_unchecked<test[aada8e7e76ba119b]::run_test::{closure#1}, ()>::{closure#1} as core[a373ad73a504971]::ops::function::FnOnce<()>>::call_once::{shim:vtable#0}
[INFO] [stdout]   16:     0x5c7089f948ff - <std[617be2ca0a6fd877]::sys::thread::unix::Thread>::new::thread_start
[INFO] [stdout]   17:     0x7743c3691dfa - <unknown>
[INFO] [stdout]   18:     0x7743c37253d4 - clone
[INFO] [stdout]   19:                0x0 - <unknown>
[INFO] [stdout] 
[INFO] [stdout] ---- graph::tests::test_search_scores_normalized stdout ----
[INFO] [stdout] 
[INFO] [stdout] thread 'graph::tests::test_search_scores_normalized' (846) panicked at src/graph.rs:1459:9:
[INFO] [stdout] assertion failed: !hits.is_empty()
[INFO] [stdout] stack backtrace:
[INFO] [stdout]    0:     0x5c7089f955e1 - <<std[617be2ca0a6fd877]::sys::backtrace::BacktraceLock>::print::DisplayBacktrace as core[a373ad73a504971]::fmt::Display>::fmt
[INFO] [stderr] error: test failed, to rerun pass `--lib`
[INFO] [stdout]    1:     0x5c7089fac3da - core[a373ad73a504971]::fmt::write
[INFO] [stdout]    2:     0x5c7089f99acc - <alloc[2e1b2a31b91974c5]::vec::Vec<u8> as core[a373ad73a504971]::io::write::Write>::write_fmt
[INFO] [stdout]    3:     0x5c7089f6fd36 - std[617be2ca0a6fd877]::panicking::default_hook::{closure#0}
[INFO] [stdout]    4:     0x5c7089f8cd69 - std[617be2ca0a6fd877]::panicking::default_hook
[INFO] [stdout]    5:     0x5c7089eb5df0 - test[aada8e7e76ba119b]::test_main_inner::{closure#0}
[INFO] [stdout]    6:     0x5c7089f8cf22 - std[617be2ca0a6fd877]::panicking::panic_with_hook
[INFO] [stdout]    7:     0x5c7089f6fe14 - std[617be2ca0a6fd877]::panicking::panic_handler::{closure#0}
[INFO] [stdout]    8:     0x5c7089f687a9 - std[617be2ca0a6fd877]::sys::backtrace::__rust_end_short_backtrace::<std[617be2ca0a6fd877]::panicking::panic_handler::{closure#0}, !>
[INFO] [stdout]    9:     0x5c7089f709ed - __rustc[ea4f61d10b84890b]::rust_begin_unwind
[INFO] [stdout]   10:     0x5c7089facb0c - core[a373ad73a504971]::panicking::panic_fmt
[INFO] [stdout]   11:     0x5c7089facad2 - core[a373ad73a504971]::panicking::panic
[INFO] [stdout]   12:     0x5c7089e538e1 - <sysml_core[2a58f8c21a09f4b]::graph::tests::test_search_scores_normalized::{closure#0} as core[a373ad73a504971]::ops::function::FnOnce<()>>::call_once
[INFO] [stdout]   13:     0x5c7089ea923b - test[aada8e7e76ba119b]::__rust_begin_short_backtrace::<core[a373ad73a504971]::result::Result<(), alloc[2e1b2a31b91974c5]::string::String>, fn() -> core[a373ad73a504971]::result::Result<(), alloc[2e1b2a31b91974c5]::string::String>>
[INFO] [stdout]   14:     0x5c7089eb6415 - test[aada8e7e76ba119b]::run_test::{closure#0}
[INFO] [stdout]   15:     0x5c7089eafd04 - std[617be2ca0a6fd877]::sys::backtrace::__rust_begin_short_backtrace::<test[aada8e7e76ba119b]::run_test::{closure#1}, ()>
[INFO] [stdout]   16:     0x5c7089eb94a2 - <std[617be2ca0a6fd877]::thread::lifecycle::spawn_unchecked<test[aada8e7e76ba119b]::run_test::{closure#1}, ()>::{closure#1} as core[a373ad73a504971]::ops::function::FnOnce<()>>::call_once::{shim:vtable#0}
[INFO] [stdout]   17:     0x5c7089f948ff - <std[617be2ca0a6fd877]::sys::thread::unix::Thread>::new::thread_start
[INFO] [stdout]   18:     0x7743c3691dfa - <unknown>
[INFO] [stdout]   19:     0x7743c37253d4 - clone
[INFO] [stdout]   20:                0x0 - <unknown>
[INFO] [stdout] 
[INFO] [stdout] ---- graph::tests::test_search_by_kind stdout ----
[INFO] [stdout] 
[INFO] [stdout] thread 'graph::tests::test_search_by_kind' (840) panicked at src/graph.rs:1117:9:
[INFO] [stdout] should find requirement elements
[INFO] [stdout] stack backtrace:
[INFO] [stdout]    0:     0x5c7089f955e1 - <<std[617be2ca0a6fd877]::sys::backtrace::BacktraceLock>::print::DisplayBacktrace as core[a373ad73a504971]::fmt::Display>::fmt
[INFO] [stdout]    1:     0x5c7089fac3da - core[a373ad73a504971]::fmt::write
[INFO] [stdout]    2:     0x5c7089f99acc - <alloc[2e1b2a31b91974c5]::vec::Vec<u8> as core[a373ad73a504971]::io::write::Write>::write_fmt
[INFO] [stdout]    3:     0x5c7089f6fd36 - std[617be2ca0a6fd877]::panicking::default_hook::{closure#0}
[INFO] [stdout]    4:     0x5c7089f8cd69 - std[617be2ca0a6fd877]::panicking::default_hook
[INFO] [stdout]    5:     0x5c7089eb5df0 - test[aada8e7e76ba119b]::test_main_inner::{closure#0}
[INFO] [stdout]    6:     0x5c7089f8cf22 - std[617be2ca0a6fd877]::panicking::panic_with_hook
[INFO] [stdout]    7:     0x5c7089f6fe14 - std[617be2ca0a6fd877]::panicking::panic_handler::{closure#0}
[INFO] [stdout]    8:     0x5c7089f687a9 - std[617be2ca0a6fd877]::sys::backtrace::__rust_end_short_backtrace::<std[617be2ca0a6fd877]::panicking::panic_handler::{closure#0}, !>
[INFO] [stdout]    9:     0x5c7089f709ed - __rustc[ea4f61d10b84890b]::rust_begin_unwind
[INFO] [stdout]   10:     0x5c7089facb0c - core[a373ad73a504971]::panicking::panic_fmt
[INFO] [stdout]   11:     0x5c7089e4f62a - <sysml_core[2a58f8c21a09f4b]::graph::tests::test_search_by_kind::{closure#0} as core[a373ad73a504971]::ops::function::FnOnce<()>>::call_once
[INFO] [stdout]   12:     0x5c7089ea923b - test[aada8e7e76ba119b]::__rust_begin_short_backtrace::<core[a373ad73a504971]::result::Result<(), alloc[2e1b2a31b91974c5]::string::String>, fn() -> core[a373ad73a504971]::result::Result<(), alloc[2e1b2a31b91974c5]::string::String>>
[INFO] [stdout]   13:     0x5c7089eb6415 - test[aada8e7e76ba119b]::run_test::{closure#0}
[INFO] [stdout]   14:     0x5c7089eafd04 - std[617be2ca0a6fd877]::sys::backtrace::__rust_begin_short_backtrace::<test[aada8e7e76ba119b]::run_test::{closure#1}, ()>
[INFO] [stdout]   15:     0x5c7089eb94a2 - <std[617be2ca0a6fd877]::thread::lifecycle::spawn_unchecked<test[aada8e7e76ba119b]::run_test::{closure#1}, ()>::{closure#1} as core[a373ad73a504971]::ops::function::FnOnce<()>>::call_once::{shim:vtable#0}
[INFO] [stdout]   16:     0x5c7089f948ff - <std[617be2ca0a6fd877]::sys::thread::unix::Thread>::new::thread_start
[INFO] [stdout]   17:     0x7743c3691dfa - <unknown>
[INFO] [stdout]   18:     0x7743c37253d4 - clone
[INFO] [stdout]   19:                0x0 - <unknown>
[INFO] [stdout] 
[INFO] [stdout] ---- graph::tests::test_search_by_name stdout ----
[INFO] [stdout] 
[INFO] [stdout] thread 'graph::tests::test_search_by_name' (841) panicked at src/graph.rs:1100:9:
[INFO] [stdout] ShieldModule should appear in search results
[INFO] [stdout] stack backtrace:
[INFO] [stdout]    0:     0x5c7089f955e1 - <<std[617be2ca0a6fd877]::sys::backtrace::BacktraceLock>::print::DisplayBacktrace as core[a373ad73a504971]::fmt::Display>::fmt
[INFO] [stdout]    1:     0x5c7089fac3da - core[a373ad73a504971]::fmt::write
[INFO] [stdout]    2:     0x5c7089f99acc - <alloc[2e1b2a31b91974c5]::vec::Vec<u8> as core[a373ad73a504971]::io::write::Write>::write_fmt
[INFO] [stdout]    3:     0x5c7089f6fd36 - std[617be2ca0a6fd877]::panicking::default_hook::{closure#0}
[INFO] [stdout]    4:     0x5c7089f8cd69 - std[617be2ca0a6fd877]::panicking::default_hook
[INFO] [stdout]    5:     0x5c7089eb5df0 - test[aada8e7e76ba119b]::test_main_inner::{closure#0}
[INFO] [stdout]    6:     0x5c7089f8cf22 - std[617be2ca0a6fd877]::panicking::panic_with_hook
[INFO] [stdout]    7:     0x5c7089f6fe14 - std[617be2ca0a6fd877]::panicking::panic_handler::{closure#0}
[INFO] [stdout]    8:     0x5c7089f687a9 - std[617be2ca0a6fd877]::sys::backtrace::__rust_end_short_backtrace::<std[617be2ca0a6fd877]::panicking::panic_handler::{closure#0}, !>
[INFO] [stdout]    9:     0x5c7089f709ed - __rustc[ea4f61d10b84890b]::rust_begin_unwind
[INFO] [stdout]   10:     0x5c7089facb0c - core[a373ad73a504971]::panicking::panic_fmt
[INFO] [stdout]   11:     0x5c7089e4f882 - <sysml_core[2a58f8c21a09f4b]::graph::tests::test_search_by_name::{closure#0} as core[a373ad73a504971]::ops::function::FnOnce<()>>::call_once
[INFO] [stdout]   12:     0x5c7089ea923b - test[aada8e7e76ba119b]::__rust_begin_short_backtrace::<core[a373ad73a504971]::result::Result<(), alloc[2e1b2a31b91974c5]::string::String>, fn() -> core[a373ad73a504971]::result::Result<(), alloc[2e1b2a31b91974c5]::string::String>>
[INFO] [stdout]   13:     0x5c7089eb6415 - test[aada8e7e76ba119b]::run_test::{closure#0}
[INFO] [stdout]   14:     0x5c7089eafd04 - std[617be2ca0a6fd877]::sys::backtrace::__rust_begin_short_backtrace::<test[aada8e7e76ba119b]::run_test::{closure#1}, ()>
[INFO] [stdout]   15:     0x5c7089eb94a2 - <std[617be2ca0a6fd877]::thread::lifecycle::spawn_unchecked<test[aada8e7e76ba119b]::run_test::{closure#1}, ()>::{closure#1} as core[a373ad73a504971]::ops::function::FnOnce<()>>::call_once::{shim:vtable#0}
[INFO] [stdout]   16:     0x5c7089f948ff - <std[617be2ca0a6fd877]::sys::thread::unix::Thread>::new::thread_start
[INFO] [stdout]   17:     0x7743c3691dfa - <unknown>
[INFO] [stdout]   18:     0x7743c37253d4 - clone
[INFO] [stdout]   19:                0x0 - <unknown>
[INFO] [stdout] 
[INFO] [stdout] ---- graph::tests::test_search_exact_name stdout ----
[INFO] [stdout] 
[INFO] [stdout] thread 'graph::tests::test_search_exact_name' (843) panicked at src/graph.rs:1143:9:
[INFO] [stdout] oreExtractionEfficiencyRequirementLowSec should appear in search results
[INFO] [stdout] stack backtrace:
[INFO] [stdout]    0:     0x5c7089f955e1 - <<std[617be2ca0a6fd877]::sys::backtrace::BacktraceLock>::print::DisplayBacktrace as core[a373ad73a504971]::fmt::Display>::fmt
[INFO] [stdout]    1:     0x5c7089fac3da - core[a373ad73a504971]::fmt::write
[INFO] [stdout]    2:     0x5c7089f99acc - <alloc[2e1b2a31b91974c5]::vec::Vec<u8> as core[a373ad73a504971]::io::write::Write>::write_fmt
[INFO] [stdout]    3:     0x5c7089f6fd36 - std[617be2ca0a6fd877]::panicking::default_hook::{closure#0}
[INFO] [stdout]    4:     0x5c7089f8cd69 - std[617be2ca0a6fd877]::panicking::default_hook
[INFO] [stdout]    5:     0x5c7089eb5df0 - test[aada8e7e76ba119b]::test_main_inner::{closure#0}
[INFO] [stdout]    6:     0x5c7089f8cf22 - std[617be2ca0a6fd877]::panicking::panic_with_hook
[INFO] [stdout]    7:     0x5c7089f6fe14 - std[617be2ca0a6fd877]::panicking::panic_handler::{closure#0}
[INFO] [stdout]    8:     0x5c7089f687a9 - std[617be2ca0a6fd877]::sys::backtrace::__rust_end_short_backtrace::<std[617be2ca0a6fd877]::panicking::panic_handler::{closure#0}, !>
[INFO] [stdout]    9:     0x5c7089f709ed - __rustc[ea4f61d10b84890b]::rust_begin_unwind
[INFO] [stdout]   10:     0x5c7089facb0c - core[a373ad73a504971]::panicking::panic_fmt
[INFO] [stdout]   11:     0x5c7089e508e9 - <sysml_core[2a58f8c21a09f4b]::graph::tests::test_search_exact_name::{closure#0} as core[a373ad73a504971]::ops::function::FnOnce<()>>::call_once
[INFO] [stdout]   12:     0x5c7089ea923b - test[aada8e7e76ba119b]::__rust_begin_short_backtrace::<core[a373ad73a504971]::result::Result<(), alloc[2e1b2a31b91974c5]::string::String>, fn() -> core[a373ad73a504971]::result::Result<(), alloc[2e1b2a31b91974c5]::string::String>>
[INFO] [stdout]   13:     0x5c7089eb6415 - test[aada8e7e76ba119b]::run_test::{closure#0}
[INFO] [stdout]   14:     0x5c7089eafd04 - std[617be2ca0a6fd877]::sys::backtrace::__rust_begin_short_backtrace::<test[aada8e7e76ba119b]::run_test::{closure#1}, ()>
[INFO] [stdout]   15:     0x5c7089eb94a2 - <std[617be2ca0a6fd877]::thread::lifecycle::spawn_unchecked<test[aada8e7e76ba119b]::run_test::{closure#1}, ()>::{closure#1} as core[a373ad73a504971]::ops::function::FnOnce<()>>::call_once::{shim:vtable#0}
[INFO] [stdout]   16:     0x5c7089f948ff - <std[617be2ca0a6fd877]::sys::thread::unix::Thread>::new::thread_start
[INFO] [stdout]   17:     0x7743c3691dfa - <unknown>
[INFO] [stdout]   18:     0x7743c37253d4 - clone
[INFO] [stdout]   19:                0x0 - <unknown>
[INFO] [stdout] 
[INFO] [stdout] ---- graph::tests::test_search_multi_word_query stdout ----
[INFO] [stdout] 
[INFO] [stdout] thread 'graph::tests::test_search_multi_word_query' (845) panicked at src/graph.rs:1442:9:
[INFO] [stdout] multi-word query 'shield module' should return results
[INFO] [stdout] stack backtrace:
[INFO] [stdout]    0:     0x5c7089f955e1 - <<std[617be2ca0a6fd877]::sys::backtrace::BacktraceLock>::print::DisplayBacktrace as core[a373ad73a504971]::fmt::Display>::fmt
[INFO] [stdout]    1:     0x5c7089fac3da - core[a373ad73a504971]::fmt::write
[INFO] [stdout]    2:     0x5c7089f99acc - <alloc[2e1b2a31b91974c5]::vec::Vec<u8> as core[a373ad73a504971]::io::write::Write>::write_fmt
[INFO] [stdout]    3:     0x5c7089f6fd36 - std[617be2ca0a6fd877]::panicking::default_hook::{closure#0}
[INFO] [stdout]    4:     0x5c7089f8cd69 - std[617be2ca0a6fd877]::panicking::default_hook
[INFO] [stdout]    5:     0x5c7089eb5df0 - test[aada8e7e76ba119b]::test_main_inner::{closure#0}
[INFO] [stdout]    6:     0x5c7089f8cf22 - std[617be2ca0a6fd877]::panicking::panic_with_hook
[INFO] [stdout]    7:     0x5c7089f6fe14 - std[617be2ca0a6fd877]::panicking::panic_handler::{closure#0}
[INFO] [stdout]    8:     0x5c7089f687a9 - std[617be2ca0a6fd877]::sys::backtrace::__rust_end_short_backtrace::<std[617be2ca0a6fd877]::panicking::panic_handler::{closure#0}, !>
[INFO] [stdout]    9:     0x5c7089f709ed - __rustc[ea4f61d10b84890b]::rust_begin_unwind
[INFO] [stdout]   10:     0x5c7089facb0c - core[a373ad73a504971]::panicking::panic_fmt
[INFO] [stdout]   11:     0x5c7089e533fc - <sysml_core[2a58f8c21a09f4b]::graph::tests::test_search_multi_word_query::{closure#0} as core[a373ad73a504971]::ops::function::FnOnce<()>>::call_once
[INFO] [stdout]   12:     0x5c7089ea923b - test[aada8e7e76ba119b]::__rust_begin_short_backtrace::<core[a373ad73a504971]::result::Result<(), alloc[2e1b2a31b91974c5]::string::String>, fn() -> core[a373ad73a504971]::result::Result<(), alloc[2e1b2a31b91974c5]::string::String>>
[INFO] [stdout]   13:     0x5c7089eb6415 - test[aada8e7e76ba119b]::run_test::{closure#0}
[INFO] [stdout]   14:     0x5c7089eafd04 - std[617be2ca0a6fd877]::sys::backtrace::__rust_begin_short_backtrace::<test[aada8e7e76ba119b]::run_test::{closure#1}, ()>
[INFO] [stdout]   15:     0x5c7089eb94a2 - <std[617be2ca0a6fd877]::thread::lifecycle::spawn_unchecked<test[aada8e7e76ba119b]::run_test::{closure#1}, ()>::{closure#1} as core[a373ad73a504971]::ops::function::FnOnce<()>>::call_once::{shim:vtable#0}
[INFO] [stdout]   16:     0x5c7089f948ff - <std[617be2ca0a6fd877]::sys::thread::unix::Thread>::new::thread_start
[INFO] [stdout]   17:     0x7743c3691dfa - <unknown>
[INFO] [stdout]   18:     0x7743c37253d4 - clone
[INFO] [stdout]   19:                0x0 - <unknown>
[INFO] [stdout] 
[INFO] [stdout] ---- graph::tests::test_trace_explicit_member_type_filter stdout ----
[INFO] [stdout] 
[INFO] [stdout] thread 'graph::tests::test_trace_explicit_member_type_filter' (847) panicked at src/graph.rs:1691:9:
[INFO] [stdout] explicit --types Member should return Member hops even without include_structural
[INFO] [stdout] stack backtrace:
[INFO] [stdout]    0:     0x5c7089f955e1 - <<std[617be2ca0a6fd877]::sys::backtrace::BacktraceLock>::print::DisplayBacktrace as core[a373ad73a504971]::fmt::Display>::fmt
[INFO] [stdout]    1:     0x5c7089fac3da - core[a373ad73a504971]::fmt::write
[INFO] [stdout]    2:     0x5c7089f99acc - <alloc[2e1b2a31b91974c5]::vec::Vec<u8> as core[a373ad73a504971]::io::write::Write>::write_fmt
[INFO] [stdout]    3:     0x5c7089f6fd36 - std[617be2ca0a6fd877]::panicking::default_hook::{closure#0}
[INFO] [stdout]    4:     0x5c7089f8cd69 - std[617be2ca0a6fd877]::panicking::default_hook
[INFO] [stdout]    5:     0x5c7089eb5df0 - test[aada8e7e76ba119b]::test_main_inner::{closure#0}
[INFO] [stdout]    6:     0x5c7089f8cf22 - std[617be2ca0a6fd877]::panicking::panic_with_hook
[INFO] [stdout]    7:     0x5c7089f6fe14 - std[617be2ca0a6fd877]::panicking::panic_handler::{closure#0}
[INFO] [stdout]    8:     0x5c7089f687a9 - std[617be2ca0a6fd877]::sys::backtrace::__rust_end_short_backtrace::<std[617be2ca0a6fd877]::panicking::panic_handler::{closure#0}, !>
[INFO] [stdout]    9:     0x5c7089f709ed - __rustc[ea4f61d10b84890b]::rust_begin_unwind
[INFO] [stdout]   10:     0x5c7089facb0c - core[a373ad73a504971]::panicking::panic_fmt
[INFO] [stdout]   11:     0x5c7089e54ec3 - <sysml_core[2a58f8c21a09f4b]::graph::tests::test_trace_explicit_member_type_filter::{closure#0} as core[a373ad73a504971]::ops::function::FnOnce<()>>::call_once
[INFO] [stdout]   12:     0x5c7089ea923b - test[aada8e7e76ba119b]::__rust_begin_short_backtrace::<core[a373ad73a504971]::result::Result<(), alloc[2e1b2a31b91974c5]::string::String>, fn() -> core[a373ad73a504971]::result::Result<(), alloc[2e1b2a31b91974c5]::string::String>>
[INFO] [stdout]   13:     0x5c7089eb6415 - test[aada8e7e76ba119b]::run_test::{closure#0}
[INFO] [stdout]   14:     0x5c7089eafd04 - std[617be2ca0a6fd877]::sys::backtrace::__rust_begin_short_backtrace::<test[aada8e7e76ba119b]::run_test::{closure#1}, ()>
[INFO] [stdout]   15:     0x5c7089eb94a2 - <std[617be2ca0a6fd877]::thread::lifecycle::spawn_unchecked<test[aada8e7e76ba119b]::run_test::{closure#1}, ()>::{closure#1} as core[a373ad73a504971]::ops::function::FnOnce<()>>::call_once::{shim:vtable#0}
[INFO] [stdout]   16:     0x5c7089f948ff - <std[617be2ca0a6fd877]::sys::thread::unix::Thread>::new::thread_start
[INFO] [stdout]   17:     0x7743c3691dfa - <unknown>
[INFO] [stdout]   18:     0x7743c37253d4 - clone
[INFO] [stdout]   19:                0x0 - <unknown>
[INFO] [stdout] 
[INFO] [stdout] ---- graph::tests::test_trace_hops_have_element_metadata stdout ----
[INFO] [stdout] 
[INFO] [stdout] thread 'graph::tests::test_trace_hops_have_element_metadata' (850) panicked at src/graph.rs:1766:9:
[INFO] [stdout] assertion failed: !result.hops.is_empty()
[INFO] [stdout] stack backtrace:
[INFO] [stdout]    0:     0x5c7089f955e1 - <<std[617be2ca0a6fd877]::sys::backtrace::BacktraceLock>::print::DisplayBacktrace as core[a373ad73a504971]::fmt::Display>::fmt
[INFO] [stdout]    1:     0x5c7089fac3da - core[a373ad73a504971]::fmt::write
[INFO] [stdout]    2:     0x5c7089f99acc - <alloc[2e1b2a31b91974c5]::vec::Vec<u8> as core[a373ad73a504971]::io::write::Write>::write_fmt
[INFO] [stdout]    3:     0x5c7089f6fd36 - std[617be2ca0a6fd877]::panicking::default_hook::{closure#0}
[INFO] [stdout]    4:     0x5c7089f8cd69 - std[617be2ca0a6fd877]::panicking::default_hook
[INFO] [stdout]    5:     0x5c7089eb5df0 - test[aada8e7e76ba119b]::test_main_inner::{closure#0}
[INFO] [stdout]    6:     0x5c7089f8cf22 - std[617be2ca0a6fd877]::panicking::panic_with_hook
[INFO] [stdout]    7:     0x5c7089f6fe14 - std[617be2ca0a6fd877]::panicking::panic_handler::{closure#0}
[INFO] [stdout]    8:     0x5c7089f687a9 - std[617be2ca0a6fd877]::sys::backtrace::__rust_end_short_backtrace::<std[617be2ca0a6fd877]::panicking::panic_handler::{closure#0}, !>
[INFO] [stdout]    9:     0x5c7089f709ed - __rustc[ea4f61d10b84890b]::rust_begin_unwind
[INFO] [stdout]   10:     0x5c7089facb0c - core[a373ad73a504971]::panicking::panic_fmt
[INFO] [stdout]   11:     0x5c7089facad2 - core[a373ad73a504971]::panicking::panic
[INFO] [stdout]   12:     0x5c7089e54b39 - <sysml_core[2a58f8c21a09f4b]::graph::tests::test_trace_hops_have_element_metadata::{closure#0} as core[a373ad73a504971]::ops::function::FnOnce<()>>::call_once
[INFO] [stdout]   13:     0x5c7089ea923b - test[aada8e7e76ba119b]::__rust_begin_short_backtrace::<core[a373ad73a504971]::result::Result<(), alloc[2e1b2a31b91974c5]::string::String>, fn() -> core[a373ad73a504971]::result::Result<(), alloc[2e1b2a31b91974c5]::string::String>>
[INFO] [stdout]   14:     0x5c7089eb6415 - test[aada8e7e76ba119b]::run_test::{closure#0}
[INFO] [stdout]   15:     0x5c7089eafd04 - std[617be2ca0a6fd877]::sys::backtrace::__rust_begin_short_backtrace::<test[aada8e7e76ba119b]::run_test::{closure#1}, ()>
[INFO] [stdout]   16:     0x5c7089eb94a2 - <std[617be2ca0a6fd877]::thread::lifecycle::spawn_unchecked<test[aada8e7e76ba119b]::run_test::{closure#1}, ()>::{closure#1} as core[a373ad73a504971]::ops::function::FnOnce<()>>::call_once::{shim:vtable#0}
[INFO] [stdout]   17:     0x5c7089f948ff - <std[617be2ca0a6fd877]::sys::thread::unix::Thread>::new::thread_start
[INFO] [stdout]   18:     0x7743c3691dfa - <unknown>
[INFO] [stdout]   19:     0x7743c37253d4 - clone
[INFO] [stdout]   20:                0x0 - <unknown>
[INFO] [stdout] 
[INFO] [stdout] ---- graph::tests::test_trace_with_include_structural stdout ----
[INFO] [stdout] 
[INFO] [stdout] thread 'graph::tests::test_trace_with_include_structural' (851) panicked at src/graph.rs:1666:9:
[INFO] [stdout] include_structural should return more hops (0 vs 0)
[INFO] [stdout] stack backtrace:
[INFO] [stdout]    0:     0x5c7089f955e1 - <<std[617be2ca0a6fd877]::sys::backtrace::BacktraceLock>::print::DisplayBacktrace as core[a373ad73a504971]::fmt::Display>::fmt
[INFO] [stdout]    1:     0x5c7089fac3da - core[a373ad73a504971]::fmt::write
[INFO] [stdout]    2:     0x5c7089f99acc - <alloc[2e1b2a31b91974c5]::vec::Vec<u8> as core[a373ad73a504971]::io::write::Write>::write_fmt
[INFO] [stdout]    3:     0x5c7089f6fd36 - std[617be2ca0a6fd877]::panicking::default_hook::{closure#0}
[INFO] [stdout]    4:     0x5c7089f8cd69 - std[617be2ca0a6fd877]::panicking::default_hook
[INFO] [stdout]    5:     0x5c7089eb5df0 - test[aada8e7e76ba119b]::test_main_inner::{closure#0}
[INFO] [stdout]    6:     0x5c7089f8cf22 - std[617be2ca0a6fd877]::panicking::panic_with_hook
[INFO] [stdout]    7:     0x5c7089f6fde2 - std[617be2ca0a6fd877]::panicking::panic_handler::{closure#0}
[INFO] [stdout]    8:     0x5c7089f687a9 - std[617be2ca0a6fd877]::sys::backtrace::__rust_end_short_backtrace::<std[617be2ca0a6fd877]::panicking::panic_handler::{closure#0}, !>
[INFO] [stdout]    9:     0x5c7089f709ed - __rustc[ea4f61d10b84890b]::rust_begin_unwind
[INFO] [stdout]   10:     0x5c7089facb0c - core[a373ad73a504971]::panicking::panic_fmt
[INFO] [stdout]   11:     0x5c7089e546e6 - <sysml_core[2a58f8c21a09f4b]::graph::tests::test_trace_with_include_structural::{closure#0} as core[a373ad73a504971]::ops::function::FnOnce<()>>::call_once
[INFO] [stdout]   12:     0x5c7089ea923b - test[aada8e7e76ba119b]::__rust_begin_short_backtrace::<core[a373ad73a504971]::result::Result<(), alloc[2e1b2a31b91974c5]::string::String>, fn() -> core[a373ad73a504971]::result::Result<(), alloc[2e1b2a31b91974c5]::string::String>>
[INFO] [stdout]   13:     0x5c7089eb6415 - test[aada8e7e76ba119b]::run_test::{closure#0}
[INFO] [stdout]   14:     0x5c7089eafd04 - std[617be2ca0a6fd877]::sys::backtrace::__rust_begin_short_backtrace::<test[aada8e7e76ba119b]::run_test::{closure#1}, ()>
[INFO] [stdout]   15:     0x5c7089eb94a2 - <std[617be2ca0a6fd877]::thread::lifecycle::spawn_unchecked<test[aada8e7e76ba119b]::run_test::{closure#1}, ()>::{closure#1} as core[a373ad73a504971]::ops::function::FnOnce<()>>::call_once::{shim:vtable#0}
[INFO] [stdout]   16:     0x5c7089f948ff - <std[617be2ca0a6fd877]::sys::thread::unix::Thread>::new::thread_start
[INFO] [stdout]   17:     0x7743c3691dfa - <unknown>
[INFO] [stdout]   18:     0x7743c37253d4 - clone
[INFO] [stdout]   19:                0x0 - <unknown>
[INFO] [stdout] 
[INFO] [stdout] ---- graph::tests::test_trace_from_element stdout ----
[INFO] [stdout] 
[INFO] [stdout] thread 'graph::tests::test_trace_from_element' (849) panicked at src/graph.rs:1190:9:
[INFO] [stdout] trace should find connected hops
[INFO] [stdout] stack backtrace:
[INFO] [stdout]    0:     0x5c7089f955e1 - <<std[617be2ca0a6fd877]::sys::backtrace::BacktraceLock>::print::DisplayBacktrace as core[a373ad73a504971]::fmt::Display>::fmt
[INFO] [stdout]    1:     0x5c7089fac3da - core[a373ad73a504971]::fmt::write
[INFO] [stdout]    2:     0x5c7089f99acc - <alloc[2e1b2a31b91974c5]::vec::Vec<u8> as core[a373ad73a504971]::io::write::Write>::write_fmt
[INFO] [stdout]    3:     0x5c7089f6fd36 - std[617be2ca0a6fd877]::panicking::default_hook::{closure#0}
[INFO] [stdout]    4:     0x5c7089f8cd69 - std[617be2ca0a6fd877]::panicking::default_hook
[INFO] [stdout]    5:     0x5c7089eb5df0 - test[aada8e7e76ba119b]::test_main_inner::{closure#0}
[INFO] [stdout]    6:     0x5c7089f8cf22 - std[617be2ca0a6fd877]::panicking::panic_with_hook
[INFO] [stdout]    7:     0x5c7089f6fe14 - std[617be2ca0a6fd877]::panicking::panic_handler::{closure#0}
[INFO] [stdout]    8:     0x5c7089f687a9 - std[617be2ca0a6fd877]::sys::backtrace::__rust_end_short_backtrace::<std[617be2ca0a6fd877]::panicking::panic_handler::{closure#0}, !>
[INFO] [stdout]    9:     0x5c7089f709ed - __rustc[ea4f61d10b84890b]::rust_begin_unwind
[INFO] [stdout]   10:     0x5c7089facb0c - core[a373ad73a504971]::panicking::panic_fmt
[INFO] [stdout]   11:     0x5c7089e50c3d - <sysml_core[2a58f8c21a09f4b]::graph::tests::test_trace_from_element::{closure#0} as core[a373ad73a504971]::ops::function::FnOnce<()>>::call_once
[INFO] [stdout]   12:     0x5c7089ea923b - test[aada8e7e76ba119b]::__rust_begin_short_backtrace::<core[a373ad73a504971]::result::Result<(), alloc[2e1b2a31b91974c5]::string::String>, fn() -> core[a373ad73a504971]::result::Result<(), alloc[2e1b2a31b91974c5]::string::String>>
[INFO] [stdout]   13:     0x5c7089eb6415 - test[aada8e7e76ba119b]::run_test::{closure#0}
[INFO] [stdout]   14:     0x5c7089eafd04 - std[617be2ca0a6fd877]::sys::backtrace::__rust_begin_short_backtrace::<test[aada8e7e76ba119b]::run_test::{closure#1}, ()>
[INFO] [stdout]   15:     0x5c7089eb94a2 - <std[617be2ca0a6fd877]::thread::lifecycle::spawn_unchecked<test[aada8e7e76ba119b]::run_test::{closure#1}, ()>::{closure#1} as core[a373ad73a504971]::ops::function::FnOnce<()>>::call_once::{shim:vtable#0}
[INFO] [stdout]   16:     0x5c7089f948ff - <std[617be2ca0a6fd877]::sys::thread::unix::Thread>::new::thread_start
[INFO] [stdout]   17:     0x7743c3691dfa - <unknown>
[INFO] [stdout]   18:     0x7743c37253d4 - clone
[INFO] [stdout]   19:                0x0 - <unknown>
[INFO] [stdout] 
[INFO] [stdout] ---- graph::tests::test_message_relationships_extracted stdout ----
[INFO] [stdout] 
[INFO] [stdout] thread 'graph::tests::test_message_relationships_extracted' (826) panicked at src/graph.rs:1781:9:
[INFO] [stdout] expected >=20 Message relationships from Domain.sysml, got 0
[INFO] [stdout] stack backtrace:
[INFO] [stdout]    0:     0x5c7089f955e1 - <<std[617be2ca0a6fd877]::sys::backtrace::BacktraceLock>::print::DisplayBacktrace as core[a373ad73a504971]::fmt::Display>::fmt
[INFO] [stdout]    1:     0x5c7089fac3da - core[a373ad73a504971]::fmt::write
[INFO] [stdout]    2:     0x5c7089f99acc - <alloc[2e1b2a31b91974c5]::vec::Vec<u8> as core[a373ad73a504971]::io::write::Write>::write_fmt
[INFO] [stdout]    3:     0x5c7089f6fd36 - std[617be2ca0a6fd877]::panicking::default_hook::{closure#0}
[INFO] [stdout]    4:     0x5c7089f8cd69 - std[617be2ca0a6fd877]::panicking::default_hook
[INFO] [stdout]    5:     0x5c7089eb5df0 - test[aada8e7e76ba119b]::test_main_inner::{closure#0}
[INFO] [stdout]    6:     0x5c7089f8cf22 - std[617be2ca0a6fd877]::panicking::panic_with_hook
[INFO] [stdout]    7:     0x5c7089f6fde2 - std[617be2ca0a6fd877]::panicking::panic_handler::{closure#0}
[INFO] [stdout]    8:     0x5c7089f687a9 - std[617be2ca0a6fd877]::sys::backtrace::__rust_end_short_backtrace::<std[617be2ca0a6fd877]::panicking::panic_handler::{closure#0}, !>
[INFO] [stdout]    9:     0x5c7089f709ed - __rustc[ea4f61d10b84890b]::rust_begin_unwind
[INFO] [stdout]   10:     0x5c7089facb0c - core[a373ad73a504971]::panicking::panic_fmt
[INFO] [stdout]   11:     0x5c7089e54977 - <sysml_core[2a58f8c21a09f4b]::graph::tests::test_message_relationships_extracted::{closure#0} as core[a373ad73a504971]::ops::function::FnOnce<()>>::call_once
[INFO] [stdout]   12:     0x5c7089ea923b - test[aada8e7e76ba119b]::__rust_begin_short_backtrace::<core[a373ad73a504971]::result::Result<(), alloc[2e1b2a31b91974c5]::string::String>, fn() -> core[a373ad73a504971]::result::Result<(), alloc[2e1b2a31b91974c5]::string::String>>
[INFO] [stdout]   13:     0x5c7089eb6415 - test[aada8e7e76ba119b]::run_test::{closure#0}
[INFO] [stdout]   14:     0x5c7089eafd04 - std[617be2ca0a6fd877]::sys::backtrace::__rust_begin_short_backtrace::<test[aada8e7e76ba119b]::run_test::{closure#1}, ()>
[INFO] [stdout]   15:     0x5c7089eb94a2 - <std[617be2ca0a6fd877]::thread::lifecycle::spawn_unchecked<test[aada8e7e76ba119b]::run_test::{closure#1}, ()>::{closure#1} as core[a373ad73a504971]::ops::function::FnOnce<()>>::call_once::{shim:vtable#0}
[INFO] [stdout]   16:     0x5c7089f948ff - <std[617be2ca0a6fd877]::sys::thread::unix::Thread>::new::thread_start
[INFO] [stdout]   17:     0x7743c3691dfa - <unknown>
[INFO] [stdout]   18:     0x7743c37253d4 - clone
[INFO] [stdout]   19:                0x0 - <unknown>
[INFO] [stdout] 
[INFO] [stdout] ---- parser::tests::test_parse_eve_requirements stdout ----
[INFO] [stdout] 
[INFO] [stdout] thread 'parser::tests::test_parse_eve_requirements' (859) panicked at src/parser.rs:109:33:
[INFO] [stdout] Failed to read fixture /opt/rustwide/workdir/../../tests/fixtures/eve/DomainModel/MiningFrigateRequirements.sysml: No such file or directory (os error 2)
[INFO] [stdout] stack backtrace:
[INFO] [stdout]    0:     0x5c7089f955e1 - <<std[617be2ca0a6fd877]::sys::backtrace::BacktraceLock>::print::DisplayBacktrace as core[a373ad73a504971]::fmt::Display>::fmt
[INFO] [stdout]    1:     0x5c7089fac3da - core[a373ad73a504971]::fmt::write
[INFO] [stdout]    2:     0x5c7089f99acc - <alloc[2e1b2a31b91974c5]::vec::Vec<u8> as core[a373ad73a504971]::io::write::Write>::write_fmt
[INFO] [stdout]    3:     0x5c7089f6fd36 - std[617be2ca0a6fd877]::panicking::default_hook::{closure#0}
[INFO] [stdout]    4:     0x5c7089f8cd69 - std[617be2ca0a6fd877]::panicking::default_hook
[INFO] [stdout]    5:     0x5c7089eb5df0 - test[aada8e7e76ba119b]::test_main_inner::{closure#0}
[INFO] [stdout]    6:     0x5c7089f8cf22 - std[617be2ca0a6fd877]::panicking::panic_with_hook
[INFO] [stdout]    7:     0x5c7089f6fde2 - std[617be2ca0a6fd877]::panicking::panic_handler::{closure#0}
[INFO] [stdout]    8:     0x5c7089f687a9 - std[617be2ca0a6fd877]::sys::backtrace::__rust_end_short_backtrace::<std[617be2ca0a6fd877]::panicking::panic_handler::{closure#0}, !>
[INFO] [stdout]    9:     0x5c7089f709ed - __rustc[ea4f61d10b84890b]::rust_begin_unwind
[INFO] [stdout]   10:     0x5c7089facb0c - core[a373ad73a504971]::panicking::panic_fmt
[INFO] [stdout]   11:     0x5c7089e7f49a - sysml_core[2a58f8c21a09f4b]::parser::tests::eve_fixture::{closure#0}
[INFO] [stdout]   12:     0x5c7089e80a8f - sysml_core[2a58f8c21a09f4b]::parser::tests::eve_fixture
[INFO] [stdout]   13:     0x5c7089e873f5 - <sysml_core[2a58f8c21a09f4b]::parser::tests::test_parse_eve_requirements::{closure#0} as core[a373ad73a504971]::ops::function::FnOnce<()>>::call_once
[INFO] [stdout]   14:     0x5c7089ea923b - test[aada8e7e76ba119b]::__rust_begin_short_backtrace::<core[a373ad73a504971]::result::Result<(), alloc[2e1b2a31b91974c5]::string::String>, fn() -> core[a373ad73a504971]::result::Result<(), alloc[2e1b2a31b91974c5]::string::String>>
[INFO] [stdout]   15:     0x5c7089eb6415 - test[aada8e7e76ba119b]::run_test::{closure#0}
[INFO] [stdout]   16:     0x5c7089eafd04 - std[617be2ca0a6fd877]::sys::backtrace::__rust_begin_short_backtrace::<test[aada8e7e76ba119b]::run_test::{closure#1}, ()>
[INFO] [stdout]   17:     0x5c7089eb94a2 - <std[617be2ca0a6fd877]::thread::lifecycle::spawn_unchecked<test[aada8e7e76ba119b]::run_test::{closure#1}, ()>::{closure#1} as core[a373ad73a504971]::ops::function::FnOnce<()>>::call_once::{shim:vtable#0}
[INFO] [stdout]   18:     0x5c7089f948ff - <std[617be2ca0a6fd877]::sys::thread::unix::Thread>::new::thread_start
[INFO] [stdout]   19:     0x7743c3691dfa - <unknown>
[INFO] [stdout]   20:     0x7743c37253d4 - clone
[INFO] [stdout]   21:                0x0 - <unknown>
[INFO] [stdout] 
[INFO] [stdout] ---- graph::tests::test_redefines_statement_extracted stdout ----
[INFO] [stdout] 
[INFO] [stdout] thread 'graph::tests::test_redefines_statement_extracted' (835) panicked at src/graph.rs:1836:9:
[INFO] [stdout] expected >=12 Redefine relationships (including redefines_statement), got 0
[INFO] [stdout] stack backtrace:
[INFO] [stdout]    0:     0x5c7089f955e1 - <<std[617be2ca0a6fd877]::sys::backtrace::BacktraceLock>::print::DisplayBacktrace as core[a373ad73a504971]::fmt::Display>::fmt
[INFO] [stdout]    1:     0x5c7089fac3da - core[a373ad73a504971]::fmt::write
[INFO] [stdout]    2:     0x5c7089f99acc - <alloc[2e1b2a31b91974c5]::vec::Vec<u8> as core[a373ad73a504971]::io::write::Write>::write_fmt
[INFO] [stdout]    3:     0x5c7089f6fd36 - std[617be2ca0a6fd877]::panicking::default_hook::{closure#0}
[INFO] [stdout]    4:     0x5c7089f8cd69 - std[617be2ca0a6fd877]::panicking::default_hook
[INFO] [stdout]    5:     0x5c7089eb5df0 - test[aada8e7e76ba119b]::test_main_inner::{closure#0}
[INFO] [stdout]    6:     0x5c7089f8cf22 - std[617be2ca0a6fd877]::panicking::panic_with_hook
[INFO] [stdout]    7:     0x5c7089f6fde2 - std[617be2ca0a6fd877]::panicking::panic_handler::{closure#0}
[INFO] [stdout]    8:     0x5c7089f687a9 - std[617be2ca0a6fd877]::sys::backtrace::__rust_end_short_backtrace::<std[617be2ca0a6fd877]::panicking::panic_handler::{closure#0}, !>
[INFO] [stdout]    9:     0x5c7089f709ed - __rustc[ea4f61d10b84890b]::rust_begin_unwind
[INFO] [stdout]   10:     0x5c7089facb0c - core[a373ad73a504971]::panicking::panic_fmt
[INFO] [stdout]   11:     0x5c7089e544e8 - <sysml_core[2a58f8c21a09f4b]::graph::tests::test_redefines_statement_extracted::{closure#0} as core[a373ad73a504971]::ops::function::FnOnce<()>>::call_once
[INFO] [stdout]   12:     0x5c7089ea923b - test[aada8e7e76ba119b]::__rust_begin_short_backtrace::<core[a373ad73a504971]::result::Result<(), alloc[2e1b2a31b91974c5]::string::String>, fn() -> core[a373ad73a504971]::result::Result<(), alloc[2e1b2a31b91974c5]::string::String>>
[INFO] [stdout]   13:     0x5c7089eb6415 - test[aada8e7e76ba119b]::run_test::{closure#0}
[INFO] [stdout]   14:     0x5c7089eafd04 - std[617be2ca0a6fd877]::sys::backtrace::__rust_begin_short_backtrace::<test[aada8e7e76ba119b]::run_test::{closure#1}, ()>
[INFO] [stdout]   15:     0x5c7089eb94a2 - <std[617be2ca0a6fd877]::thread::lifecycle::spawn_unchecked<test[aada8e7e76ba119b]::run_test::{closure#1}, ()>::{closure#1} as core[a373ad73a504971]::ops::function::FnOnce<()>>::call_once::{shim:vtable#0}
[INFO] [stdout]   16:     0x5c7089f948ff - <std[617be2ca0a6fd877]::sys::thread::unix::Thread>::new::thread_start
[INFO] [stdout]   17:     0x7743c3691dfa - <unknown>
[INFO] [stdout]   18:     0x7743c37253d4 - clone
[INFO] [stdout]   19:                0x0 - <unknown>
[INFO] [stdout] 
[INFO] [stdout] ---- parser::tests::test_parse_eve_mining_frigate stdout ----
[INFO] [stdout] 
[INFO] [stdout] thread 'parser::tests::test_parse_eve_mining_frigate' (858) panicked at src/parser.rs:109:33:
[INFO] [stdout] Failed to read fixture /opt/rustwide/workdir/../../tests/fixtures/eve/DomainModel/MiningFrigate.sysml: No such file or directory (os error 2)
[INFO] [stdout] stack backtrace:
[INFO] [stdout]    0:     0x5c7089f955e1 - <<std[617be2ca0a6fd877]::sys::backtrace::BacktraceLock>::print::DisplayBacktrace as core[a373ad73a504971]::fmt::Display>::fmt
[INFO] [stdout]    1:     0x5c7089fac3da - core[a373ad73a504971]::fmt::write
[INFO] [stdout]    2:     0x5c7089f99acc - <alloc[2e1b2a31b91974c5]::vec::Vec<u8> as core[a373ad73a504971]::io::write::Write>::write_fmt
[INFO] [stdout]    3:     0x5c7089f6fd36 - std[617be2ca0a6fd877]::panicking::default_hook::{closure#0}
[INFO] [stdout]    4:     0x5c7089f8cd69 - std[617be2ca0a6fd877]::panicking::default_hook
[INFO] [stdout]    5:     0x5c7089eb5df0 - test[aada8e7e76ba119b]::test_main_inner::{closure#0}
[INFO] [stdout]    6:     0x5c7089f8cf22 - std[617be2ca0a6fd877]::panicking::panic_with_hook
[INFO] [stdout]    7:     0x5c7089f6fde2 - std[617be2ca0a6fd877]::panicking::panic_handler::{closure#0}
[INFO] [stdout]    8:     0x5c7089f687a9 - std[617be2ca0a6fd877]::sys::backtrace::__rust_end_short_backtrace::<std[617be2ca0a6fd877]::panicking::panic_handler::{closure#0}, !>
[INFO] [stdout]    9:     0x5c7089f709ed - __rustc[ea4f61d10b84890b]::rust_begin_unwind
[INFO] [stdout]   10:     0x5c7089facb0c - core[a373ad73a504971]::panicking::panic_fmt
[INFO] [stdout]   11:     0x5c7089e7f49a - sysml_core[2a58f8c21a09f4b]::parser::tests::eve_fixture::{closure#0}
[INFO] [stdout]   12:     0x5c7089e80a8f - sysml_core[2a58f8c21a09f4b]::parser::tests::eve_fixture
[INFO] [stdout]   13:     0x5c7089e87985 - <sysml_core[2a58f8c21a09f4b]::parser::tests::test_parse_eve_mining_frigate::{closure#0} as core[a373ad73a504971]::ops::function::FnOnce<()>>::call_once
[INFO] [stdout]   14:     0x5c7089ea923b - test[aada8e7e76ba119b]::__rust_begin_short_backtrace::<core[a373ad73a504971]::result::Result<(), alloc[2e1b2a31b91974c5]::string::String>, fn() -> core[a373ad73a504971]::result::Result<(), alloc[2e1b2a31b91974c5]::string::String>>
[INFO] [stdout]   15:     0x5c7089eb6415 - test[aada8e7e76ba119b]::run_test::{closure#0}
[INFO] [stdout]   16:     0x5c7089eafd04 - std[617be2ca0a6fd877]::sys::backtrace::__rust_begin_short_backtrace::<test[aada8e7e76ba119b]::run_test::{closure#1}, ()>
[INFO] [stdout]   17:     0x5c7089eb94a2 - <std[617be2ca0a6fd877]::thread::lifecycle::spawn_unchecked<test[aada8e7e76ba119b]::run_test::{closure#1}, ()>::{closure#1} as core[a373ad73a504971]::ops::function::FnOnce<()>>::call_once::{shim:vtable#0}
[INFO] [stdout]   18:     0x5c7089f948ff - <std[617be2ca0a6fd877]::sys::thread::unix::Thread>::new::thread_start
[INFO] [stdout]   19:     0x7743c3691dfa - <unknown>
[INFO] [stdout]   20:     0x7743c37253d4 - clone
[INFO] [stdout]   21:                0x0 - <unknown>
[INFO] [stdout] 
[INFO] [stdout] 
[INFO] [stdout] failures:
[INFO] [stdout]     badge::tests::test_badge_data_from_eve_model
[INFO] [stdout]     graph::tests::test_cross_file_trace
[INFO] [stdout]     graph::tests::test_exhibit_usage_extracted
[INFO] [stdout]     graph::tests::test_first_statement_extracted
[INFO] [stdout]     graph::tests::test_flow_usage_extracted
[INFO] [stdout]     graph::tests::test_import_resolution_qualifies_targets
[INFO] [stdout]     graph::tests::test_index_eve_model
[INFO] [stdout]     graph::tests::test_inspect_element
[INFO] [stdout]     graph::tests::test_members_populated
[INFO] [stdout]     graph::tests::test_message_relationships_extracted
[INFO] [stdout]     graph::tests::test_query_exclude_rel
[INFO] [stdout]     graph::tests::test_query_returns_import_relationships
[INFO] [stdout]     graph::tests::test_query_returns_member_relationships
[INFO] [stdout]     graph::tests::test_query_typed_by
[INFO] [stdout]     graph::tests::test_query_unfiltered_includes_all_types
[INFO] [stdout]     graph::tests::test_redefines_statement_extracted
[INFO] [stdout]     graph::tests::test_rflp_layer_in_search_detail
[INFO] [stdout]     graph::tests::test_rflp_layer_populated
[INFO] [stdout]     graph::tests::test_search_by_kind
[INFO] [stdout]     graph::tests::test_search_by_name
[INFO] [stdout]     graph::tests::test_search_exact_name
[INFO] [stdout]     graph::tests::test_search_kind_expansion
[INFO] [stdout]     graph::tests::test_search_multi_word_query
[INFO] [stdout]     graph::tests::test_search_scores_normalized
[INFO] [stdout]     graph::tests::test_trace_explicit_member_type_filter
[INFO] [stdout]     graph::tests::test_trace_from_element
[INFO] [stdout]     graph::tests::test_trace_hops_have_element_metadata
[INFO] [stdout]     graph::tests::test_trace_with_include_structural
[INFO] [stdout]     parser::tests::test_parse_eve_mining_frigate
[INFO] [stdout]     parser::tests::test_parse_eve_requirements
[INFO] [stdout] 
[INFO] [stdout] test result: FAILED. 86 passed; 30 failed; 0 ignored; 0 measured; 0 filtered out; finished in 0.04s
[INFO] [stdout] 
[INFO] running `Command { std: "docker" "inspect" "edbdebf0070c29f624d265902ff6ea0b973253a5ff4af7dce9c2f099fd4428e2", kill_on_drop: false }`
[INFO] running `Command { std: "docker" "rm" "-f" "edbdebf0070c29f624d265902ff6ea0b973253a5ff4af7dce9c2f099fd4428e2", kill_on_drop: false }`
[INFO] [stdout] edbdebf0070c29f624d265902ff6ea0b973253a5ff4af7dce9c2f099fd4428e2
