[INFO] fetching crate sysmap 0.2.0...
[INFO] testing sysmap-0.2.0 against 1.99.0-beta.8+cargoflags=--release for beta-release-1.100-2
[INFO] extracting crate sysmap 0.2.0 into /workspace/builds/worker-1-tc1/source
[INFO] started tweaking crates.io crate sysmap 0.2.0
[INFO] finished tweaking crates.io crate sysmap 0.2.0
[INFO] tweaked toml for crates.io crate sysmap 0.2.0 written to /workspace/builds/worker-1-tc1/source/Cargo.toml
[INFO] validating manifest of crates.io crate sysmap 0.2.0 on toolchain 1.99.0-beta.8
[INFO] running `Command { std: CARGO_HOME="/workspace/cargo-home" RUSTUP_HOME="/workspace/rustup-home" "/workspace/cargo-home/bin/cargo" "+1.99.0-beta.8" "metadata" "--manifest-path" "Cargo.toml" "--no-deps", kill_on_drop: false }`
[INFO] crate crates.io crate sysmap 0.2.0 already has a lockfile, it will not be regenerated
[INFO] running `Command { std: CARGO_HOME="/workspace/cargo-home" RUSTUP_HOME="/workspace/rustup-home" "/workspace/cargo-home/bin/cargo" "+1.99.0-beta.8" "fetch" "--manifest-path" "Cargo.toml", kill_on_drop: false }`
[INFO] [stderr]  Downloading crates ...
[INFO] [stderr]   Downloaded cc v1.2.51
[INFO] [stderr]   Downloaded find-msvc-tools v0.1.6
[INFO] [stderr]   Downloaded assert_cmd v2.1.1
[INFO] [stderr]   Downloaded zmij v1.0.2
[INFO] running `Command { std: "docker" "create" "-v" "/var/lib/crater-agent-workspace/builds/worker-1-tc1/source:/opt/rustwide/workdir:ro,Z" "-v" "/var/lib/crater-agent-workspace/builds/worker-1-tc1/target:/opt/rustwide/target:rw,Z" "-v" "/var/lib/crater-agent-workspace/cargo-home:/opt/rustwide/cargo-home:ro,Z" "-v" "/var/lib/crater-agent-workspace/rustup-home:/opt/rustwide/rustup-home:ro,Z" "-m" "1610612736" "--network" "none" "ghcr.io/rust-lang/crates-build-env/linux@sha256:77db811e55d90add9212f6832c23229e3de5f1c1f9905e8cb07319ea15df73ac" "sleep" "infinity", kill_on_drop: false }`
[INFO] [stdout] 66ee825a5381520306901dba941875af64d43bae1bc6ac9e303b918d286310d2
[INFO] running `Command { std: "docker" "start" "66ee825a5381520306901dba941875af64d43bae1bc6ac9e303b918d286310d2", kill_on_drop: false }`
[INFO] running `Command { std: "docker" "inspect" "66ee825a5381520306901dba941875af64d43bae1bc6ac9e303b918d286310d2", kill_on_drop: false }`
[INFO] running `Command { std: "docker" "exec" "-e" "SOURCE_DIR=/opt/rustwide/workdir" "-e" "CARGO_HOME=/opt/rustwide/cargo-home" "-e" "RUSTUP_HOME=/opt/rustwide/rustup-home" "-e" "CARGO_TARGET_DIR=/opt/rustwide/target" "-w" "/opt/rustwide/workdir" "--user" "0:0" "66ee825a5381520306901dba941875af64d43bae1bc6ac9e303b918d286310d2" "/opt/rustwide/cargo-home/bin/cargo" "+1.99.0-beta.8" "metadata" "--no-deps" "--format-version=1", kill_on_drop: false }`
[INFO] running `Command { std: "docker" "inspect" "66ee825a5381520306901dba941875af64d43bae1bc6ac9e303b918d286310d2", kill_on_drop: false }`
[INFO] running `Command { std: "docker" "exec" "-e" "SOURCE_DIR=/opt/rustwide/workdir" "-e" "CARGO_HOME=/opt/rustwide/cargo-home" "-e" "RUSTUP_HOME=/opt/rustwide/rustup-home" "-e" "CARGO_TARGET_DIR=/opt/rustwide/target" "-e" "CARGO_INCREMENTAL=0" "-e" "RUST_BACKTRACE=full" "-e" "RUSTFLAGS=--cap-lints=warn" "-e" "RUSTDOCFLAGS=--cap-lints=warn" "-w" "/opt/rustwide/workdir" "--user" "0:0" "66ee825a5381520306901dba941875af64d43bae1bc6ac9e303b918d286310d2" "/opt/rustwide/cargo-home/bin/cargo" "+1.99.0-beta.8" "build" "--frozen" "--message-format=json" "--release", kill_on_drop: false }`
[INFO] [stderr]    Compiling proc-macro2 v1.0.104
[INFO] [stderr]    Compiling quote v1.0.42
[INFO] [stderr]    Compiling unicode-ident v1.0.22
[INFO] [stderr]    Compiling serde_core v1.0.228
[INFO] [stderr]    Compiling serde v1.0.228
[INFO] [stderr]    Compiling memchr v2.7.6
[INFO] [stderr]    Compiling crossbeam-utils v0.8.21
[INFO] [stderr]    Compiling libc v0.2.178
[INFO] [stderr]    Compiling utf8parse v0.2.2
[INFO] [stderr]    Compiling regex-syntax v0.8.8
[INFO] [stderr]    Compiling is_terminal_polyfill v1.70.2
[INFO] [stderr]    Compiling portable-atomic v1.13.0
[INFO] [stderr]    Compiling colorchoice v1.0.4
[INFO] [stderr]    Compiling zmij v1.0.2
[INFO] [stderr]    Compiling anstyle v1.0.13
[INFO] [stderr]    Compiling num-traits v0.2.19
[INFO] [stderr]    Compiling anstyle-query v1.1.5
[INFO] [stderr]    Compiling anstyle-parse v0.2.7
[INFO] [stderr]    Compiling hashbrown v0.16.1
[INFO] [stderr]    Compiling serde_json v1.0.148
[INFO] [stderr]    Compiling thiserror v1.0.69
[INFO] [stderr]    Compiling winnow v0.7.14
[INFO] [stderr]    Compiling toml_write v0.1.2
[INFO] [stderr]    Compiling strsim v0.11.1
[INFO] [stderr]    Compiling anyhow v1.0.100
[INFO] [stderr]    Compiling anstream v0.6.21
[INFO] [stderr]    Compiling clap_lex v0.7.6
[INFO] [stderr]    Compiling log v0.4.29
[INFO] [stderr]    Compiling unicode-width v0.2.2
[INFO] [stderr]    Compiling lazy_static v1.5.0
[INFO] [stderr]    Compiling crossbeam-epoch v0.9.18
[INFO] [stderr]    Compiling clap_builder v4.5.53
[INFO] [stderr]    Compiling number_prefix v0.4.0
[INFO] [stderr]    Compiling iana-time-zone v0.1.64
[INFO] [stderr]    Compiling itoa v1.0.17
[INFO] [stderr]    Compiling colored v2.2.0
[INFO] [stderr]    Compiling aho-corasick v1.1.4
[INFO] [stderr]    Compiling bstr v1.12.1
[INFO] [stderr]    Compiling indexmap v2.12.1
[INFO] [stderr]    Compiling syn v2.0.111
[INFO] [stderr]    Compiling crossbeam-deque v0.8.6
[INFO] [stderr]    Compiling console v0.15.11
[INFO] [stderr]    Compiling indicatif v0.17.11
[INFO] [stderr]    Compiling regex-automata v0.4.13
[INFO] [stderr]    Compiling serde_derive v1.0.228
[INFO] [stderr]    Compiling clap_derive v4.5.49
[INFO] [stderr]    Compiling thiserror-impl v1.0.69
[INFO] [stderr]    Compiling clap v4.5.53
[INFO] [stderr]    Compiling globset v0.4.18
[INFO] [stderr]    Compiling regex v1.12.2
[INFO] [stderr]    Compiling ignore v0.4.25
[INFO] [stderr]    Compiling toml_datetime v0.6.11
[INFO] [stderr]    Compiling serde_spanned v0.6.9
[INFO] [stderr]    Compiling chrono v0.4.42
[INFO] [stderr]    Compiling toml_edit v0.22.27
[INFO] [stderr]    Compiling toml v0.8.23
[INFO] [stderr]    Compiling sysmap v0.2.0 (/opt/rustwide/workdir)
[INFO] [stderr]     Finished `release` profile [optimized] target(s) in 1m 09s
[INFO] running `Command { std: "docker" "inspect" "66ee825a5381520306901dba941875af64d43bae1bc6ac9e303b918d286310d2", kill_on_drop: false }`
[INFO] running `Command { std: "docker" "exec" "-e" "SOURCE_DIR=/opt/rustwide/workdir" "-e" "CARGO_HOME=/opt/rustwide/cargo-home" "-e" "RUSTUP_HOME=/opt/rustwide/rustup-home" "-e" "CARGO_TARGET_DIR=/opt/rustwide/target" "-e" "CARGO_INCREMENTAL=0" "-e" "RUST_BACKTRACE=full" "-e" "RUSTFLAGS=--cap-lints=warn" "-e" "RUSTDOCFLAGS=--cap-lints=warn" "-w" "/opt/rustwide/workdir" "--user" "0:0" "66ee825a5381520306901dba941875af64d43bae1bc6ac9e303b918d286310d2" "/opt/rustwide/cargo-home/bin/cargo" "+1.99.0-beta.8" "test" "--frozen" "--no-run" "--message-format=json" "--release", kill_on_drop: false }`
[INFO] [stderr]    Compiling memchr v2.7.6
[INFO] [stderr]    Compiling regex-syntax v0.8.8
[INFO] [stderr]    Compiling anstyle v1.0.13
[INFO] [stderr]    Compiling utf8parse v0.2.2
[INFO] [stderr]    Compiling getrandom v0.3.4
[INFO] [stderr]    Compiling once_cell v1.21.3
[INFO] [stderr]    Compiling colorchoice v1.0.4
[INFO] [stderr]    Compiling anstyle-query v1.1.5
[INFO] [stderr]    Compiling hashbrown v0.16.1
[INFO] [stderr]    Compiling serde_core v1.0.228
[INFO] [stderr]    Compiling libc v0.2.178
[INFO] [stderr]    Compiling crossbeam-utils v0.8.21
[INFO] [stderr]    Compiling predicates-core v1.0.9
[INFO] [stderr]    Compiling num-traits v0.2.19
[INFO] [stderr]    Compiling equivalent v1.0.2
[INFO] [stderr]    Compiling rustix v1.1.3
[INFO] [stderr]    Compiling anstyle-parse v0.2.7
[INFO] [stderr]    Compiling is_terminal_polyfill v1.70.2
[INFO] [stderr]    Compiling termtree v0.5.1
[INFO] [stderr]    Compiling cfg-if v1.0.4
[INFO] [stderr]    Compiling toml_write v0.1.2
[INFO] [stderr]    Compiling winnow v0.7.14
[INFO] [stderr]    Compiling same-file v1.0.6
[INFO] [stderr]    Compiling unicode-width v0.2.2
[INFO] [stderr]    Compiling normalize-line-endings v0.3.0
[INFO] [stderr]    Compiling difflib v0.4.0
[INFO] [stderr]    Compiling anstream v0.6.21
[INFO] [stderr]    Compiling strsim v0.11.1
[INFO] [stderr]    Compiling log v0.4.29
[INFO] [stderr]    Compiling clap_lex v0.7.6
[INFO] [stderr]    Compiling bitflags v2.10.0
[INFO] [stderr]    Compiling linux-raw-sys v0.11.0
[INFO] [stderr]    Compiling assert_cmd v2.1.1
[INFO] [stderr]    Compiling walkdir v2.5.0
[INFO] [stderr]    Compiling clap_builder v4.5.53
[INFO] [stderr]    Compiling predicates-tree v1.0.12
[INFO] [stderr]    Compiling zmij v1.0.2
[INFO] [stderr]    Compiling portable-atomic v1.13.0
[INFO] [stderr]    Compiling fastrand v2.3.0
[INFO] [stderr]    Compiling lazy_static v1.5.0
[INFO] [stderr]    Compiling iana-time-zone v0.1.64
[INFO] [stderr]    Compiling aho-corasick v1.1.4
[INFO] [stderr]    Compiling itoa v1.0.17
[INFO] [stderr]    Compiling number_prefix v0.4.0
[INFO] [stderr]    Compiling crossbeam-epoch v0.9.18
[INFO] [stderr]    Compiling crossbeam-deque v0.8.6
[INFO] [stderr]    Compiling indexmap v2.12.1
[INFO] [stderr]    Compiling colored v2.2.0
[INFO] [stderr]    Compiling thiserror v1.0.69
[INFO] [stderr]    Compiling anyhow v1.0.100
[INFO] [stderr]    Compiling float-cmp v0.10.0
[INFO] [stderr]    Compiling wait-timeout v0.2.1
[INFO] [stderr]    Compiling console v0.15.11
[INFO] [stderr]    Compiling indicatif v0.17.11
[INFO] [stderr]    Compiling regex-automata v0.4.13
[INFO] [stderr]    Compiling tempfile v3.24.0
[INFO] [stderr]    Compiling serde v1.0.228
[INFO] [stderr]    Compiling serde_json v1.0.148
[INFO] [stderr]    Compiling clap v4.5.53
[INFO] [stderr]    Compiling serde_spanned v0.6.9
[INFO] [stderr]    Compiling toml_datetime v0.6.11
[INFO] [stderr]    Compiling chrono v0.4.42
[INFO] [stderr]    Compiling toml_edit v0.22.27
[INFO] [stderr]    Compiling bstr v1.12.1
[INFO] [stderr]    Compiling regex v1.12.2
[INFO] [stderr]    Compiling predicates v3.1.3
[INFO] [stderr]    Compiling globset v0.4.18
[INFO] [stderr]    Compiling ignore v0.4.25
[INFO] [stderr]    Compiling toml v0.8.23
[INFO] [stderr]    Compiling sysmap v0.2.0 (/opt/rustwide/workdir)
[INFO] [stderr]     Finished `release` profile [optimized] target(s) in 59.55s
[INFO] running `Command { std: "docker" "inspect" "66ee825a5381520306901dba941875af64d43bae1bc6ac9e303b918d286310d2", kill_on_drop: false }`
[INFO] running `Command { std: "docker" "exec" "-e" "SOURCE_DIR=/opt/rustwide/workdir" "-e" "CARGO_HOME=/opt/rustwide/cargo-home" "-e" "RUSTUP_HOME=/opt/rustwide/rustup-home" "-e" "CARGO_TARGET_DIR=/opt/rustwide/target" "-e" "CARGO_INCREMENTAL=0" "-e" "RUST_BACKTRACE=full" "-e" "RUSTFLAGS=--cap-lints=warn" "-e" "RUSTDOCFLAGS=--cap-lints=warn" "-w" "/opt/rustwide/workdir" "--user" "0:0" "66ee825a5381520306901dba941875af64d43bae1bc6ac9e303b918d286310d2" "/opt/rustwide/cargo-home/bin/cargo" "+1.99.0-beta.8" "test" "--frozen" "--release", kill_on_drop: false }`
[INFO] [stderr]     Finished `release` profile [optimized] target(s) in 0.15s
[INFO] [stderr]      Running unittests src/main.rs (/opt/rustwide/target/release/deps/sysmap-c1b9610485992388)
[INFO] [stdout] 
[INFO] [stdout] running 6 tests
[INFO] [stdout] test scanner::project::tests::test_detect_flask_framework ... ok
[INFO] [stdout] test scanner::project::tests::test_detect_python_project ... ok
[INFO] [stdout] test deps::rust::tests::test_parse_use_statements ... ok
[INFO] [stdout] test patterns::matcher::tests::test_should_ignore ... ok
[INFO] [stdout] test scanner::project::tests::test_detect_rust_project ... ok
[INFO] [stdout] test patterns::matcher::tests::test_matches_glob ... FAILED
[INFO] [stdout] 
[INFO] [stdout] failures:
[INFO] [stdout] 
[INFO] [stdout] ---- patterns::matcher::tests::test_matches_glob stdout ----
[INFO] [stdout] 
[INFO] [stdout] thread 'patterns::matcher::tests::test_matches_glob' (1623) panicked at src/patterns/matcher.rs:77:9:
[INFO] [stdout] assertion failed: matches_glob("test_foo.py", "test_*.py")
[INFO] [stdout] stack backtrace:
[INFO] [stdout]    0:     0x58538d11c575 - <<std[70759c8f55707aa4]::sys::backtrace::BacktraceLock>::print::DisplayBacktrace as core[df12db4294e9bfd3]::fmt::Display>::fmt
[INFO] [stdout]    1:     0x58538d07a34a - core[df12db4294e9bfd3]::fmt::write
[INFO] [stdout]    2:     0x58538d11bc0b - <alloc[2182bb758b4b3781]::vec::Vec<u8> as core[df12db4294e9bfd3]::io::write::Write>::write_fmt
[INFO] [stdout]    3:     0x58538d11b6ef - std[70759c8f55707aa4]::panicking::default_hook::{closure#0}
[INFO] [stdout]    4:     0x58538d11b31a - std[70759c8f55707aa4]::panicking::default_hook
[INFO] [stdout]    5:     0x58538d11ae52 - std[70759c8f55707aa4]::panicking::panic_with_hook
[INFO] [stdout]    6:     0x58538d142382 - std[70759c8f55707aa4]::panicking::panic_handler::{closure#0}
[INFO] [stdout]    7:     0x58538d142309 - std[70759c8f55707aa4]::sys::backtrace::__rust_end_short_backtrace::<std[70759c8f55707aa4]::panicking::panic_handler::{closure#0}, !>
[INFO] [stdout]    8:     0x58538d14281c - __rustc[8fa7c3cbc660c2b3]::rust_begin_unwind
[INFO] [stdout]    9:     0x58538d07a1db - core[df12db4294e9bfd3]::panicking::panic_fmt
[INFO] [stdout]   10:     0x58538d07c1d1 - core[df12db4294e9bfd3]::panicking::panic
[INFO] [stdout]   11:     0x58538d04df62 - <sysmap[6a648a7dfd8e29bb]::patterns::matcher::tests::test_matches_glob::{closure#0} as core[df12db4294e9bfd3]::ops::function::FnOnce<()>>::call_once
[INFO] [stdout]   12:     0x58538d15c9bb - test[9d35eded1c95d3be]::__rust_begin_short_backtrace::<core[df12db4294e9bfd3]::result::Result<(), alloc[2182bb758b4b3781]::string::String>, fn() -> core[df12db4294e9bfd3]::result::Result<(), alloc[2182bb758b4b3781]::string::String>>
[INFO] [stdout]   13:     0x58538d157fcf - test[9d35eded1c95d3be]::run_test::{closure#0}
[INFO] [stdout]   14:     0x58538d157a4c - std[70759c8f55707aa4]::sys::backtrace::__rust_begin_short_backtrace::<test[9d35eded1c95d3be]::run_test::{closure#1}, ()>
[INFO] [stdout]   15:     0x58538d174c0c - <std[70759c8f55707aa4]::thread::lifecycle::spawn_unchecked<test[9d35eded1c95d3be]::run_test::{closure#1}, ()>::{closure#1} as core[df12db4294e9bfd3]::ops::function::FnOnce<()>>::call_once::{shim:vtable#0}
[INFO] [stdout]   16:     0x58538d143b02 - <std[70759c8f55707aa4]::sys::thread::unix::Thread>::new::thread_start
[INFO] [stdout]   17:     0x7812cd7f7dfa - <unknown>
[INFO] [stdout]   18:     0x7812cd88b3d4 - clone
[INFO] [stdout]   19:                0x0 - <unknown>
[INFO] [stdout] 
[INFO] [stdout] 
[INFO] [stdout] failures:
[INFO] [stdout]     patterns::matcher::tests::test_matches_glob
[INFO] [stdout] 
[INFO] [stdout] test result: FAILED. 5 passed; 1 failed; 0 ignored; 0 measured; 0 filtered out; finished in 0.01s
[INFO] [stdout] 
[INFO] [stderr] error: test failed, to rerun pass `--bin sysmap`
[INFO] running `Command { std: "docker" "inspect" "66ee825a5381520306901dba941875af64d43bae1bc6ac9e303b918d286310d2", kill_on_drop: false }`
[INFO] running `Command { std: "docker" "rm" "-f" "66ee825a5381520306901dba941875af64d43bae1bc6ac9e303b918d286310d2", kill_on_drop: false }`
[INFO] [stdout] 66ee825a5381520306901dba941875af64d43bae1bc6ac9e303b918d286310d2
