[INFO] fetching crate sysknife-types 0.25.0...
[INFO] testing sysknife-types-0.25.0 against 1.100.0-beta.1+cargoflags=--release for beta-release-1.100-2
[INFO] extracting crate sysknife-types 0.25.0 into /workspace/builds/worker-2-tc2/source
[INFO] started tweaking crates.io crate sysknife-types 0.25.0
[INFO] removed 0 missing tests
[INFO] finished tweaking crates.io crate sysknife-types 0.25.0
[INFO] tweaked toml for crates.io crate sysknife-types 0.25.0 written to /workspace/builds/worker-2-tc2/source/Cargo.toml
[INFO] validating manifest of crates.io crate sysknife-types 0.25.0 on toolchain 1.100.0-beta.1
[INFO] running `Command { std: CARGO_HOME="/workspace/cargo-home" RUSTUP_HOME="/workspace/rustup-home" "/workspace/cargo-home/bin/cargo" "+1.100.0-beta.1" "metadata" "--manifest-path" "Cargo.toml" "--no-deps", kill_on_drop: false }`
[INFO] crate crates.io crate sysknife-types 0.25.0 already has a lockfile, it will not be regenerated
[INFO] running `Command { std: CARGO_HOME="/workspace/cargo-home" RUSTUP_HOME="/workspace/rustup-home" "/workspace/cargo-home/bin/cargo" "+1.100.0-beta.1" "fetch" "--manifest-path" "Cargo.toml", kill_on_drop: false }`
[INFO] running `Command { std: "docker" "create" "-v" "/var/lib/crater-agent-workspace/builds/worker-2-tc2/source:/opt/rustwide/workdir:ro,Z" "-v" "/var/lib/crater-agent-workspace/builds/worker-2-tc2/target:/opt/rustwide/target:rw,Z" "-v" "/var/lib/crater-agent-workspace/cargo-home:/opt/rustwide/cargo-home:ro,Z" "-v" "/var/lib/crater-agent-workspace/rustup-home:/opt/rustwide/rustup-home:ro,Z" "-m" "1610612736" "--network" "none" "ghcr.io/rust-lang/crates-build-env/linux@sha256:77db811e55d90add9212f6832c23229e3de5f1c1f9905e8cb07319ea15df73ac" "sleep" "infinity", kill_on_drop: false }`
[INFO] [stdout] cb118666c6c73ca918ac5301b3b38bf7192f8470fe2eed59d191f6f6c3872c9a
[INFO] running `Command { std: "docker" "start" "cb118666c6c73ca918ac5301b3b38bf7192f8470fe2eed59d191f6f6c3872c9a", kill_on_drop: false }`
[INFO] running `Command { std: "docker" "inspect" "cb118666c6c73ca918ac5301b3b38bf7192f8470fe2eed59d191f6f6c3872c9a", kill_on_drop: false }`
[INFO] running `Command { std: "docker" "exec" "-e" "SOURCE_DIR=/opt/rustwide/workdir" "-e" "CARGO_HOME=/opt/rustwide/cargo-home" "-e" "RUSTUP_HOME=/opt/rustwide/rustup-home" "-e" "CARGO_TARGET_DIR=/opt/rustwide/target" "-w" "/opt/rustwide/workdir" "--user" "0:0" "cb118666c6c73ca918ac5301b3b38bf7192f8470fe2eed59d191f6f6c3872c9a" "/opt/rustwide/cargo-home/bin/cargo" "+1.100.0-beta.1" "metadata" "--no-deps" "--format-version=1", kill_on_drop: false }`
[INFO] running `Command { std: "docker" "inspect" "cb118666c6c73ca918ac5301b3b38bf7192f8470fe2eed59d191f6f6c3872c9a", kill_on_drop: false }`
[INFO] running `Command { std: "docker" "exec" "-e" "SOURCE_DIR=/opt/rustwide/workdir" "-e" "CARGO_HOME=/opt/rustwide/cargo-home" "-e" "RUSTUP_HOME=/opt/rustwide/rustup-home" "-e" "CARGO_TARGET_DIR=/opt/rustwide/target" "-e" "CARGO_INCREMENTAL=0" "-e" "RUST_BACKTRACE=full" "-e" "RUSTFLAGS=--cap-lints=warn" "-e" "RUSTDOCFLAGS=--cap-lints=warn" "-w" "/opt/rustwide/workdir" "--user" "0:0" "cb118666c6c73ca918ac5301b3b38bf7192f8470fe2eed59d191f6f6c3872c9a" "/opt/rustwide/cargo-home/bin/cargo" "+1.100.0-beta.1" "build" "--frozen" "--message-format=json" "--release", kill_on_drop: false }`
[INFO] [stderr]    Compiling syn v2.0.117
[INFO] [stderr]    Compiling either v1.15.0
[INFO] [stderr]    Compiling rustix v1.1.4
[INFO] [stderr]    Compiling foldhash v0.1.5
[INFO] [stderr]    Compiling bitflags v2.11.1
[INFO] [stderr]    Compiling linux-raw-sys v0.12.1
[INFO] [stderr]    Compiling hashbrown v0.17.0
[INFO] [stderr]    Compiling regex-syntax v0.8.10
[INFO] [stderr]    Compiling bytes v1.11.1
[INFO] [stderr]    Compiling fixedbitset v0.5.7
[INFO] [stderr]    Compiling once_cell v1.21.4
[INFO] [stderr]    Compiling fastrand v2.4.1
[INFO] [stderr]    Compiling syn v3.0.2
[INFO] [stderr]    Compiling protoc-bin-vendored-linux-aarch_64 v3.2.0
[INFO] [stderr]    Compiling protoc-bin-vendored-linux-ppcle_64 v3.2.0
[INFO] [stderr]    Compiling protoc-bin-vendored-linux-s390_64 v3.2.0
[INFO] [stderr]    Compiling protoc-bin-vendored-linux-x86_32 v3.2.0
[INFO] [stderr]    Compiling protoc-bin-vendored-linux-x86_64 v3.2.0
[INFO] [stderr]    Compiling protoc-bin-vendored-macos-aarch_64 v3.2.0
[INFO] [stderr]    Compiling multimap v0.10.1
[INFO] [stderr]    Compiling protoc-bin-vendored-macos-x86_64 v3.2.0
[INFO] [stderr]    Compiling protoc-bin-vendored-win32 v3.2.0
[INFO] [stderr]    Compiling hashbrown v0.15.5
[INFO] [stderr]    Compiling serde_json v1.0.151
[INFO] [stderr]    Compiling protoc-bin-vendored v3.2.0
[INFO] [stderr]    Compiling itertools v0.14.0
[INFO] [stderr]    Compiling indexmap v2.14.0
[INFO] [stderr]    Compiling petgraph v0.8.3
[INFO] [stderr]    Compiling regex-automata v0.4.14
[INFO] [stderr]    Compiling serde_derive v1.0.229
[INFO] [stderr]    Compiling thiserror-impl v2.0.21
[INFO] [stderr]    Compiling tempfile v3.27.0
[INFO] [stderr]    Compiling prettyplease v0.2.37
[INFO] [stderr]    Compiling thiserror v2.0.21
[INFO] [stderr]    Compiling regex v1.12.3
[INFO] [stderr]    Compiling prost-derive v0.14.4
[INFO] [stderr]    Compiling prost v0.14.4
[INFO] [stderr]    Compiling serde v1.0.229
[INFO] [stderr]    Compiling prost-types v0.14.4
[INFO] [stderr]    Compiling prost-build v0.14.4
[INFO] [stderr]    Compiling sysknife-proto v0.25.0
[INFO] [stderr]    Compiling sysknife-types v0.25.0 (/opt/rustwide/workdir)
[INFO] [stderr]     Finished `release` profile [optimized] target(s) in 17.13s
[INFO] running `Command { std: "docker" "inspect" "cb118666c6c73ca918ac5301b3b38bf7192f8470fe2eed59d191f6f6c3872c9a", kill_on_drop: false }`
[INFO] running `Command { std: "docker" "exec" "-e" "SOURCE_DIR=/opt/rustwide/workdir" "-e" "CARGO_HOME=/opt/rustwide/cargo-home" "-e" "RUSTUP_HOME=/opt/rustwide/rustup-home" "-e" "CARGO_TARGET_DIR=/opt/rustwide/target" "-e" "CARGO_INCREMENTAL=0" "-e" "RUST_BACKTRACE=full" "-e" "RUSTFLAGS=--cap-lints=warn" "-e" "RUSTDOCFLAGS=--cap-lints=warn" "-w" "/opt/rustwide/workdir" "--user" "0:0" "cb118666c6c73ca918ac5301b3b38bf7192f8470fe2eed59d191f6f6c3872c9a" "/opt/rustwide/cargo-home/bin/cargo" "+1.100.0-beta.1" "test" "--frozen" "--no-run" "--message-format=json" "--release", kill_on_drop: false }`
[INFO] [stderr]    Compiling sysknife-types v0.25.0 (/opt/rustwide/workdir)
[INFO] [stderr]     Finished `release` profile [optimized] target(s) in 2.63s
[INFO] running `Command { std: "docker" "inspect" "cb118666c6c73ca918ac5301b3b38bf7192f8470fe2eed59d191f6f6c3872c9a", kill_on_drop: false }`
[INFO] running `Command { std: "docker" "exec" "-e" "SOURCE_DIR=/opt/rustwide/workdir" "-e" "CARGO_HOME=/opt/rustwide/cargo-home" "-e" "RUSTUP_HOME=/opt/rustwide/rustup-home" "-e" "CARGO_TARGET_DIR=/opt/rustwide/target" "-e" "CARGO_INCREMENTAL=0" "-e" "RUST_BACKTRACE=full" "-e" "RUSTFLAGS=--cap-lints=warn" "-e" "RUSTDOCFLAGS=--cap-lints=warn" "-w" "/opt/rustwide/workdir" "--user" "0:0" "cb118666c6c73ca918ac5301b3b38bf7192f8470fe2eed59d191f6f6c3872c9a" "/opt/rustwide/cargo-home/bin/cargo" "+1.100.0-beta.1" "test" "--frozen" "--release", kill_on_drop: false }`
[INFO] [stderr]     Finished `release` profile [optimized] target(s) in 0.07s
[INFO] [stderr]      Running unittests src/lib.rs (/opt/rustwide/target/release/build/sysknife-types/b5250d93ab914fa0/out/sysknife_types-b5250d93ab914fa0)
[INFO] [stdout] 
[INFO] [stdout] running 4 tests
[INFO] [stdout] test caller_role_ordering_tests::caller_role_orders_least_to_most_privileged ... ok
[INFO] [stdout] test request_hash_tests::serde_round_trips_via_transparent_string ... ok
[INFO] [stdout] test caller_role_ordering_tests::max_selects_the_higher_privilege ... ok
[INFO] [stdout] test frame_limit_declaration_tests::frame_limit_is_declared_once ... FAILED
[INFO] [stdout] 
[INFO] [stdout] failures:
[INFO] [stdout] 
[INFO] [stdout] ---- frame_limit_declaration_tests::frame_limit_is_declared_once stdout ----
[INFO] [stdout] 
[INFO] [stdout] thread 'frame_limit_declaration_tests::frame_limit_is_declared_once' (773) panicked at src/lib.rs:984:17:
[INFO] [stdout] could not locate the workspace root
[INFO] [stdout] stack backtrace:
[INFO] [stdout]    0:     0x5b8a18316161 - <<std[617be2ca0a6fd877]::sys::backtrace::BacktraceLock>::print::DisplayBacktrace as core[a373ad73a504971]::fmt::Display>::fmt
[INFO] [stdout]    1:     0x5b8a1832ab0a - core[a373ad73a504971]::fmt::write
[INFO] [stdout]    2:     0x5b8a1831a66c - <alloc[2e1b2a31b91974c5]::vec::Vec<u8> as core[a373ad73a504971]::io::write::Write>::write_fmt
[INFO] [stdout]    3:     0x5b8a182f1b86 - std[617be2ca0a6fd877]::panicking::default_hook::{closure#0}
[INFO] [stdout]    4:     0x5b8a1830e289 - std[617be2ca0a6fd877]::panicking::default_hook
[INFO] [stdout]    5:     0x5b8a182a4d80 - test[aada8e7e76ba119b]::test_main_inner::{closure#0}
[INFO] [stdout]    6:     0x5b8a1830e442 - std[617be2ca0a6fd877]::panicking::panic_with_hook
[INFO] [stdout]    7:     0x5b8a182f1c64 - std[617be2ca0a6fd877]::panicking::panic_handler::{closure#0}
[INFO] [stdout]    8:     0x5b8a182ea719 - std[617be2ca0a6fd877]::sys::backtrace::__rust_end_short_backtrace::<std[617be2ca0a6fd877]::panicking::panic_handler::{closure#0}, !>
[INFO] [stdout]    9:     0x5b8a182f283d - __rustc[ea4f61d10b84890b]::rust_begin_unwind
[INFO] [stdout]   10:     0x5b8a1832b23c - core[a373ad73a504971]::panicking::panic_fmt
[INFO] [stdout]   11:     0x5b8a1829613b - <sysknife_types[e8235745721e7948]::frame_limit_declaration_tests::frame_limit_is_declared_once::{closure#0} as core[a373ad73a504971]::ops::function::FnOnce<()>>::call_once
[INFO] [stdout]   12:     0x5b8a182981cb - test[aada8e7e76ba119b]::__rust_begin_short_backtrace::<core[a373ad73a504971]::result::Result<(), alloc[2e1b2a31b91974c5]::string::String>, fn() -> core[a373ad73a504971]::result::Result<(), alloc[2e1b2a31b91974c5]::string::String>>
[INFO] [stdout]   13:     0x5b8a182a53a5 - test[aada8e7e76ba119b]::run_test::{closure#0}
[INFO] [stdout]   14:     0x5b8a1829ec94 - std[617be2ca0a6fd877]::sys::backtrace::__rust_begin_short_backtrace::<test[aada8e7e76ba119b]::run_test::{closure#1}, ()>
[INFO] [stdout]   15:     0x5b8a182a8432 - <std[617be2ca0a6fd877]::thread::lifecycle::spawn_unchecked<test[aada8e7e76ba119b]::run_test::{closure#1}, ()>::{closure#1} as core[a373ad73a504971]::ops::function::FnOnce<()>>::call_once::{shim:vtable#0}
[INFO] [stdout]   16:     0x5b8a1831565f - <std[617be2ca0a6fd877]::sys::thread::unix::Thread>::new::thread_start
[INFO] [stdout]   17:     0x7429051cadfa - <unknown>
[INFO] [stdout]   18:     0x74290525e3d4 - clone
[INFO] [stdout]   19:                0x0 - <unknown>
[INFO] [stdout] 
[INFO] [stdout] 
[INFO] [stdout] failures:
[INFO] [stdout]     frame_limit_declaration_tests::frame_limit_is_declared_once
[INFO] [stdout] 
[INFO] [stdout] test result: FAILED. 3 passed; 1 failed; 0 ignored; 0 measured; 0 filtered out; finished in 0.00s
[INFO] [stdout] 
[INFO] [stderr] error: test failed, to rerun pass `--lib`
[INFO] running `Command { std: "docker" "inspect" "cb118666c6c73ca918ac5301b3b38bf7192f8470fe2eed59d191f6f6c3872c9a", kill_on_drop: false }`
[INFO] running `Command { std: "docker" "rm" "-f" "cb118666c6c73ca918ac5301b3b38bf7192f8470fe2eed59d191f6f6c3872c9a", kill_on_drop: false }`
[INFO] [stdout] cb118666c6c73ca918ac5301b3b38bf7192f8470fe2eed59d191f6f6c3872c9a
