[INFO] fetching crate sysknife-core 0.25.0...
[INFO] testing sysknife-core-0.25.0 against 1.100.0-beta.1+cargoflags=--release for beta-release-1.100-2
[INFO] extracting crate sysknife-core 0.25.0 into /workspace/builds/worker-5-tc2/source
[INFO] started tweaking crates.io crate sysknife-core 0.25.0
[INFO] finished tweaking crates.io crate sysknife-core 0.25.0
[INFO] tweaked toml for crates.io crate sysknife-core 0.25.0 written to /workspace/builds/worker-5-tc2/source/Cargo.toml
[INFO] validating manifest of crates.io crate sysknife-core 0.25.0 on toolchain 1.100.0-beta.1
[INFO] running `Command { std: CARGO_HOME="/workspace/cargo-home" RUSTUP_HOME="/workspace/rustup-home" "/workspace/cargo-home/bin/cargo" "+1.100.0-beta.1" "metadata" "--manifest-path" "Cargo.toml" "--no-deps", kill_on_drop: false }`
[INFO] crate crates.io crate sysknife-core 0.25.0 already has a lockfile, it will not be regenerated
[INFO] running `Command { std: CARGO_HOME="/workspace/cargo-home" RUSTUP_HOME="/workspace/rustup-home" "/workspace/cargo-home/bin/cargo" "+1.100.0-beta.1" "fetch" "--manifest-path" "Cargo.toml", kill_on_drop: false }`
[INFO] running `Command { std: "docker" "create" "-v" "/var/lib/crater-agent-workspace/builds/worker-5-tc2/source:/opt/rustwide/workdir:ro,Z" "-v" "/var/lib/crater-agent-workspace/builds/worker-5-tc2/target:/opt/rustwide/target:rw,Z" "-v" "/var/lib/crater-agent-workspace/cargo-home:/opt/rustwide/cargo-home:ro,Z" "-v" "/var/lib/crater-agent-workspace/rustup-home:/opt/rustwide/rustup-home:ro,Z" "-m" "1610612736" "--network" "none" "ghcr.io/rust-lang/crates-build-env/linux@sha256:77db811e55d90add9212f6832c23229e3de5f1c1f9905e8cb07319ea15df73ac" "sleep" "infinity", kill_on_drop: false }`
[INFO] [stdout] 9d95f37a31040f121516c4ccf6c4fb85508a67b25c1cde7535409d308ec7e337
[INFO] running `Command { std: "docker" "start" "9d95f37a31040f121516c4ccf6c4fb85508a67b25c1cde7535409d308ec7e337", kill_on_drop: false }`
[INFO] running `Command { std: "docker" "inspect" "9d95f37a31040f121516c4ccf6c4fb85508a67b25c1cde7535409d308ec7e337", kill_on_drop: false }`
[INFO] running `Command { std: "docker" "exec" "-e" "SOURCE_DIR=/opt/rustwide/workdir" "-e" "CARGO_HOME=/opt/rustwide/cargo-home" "-e" "RUSTUP_HOME=/opt/rustwide/rustup-home" "-e" "CARGO_TARGET_DIR=/opt/rustwide/target" "-w" "/opt/rustwide/workdir" "--user" "0:0" "9d95f37a31040f121516c4ccf6c4fb85508a67b25c1cde7535409d308ec7e337" "/opt/rustwide/cargo-home/bin/cargo" "+1.100.0-beta.1" "metadata" "--no-deps" "--format-version=1", kill_on_drop: false }`
[INFO] running `Command { std: "docker" "inspect" "9d95f37a31040f121516c4ccf6c4fb85508a67b25c1cde7535409d308ec7e337", kill_on_drop: false }`
[INFO] running `Command { std: "docker" "exec" "-e" "SOURCE_DIR=/opt/rustwide/workdir" "-e" "CARGO_HOME=/opt/rustwide/cargo-home" "-e" "RUSTUP_HOME=/opt/rustwide/rustup-home" "-e" "CARGO_TARGET_DIR=/opt/rustwide/target" "-e" "CARGO_INCREMENTAL=0" "-e" "RUST_BACKTRACE=full" "-e" "RUSTFLAGS=--cap-lints=warn" "-e" "RUSTDOCFLAGS=--cap-lints=warn" "-w" "/opt/rustwide/workdir" "--user" "0:0" "9d95f37a31040f121516c4ccf6c4fb85508a67b25c1cde7535409d308ec7e337" "/opt/rustwide/cargo-home/bin/cargo" "+1.100.0-beta.1" "build" "--frozen" "--message-format=json" "--release", kill_on_drop: false }`
[INFO] [stderr]    Compiling winnow v1.0.2
[INFO] [stderr]    Compiling serde_spanned v1.1.1
[INFO] [stderr]    Compiling toml_datetime v1.1.1+spec-1.1.0
[INFO] [stderr]    Compiling syn v3.0.2
[INFO] [stderr]    Compiling toml_parser v1.1.2+spec-1.1.0
[INFO] [stderr]    Compiling toml v1.1.3+spec-1.1.0
[INFO] [stderr]    Compiling serde_derive v1.0.229
[INFO] [stderr]    Compiling serde v1.0.229
[INFO] [stderr]    Compiling sysknife-core v0.25.0 (/opt/rustwide/workdir)
[INFO] [stderr]     Finished `release` profile [optimized] target(s) in 9.68s
[INFO] running `Command { std: "docker" "inspect" "9d95f37a31040f121516c4ccf6c4fb85508a67b25c1cde7535409d308ec7e337", kill_on_drop: false }`
[INFO] running `Command { std: "docker" "exec" "-e" "SOURCE_DIR=/opt/rustwide/workdir" "-e" "CARGO_HOME=/opt/rustwide/cargo-home" "-e" "RUSTUP_HOME=/opt/rustwide/rustup-home" "-e" "CARGO_TARGET_DIR=/opt/rustwide/target" "-e" "CARGO_INCREMENTAL=0" "-e" "RUST_BACKTRACE=full" "-e" "RUSTFLAGS=--cap-lints=warn" "-e" "RUSTDOCFLAGS=--cap-lints=warn" "-w" "/opt/rustwide/workdir" "--user" "0:0" "9d95f37a31040f121516c4ccf6c4fb85508a67b25c1cde7535409d308ec7e337" "/opt/rustwide/cargo-home/bin/cargo" "+1.100.0-beta.1" "test" "--frozen" "--no-run" "--message-format=json" "--release", kill_on_drop: false }`
[INFO] [stderr]    Compiling rustix v1.1.4
[INFO] [stderr]    Compiling getrandom v0.4.2
[INFO] [stderr]    Compiling tempfile v3.27.0
[INFO] [stderr]    Compiling sysknife-core v0.25.0 (/opt/rustwide/workdir)
[INFO] [stderr]     Finished `release` profile [optimized] target(s) in 7.48s
[INFO] running `Command { std: "docker" "inspect" "9d95f37a31040f121516c4ccf6c4fb85508a67b25c1cde7535409d308ec7e337", kill_on_drop: false }`
[INFO] running `Command { std: "docker" "exec" "-e" "SOURCE_DIR=/opt/rustwide/workdir" "-e" "CARGO_HOME=/opt/rustwide/cargo-home" "-e" "RUSTUP_HOME=/opt/rustwide/rustup-home" "-e" "CARGO_TARGET_DIR=/opt/rustwide/target" "-e" "CARGO_INCREMENTAL=0" "-e" "RUST_BACKTRACE=full" "-e" "RUSTFLAGS=--cap-lints=warn" "-e" "RUSTDOCFLAGS=--cap-lints=warn" "-w" "/opt/rustwide/workdir" "--user" "0:0" "9d95f37a31040f121516c4ccf6c4fb85508a67b25c1cde7535409d308ec7e337" "/opt/rustwide/cargo-home/bin/cargo" "+1.100.0-beta.1" "test" "--frozen" "--release", kill_on_drop: false }`
[INFO] [stderr]     Finished `release` profile [optimized] target(s) in 0.06s
[INFO] [stderr]      Running unittests src/lib.rs (/opt/rustwide/target/release/build/sysknife-core/bef743306c8e2976/out/sysknife_core-bef743306c8e2976)
[INFO] [stdout] 
[INFO] [stdout] running 101 tests
[INFO] [stdout] test action_family::tests::family_lists_are_disjoint ... ok
[INFO] [stdout] test action_family::tests::family_lists_have_no_duplicates ... ok
[INFO] [stdout] test config::tests::apply_defaults_does_not_override_existing_env ... ok
[INFO] [stdout] test config::tests::ollama_think_absent_does_not_set_env_var ... ok
[INFO] [stdout] test config::tests::load_returns_default_when_file_absent ... ok
[INFO] [stdout] test config::tests::storage_section_parses_postgres_with_url ... ok
[INFO] [stdout] test action_family::tests::ubuntu_identity_is_stricter_than_debian_family ... ok
[INFO] [stdout] test action_family::tests::planner_preferences_are_not_execution_fences ... ok
[INFO] [stdout] test config::tests::syslog_forward_section_accepts_custom_enterprise_number ... ok
[INFO] [stdout] test config::tests::storage_section_parses_sqlite_case_insensitive ... ok
[INFO] [stdout] test config::tests::storage_section_parses_sqlite_default ... ok
[INFO] [stdout] test config::tests::syslog_forward_section_default_enterprise_number_is_documentation_pen ... ok
[INFO] [stdout] test config::tests::try_load_returns_default_when_file_absent ... ok
[INFO] [stdout] test config::tests::syslog_forward_section_rejects_zero_enterprise_number ... ok
[INFO] [stdout] test distro::tests::accept_single_quoted_value ... ok
[INFO] [stdout] test distro::tests::accept_tab_in_pretty_name ... ok
[INFO] [stdout] test distro::tests::accept_unquoted_value ... ok
[INFO] [stdout] test config::tests::storage_section_rejects_postgres_without_url ... ok
[INFO] [stdout] test config::tests::config_dir_panics_when_home_and_xdg_config_home_are_both_unset ... ok
[INFO] [stdout] test config::tests::storage_section_rejects_unknown_backend ... ok
[INFO] [stdout] test distro::tests::amazon_linux_family_falls_back_to_fedora_via_id_like ... ok
[INFO] [stdout] test distro::tests::detect_amazon_linux_falls_through_to_other ... ok
[INFO] [stdout] test distro::tests::detect_debian_stable_and_testing ... ok
[INFO] [stdout] test distro::tests::detect_fedora_41_workstation ... ok
[INFO] [stdout] test config::tests::load_parses_full_config ... ok
[INFO] [stdout] test distro::tests::detect_mint_falls_through_to_other ... ok
[INFO] [stdout] test config::tests::try_load_fails_loud_on_present_but_unparseable_file ... ok
[INFO] [stdout] test distro::tests::detect_current_silverblue_routes_to_fedora_silverblue ... ok
[INFO] [stdout] test config::tests::prefs_path_lives_alongside_config ... ok
[INFO] [stdout] test distro::tests::debian_eligibility_requires_a_supported_known_version ... ok
[INFO] [stdout] test distro::tests::detect_silverblue_routes_to_fedora_silverblue ... ok
[INFO] [stdout] test distro::tests::distro_id_clone_eq ... ok
[INFO] [stdout] test distro::tests::distro_family_fedora ... ok
[INFO] [stdout] test distro::tests::linux_mint_family_falls_back_to_debian_via_id_like ... ok
[INFO] [stdout] test distro::tests::detect_kinoite_routes_to_fedora_silverblue ... ok
[INFO] [stdout] test distro::tests::os_release_debug_contains_id ... ok
[INFO] [stdout] test distro::tests::distro_family_debian ... ok
[INFO] [stdout] test config::tests::socket_path_gets_unix_prefix ... ok
[INFO] [stdout] test distro::tests::os_release_clone_eq ... ok
[INFO] [stdout] test distro::tests::parse_ubuntu_2204_jammy ... ok
[INFO] [stdout] test distro::tests::parse_linux_mint_22 ... ok
[INFO] [stdout] test config::tests::ollama_think_true_emits_env_var ... ok
[INFO] [stdout] test distro::tests::parse_amazon_linux_2023 ... ok
[INFO] [stdout] test config::tests::ollama_think_false_emits_env_var ... ok
[INFO] [stdout] test distro::tests::detect_ubuntu_2604 ... ok
[INFO] [stdout] test distro::tests::parse_fedora_kinoite_41 ... ok
[INFO] [stdout] test distro::tests::detect_ubuntu_core_routes_to_ubuntu_core ... ok
[INFO] [stdout] test distro::tests::parse_pop_os_2204 ... ok
[INFO] [stdout] test distro::tests::detect_ubuntu_2204 ... ok
[INFO] [stdout] test distro::tests::parse_fedora_41_workstation ... ok
[INFO] [stdout] test distro::tests::parse_ubuntu_2604_resolute ... ok
[INFO] [stdout] test distro::tests::parse_ubuntu_2404_noble ... ok
[INFO] [stdout] test distro::tests::parse_ubuntu_core_24 ... ok
[INFO] [stdout] test distro::tests::plain_fedora_is_unsupported_until_dnf_actions_ship ... ok
[INFO] [stdout] test distro::tests::reject_control_byte_in_value ... ok
[INFO] [stdout] test distro::tests::reject_empty_file ... ok
[INFO] [stdout] test distro::tests::reject_key_with_lowercase_after_valid_start ... ok
[INFO] [stdout] test config::tests::xdg_config_home_does_not_follow_symlinks ... ok
[INFO] [stdout] test distro::tests::reject_line_without_equals ... ok
[INFO] [stdout] test distro::tests::reject_lowercase_key ... ok
[INFO] [stdout] test distro::tests::pop_os_family_falls_back_to_debian_via_id_like ... ok
[INFO] [stdout] test distro::tests::reject_mismatched_double_quotes ... ok
[INFO] [stdout] test distro::tests::parse_fedora_silverblue_41 ... ok
[INFO] [stdout] test distro::tests::reject_key_starting_with_digit ... ok
[INFO] [stdout] test distro::tests::reject_nul_byte_in_value ... ok
[INFO] [stdout] test distro::tests::reject_only_comments_and_blanks ... ok
[INFO] [stdout] test distro::tests::reject_oversized_file ... ok
[INFO] [stdout] test distro::tests::supported_fedora_silverblue_44 ... ok
[INFO] [stdout] test distro::tests::supported_ubuntu_2004_is_the_oldest_supported_release ... ok
[INFO] [stdout] test distro::tests::supported_ubuntu_2204 ... ok
[INFO] [stdout] test distro::tests::reject_mismatched_single_quotes ... ok
[INFO] [stdout] test distro::tests::reject_mixed_case_key ... ok
[INFO] [stdout] test distro::tests::supported_fedora_silverblue_41 ... ok
[INFO] [stdout] test distro::tests::supported_ubuntu_2604 ... ok
[INFO] [stdout] test distro::tests::supported_ubuntu_interim_2610 ... ok
[INFO] [stdout] test distro::tests::parse_debian_12_bookworm ... ok
[INFO] [stdout] test distro::tests::supported_ubuntu_2404 ... ok
[INFO] [stdout] test distro::tests::supported_ubuntu_interim_2510 ... ok
[INFO] [stdout] test distro::tests::unknown_id_with_empty_id_like_stays_other ... ok
[INFO] [stdout] test distro::tests::unsupported_fedora_39 ... ok
[INFO] [stdout] test distro::tests::unsupported_fedora_silverblue_40 ... ok
[INFO] [stdout] test distro::tests::unsupported_other ... ok
[INFO] [stdout] test distro::tests::unsupported_ubuntu_core ... ok
[INFO] [stdout] test tests::a_present_per_user_store_wins_over_the_system_one ... ok
[INFO] [stdout] test tests::database_env_var_wins ... ok
[INFO] [stdout] test tests::database_falls_back_to_home_local_state ... ok
[INFO] [stdout] test tests::database_last_resort_is_production_path ... ok
[INFO] [stdout] test distro::tests::unsupported_ubuntu_1804_predates_the_support_floor ... ok
[INFO] [stdout] test tests::production_database_path_is_absolute ... ok
[INFO] [stdout] test tests::listen_env_var_wins ... ok
[INFO] [stdout] test tests::permission_denied_counts_as_a_present_store ... ok
[INFO] [stdout] test distro::tests::version_codename_empty_string_treated_as_none_equivalent ... ok
[INFO] [stdout] test tests::an_explicit_database_path_is_never_second_guessed ... ok
[INFO] [stdout] test tests::database_xdg_state_used_when_set ... ok
[INFO] [stdout] test tests::listen_last_resort_is_per_uid_tmp ... ok
[INFO] [stdout] test tests::listen_uses_xdg_runtime_dir_when_set ... ok
[INFO] [stdout] test tests::path_behind_mode_000_directory_counts_as_present ... FAILED
[INFO] [stdout] test tests::the_system_store_constant_matches_the_packaged_unit ... FAILED
[INFO] [stdout] test tests::the_system_store_is_used_when_no_per_user_store_exists ... ok
[INFO] [stdout] test tests::unreadable_system_store_wins_over_a_missing_per_user_store ... ok
[INFO] [stdout] test tests::with_no_store_anywhere_the_per_user_path_is_reported ... ok
[INFO] [stdout] 
[INFO] [stdout] failures:
[INFO] [stdout] 
[INFO] [stdout] ---- tests::path_behind_mode_000_directory_counts_as_present stdout ----
[INFO] [stdout] 
[INFO] [stdout] thread 'tests::path_behind_mode_000_directory_counts_as_present' (482) panicked at src/lib.rs:411:9:
[INFO] [stdout] precondition: Path::exists is false under EACCES (the bug we are fixing)
[INFO] [stdout] stack backtrace:
[INFO] [stdout]    0:     0x55cdc479cc01 - <<std[617be2ca0a6fd877]::sys::backtrace::BacktraceLock>::print::DisplayBacktrace as core[a373ad73a504971]::fmt::Display>::fmt
[INFO] [stdout]    1:     0x55cdc47b1dca - core[a373ad73a504971]::fmt::write
[INFO] [stdout]    2:     0x55cdc47a109c - <alloc[2e1b2a31b91974c5]::vec::Vec<u8> as core[a373ad73a504971]::io::write::Write>::write_fmt
[INFO] [stdout]    3:     0x55cdc4776e46 - std[617be2ca0a6fd877]::panicking::default_hook::{closure#0}
[INFO] [stdout]    4:     0x55cdc4794179 - std[617be2ca0a6fd877]::panicking::default_hook
[INFO] [stdout]    5:     0x55cdc472e800 - test[aada8e7e76ba119b]::test_main_inner::{closure#0}
[INFO] [stdout]    6:     0x55cdc4794332 - std[617be2ca0a6fd877]::panicking::panic_with_hook
[INFO] [stdout]    7:     0x55cdc4776f24 - std[617be2ca0a6fd877]::panicking::panic_handler::{closure#0}
[INFO] [stdout]    8:     0x55cdc476f769 - std[617be2ca0a6fd877]::sys::backtrace::__rust_end_short_backtrace::<std[617be2ca0a6fd877]::panicking::panic_handler::{closure#0}, !>
[INFO] [stdout]    9:     0x55cdc4777ecd - __rustc[ea4f61d10b84890b]::rust_begin_unwind
[INFO] [stdout]   10:     0x55cdc47b253c - core[a373ad73a504971]::panicking::panic_fmt
[INFO] [stdout]   11:     0x55cdc46f3bf2 - <sysknife_core[8b5cc35063add589]::tests::path_behind_mode_000_directory_counts_as_present::{closure#0} as core[a373ad73a504971]::ops::function::FnOnce<()>>::call_once
[INFO] [stdout]   12:     0x55cdc4721c4b - test[aada8e7e76ba119b]::__rust_begin_short_backtrace::<core[a373ad73a504971]::result::Result<(), alloc[2e1b2a31b91974c5]::string::String>, fn() -> core[a373ad73a504971]::result::Result<(), alloc[2e1b2a31b91974c5]::string::String>>
[INFO] [stdout]   13:     0x55cdc472ee25 - test[aada8e7e76ba119b]::run_test::{closure#0}
[INFO] [stdout]   14:     0x55cdc4728714 - std[617be2ca0a6fd877]::sys::backtrace::__rust_begin_short_backtrace::<test[aada8e7e76ba119b]::run_test::{closure#1}, ()>
[INFO] [stdout]   15:     0x55cdc4731eb2 - <std[617be2ca0a6fd877]::thread::lifecycle::spawn_unchecked<test[aada8e7e76ba119b]::run_test::{closure#1}, ()>::{closure#1} as core[a373ad73a504971]::ops::function::FnOnce<()>>::call_once::{shim:vtable#0}
[INFO] [stdout]   16:     0x55cdc479bf1f - <std[617be2ca0a6fd877]::sys::thread::unix::Thread>::new::thread_start
[INFO] [stdout]   17:     0x7b6476015dfa - <unknown>
[INFO] [stdout]   18:     0x7b64760a93d4 - clone
[INFO] [stdout]   19:                0x0 - <unknown>
[INFO] [stdout] 
[INFO] [stdout] ---- tests::the_system_store_constant_matches_the_packaged_unit stdout ----
[INFO] [stdout] 
[INFO] [stdout] thread 'tests::the_system_store_constant_matches_the_packaged_unit' (485) panicked at src/lib.rs:425:33:
[INFO] [stdout] read /opt/rustwide/workdir/../../packaging/sysknife-daemon.service: No such file or directory (os error 2)
[INFO] [stdout] stack backtrace:
[INFO] [stdout]    0:     0x55cdc479cc01 - <<std[617be2ca0a6fd877]::sys::backtrace::BacktraceLock>::print::DisplayBacktrace as core[a373ad73a504971]::fmt::Display>::fmt
[INFO] [stdout]    1:     0x55cdc47b1dca - core[a373ad73a504971]::fmt::write
[INFO] [stdout]    2:     0x55cdc47a109c - <alloc[2e1b2a31b91974c5]::vec::Vec<u8> as core[a373ad73a504971]::io::write::Write>::write_fmt
[INFO] [stdout]    3:     0x55cdc4776e46 - std[617be2ca0a6fd877]::panicking::default_hook::{closure#0}
[INFO] [stdout]    4:     0x55cdc4794179 - std[617be2ca0a6fd877]::panicking::default_hook
[INFO] [stdout]    5:     0x55cdc472e800 - test[aada8e7e76ba119b]::test_main_inner::{closure#0}
[INFO] [stdout]    6:     0x55cdc4794332 - std[617be2ca0a6fd877]::panicking::panic_with_hook
[INFO] [stdout]    7:     0x55cdc4776ef2 - std[617be2ca0a6fd877]::panicking::panic_handler::{closure#0}
[INFO] [stdout]    8:     0x55cdc476f769 - std[617be2ca0a6fd877]::sys::backtrace::__rust_end_short_backtrace::<std[617be2ca0a6fd877]::panicking::panic_handler::{closure#0}, !>
[INFO] [stdout]    9:     0x55cdc4777ecd - __rustc[ea4f61d10b84890b]::rust_begin_unwind
[INFO] [stdout]   10:     0x55cdc47b253c - core[a373ad73a504971]::panicking::panic_fmt
[INFO] [stdout]   11:     0x55cdc46f1dd9 - sysknife_core[8b5cc35063add589]::tests::the_system_store_constant_matches_the_packaged_unit::{closure#0}
[INFO] [stdout]   12:     0x55cdc46f44f4 - <sysknife_core[8b5cc35063add589]::tests::the_system_store_constant_matches_the_packaged_unit::{closure#0} as core[a373ad73a504971]::ops::function::FnOnce<()>>::call_once
[INFO] [stdout]   13:     0x55cdc4721c4b - test[aada8e7e76ba119b]::__rust_begin_short_backtrace::<core[a373ad73a504971]::result::Result<(), alloc[2e1b2a31b91974c5]::string::String>, fn() -> core[a373ad73a504971]::result::Result<(), alloc[2e1b2a31b91974c5]::string::String>>
[INFO] [stdout]   14:     0x55cdc472ee25 - test[aada8e7e76ba119b]::run_test::{closure#0}
[INFO] [stdout]   15:     0x55cdc4728714 - std[617be2ca0a6fd877]::sys::backtrace::__rust_begin_short_backtrace::<test[aada8e7e76ba119b]::run_test::{closure#1}, ()>
[INFO] [stdout]   16:     0x55cdc4731eb2 - <std[617be2ca0a6fd877]::thread::lifecycle::spawn_unchecked<test[aada8e7e76ba119b]::run_test::{closure#1}, ()>::{closure#1} as core[a373ad73a504971]::ops::function::FnOnce<()>>::call_once::{shim:vtable#0}
[INFO] [stdout]   17:     0x55cdc479bf1f - <std[617be2ca0a6fd877]::sys::thread::unix::Thread>::new::thread_start
[INFO] [stdout]   18:     0x7b6476015dfa - <unknown>
[INFO] [stdout]   19:     0x7b64760a93d4 - clone
[INFO] [stdout]   20:                0x0 - <unknown>
[INFO] [stdout] 
[INFO] [stdout] 
[INFO] [stdout] failures:
[INFO] [stdout]     tests::path_behind_mode_000_directory_counts_as_present
[INFO] [stdout]     tests::the_system_store_constant_matches_the_packaged_unit
[INFO] [stdout] 
[INFO] [stdout] test result: FAILED. 99 passed; 2 failed; 0 ignored; 0 measured; 0 filtered out; finished in 0.03s
[INFO] [stdout] 
[INFO] [stderr] error: test failed, to rerun pass `--lib`
[INFO] running `Command { std: "docker" "inspect" "9d95f37a31040f121516c4ccf6c4fb85508a67b25c1cde7535409d308ec7e337", kill_on_drop: false }`
[INFO] running `Command { std: "docker" "rm" "-f" "9d95f37a31040f121516c4ccf6c4fb85508a67b25c1cde7535409d308ec7e337", kill_on_drop: false }`
[INFO] [stdout] 9d95f37a31040f121516c4ccf6c4fb85508a67b25c1cde7535409d308ec7e337
