[INFO] fetching crate sysd-manager-comcontroler 2.23.1...
[INFO] testing sysd-manager-comcontroler-2.23.1 against 1.99.0-beta.8+cargoflags=--release for beta-release-1.100-2
[INFO] extracting crate sysd-manager-comcontroler 2.23.1 into /workspace/builds/worker-7-tc1/source
[INFO] started tweaking crates.io crate sysd-manager-comcontroler 2.23.1
[INFO] finished tweaking crates.io crate sysd-manager-comcontroler 2.23.1
[INFO] tweaked toml for crates.io crate sysd-manager-comcontroler 2.23.1 written to /workspace/builds/worker-7-tc1/source/Cargo.toml
[INFO] validating manifest of crates.io crate sysd-manager-comcontroler 2.23.1 on toolchain 1.99.0-beta.8
[INFO] running `Command { std: CARGO_HOME="/workspace/cargo-home" RUSTUP_HOME="/workspace/rustup-home" "/workspace/cargo-home/bin/cargo" "+1.99.0-beta.8" "metadata" "--manifest-path" "Cargo.toml" "--no-deps", kill_on_drop: false }`
[INFO] crate crates.io crate sysd-manager-comcontroler 2.23.1 already has a lockfile, it will not be regenerated
[INFO] running `Command { std: CARGO_HOME="/workspace/cargo-home" RUSTUP_HOME="/workspace/rustup-home" "/workspace/cargo-home/bin/cargo" "+1.99.0-beta.8" "fetch" "--manifest-path" "Cargo.toml", kill_on_drop: false }`
[INFO] [stderr]     Blocking waiting for file lock on package cache
[INFO] [stderr]     Updating crates.io index
[INFO] [stderr]  Downloading crates ...
[INFO] [stderr]   Downloaded systemd v0.10.1
[INFO] [stderr]   Downloaded utf8-cstr v0.1.6
[INFO] [stderr]   Downloaded build-env v0.3.1
[INFO] [stderr]   Downloaded libsystemd-sys v0.9.4
[INFO] [stderr]   Downloaded toml_edit v0.25.6+spec-1.1.0
[INFO] [stderr]   Downloaded gio-sys v0.22.9
[INFO] [stderr]   Downloaded cstr-argument v0.1.2
[INFO] [stderr]   Downloaded sysd-manager-test-base v0.1.0
[INFO] [stderr]   Downloaded tracing-journald v0.3.2
[INFO] [stderr]   Downloaded locale_config v0.3.0
[INFO] [stderr]   Downloaded flagset v0.4.7
[INFO] [stderr]   Downloaded constcat v0.6.1
[INFO] [stderr]   Downloaded objc-foundation v0.1.1
[INFO] [stderr]   Downloaded temp-dir v0.1.16
[INFO] [stderr]   Downloaded sysd-manager-base v2.23.1
[INFO] [stderr]   Downloaded gobject-sys v0.22.9
[INFO] [stderr]   Downloaded gettext-rs v0.8.0
[INFO] [stderr]   Downloaded cfg-expr v0.20.10
[INFO] [stderr]   Downloaded system-deps v9.0.0
[INFO] [stderr]   Downloaded toml v1.1.0+spec-1.1.0
[INFO] [stderr]   Downloaded glib-macros v0.22.9
[INFO] [stderr]   Downloaded glib-sys v0.22.9
[INFO] [stderr]   Downloaded gio v0.22.10
[INFO] [stderr]   Downloaded glib v0.22.10
[INFO] [stderr]   Downloaded gettext-sys v0.27.0
[INFO] running `Command { std: "docker" "create" "-v" "/var/lib/crater-agent-workspace/builds/worker-7-tc1/source:/opt/rustwide/workdir:ro,Z" "-v" "/var/lib/crater-agent-workspace/builds/worker-7-tc1/target:/opt/rustwide/target:rw,Z" "-v" "/var/lib/crater-agent-workspace/cargo-home:/opt/rustwide/cargo-home:ro,Z" "-v" "/var/lib/crater-agent-workspace/rustup-home:/opt/rustwide/rustup-home:ro,Z" "-m" "1610612736" "--network" "none" "ghcr.io/rust-lang/crates-build-env/linux@sha256:77db811e55d90add9212f6832c23229e3de5f1c1f9905e8cb07319ea15df73ac" "sleep" "infinity", kill_on_drop: false }`
[INFO] [stdout] 81ba7067307134f486befd05b50fbefb870fe3820fec1061b2c0e67bb4dae083
[INFO] running `Command { std: "docker" "start" "81ba7067307134f486befd05b50fbefb870fe3820fec1061b2c0e67bb4dae083", kill_on_drop: false }`
[INFO] running `Command { std: "docker" "inspect" "81ba7067307134f486befd05b50fbefb870fe3820fec1061b2c0e67bb4dae083", kill_on_drop: false }`
[INFO] running `Command { std: "docker" "exec" "-e" "SOURCE_DIR=/opt/rustwide/workdir" "-e" "CARGO_HOME=/opt/rustwide/cargo-home" "-e" "RUSTUP_HOME=/opt/rustwide/rustup-home" "-e" "CARGO_TARGET_DIR=/opt/rustwide/target" "-w" "/opt/rustwide/workdir" "--user" "0:0" "81ba7067307134f486befd05b50fbefb870fe3820fec1061b2c0e67bb4dae083" "/opt/rustwide/cargo-home/bin/cargo" "+1.99.0-beta.8" "metadata" "--no-deps" "--format-version=1", kill_on_drop: false }`
[INFO] running `Command { std: "docker" "inspect" "81ba7067307134f486befd05b50fbefb870fe3820fec1061b2c0e67bb4dae083", kill_on_drop: false }`
[INFO] running `Command { std: "docker" "exec" "-e" "SOURCE_DIR=/opt/rustwide/workdir" "-e" "CARGO_HOME=/opt/rustwide/cargo-home" "-e" "RUSTUP_HOME=/opt/rustwide/rustup-home" "-e" "CARGO_TARGET_DIR=/opt/rustwide/target" "-e" "CARGO_INCREMENTAL=0" "-e" "RUST_BACKTRACE=full" "-e" "RUSTFLAGS=--cap-lints=warn" "-e" "RUSTDOCFLAGS=--cap-lints=warn" "-w" "/opt/rustwide/workdir" "--user" "0:0" "81ba7067307134f486befd05b50fbefb870fe3820fec1061b2c0e67bb4dae083" "/opt/rustwide/cargo-home/bin/cargo" "+1.99.0-beta.8" "build" "--frozen" "--message-format=json" "--release", kill_on_drop: false }`
[INFO] [stderr]    Compiling winnow v1.0.4
[INFO] [stderr]    Compiling toml_datetime v1.1.1+spec-1.1.0
[INFO] [stderr]    Compiling target-lexicon v0.13.5
[INFO] [stderr]    Compiling smallvec v1.16.2
[INFO] [stderr]    Compiling serde_spanned v1.1.1
[INFO] [stderr]    Compiling system-deps v9.0.0
[INFO] [stderr]    Compiling version-compare v0.2.1
[INFO] [stderr]    Compiling indexmap v2.11.4
[INFO] [stderr]    Compiling syn v3.0.6
[INFO] [stderr]    Compiling syn v2.0.119
[INFO] [stderr]    Compiling proc-macro2 v1.0.107
[INFO] [stderr]    Compiling regex-automata v0.4.18
[INFO] [stderr]    Compiling num-traits v0.2.19
[INFO] [stderr]    Compiling errno v0.3.14
[INFO] [stderr]    Compiling endi v1.1.1
[INFO] [stderr]    Compiling temp-dir v0.1.16
[INFO] [stderr]    Compiling signal-hook-registry v1.4.8
[INFO] [stderr]    Compiling gettext-sys v0.27.0
[INFO] [stderr]    Compiling socket2 v0.6.5
[INFO] [stderr]    Compiling mio v1.2.3
[INFO] [stderr]    Compiling build-env v0.3.1
[INFO] [stderr]    Compiling tracing-log v0.2.0
[INFO] [stderr]    Compiling event-listener v5.4.2
[INFO] [stderr]    Compiling libsystemd-sys v0.9.4
[INFO] [stderr]    Compiling sharded-slab v0.1.7
[INFO] [stderr]    Compiling thread_local v1.1.10
[INFO] [stderr]    Compiling quote v1.0.47
[INFO] [stderr]    Compiling futures-channel v0.3.34
[INFO] [stderr]    Compiling futures-io v0.3.34
[INFO] [stderr]    Compiling cfg-expr v0.20.10
[INFO] [stderr]    Compiling rustix v1.1.5
[INFO] [stderr]    Compiling nu-ansi-term v0.50.3
[INFO] [stderr]    Compiling event-listener-strategy v0.5.4
[INFO] [stderr]    Compiling foreign-types-shared v0.3.1
[INFO] [stderr]    Compiling fastrand v2.5.0
[INFO] [stderr]    Compiling linux-raw-sys v0.12.1
[INFO] [stderr]    Compiling futures-lite v2.6.1
[INFO] [stderr]    Compiling toml_parser v1.1.3+spec-1.1.0
[INFO] [stderr]    Compiling async-broadcast v0.7.2
[INFO] [stderr]    Compiling uuid v1.27.0
[INFO] [stderr]    Compiling cstr-argument v0.1.2
[INFO] [stderr]    Compiling chrono v0.4.45
[INFO] [stderr]    Compiling ordered-stream v0.2.0
[INFO] [stderr]    Compiling utf8-cstr v0.1.6
[INFO] [stderr]    Compiling constcat v0.6.1
[INFO] [stderr]    Compiling futures-sink v0.3.34
[INFO] [stderr]    Compiling flagset v0.4.7
[INFO] [stderr]    Compiling toml v1.1.0+spec-1.1.0
[INFO] [stderr]    Compiling toml_edit v0.25.6+spec-1.1.0
[INFO] [stderr]    Compiling proc-macro-crate v3.5.0
[INFO] [stderr]    Compiling glib-sys v0.22.9
[INFO] [stderr]    Compiling gobject-sys v0.22.9
[INFO] [stderr]    Compiling gio-sys v0.22.9
[INFO] [stderr]    Compiling regex v1.13.1
[INFO] [stderr]    Compiling matchers v0.2.0
[INFO] [stderr]    Compiling enumflags2_derive v0.7.12
[INFO] [stderr]    Compiling tracing-attributes v0.1.31
[INFO] [stderr]    Compiling strum_macros v0.28.0
[INFO] [stderr]    Compiling async-recursion v1.1.1
[INFO] [stderr]    Compiling locale_config v0.3.0
[INFO] [stderr]    Compiling gettext-rs v0.8.0
[INFO] [stderr]    Compiling tracing v0.1.44
[INFO] [stderr]    Compiling serde_derive v1.0.229
[INFO] [stderr]    Compiling futures-macro v0.3.34
[INFO] [stderr]    Compiling tokio-macros v2.7.2
[INFO] [stderr]    Compiling glib-macros v0.22.9
[INFO] [stderr]    Compiling foreign-types-macros v0.2.4
[INFO] [stderr]    Compiling serde_repr v0.1.21
[INFO] [stderr]    Compiling tracing-subscriber v0.3.23
[INFO] [stderr]    Compiling async-trait v0.1.92
[INFO] [stderr]    Compiling foreign-types v0.5.0
[INFO] [stderr]    Compiling systemd v0.10.1
[INFO] [stderr]    Compiling tokio v1.53.1
[INFO] [stderr]    Compiling futures-util v0.3.34
[INFO] [stderr]    Compiling strum v0.28.0
[INFO] [stderr]    Compiling tracing-journald v0.3.2
[INFO] [stderr]    Compiling serde v1.0.229
[INFO] [stderr]    Compiling zvariant_utils v4.2.0
[INFO] [stderr]    Compiling enumflags2 v0.7.12
[INFO] [stderr]    Compiling zcheapstr v1.1.0
[INFO] [stderr]    Compiling futures-executor v0.3.34
[INFO] [stderr]    Compiling glib v0.22.10
[INFO] [stderr]    Compiling zvariant_derive v5.15.0
[INFO] [stderr]    Compiling zvariant v5.15.0
[INFO] [stderr]    Compiling zbus_names v4.3.4
[INFO] [stderr]    Compiling zbus_macros v5.19.0
[INFO] [stderr]    Compiling tokio-util v0.7.19
[INFO] [stderr]    Compiling zbus_xml v5.2.1
[INFO] [stderr]    Compiling zbus v5.19.0
[INFO] [stderr]    Compiling sysd-manager-base v2.23.1
[INFO] [stderr]    Compiling gio v0.22.10
[INFO] [stderr]    Compiling sysd-manager-comcontroler v2.23.1 (/opt/rustwide/workdir)
[INFO] [stderr]     Finished `release` profile [optimized] target(s) in 3m 16s
[INFO] running `Command { std: "docker" "inspect" "81ba7067307134f486befd05b50fbefb870fe3820fec1061b2c0e67bb4dae083", kill_on_drop: false }`
[INFO] running `Command { std: "docker" "exec" "-e" "SOURCE_DIR=/opt/rustwide/workdir" "-e" "CARGO_HOME=/opt/rustwide/cargo-home" "-e" "RUSTUP_HOME=/opt/rustwide/rustup-home" "-e" "CARGO_TARGET_DIR=/opt/rustwide/target" "-e" "CARGO_INCREMENTAL=0" "-e" "RUST_BACKTRACE=full" "-e" "RUSTFLAGS=--cap-lints=warn" "-e" "RUSTDOCFLAGS=--cap-lints=warn" "-w" "/opt/rustwide/workdir" "--user" "0:0" "81ba7067307134f486befd05b50fbefb870fe3820fec1061b2c0e67bb4dae083" "/opt/rustwide/cargo-home/bin/cargo" "+1.99.0-beta.8" "test" "--frozen" "--no-run" "--message-format=json" "--release", kill_on_drop: false }`
[INFO] [stderr]    Compiling sysd-manager-test-base v0.1.0
[INFO] [stderr]    Compiling sysd-manager-comcontroler v2.23.1 (/opt/rustwide/workdir)
[INFO] [stderr]     Finished `release` profile [optimized] target(s) in 33.00s
[INFO] running `Command { std: "docker" "inspect" "81ba7067307134f486befd05b50fbefb870fe3820fec1061b2c0e67bb4dae083", kill_on_drop: false }`
[INFO] running `Command { std: "docker" "exec" "-e" "SOURCE_DIR=/opt/rustwide/workdir" "-e" "CARGO_HOME=/opt/rustwide/cargo-home" "-e" "RUSTUP_HOME=/opt/rustwide/rustup-home" "-e" "CARGO_TARGET_DIR=/opt/rustwide/target" "-e" "CARGO_INCREMENTAL=0" "-e" "RUST_BACKTRACE=full" "-e" "RUSTFLAGS=--cap-lints=warn" "-e" "RUSTDOCFLAGS=--cap-lints=warn" "-w" "/opt/rustwide/workdir" "--user" "0:0" "81ba7067307134f486befd05b50fbefb870fe3820fec1061b2c0e67bb4dae083" "/opt/rustwide/cargo-home/bin/cargo" "+1.99.0-beta.8" "test" "--frozen" "--release", kill_on_drop: false }`
[INFO] [stderr]     Finished `release` profile [optimized] target(s) in 0.14s
[INFO] [stderr]      Running unittests src/lib.rs (/opt/rustwide/target/release/deps/sysd_manager_comcontroler-3b95b8c065d9b725)
[INFO] [stdout] 
[INFO] [stdout] running 63 tests
[INFO] [stdout] test boots::tests::test_get_boot2 ... ignored, Too long
[INFO] [stdout] test boots::tests::test_get_boot3 ... ignored, Too long
[INFO] [stdout] test file::tests::test_sort ... ignored, writes file with priviledge
[INFO] [stdout] test file::tests::test_write_with_prvi ... ignored, writes file with priviledge
[INFO] [stdout] test sysdbus::tests::stop_service_test ... ignored, need a connection to a service
[INFO] [stdout] test sysdbus::tests::test_fetch_info ... ignored, need a connection to a service
[INFO] [stdout] test sysdbus::tests::test_fetch_system_info ... ignored, need a connection to a service
[INFO] [stdout] test sysdbus::tests::test_fetch_system_unit_info ... ignored, need a connection to a service
[INFO] [stdout] test sysdbus::tests::test_fetch_unit ... ignored, need a connection to a service
[INFO] [stdout] test sysdbus::tests::test_fetch_unit_dependencies ... ignored, need a connection to a service
[INFO] [stdout] test sysdbus::tests::test_fetch_unit_fail_wrong_name ... ignored, need a connection to a service
[INFO] [stdout] test sysdbus::tests::test_fetch_unit_reverse_dependencies ... ignored, need a connection to a service
[INFO] [stdout] test sysdbus::tests::test_fetch_unit_user_session ... ignored, need a connection to a service
[INFO] [stdout] test sysdbus::tests::test_fetch_unit_wrong_bus ... ignored, need a connection to a service
[INFO] [stdout] test sysdbus::tests::test_get_list ... ignored, need a connection to a service
[INFO] [stdout] test sysdbus::tests::test_get_list2 ... ignored, need a connection to a service
[INFO] [stdout] test sysdbus::tests::test_get_properties ... ignored, need a connection to a service
[INFO] [stdout] test sysdbus::tests::test_get_properties2 ... ignored, need a connection to a service
[INFO] [stdout] test sysdbus::tests::test_get_unit_active_state ... ignored, need a connection to a service
[INFO] [stdout] test sysdbus::tests::test_get_unit_file_list_system ... ignored, need a connection to a service
[INFO] [stdout] test sysdbus::tests::test_get_unit_file_list_user ... ignored, need a connection to a service
[INFO] [stdout] test sysdbus::tests::test_get_unit_file_state ... ignored, need a connection to a service
[INFO] [stdout] test sysdbus::tests::test_get_unit_list_system ... ignored, need a connection to a service
[INFO] [stdout] test sysdbus::tests::test_get_unit_list_user ... ignored, need a connection to a service
[INFO] [stdout] test sysdbus::tests::test_get_unit_path ... ignored, need a connection to a service
[INFO] [stdout] test sysdbus::tests::test_get_unit_processes ... ignored, need a connection to a service
[INFO] [stdout] test sysdbus::tests::test_introspect ... ignored, need a connection to a service
[INFO] [stdout] test sysdbus::tests::test_introspect2 ... ignored, need a connection to a service
[INFO] [stdout] test sysdbus::tests::test_introspect3 ... ignored, need a connection to a service
[INFO] [stdout] test sysdbus::tests::test_introspect_types ... ignored, need a connection to a service
[INFO] [stdout] test sysdbus::tests::test_kill_unit ... ignored, need a connection to a service
[INFO] [stdout] test sysdbus::tests::test_list_unit_files_remote ... ignored, need a connection to a service
[INFO] [stdout] test sysdbus::tests::test_list_unit_files_system ... ignored, need a connection to a service
[INFO] [stdout] test sysdbus::tests::test_list_unit_files_system_raw ... ignored, need a connection to a service
[INFO] [stdout] test sysdbus::tests::test_list_units_by_patterns ... ignored, need a connection to a service
[INFO] [stdout] test sysdbus::tests::test_list_units_late_filter_timer ... ignored, need a connection to a service
[INFO] [stdout] test sysdbus::tests::test_mask_unit_file ... ignored, need a connection to a service
[INFO] [stdout] test sysdbus::tests::test_mask_unit_file2 ... ignored, need a connection to a service
[INFO] [stdout] test sysdbus::tests::test_power_off ... ignored, need a connection to a service
[INFO] [stdout] test sysdbus::tests::test_queue_signal_unit ... ignored, need a connection to a service
[INFO] [stdout] test sysdbus::tests::test_reboot ... ignored, need a connection to a service
[INFO] [stdout] test sysdbus::tests::test_unit_clean ... ignored, need a connection to a service
[INFO] [stdout] test sysdbus::tests::test_unmask_unit_file ... ignored, need a connection to a service
[INFO] [stdout] test time_handling::tests::test_duration2 ... ok
[INFO] [stdout] [2m2026-10-18 18:30:14.125[0m [32m INFO[0m [2msysd_manager_comcontroler::sysdbus::tests[0m[2m:[0m String: ASDFASDFAF
[INFO] [stdout] [2m2026-10-18 18:30:14.126[0m [32m INFO[0m [2msysd_manager_comcontroler::sysdbus::tests[0m[2m:[0m String: l    ����>   u \x08   \x07s    org.freedesktop.DBus    s    :1.345  \x08g     
[INFO] [stdout] [2m2026-10-18 18:30:14.126[0m [32m INFO[0m [2msysd_manager_comcontroler::sysdbus::tests[0m[2m:[0m String: l    ����>   u \x08   \x07s    org.freedesktop.DBus    s    :1.345  \x08g     
[INFO] [stdout] [2m2026-10-18 18:30:14.126[0m [32m INFO[0m [2msysd_manager_comcontroler::sysdbus::tests[0m[2m:[0m String: l    ����>   u \x08   \x07s    org.freedesktop.DBus    s    :1.345  \x08g     
[INFO] [stdout] [2m2026-10-18 18:30:14.126[0m [32m INFO[0m [2msysd_manager_comcontroler::sysdbus::tests[0m[2m:[0m String: l    ����>   u \x08   \x07s    org.freedesktop.DBus    s    :1.345  \x08g     
[INFO] [stdout] test enums::tests::test_unit_level ... ok
[INFO] [stdout] test time_handling::tests::test_casting ... ok
[INFO] [stdout] test time_handling::tests::test_date_format ... ok
[INFO] [stdout] test time_handling::tests::most_significant_duration_test ... ok
[INFO] [stdout] test sysdbus::tests::test_bytes_msg ... ok
[INFO] [stdout] test enums::tests::test_kill_who_glib ... ok
[INFO] [stdout] test journal::tests::test_truncate2 ... ok
[INFO] [stdout] test time_handling::tests::test_duration_ ... ok
[INFO] [stdout] test file::tests::test_canonicalize ... ok
[INFO] [stdout] test time_handling::tests::test_format_timespan ... ok
[INFO] [stdout] test time_handling::tests::test_format_timestamp_relative_full ... ok
[INFO] [stdout] test time_handling::tests::test_localtime_or_gmtime_usec ... ok
[INFO] [stdout] test time_handling::tests::test_duration ... ok
[INFO] [stdout] test journal::tests::test_truncate3 ... FAILED
[INFO] [stdout] test sysdbus::tests::test_bytes_msg2 ... FAILED
[INFO] [stdout] test time_handling::tests::test_since ... ok
[INFO] [stdout] [2m2026-10-18 18:30:14.135[0m [33m WARN[0m [2msysd_manager_comcontroler::journal[0m[2m:[0m MESSAGE LEN 20 will truncate to 10
[INFO] [stdout] test sysdbus::tests::test_name_convertion ... ok
[INFO] [stdout] test journal::tests::test_truncate ... ok
[INFO] [stdout] test journal::tests::test_timestamp ... ok
[INFO] [stdout] 
[INFO] [stdout] failures:
[INFO] [stdout] 
[INFO] [stdout] ---- journal::tests::test_truncate3 stdout ----
[INFO] [stdout] 
[INFO] [stdout] thread 'journal::tests::test_truncate3' (2111) panicked at /opt/rustwide/cargo-home/registry/src/index.crates.io-1949cf8c6b5b557f/tracing-subscriber-0.3.23/src/fmt/mod.rs:520:14:
[INFO] [stdout] Unable to install global subscriber: SetGlobalDefaultError("a global default trace dispatcher has already been set")
[INFO] [stdout] stack backtrace:
[INFO] [stdout]    0:     0x60b7e15f0871 - <<std[70759c8f55707aa4]::sys::backtrace::BacktraceLock>::print::DisplayBacktrace as core[df12db4294e9bfd3]::fmt::Display>::fmt
[INFO] [stdout]    1:     0x60b7e160889a - core[df12db4294e9bfd3]::fmt::write
[INFO] [stdout]    2:     0x60b7e15f5b3c - <alloc[2182bb758b4b3781]::vec::Vec<u8> as core[df12db4294e9bfd3]::io::write::Write>::write_fmt
[INFO] [stdout]    3:     0x60b7e15ca066 - std[70759c8f55707aa4]::panicking::default_hook::{closure#0}
[INFO] [stdout]    4:     0x60b7e15e73f9 - std[70759c8f55707aa4]::panicking::default_hook
[INFO] [stdout]    5:     0x60b7e13c7d50 - test[9d35eded1c95d3be]::test_main_inner::<test[9d35eded1c95d3be]::test_main_static::{closure#0}>::{closure#0}
[INFO] [stdout]    6:     0x60b7e15e7722 - std[70759c8f55707aa4]::panicking::panic_with_hook
[INFO] [stdout]    7:     0x60b7e15ca112 - std[70759c8f55707aa4]::panicking::panic_handler::{closure#0}
[INFO] [stdout]    8:     0x60b7e15c2c29 - std[70759c8f55707aa4]::sys::backtrace::__rust_end_short_backtrace::<std[70759c8f55707aa4]::panicking::panic_handler::{closure#0}, !>
[INFO] [stdout]    9:     0x60b7e15caefd - __rustc[8fa7c3cbc660c2b3]::rust_begin_unwind
[INFO] [stdout]   10:     0x60b7e1608ffc - core[df12db4294e9bfd3]::panicking::panic_fmt
[INFO] [stdout]   11:     0x60b7e1608dd2 - core[df12db4294e9bfd3]::result::unwrap_failed
[INFO] [stdout]   12:     0x60b7e1549645 - sysd_manager_test_base[6f2bda7d4eee0a62]::init_logs
[INFO] [stdout]   13:     0x60b7e139d192 - sysd_manager_comcontroler[b0287ef3d49d79b1]::journal::tests::test_truncate3
[INFO] [stdout]   14:     0x60b7e1375fe9 - <sysd_manager_comcontroler[b0287ef3d49d79b1]::journal::tests::test_truncate3::{closure#0} as core[df12db4294e9bfd3]::ops::function::FnOnce<()>>::call_once
[INFO] [stdout]   15:     0x60b7e13bb03b - test[9d35eded1c95d3be]::__rust_begin_short_backtrace::<core[df12db4294e9bfd3]::result::Result<(), alloc[2182bb758b4b3781]::string::String>, fn() -> core[df12db4294e9bfd3]::result::Result<(), alloc[2182bb758b4b3781]::string::String>>
[INFO] [stdout]   16:     0x60b7e13c86a5 - test[9d35eded1c95d3be]::run_test::{closure#0}
[INFO] [stdout]   17:     0x60b7e13c1f64 - std[70759c8f55707aa4]::sys::backtrace::__rust_begin_short_backtrace::<test[9d35eded1c95d3be]::run_test::{closure#1}, ()>
[INFO] [stdout]   18:     0x60b7e13cb802 - <std[70759c8f55707aa4]::thread::lifecycle::spawn_unchecked<test[9d35eded1c95d3be]::run_test::{closure#1}, ()>::{closure#1} as core[df12db4294e9bfd3]::ops::function::FnOnce<()>>::call_once::{shim:vtable#0}
[INFO] [stdout]   19:     0x60b7e15ef2d9 - <std[70759c8f55707aa4]::sys::thread::unix::Thread>::new::thread_start
[INFO] [stdout]   20:     0x7e7785d2edfa - <unknown>
[INFO] [stdout]   21:     0x7e7785dc23d4 - clone
[INFO] [stdout]   22:                0x0 - <unknown>
[INFO] [stdout] 
[INFO] [stdout] ---- sysdbus::tests::test_bytes_msg2 stdout ----
[INFO] [stdout] 
[INFO] [stdout] thread 'sysdbus::tests::test_bytes_msg2' (2113) panicked at /opt/rustwide/cargo-home/registry/src/index.crates.io-1949cf8c6b5b557f/tracing-subscriber-0.3.23/src/fmt/mod.rs:520:14:
[INFO] [stdout] Unable to install global subscriber: SetGlobalDefaultError("a global default trace dispatcher has already been set")
[INFO] [stdout] stack backtrace:
[INFO] [stdout]    0:     0x60b7e15f0871 - <<std[70759c8f55707aa4]::sys::backtrace::BacktraceLock>::print::DisplayBacktrace as core[df12db4294e9bfd3]::fmt::Display>::fmt
[INFO] [stdout]    1:     0x60b7e160889a - core[df12db4294e9bfd3]::fmt::write
[INFO] [stdout]    2:     0x60b7e15f5b3c - <alloc[2182bb758b4b3781]::vec::Vec<u8> as core[df12db4294e9bfd3]::io::write::Write>::write_fmt
[INFO] [stdout]    3:     0x60b7e15ca066 - std[70759c8f55707aa4]::panicking::default_hook::{closure#0}
[INFO] [stdout]    4:     0x60b7e15e73f9 - std[70759c8f55707aa4]::panicking::default_hook
[INFO] [stdout]    5:     0x60b7e13c7d50 - test[9d35eded1c95d3be]::test_main_inner::<test[9d35eded1c95d3be]::test_main_static::{closure#0}>::{closure#0}
[INFO] [stdout]    6:     0x60b7e15e7722 - std[70759c8f55707aa4]::panicking::panic_with_hook
[INFO] [stdout]    7:     0x60b7e15ca112 - std[70759c8f55707aa4]::panicking::panic_handler::{closure#0}
[INFO] [stdout]    8:     0x60b7e15c2c29 - std[70759c8f55707aa4]::sys::backtrace::__rust_end_short_backtrace::<std[70759c8f55707aa4]::panicking::panic_handler::{closure#0}, !>
[INFO] [stdout]    9:     0x60b7e15caefd - __rustc[8fa7c3cbc660c2b3]::rust_begin_unwind
[INFO] [stdout]   10:     0x60b7e1608ffc - core[df12db4294e9bfd3]::panicking::panic_fmt
[INFO] [stdout]   11:     0x60b7e1608dd2 - core[df12db4294e9bfd3]::result::unwrap_failed
[INFO] [stdout]   12:     0x60b7e1549645 - sysd_manager_test_base[6f2bda7d4eee0a62]::init_logs
[INFO] [stdout]   13:     0x60b7e12b80da - sysd_manager_comcontroler[b0287ef3d49d79b1]::sysdbus::tests::test_bytes_msg2
[INFO] [stdout]   14:     0x60b7e1376639 - <sysd_manager_comcontroler[b0287ef3d49d79b1]::sysdbus::tests::test_bytes_msg2::{closure#0} as core[df12db4294e9bfd3]::ops::function::FnOnce<()>>::call_once
[INFO] [stdout]   15:     0x60b7e13bb03b - test[9d35eded1c95d3be]::__rust_begin_short_backtrace::<core[df12db4294e9bfd3]::result::Result<(), alloc[2182bb758b4b3781]::string::String>, fn() -> core[df12db4294e9bfd3]::result::Result<(), alloc[2182bb758b4b3781]::string::String>>
[INFO] [stdout]   16:     0x60b7e13c86a5 - test[9d35eded1c95d3be]::run_test::{closure#0}
[INFO] [stdout]   17:     0x60b7e13c1f64 - std[70759c8f55707aa4]::sys::backtrace::__rust_begin_short_backtrace::<test[9d35eded1c95d3be]::run_test::{closure#1}, ()>
[INFO] [stdout]   18:     0x60b7e13cb802 - <std[70759c8f55707aa4]::thread::lifecycle::spawn_unchecked<test[9d35eded1c95d3be]::run_test::{closure#1}, ()>::{closure#1} as core[df12db4294e9bfd3]::ops::function::FnOnce<()>>::call_once::{shim:vtable#0}
[INFO] [stdout]   19:     0x60b7e15ef2d9 - <std[70759c8f55707aa4]::sys::thread::unix::Thread>::new::thread_start
[INFO] [stdout]   20:     0x7e7785d2edfa - <unknown>
[INFO] [stdout]   21:     0x7e7785dc23d4 - clone
[INFO] [stdout]   22:                0x0 - <unknown>
[INFO] [stdout] 
[INFO] [stdout] 
[INFO] [stdout] failures:
[INFO] [stdout]     journal::tests::test_truncate3
[INFO] [stdout]     sysdbus::tests::test_bytes_msg2
[INFO] [stdout] 
[INFO] [stdout] test result: FAILED. 18 passed; 2 failed; 43 ignored; 0 measured; 0 filtered out; finished in 0.01s
[INFO] [stdout] 
[INFO] [stderr] error: test failed, to rerun pass `--lib`
[INFO] running `Command { std: "docker" "inspect" "81ba7067307134f486befd05b50fbefb870fe3820fec1061b2c0e67bb4dae083", kill_on_drop: false }`
[INFO] running `Command { std: "docker" "rm" "-f" "81ba7067307134f486befd05b50fbefb870fe3820fec1061b2c0e67bb4dae083", kill_on_drop: false }`
[INFO] [stdout] 81ba7067307134f486befd05b50fbefb870fe3820fec1061b2c0e67bb4dae083
