[INFO] fetching crate sysd-manager-base 2.23.1...
[INFO] testing sysd-manager-base-2.23.1 against 1.99.0-beta.8+cargoflags=--release for beta-release-1.100-2
[INFO] extracting crate sysd-manager-base 2.23.1 into /workspace/builds/worker-4-tc1/source
[INFO] started tweaking crates.io crate sysd-manager-base 2.23.1
[INFO] finished tweaking crates.io crate sysd-manager-base 2.23.1
[INFO] tweaked toml for crates.io crate sysd-manager-base 2.23.1 written to /workspace/builds/worker-4-tc1/source/Cargo.toml
[INFO] validating manifest of crates.io crate sysd-manager-base 2.23.1 on toolchain 1.99.0-beta.8
[INFO] running `Command { std: CARGO_HOME="/workspace/cargo-home" RUSTUP_HOME="/workspace/rustup-home" "/workspace/cargo-home/bin/cargo" "+1.99.0-beta.8" "metadata" "--manifest-path" "Cargo.toml" "--no-deps", kill_on_drop: false }`
[INFO] crate crates.io crate sysd-manager-base 2.23.1 already has a lockfile, it will not be regenerated
[INFO] running `Command { std: CARGO_HOME="/workspace/cargo-home" RUSTUP_HOME="/workspace/rustup-home" "/workspace/cargo-home/bin/cargo" "+1.99.0-beta.8" "fetch" "--manifest-path" "Cargo.toml", kill_on_drop: false }`
[INFO] [stderr]     Updating crates.io index
[INFO] [stderr]  Downloading crates ...
[INFO] [stderr]   Downloaded zcheapstr v1.1.0
[INFO] [stderr]   Downloaded zvariant_derive v5.15.0
[INFO] [stderr]   Downloaded zvariant_utils v4.2.0
[INFO] [stderr]   Downloaded tracing-journald v0.3.2
[INFO] [stderr]   Downloaded toml_edit v0.25.6+spec-1.1.0
[INFO] [stderr]   Downloaded sysd-manager-test-base v0.1.0
[INFO] [stderr]   Downloaded gettext-rs v0.8.0
[INFO] [stderr]   Downloaded locale_config v0.3.0
[INFO] [stderr]   Downloaded zvariant v5.15.0
[INFO] [stderr]   Downloaded glib-macros v0.22.9
[INFO] [stderr]   Downloaded gobject-sys v0.22.9
[INFO] [stderr]   Downloaded cfg-expr v0.20.10
[INFO] [stderr]   Downloaded system-deps v9.0.0
[INFO] [stderr]   Downloaded glib-sys v0.22.9
[INFO] [stderr]   Downloaded gio-sys v0.22.9
[INFO] [stderr]   Downloaded glib v0.22.10
[INFO] [stderr]   Downloaded gettext-sys v0.27.0
[INFO] running `Command { std: "docker" "create" "-v" "/var/lib/crater-agent-workspace/builds/worker-4-tc1/source:/opt/rustwide/workdir:ro,Z" "-v" "/var/lib/crater-agent-workspace/builds/worker-4-tc1/target:/opt/rustwide/target:rw,Z" "-v" "/var/lib/crater-agent-workspace/cargo-home:/opt/rustwide/cargo-home:ro,Z" "-v" "/var/lib/crater-agent-workspace/rustup-home:/opt/rustwide/rustup-home:ro,Z" "-m" "1610612736" "--network" "none" "ghcr.io/rust-lang/crates-build-env/linux@sha256:77db811e55d90add9212f6832c23229e3de5f1c1f9905e8cb07319ea15df73ac" "sleep" "infinity", kill_on_drop: false }`
[INFO] [stdout] 65753b7fc258401bbc01ac807e684b8c57af4b411ecbea287bcd3a9f5673337d
[INFO] running `Command { std: "docker" "start" "65753b7fc258401bbc01ac807e684b8c57af4b411ecbea287bcd3a9f5673337d", kill_on_drop: false }`
[INFO] running `Command { std: "docker" "inspect" "65753b7fc258401bbc01ac807e684b8c57af4b411ecbea287bcd3a9f5673337d", kill_on_drop: false }`
[INFO] running `Command { std: "docker" "exec" "-e" "SOURCE_DIR=/opt/rustwide/workdir" "-e" "CARGO_HOME=/opt/rustwide/cargo-home" "-e" "RUSTUP_HOME=/opt/rustwide/rustup-home" "-e" "CARGO_TARGET_DIR=/opt/rustwide/target" "-w" "/opt/rustwide/workdir" "--user" "0:0" "65753b7fc258401bbc01ac807e684b8c57af4b411ecbea287bcd3a9f5673337d" "/opt/rustwide/cargo-home/bin/cargo" "+1.99.0-beta.8" "metadata" "--no-deps" "--format-version=1", kill_on_drop: false }`
[INFO] running `Command { std: "docker" "inspect" "65753b7fc258401bbc01ac807e684b8c57af4b411ecbea287bcd3a9f5673337d", kill_on_drop: false }`
[INFO] running `Command { std: "docker" "exec" "-e" "SOURCE_DIR=/opt/rustwide/workdir" "-e" "CARGO_HOME=/opt/rustwide/cargo-home" "-e" "RUSTUP_HOME=/opt/rustwide/rustup-home" "-e" "CARGO_TARGET_DIR=/opt/rustwide/target" "-e" "CARGO_INCREMENTAL=0" "-e" "RUST_BACKTRACE=full" "-e" "RUSTFLAGS=--cap-lints=warn" "-e" "RUSTDOCFLAGS=--cap-lints=warn" "-w" "/opt/rustwide/workdir" "--user" "0:0" "65753b7fc258401bbc01ac807e684b8c57af4b411ecbea287bcd3a9f5673337d" "/opt/rustwide/cargo-home/bin/cargo" "+1.99.0-beta.8" "build" "--frozen" "--message-format=json" "--release", kill_on_drop: false }`
[INFO] [stderr]    Compiling syn v3.0.6
[INFO] [stderr]    Compiling target-lexicon v0.13.5
[INFO] [stderr]    Compiling serde_spanned v1.1.1
[INFO] [stderr]    Compiling smallvec v1.16.2
[INFO] [stderr]    Compiling system-deps v9.0.0
[INFO] [stderr]    Compiling version-compare v0.2.1
[INFO] [stderr]    Compiling proc-macro2 v1.0.107
[INFO] [stderr]    Compiling regex-automata v0.4.18
[INFO] [stderr]    Compiling unicode-ident v1.0.26
[INFO] [stderr]    Compiling indexmap v2.11.4
[INFO] [stderr]    Compiling cc v1.6.0
[INFO] [stderr]    Compiling quote v1.0.47
[INFO] [stderr]    Compiling temp-dir v0.1.16
[INFO] [stderr]    Compiling tracing-log v0.2.0
[INFO] [stderr]    Compiling chrono v0.4.45
[INFO] [stderr]    Compiling tracing v0.1.44
[INFO] [stderr]    Compiling toml v1.1.0+spec-1.1.0
[INFO] [stderr]    Compiling parking_lot_core v0.9.12
[INFO] [stderr]    Compiling errno v0.3.14
[INFO] [stderr]    Compiling thread_local v1.1.10
[INFO] [stderr]    Compiling winnow v1.0.4
[INFO] [stderr]    Compiling futures-channel v0.3.34
[INFO] [stderr]    Compiling strum_macros v0.28.0
[INFO] [stderr]    Compiling signal-hook-registry v1.4.8
[INFO] [stderr]    Compiling endi v1.1.1
[INFO] [stderr]    Compiling parking_lot v0.12.5
[INFO] [stderr]    Compiling constcat v0.6.1
[INFO] [stderr]    Compiling cfg-expr v0.20.10
[INFO] [stderr]    Compiling toml_edit v0.25.6+spec-1.1.0
[INFO] [stderr]    Compiling proc-macro-crate v3.5.0
[INFO] [stderr]    Compiling gettext-sys v0.27.0
[INFO] [stderr]    Compiling strum v0.28.0
[INFO] [stderr]    Compiling glib-sys v0.22.9
[INFO] [stderr]    Compiling gobject-sys v0.22.9
[INFO] [stderr]    Compiling gio-sys v0.22.9
[INFO] [stderr]    Compiling serde_derive v1.0.229
[INFO] [stderr]    Compiling futures-macro v0.3.34
[INFO] [stderr]    Compiling glib-macros v0.22.9
[INFO] [stderr]    Compiling tokio-macros v2.7.2
[INFO] [stderr]    Compiling matchers v0.2.0
[INFO] [stderr]    Compiling regex v1.13.1
[INFO] [stderr]    Compiling tracing-subscriber v0.3.23
[INFO] [stderr]    Compiling tokio v1.53.1
[INFO] [stderr]    Compiling futures-util v0.3.34
[INFO] [stderr]    Compiling locale_config v0.3.0
[INFO] [stderr]    Compiling gettext-rs v0.8.0
[INFO] [stderr]    Compiling tracing-journald v0.3.2
[INFO] [stderr]    Compiling futures-executor v0.3.34
[INFO] [stderr]    Compiling glib v0.22.10
[INFO] [stderr]    Compiling serde v1.0.229
[INFO] [stderr]    Compiling zvariant_utils v4.2.0
[INFO] [stderr]    Compiling zcheapstr v1.1.0
[INFO] [stderr]    Compiling zvariant_derive v5.15.0
[INFO] [stderr]    Compiling zvariant v5.15.0
[INFO] [stderr]    Compiling sysd-manager-base v2.23.1 (/opt/rustwide/workdir)
[INFO] [stderr]     Finished `release` profile [optimized] target(s) in 1m 20s
[INFO] running `Command { std: "docker" "inspect" "65753b7fc258401bbc01ac807e684b8c57af4b411ecbea287bcd3a9f5673337d", kill_on_drop: false }`
[INFO] running `Command { std: "docker" "exec" "-e" "SOURCE_DIR=/opt/rustwide/workdir" "-e" "CARGO_HOME=/opt/rustwide/cargo-home" "-e" "RUSTUP_HOME=/opt/rustwide/rustup-home" "-e" "CARGO_TARGET_DIR=/opt/rustwide/target" "-e" "CARGO_INCREMENTAL=0" "-e" "RUST_BACKTRACE=full" "-e" "RUSTFLAGS=--cap-lints=warn" "-e" "RUSTDOCFLAGS=--cap-lints=warn" "-w" "/opt/rustwide/workdir" "--user" "0:0" "65753b7fc258401bbc01ac807e684b8c57af4b411ecbea287bcd3a9f5673337d" "/opt/rustwide/cargo-home/bin/cargo" "+1.99.0-beta.8" "test" "--frozen" "--no-run" "--message-format=json" "--release", kill_on_drop: false }`
[INFO] [stderr]    Compiling sysd-manager-test-base v0.1.0
[INFO] [stderr]    Compiling sysd-manager-base v2.23.1 (/opt/rustwide/workdir)
[INFO] [stderr]     Finished `release` profile [optimized] target(s) in 3.06s
[INFO] running `Command { std: "docker" "inspect" "65753b7fc258401bbc01ac807e684b8c57af4b411ecbea287bcd3a9f5673337d", kill_on_drop: false }`
[INFO] running `Command { std: "docker" "exec" "-e" "SOURCE_DIR=/opt/rustwide/workdir" "-e" "CARGO_HOME=/opt/rustwide/cargo-home" "-e" "RUSTUP_HOME=/opt/rustwide/rustup-home" "-e" "CARGO_TARGET_DIR=/opt/rustwide/target" "-e" "CARGO_INCREMENTAL=0" "-e" "RUST_BACKTRACE=full" "-e" "RUSTFLAGS=--cap-lints=warn" "-e" "RUSTDOCFLAGS=--cap-lints=warn" "-w" "/opt/rustwide/workdir" "--user" "0:0" "65753b7fc258401bbc01ac807e684b8c57af4b411ecbea287bcd3a9f5673337d" "/opt/rustwide/cargo-home/bin/cargo" "+1.99.0-beta.8" "test" "--frozen" "--release", kill_on_drop: false }`
[INFO] [stderr]     Finished `release` profile [optimized] target(s) in 0.12s
[INFO] [stderr]      Running unittests src/lib.rs (/opt/rustwide/target/release/deps/sysd_manager_base-f86c0250f6dce78b)
[INFO] [stdout] 
[INFO] [stdout] running 2 tests
[INFO] [stdout] [2m2026-10-18 18:27:46.057[0m [33m WARN[0m [2msysd_manager_base::file::test[0m[2m:[0m /tmp exists true
[INFO] [stdout] [2m2026-10-18 18:27:46.057[0m [33m WARN[0m [2msysd_manager_base::file::test[0m[2m:[0m /tmp exists true
[INFO] [stdout] test file::test::test_fp ... ok
[INFO] [stdout] test file::test::test_fp2 ... FAILED
[INFO] [stdout] 
[INFO] [stdout] failures:
[INFO] [stdout] 
[INFO] [stdout] ---- file::test::test_fp2 stdout ----
[INFO] [stdout] 
[INFO] [stdout] thread 'file::test::test_fp2' (1351) panicked at /opt/rustwide/cargo-home/registry/src/index.crates.io-1949cf8c6b5b557f/tracing-subscriber-0.3.23/src/fmt/mod.rs:520:14:
[INFO] [stdout] Unable to install global subscriber: SetGlobalDefaultError("a global default trace dispatcher has already been set")
[INFO] [stdout] stack backtrace:
[INFO] [stdout]    0:     0x56c210e3feb1 - <<std[70759c8f55707aa4]::sys::backtrace::BacktraceLock>::print::DisplayBacktrace as core[df12db4294e9bfd3]::fmt::Display>::fmt
[INFO] [stdout]    1:     0x56c210e54fca - core[df12db4294e9bfd3]::fmt::write
[INFO] [stdout]    2:     0x56c210e4436c - <alloc[2182bb758b4b3781]::vec::Vec<u8> as core[df12db4294e9bfd3]::io::write::Write>::write_fmt
[INFO] [stdout]    3:     0x56c210e1b866 - std[70759c8f55707aa4]::panicking::default_hook::{closure#0}
[INFO] [stdout]    4:     0x56c210e37be9 - std[70759c8f55707aa4]::panicking::default_hook
[INFO] [stdout]    5:     0x56c210dae6a0 - test[9d35eded1c95d3be]::test_main_inner::<test[9d35eded1c95d3be]::test_main_static::{closure#0}>::{closure#0}
[INFO] [stdout]    6:     0x56c210e37da2 - std[70759c8f55707aa4]::panicking::panic_with_hook
[INFO] [stdout]    7:     0x56c210e1b912 - std[70759c8f55707aa4]::panicking::panic_handler::{closure#0}
[INFO] [stdout]    8:     0x56c210e14509 - std[70759c8f55707aa4]::sys::backtrace::__rust_end_short_backtrace::<std[70759c8f55707aa4]::panicking::panic_handler::{closure#0}, !>
[INFO] [stdout]    9:     0x56c210e1c50d - __rustc[8fa7c3cbc660c2b3]::rust_begin_unwind
[INFO] [stdout]   10:     0x56c210e5572c - core[df12db4294e9bfd3]::panicking::panic_fmt
[INFO] [stdout]   11:     0x56c210e55502 - core[df12db4294e9bfd3]::result::unwrap_failed
[INFO] [stdout]   12:     0x56c210de3575 - sysd_manager_test_base[6b671e8c20d3a604]::init_logs
[INFO] [stdout]   13:     0x56c210da0d57 - sysd_manager_base[c9925c6744b35848]::file::test::test_fp2
[INFO] [stdout]   14:     0x56c210da08d9 - <sysd_manager_base[c9925c6744b35848]::file::test::test_fp2::{closure#0} as core[df12db4294e9bfd3]::ops::function::FnOnce<()>>::call_once
[INFO] [stdout]   15:     0x56c210da198b - test[9d35eded1c95d3be]::__rust_begin_short_backtrace::<core[df12db4294e9bfd3]::result::Result<(), alloc[2182bb758b4b3781]::string::String>, fn() -> core[df12db4294e9bfd3]::result::Result<(), alloc[2182bb758b4b3781]::string::String>>
[INFO] [stdout]   16:     0x56c210daeff5 - test[9d35eded1c95d3be]::run_test::{closure#0}
[INFO] [stdout]   17:     0x56c210da88b4 - std[70759c8f55707aa4]::sys::backtrace::__rust_begin_short_backtrace::<test[9d35eded1c95d3be]::run_test::{closure#1}, ()>
[INFO] [stdout]   18:     0x56c210db2152 - <std[70759c8f55707aa4]::thread::lifecycle::spawn_unchecked<test[9d35eded1c95d3be]::run_test::{closure#1}, ()>::{closure#1} as core[df12db4294e9bfd3]::ops::function::FnOnce<()>>::call_once::{shim:vtable#0}
[INFO] [stdout]   19:     0x56c210e3f0c9 - <std[70759c8f55707aa4]::sys::thread::unix::Thread>::new::thread_start
[INFO] [stdout]   20:     0x7c7e08fffdfa - <unknown>
[INFO] [stdout]   21:     0x7c7e090933d4 - clone
[INFO] [stdout]   22:                0x0 - <unknown>
[INFO] [stdout] 
[INFO] [stdout] 
[INFO] [stdout] failures:
[INFO] [stdout]     file::test::test_fp2
[INFO] [stdout] 
[INFO] [stdout] test result: FAILED. 1 passed; 1 failed; 0 ignored; 0 measured; 0 filtered out; finished in 0.00s
[INFO] [stdout] 
[INFO] [stderr] error: test failed, to rerun pass `--lib`
[INFO] running `Command { std: "docker" "inspect" "65753b7fc258401bbc01ac807e684b8c57af4b411ecbea287bcd3a9f5673337d", kill_on_drop: false }`
[INFO] running `Command { std: "docker" "rm" "-f" "65753b7fc258401bbc01ac807e684b8c57af4b411ecbea287bcd3a9f5673337d", kill_on_drop: false }`
[INFO] [stdout] 65753b7fc258401bbc01ac807e684b8c57af4b411ecbea287bcd3a9f5673337d
