[INFO] fetching crate sys-datetime 1.1.1...
[INFO] testing sys-datetime-1.1.1 against 1.100.0-beta.1+cargoflags=--release for beta-release-1.100-2
[INFO] extracting crate sys-datetime 1.1.1 into /workspace/builds/worker-3-tc2/source
[INFO] started tweaking crates.io crate sys-datetime 1.1.1
[INFO] finished tweaking crates.io crate sys-datetime 1.1.1
[INFO] tweaked toml for crates.io crate sys-datetime 1.1.1 written to /workspace/builds/worker-3-tc2/source/Cargo.toml
[INFO] validating manifest of crates.io crate sys-datetime 1.1.1 on toolchain 1.100.0-beta.1
[INFO] running `Command { std: CARGO_HOME="/workspace/cargo-home" RUSTUP_HOME="/workspace/rustup-home" "/workspace/cargo-home/bin/cargo" "+1.100.0-beta.1" "metadata" "--manifest-path" "Cargo.toml" "--no-deps", kill_on_drop: false }`
[INFO] running `Command { std: CARGO_HOME="/workspace/cargo-home" RUSTUP_HOME="/workspace/rustup-home" "/workspace/cargo-home/bin/cargo" "+1.100.0-beta.1" "generate-lockfile" "--manifest-path" "Cargo.toml", kill_on_drop: false }`
[INFO] [stderr]     Updating crates.io index
[INFO] [stderr]      Locking 138 packages to highest compatible versions
[INFO] [stderr]       Adding crypto-common v0.1.6 (available: v0.1.7)
[INFO] running `Command { std: CARGO_HOME="/workspace/cargo-home" RUSTUP_HOME="/workspace/rustup-home" "/workspace/cargo-home/bin/cargo" "+1.100.0-beta.1" "fetch" "--manifest-path" "Cargo.toml", kill_on_drop: false }`
[INFO] running `Command { std: "docker" "create" "-v" "/var/lib/crater-agent-workspace/builds/worker-3-tc2/source:/opt/rustwide/workdir:ro,Z" "-v" "/var/lib/crater-agent-workspace/builds/worker-3-tc2/target:/opt/rustwide/target:rw,Z" "-v" "/var/lib/crater-agent-workspace/cargo-home:/opt/rustwide/cargo-home:ro,Z" "-v" "/var/lib/crater-agent-workspace/rustup-home:/opt/rustwide/rustup-home:ro,Z" "-m" "1610612736" "--network" "none" "ghcr.io/rust-lang/crates-build-env/linux@sha256:77db811e55d90add9212f6832c23229e3de5f1c1f9905e8cb07319ea15df73ac" "sleep" "infinity", kill_on_drop: false }`
[INFO] [stdout] 31be1e0a9209605ddefe6958db4b4300202ee0b03e27741ce4dd79eb1d87baa2
[INFO] running `Command { std: "docker" "start" "31be1e0a9209605ddefe6958db4b4300202ee0b03e27741ce4dd79eb1d87baa2", kill_on_drop: false }`
[INFO] running `Command { std: "docker" "inspect" "31be1e0a9209605ddefe6958db4b4300202ee0b03e27741ce4dd79eb1d87baa2", kill_on_drop: false }`
[INFO] running `Command { std: "docker" "exec" "-e" "SOURCE_DIR=/opt/rustwide/workdir" "-e" "CARGO_HOME=/opt/rustwide/cargo-home" "-e" "RUSTUP_HOME=/opt/rustwide/rustup-home" "-e" "CARGO_TARGET_DIR=/opt/rustwide/target" "-w" "/opt/rustwide/workdir" "--user" "0:0" "31be1e0a9209605ddefe6958db4b4300202ee0b03e27741ce4dd79eb1d87baa2" "/opt/rustwide/cargo-home/bin/cargo" "+1.100.0-beta.1" "metadata" "--no-deps" "--format-version=1", kill_on_drop: false }`
[INFO] running `Command { std: "docker" "inspect" "31be1e0a9209605ddefe6958db4b4300202ee0b03e27741ce4dd79eb1d87baa2", kill_on_drop: false }`
[INFO] running `Command { std: "docker" "exec" "-e" "SOURCE_DIR=/opt/rustwide/workdir" "-e" "CARGO_HOME=/opt/rustwide/cargo-home" "-e" "RUSTUP_HOME=/opt/rustwide/rustup-home" "-e" "CARGO_TARGET_DIR=/opt/rustwide/target" "-e" "CARGO_INCREMENTAL=0" "-e" "RUST_BACKTRACE=full" "-e" "RUSTFLAGS=--cap-lints=warn" "-e" "RUSTDOCFLAGS=--cap-lints=warn" "-w" "/opt/rustwide/workdir" "--user" "0:0" "31be1e0a9209605ddefe6958db4b4300202ee0b03e27741ce4dd79eb1d87baa2" "/opt/rustwide/cargo-home/bin/cargo" "+1.100.0-beta.1" "build" "--frozen" "--message-format=json" "--release", kill_on_drop: false }`
[INFO] [stderr]    Compiling sys-datetime v1.1.1 (/opt/rustwide/workdir)
[INFO] [stderr]     Finished `release` profile [optimized] target(s) in 0.94s
[INFO] running `Command { std: "docker" "inspect" "31be1e0a9209605ddefe6958db4b4300202ee0b03e27741ce4dd79eb1d87baa2", kill_on_drop: false }`
[INFO] running `Command { std: "docker" "exec" "-e" "SOURCE_DIR=/opt/rustwide/workdir" "-e" "CARGO_HOME=/opt/rustwide/cargo-home" "-e" "RUSTUP_HOME=/opt/rustwide/rustup-home" "-e" "CARGO_TARGET_DIR=/opt/rustwide/target" "-e" "CARGO_INCREMENTAL=0" "-e" "RUST_BACKTRACE=full" "-e" "RUSTFLAGS=--cap-lints=warn" "-e" "RUSTDOCFLAGS=--cap-lints=warn" "-w" "/opt/rustwide/workdir" "--user" "0:0" "31be1e0a9209605ddefe6958db4b4300202ee0b03e27741ce4dd79eb1d87baa2" "/opt/rustwide/cargo-home/bin/cargo" "+1.100.0-beta.1" "test" "--frozen" "--no-run" "--message-format=json" "--release", kill_on_drop: false }`
[INFO] [stderr]    Compiling sys-datetime v1.1.1 (/opt/rustwide/workdir)
[INFO] [stderr]     Finished `release` profile [optimized] target(s) in 0.48s
[INFO] running `Command { std: "docker" "inspect" "31be1e0a9209605ddefe6958db4b4300202ee0b03e27741ce4dd79eb1d87baa2", kill_on_drop: false }`
[INFO] running `Command { std: "docker" "exec" "-e" "SOURCE_DIR=/opt/rustwide/workdir" "-e" "CARGO_HOME=/opt/rustwide/cargo-home" "-e" "RUSTUP_HOME=/opt/rustwide/rustup-home" "-e" "CARGO_TARGET_DIR=/opt/rustwide/target" "-e" "CARGO_INCREMENTAL=0" "-e" "RUST_BACKTRACE=full" "-e" "RUSTFLAGS=--cap-lints=warn" "-e" "RUSTDOCFLAGS=--cap-lints=warn" "-w" "/opt/rustwide/workdir" "--user" "0:0" "31be1e0a9209605ddefe6958db4b4300202ee0b03e27741ce4dd79eb1d87baa2" "/opt/rustwide/cargo-home/bin/cargo" "+1.100.0-beta.1" "test" "--frozen" "--release", kill_on_drop: false }`
[INFO] [stderr]     Finished `release` profile [optimized] target(s) in 0.07s
[INFO] [stderr]      Running unittests src/lib.rs (/opt/rustwide/target/release/build/sys-datetime/950e35b59ae14202/out/sys_datetime-950e35b59ae14202)
[INFO] [stdout] 
[INFO] [stdout] running 0 tests
[INFO] [stdout] 
[INFO] [stderr]    Doc-tests sys_datetime
[INFO] [stdout] test result: ok. 0 passed; 0 failed; 0 ignored; 0 measured; 0 filtered out; finished in 0.00s
[INFO] [stdout] 
[INFO] [stdout] 
[INFO] [stdout] running 6 tests
[INFO] [stdout] test src/lib.rs - Datetime::seconds_since (line 349) - compile ... FAILED
[INFO] [stdout] test src/lib.rs - Datetime::is_valid (line 395) - compile ... FAILED
[INFO] [stdout] test src/lib.rs - Datetime::from_rfc3339 (line 484) - compile ... FAILED
[INFO] [stdout] test src/lib.rs - Datetime::add_hours (line 226) - compile ... FAILED
[INFO] [stdout] test src/lib.rs - Datetime::day_of_week (line 312) - compile ... FAILED
[INFO] [stdout] test src/lib.rs - Datetime (line 11) - compile ... FAILED
[INFO] [stdout] 
[INFO] [stderr] error: doctest failed, to rerun pass `--doc`
[INFO] [stdout] failures:
[INFO] [stdout] 
[INFO] [stdout] ---- src/lib.rs - Datetime::seconds_since (line 349) stdout ----
[INFO] [stdout] error[E0433]: cannot find type `Datetime` in this scope
[INFO] [stdout]    --> src/lib.rs:351:5
[INFO] [stdout]     |
[INFO] [stdout] 351 |     Datetime::now().seconds_since(Datetime::from_rfc3339("1970-01-01").unwrap()),
[INFO] [stdout]     |     ^^^^^^^^ use of undeclared type `Datetime`
[INFO] [stdout] 
[INFO] [stdout] error[E0433]: cannot find type `Datetime` in this scope
[INFO] [stdout]    --> src/lib.rs:351:35
[INFO] [stdout]     |
[INFO] [stdout] 351 |     Datetime::now().seconds_since(Datetime::from_rfc3339("1970-01-01").unwrap()),
[INFO] [stdout]     |                                   ^^^^^^^^ use of undeclared type `Datetime`
[INFO] [stdout] 
[INFO] [stdout] error[E0433]: cannot find type `Datetime` in this scope
[INFO] [stdout]    --> src/lib.rs:352:5
[INFO] [stdout]     |
[INFO] [stdout] 352 |     Datetime::timestamp().as_secs() as i64
[INFO] [stdout]     |     ^^^^^^^^ use of undeclared type `Datetime`
[INFO] [stdout] 
[INFO] [stdout] error: aborting due to 3 previous errors
[INFO] [stdout] 
[INFO] [stdout] For more information about this error, try `rustc --explain E0433`.
[INFO] [stdout] Couldn't compile the test.
[INFO] [stdout] ---- src/lib.rs - Datetime::is_valid (line 395) stdout ----
[INFO] [stdout] error[E0433]: cannot find type `Datetime` in this scope
[INFO] [stdout]    --> src/lib.rs:396:14
[INFO] [stdout]     |
[INFO] [stdout] 396 | let mut dt = Datetime::default();
[INFO] [stdout]     |              ^^^^^^^^ use of undeclared type `Datetime`
[INFO] [stdout] 
[INFO] [stdout] error: aborting due to 1 previous error
[INFO] [stdout] 
[INFO] [stdout] For more information about this error, try `rustc --explain E0433`.
[INFO] [stdout] Couldn't compile the test.
[INFO] [stdout] ---- src/lib.rs - Datetime::from_rfc3339 (line 484) stdout ----
[INFO] [stdout] error[E0433]: cannot find type `Datetime` in this scope
[INFO] [stdout]    --> src/lib.rs:486:5
[INFO] [stdout]     |
[INFO] [stdout] 486 |     Datetime::from_rfc3339("2020-01-01 08:00:00+08:00")
[INFO] [stdout]     |     ^^^^^^^^ use of undeclared type `Datetime`
[INFO] [stdout] 
[INFO] [stdout] error: aborting due to 1 previous error
[INFO] [stdout] 
[INFO] [stdout] For more information about this error, try `rustc --explain E0433`.
[INFO] [stdout] Couldn't compile the test.
[INFO] [stdout] ---- src/lib.rs - Datetime::add_hours (line 226) stdout ----
[INFO] [stdout] error[E0433]: cannot find type `Datetime` in this scope
[INFO] [stdout]    --> src/lib.rs:227:14
[INFO] [stdout]     |
[INFO] [stdout] 227 | let mut dt = Datetime::now();
[INFO] [stdout]     |              ^^^^^^^^ use of undeclared type `Datetime`
[INFO] [stdout] 
[INFO] [stdout] error: aborting due to 1 previous error
[INFO] [stdout] 
[INFO] [stdout] For more information about this error, try `rustc --explain E0433`.
[INFO] [stdout] Couldn't compile the test.
[INFO] [stdout] ---- src/lib.rs - Datetime::day_of_week (line 312) stdout ----
[INFO] [stdout] error[E0433]: cannot find type `Datetime` in this scope
[INFO] [stdout]    --> src/lib.rs:314:5
[INFO] [stdout]     |
[INFO] [stdout] 314 |     Datetime::from_rfc3339("1970-01-01").unwrap().day_of_week(),
[INFO] [stdout]     |     ^^^^^^^^ use of undeclared type `Datetime`
[INFO] [stdout] 
[INFO] [stdout] error: aborting due to 1 previous error
[INFO] [stdout] 
[INFO] [stdout] For more information about this error, try `rustc --explain E0433`.
[INFO] [stdout] Couldn't compile the test.
[INFO] [stdout] ---- src/lib.rs - Datetime (line 11) stdout ----
[INFO] [stdout] error[E0433]: cannot find type `Datetime` in this scope
[INFO] [stdout]   --> src/lib.rs:12:14
[INFO] [stdout]    |
[INFO] [stdout] 12 | let mut dt = Datetime::default();
[INFO] [stdout]    |              ^^^^^^^^ use of undeclared type `Datetime`
[INFO] [stdout] 
[INFO] [stdout] error[E0433]: cannot find type `Datetime` in this scope
[INFO] [stdout]   --> src/lib.rs:14:16
[INFO] [stdout]    |
[INFO] [stdout] 14 | dt.add_seconds(Datetime::timestamp().as_secs() as i64);
[INFO] [stdout]    |                ^^^^^^^^ use of undeclared type `Datetime`
[INFO] [stdout] 
[INFO] [stdout] error[E0433]: cannot find type `Datetime` in this scope
[INFO] [stdout]   --> src/lib.rs:16:11
[INFO] [stdout]    |
[INFO] [stdout] 16 | let now = Datetime::now();
[INFO] [stdout]    |           ^^^^^^^^ use of undeclared type `Datetime`
[INFO] [stdout] 
[INFO] [stdout] error: aborting due to 3 previous errors
[INFO] [stdout] 
[INFO] [stdout] For more information about this error, try `rustc --explain E0433`.
[INFO] [stdout] Couldn't compile the test.
[INFO] [stdout] 
[INFO] [stdout] failures:
[INFO] [stdout]     src/lib.rs - Datetime (line 11)
[INFO] [stdout]     src/lib.rs - Datetime::add_hours (line 226)
[INFO] [stdout]     src/lib.rs - Datetime::day_of_week (line 312)
[INFO] [stdout]     src/lib.rs - Datetime::from_rfc3339 (line 484)
[INFO] [stdout]     src/lib.rs - Datetime::is_valid (line 395)
[INFO] [stdout]     src/lib.rs - Datetime::seconds_since (line 349)
[INFO] [stdout] 
[INFO] [stdout] test result: FAILED. 0 passed; 6 failed; 0 ignored; 0 measured; 0 filtered out; finished in 0.22s
[INFO] [stdout] 
[INFO] running `Command { std: "docker" "inspect" "31be1e0a9209605ddefe6958db4b4300202ee0b03e27741ce4dd79eb1d87baa2", kill_on_drop: false }`
[INFO] running `Command { std: "docker" "rm" "-f" "31be1e0a9209605ddefe6958db4b4300202ee0b03e27741ce4dd79eb1d87baa2", kill_on_drop: false }`
[INFO] [stdout] 31be1e0a9209605ddefe6958db4b4300202ee0b03e27741ce4dd79eb1d87baa2
