[INFO] fetching crate syntropctl-core 0.3.2...
[INFO] testing syntropctl-core-0.3.2 against 1.99.0-beta.8+cargoflags=--release for beta-release-1.100-2
[INFO] extracting crate syntropctl-core 0.3.2 into /workspace/builds/worker-2-tc1/source
[INFO] started tweaking crates.io crate syntropctl-core 0.3.2
[INFO] removed 0 missing tests
[INFO] finished tweaking crates.io crate syntropctl-core 0.3.2
[INFO] tweaked toml for crates.io crate syntropctl-core 0.3.2 written to /workspace/builds/worker-2-tc1/source/Cargo.toml
[INFO] validating manifest of crates.io crate syntropctl-core 0.3.2 on toolchain 1.99.0-beta.8
[INFO] running `Command { std: CARGO_HOME="/workspace/cargo-home" RUSTUP_HOME="/workspace/rustup-home" "/workspace/cargo-home/bin/cargo" "+1.99.0-beta.8" "metadata" "--manifest-path" "Cargo.toml" "--no-deps", kill_on_drop: false }`
[INFO] crate crates.io crate syntropctl-core 0.3.2 already has a lockfile, it will not be regenerated
[INFO] running `Command { std: CARGO_HOME="/workspace/cargo-home" RUSTUP_HOME="/workspace/rustup-home" "/workspace/cargo-home/bin/cargo" "+1.99.0-beta.8" "fetch" "--manifest-path" "Cargo.toml", kill_on_drop: false }`
[INFO] [stderr]  Downloading crates ...
[INFO] [stderr]   Downloaded mio v1.2.3
[INFO] [stderr]   Downloaded smallvec v1.16.1
[INFO] running `Command { std: "docker" "create" "-v" "/var/lib/crater-agent-workspace/builds/worker-2-tc1/source:/opt/rustwide/workdir:ro,Z" "-v" "/var/lib/crater-agent-workspace/builds/worker-2-tc1/target:/opt/rustwide/target:rw,Z" "-v" "/var/lib/crater-agent-workspace/cargo-home:/opt/rustwide/cargo-home:ro,Z" "-v" "/var/lib/crater-agent-workspace/rustup-home:/opt/rustwide/rustup-home:ro,Z" "-m" "1610612736" "--network" "none" "ghcr.io/rust-lang/crates-build-env/linux@sha256:77db811e55d90add9212f6832c23229e3de5f1c1f9905e8cb07319ea15df73ac" "sleep" "infinity", kill_on_drop: false }`
[INFO] [stdout] 4c9de1173d7b30a3d6c56819963fe0f57e42235b18cc89a8435f37957349ff58
[INFO] running `Command { std: "docker" "start" "4c9de1173d7b30a3d6c56819963fe0f57e42235b18cc89a8435f37957349ff58", kill_on_drop: false }`
[INFO] running `Command { std: "docker" "inspect" "4c9de1173d7b30a3d6c56819963fe0f57e42235b18cc89a8435f37957349ff58", kill_on_drop: false }`
[INFO] running `Command { std: "docker" "exec" "-e" "SOURCE_DIR=/opt/rustwide/workdir" "-e" "CARGO_HOME=/opt/rustwide/cargo-home" "-e" "RUSTUP_HOME=/opt/rustwide/rustup-home" "-e" "CARGO_TARGET_DIR=/opt/rustwide/target" "-w" "/opt/rustwide/workdir" "--user" "0:0" "4c9de1173d7b30a3d6c56819963fe0f57e42235b18cc89a8435f37957349ff58" "/opt/rustwide/cargo-home/bin/cargo" "+1.99.0-beta.8" "metadata" "--no-deps" "--format-version=1", kill_on_drop: false }`
[INFO] running `Command { std: "docker" "inspect" "4c9de1173d7b30a3d6c56819963fe0f57e42235b18cc89a8435f37957349ff58", kill_on_drop: false }`
[INFO] running `Command { std: "docker" "exec" "-e" "SOURCE_DIR=/opt/rustwide/workdir" "-e" "CARGO_HOME=/opt/rustwide/cargo-home" "-e" "RUSTUP_HOME=/opt/rustwide/rustup-home" "-e" "CARGO_TARGET_DIR=/opt/rustwide/target" "-e" "CARGO_INCREMENTAL=0" "-e" "RUST_BACKTRACE=full" "-e" "RUSTFLAGS=--cap-lints=warn" "-e" "RUSTDOCFLAGS=--cap-lints=warn" "-w" "/opt/rustwide/workdir" "--user" "0:0" "4c9de1173d7b30a3d6c56819963fe0f57e42235b18cc89a8435f37957349ff58" "/opt/rustwide/cargo-home/bin/cargo" "+1.99.0-beta.8" "build" "--frozen" "--message-format=json" "--release", kill_on_drop: false }`
[INFO] [stderr]    Compiling unicode-ident v1.0.26
[INFO] [stderr]    Compiling libc v0.2.189
[INFO] [stderr]    Compiling zmij v1.0.23
[INFO] [stderr]    Compiling smallvec v1.16.1
[INFO] [stderr]    Compiling serde_json v1.0.151
[INFO] [stderr]    Compiling memchr v2.8.3
[INFO] [stderr]    Compiling proc-macro2 v1.0.107
[INFO] [stderr]    Compiling quote v1.0.47
[INFO] [stderr]    Compiling syn v2.0.119
[INFO] [stderr]    Compiling syn v3.0.6
[INFO] [stderr]    Compiling parking_lot_core v0.9.12
[INFO] [stderr]    Compiling errno v0.3.14
[INFO] [stderr]    Compiling mio v1.2.3
[INFO] [stderr]    Compiling socket2 v0.6.5
[INFO] [stderr]    Compiling parking_lot v0.12.5
[INFO] [stderr]    Compiling signal-hook-registry v1.4.8
[INFO] [stderr]    Compiling tokio-macros v2.7.2
[INFO] [stderr]    Compiling serde_derive v1.0.229
[INFO] [stderr]    Compiling tokio v1.53.1
[INFO] [stderr]    Compiling tracing-attributes v0.1.31
[INFO] [stderr]    Compiling thiserror-impl v1.0.69
[INFO] [stderr]    Compiling tracing v0.1.44
[INFO] [stderr]    Compiling thiserror v1.0.69
[INFO] [stderr]    Compiling serde v1.0.229
[INFO] [stderr]    Compiling syntropctl-core v0.3.2 (/opt/rustwide/workdir)
[INFO] [stderr]     Finished `release` profile [optimized] target(s) in 37.44s
[INFO] running `Command { std: "docker" "inspect" "4c9de1173d7b30a3d6c56819963fe0f57e42235b18cc89a8435f37957349ff58", kill_on_drop: false }`
[INFO] running `Command { std: "docker" "exec" "-e" "SOURCE_DIR=/opt/rustwide/workdir" "-e" "CARGO_HOME=/opt/rustwide/cargo-home" "-e" "RUSTUP_HOME=/opt/rustwide/rustup-home" "-e" "CARGO_TARGET_DIR=/opt/rustwide/target" "-e" "CARGO_INCREMENTAL=0" "-e" "RUST_BACKTRACE=full" "-e" "RUSTFLAGS=--cap-lints=warn" "-e" "RUSTDOCFLAGS=--cap-lints=warn" "-w" "/opt/rustwide/workdir" "--user" "0:0" "4c9de1173d7b30a3d6c56819963fe0f57e42235b18cc89a8435f37957349ff58" "/opt/rustwide/cargo-home/bin/cargo" "+1.99.0-beta.8" "test" "--frozen" "--no-run" "--message-format=json" "--release", kill_on_drop: false }`
[INFO] [stderr]    Compiling syntropctl-core v0.3.2 (/opt/rustwide/workdir)
[INFO] [stderr]     Finished `release` profile [optimized] target(s) in 4.75s
[INFO] running `Command { std: "docker" "inspect" "4c9de1173d7b30a3d6c56819963fe0f57e42235b18cc89a8435f37957349ff58", kill_on_drop: false }`
[INFO] running `Command { std: "docker" "exec" "-e" "SOURCE_DIR=/opt/rustwide/workdir" "-e" "CARGO_HOME=/opt/rustwide/cargo-home" "-e" "RUSTUP_HOME=/opt/rustwide/rustup-home" "-e" "CARGO_TARGET_DIR=/opt/rustwide/target" "-e" "CARGO_INCREMENTAL=0" "-e" "RUST_BACKTRACE=full" "-e" "RUSTFLAGS=--cap-lints=warn" "-e" "RUSTDOCFLAGS=--cap-lints=warn" "-w" "/opt/rustwide/workdir" "--user" "0:0" "4c9de1173d7b30a3d6c56819963fe0f57e42235b18cc89a8435f37957349ff58" "/opt/rustwide/cargo-home/bin/cargo" "+1.99.0-beta.8" "test" "--frozen" "--release", kill_on_drop: false }`
[INFO] [stderr]     Finished `release` profile [optimized] target(s) in 0.05s
[INFO] [stderr]      Running unittests src/lib.rs (/opt/rustwide/target/release/deps/syntropctl_core-15d6429d0aa0ba10)
[INFO] [stdout] 
[INFO] [stdout] running 3 tests
[INFO] [stdout] test error::tests::display_names_each_failure_mode ... ok
[INFO] [stdout] test error::tests::io_and_json_convert_with_from ... ok
[INFO] [stdout] test ops::status::tests::cold_daemon_answers_on_retry ... ok
[INFO] [stdout] 
[INFO] [stdout] test result: ok. 3 passed; 0 failed; 0 ignored; 0 measured; 0 filtered out; finished in 6.51s
[INFO] [stdout] 
[INFO] [stderr]      Running tests/page_rule.rs (/opt/rustwide/target/release/deps/page_rule-fbafbe525eb92d6c)
[INFO] [stdout] 
[INFO] [stdout] running 3 tests
[INFO] [stdout] test page_rule ... FAILED
[INFO] [stderr] error: test failed, to rerun pass `--test page_rule`
[INFO] [stdout] test tests::banned_names_match ... ok
[INFO] [stdout] test tests::shim_needs_wiring_only ... ok
[INFO] [stdout] 
[INFO] [stdout] failures:
[INFO] [stdout] 
[INFO] [stdout] ---- page_rule stdout ----
[INFO] [stdout] 
[INFO] [stdout] thread 'page_rule' (638) panicked at tests/page_rule.rs:27:13:
[INFO] [stdout] page rule: no .git above /opt/rustwide/workdir
[INFO] [stdout] stack backtrace:
[INFO] [stdout]    0:     0x6066d83759f1 - <<std[70759c8f55707aa4]::sys::backtrace::BacktraceLock>::print::DisplayBacktrace as core[df12db4294e9bfd3]::fmt::Display>::fmt
[INFO] [stdout]    1:     0x6066d838a03a - core[df12db4294e9bfd3]::fmt::write
[INFO] [stdout]    2:     0x6066d837a17c - <alloc[2182bb758b4b3781]::vec::Vec<u8> as core[df12db4294e9bfd3]::io::write::Write>::write_fmt
[INFO] [stdout]    3:     0x6066d8351016 - std[70759c8f55707aa4]::panicking::default_hook::{closure#0}
[INFO] [stdout]    4:     0x6066d836da59 - std[70759c8f55707aa4]::panicking::default_hook
[INFO] [stdout]    5:     0x6066d8308fc0 - test[9d35eded1c95d3be]::test_main_inner::<test[9d35eded1c95d3be]::test_main_static::{closure#0}>::{closure#0}
[INFO] [stdout]    6:     0x6066d836dc12 - std[70759c8f55707aa4]::panicking::panic_with_hook
[INFO] [stdout]    7:     0x6066d83510f4 - std[70759c8f55707aa4]::panicking::panic_handler::{closure#0}
[INFO] [stdout]    8:     0x6066d8349c19 - std[70759c8f55707aa4]::sys::backtrace::__rust_end_short_backtrace::<std[70759c8f55707aa4]::panicking::panic_handler::{closure#0}, !>
[INFO] [stdout]    9:     0x6066d8351cbd - __rustc[8fa7c3cbc660c2b3]::rust_begin_unwind
[INFO] [stdout]   10:     0x6066d838a76c - core[df12db4294e9bfd3]::panicking::panic_fmt
[INFO] [stdout]   11:     0x6066d82f4b25 - <page_rule[8cb4501bff5ec604]::page_rule::{closure#0} as core[df12db4294e9bfd3]::ops::function::FnOnce<()>>::call_once
[INFO] [stdout]   12:     0x6066d82fc2ab - test[9d35eded1c95d3be]::__rust_begin_short_backtrace::<core[df12db4294e9bfd3]::result::Result<(), alloc[2182bb758b4b3781]::string::String>, fn() -> core[df12db4294e9bfd3]::result::Result<(), alloc[2182bb758b4b3781]::string::String>>
[INFO] [stdout]   13:     0x6066d8309915 - test[9d35eded1c95d3be]::run_test::{closure#0}
[INFO] [stdout]   14:     0x6066d83031d4 - std[70759c8f55707aa4]::sys::backtrace::__rust_begin_short_backtrace::<test[9d35eded1c95d3be]::run_test::{closure#1}, ()>
[INFO] [stdout]   15:     0x6066d830ca72 - <std[70759c8f55707aa4]::thread::lifecycle::spawn_unchecked<test[9d35eded1c95d3be]::run_test::{closure#1}, ()>::{closure#1} as core[df12db4294e9bfd3]::ops::function::FnOnce<()>>::call_once::{shim:vtable#0}
[INFO] [stdout]   16:     0x6066d8374f59 - <std[70759c8f55707aa4]::sys::thread::unix::Thread>::new::thread_start
[INFO] [stdout]   17:     0x79dd7c8ecdfa - <unknown>
[INFO] [stdout]   18:     0x79dd7c9803d4 - clone
[INFO] [stdout]   19:                0x0 - <unknown>
[INFO] [stdout] 
[INFO] [stdout] 
[INFO] [stdout] failures:
[INFO] [stdout]     page_rule
[INFO] [stdout] 
[INFO] [stdout] test result: FAILED. 2 passed; 1 failed; 0 ignored; 0 measured; 0 filtered out; finished in 0.01s
[INFO] [stdout] 
[INFO] running `Command { std: "docker" "inspect" "4c9de1173d7b30a3d6c56819963fe0f57e42235b18cc89a8435f37957349ff58", kill_on_drop: false }`
[INFO] running `Command { std: "docker" "rm" "-f" "4c9de1173d7b30a3d6c56819963fe0f57e42235b18cc89a8435f37957349ff58", kill_on_drop: false }`
[INFO] [stdout] 4c9de1173d7b30a3d6c56819963fe0f57e42235b18cc89a8435f37957349ff58
