[INFO] fetching crate syntrop-modeld-core 0.3.1...
[INFO] testing syntrop-modeld-core-0.3.1 against 1.99.0-beta.8+cargoflags=--release for beta-release-1.100-2
[INFO] extracting crate syntrop-modeld-core 0.3.1 into /workspace/builds/worker-6-tc1/source
[INFO] started tweaking crates.io crate syntrop-modeld-core 0.3.1
[INFO] removed 0 missing tests
[INFO] finished tweaking crates.io crate syntrop-modeld-core 0.3.1
[INFO] tweaked toml for crates.io crate syntrop-modeld-core 0.3.1 written to /workspace/builds/worker-6-tc1/source/Cargo.toml
[INFO] validating manifest of crates.io crate syntrop-modeld-core 0.3.1 on toolchain 1.99.0-beta.8
[INFO] running `Command { std: CARGO_HOME="/workspace/cargo-home" RUSTUP_HOME="/workspace/rustup-home" "/workspace/cargo-home/bin/cargo" "+1.99.0-beta.8" "metadata" "--manifest-path" "Cargo.toml" "--no-deps", kill_on_drop: false }`
[INFO] crate crates.io crate syntrop-modeld-core 0.3.1 already has a lockfile, it will not be regenerated
[INFO] running `Command { std: CARGO_HOME="/workspace/cargo-home" RUSTUP_HOME="/workspace/rustup-home" "/workspace/cargo-home/bin/cargo" "+1.99.0-beta.8" "fetch" "--manifest-path" "Cargo.toml", kill_on_drop: false }`
[INFO] running `Command { std: "docker" "create" "-v" "/var/lib/crater-agent-workspace/builds/worker-6-tc1/source:/opt/rustwide/workdir:ro,Z" "-v" "/var/lib/crater-agent-workspace/builds/worker-6-tc1/target:/opt/rustwide/target:rw,Z" "-v" "/var/lib/crater-agent-workspace/cargo-home:/opt/rustwide/cargo-home:ro,Z" "-v" "/var/lib/crater-agent-workspace/rustup-home:/opt/rustwide/rustup-home:ro,Z" "-m" "1610612736" "--network" "none" "ghcr.io/rust-lang/crates-build-env/linux@sha256:77db811e55d90add9212f6832c23229e3de5f1c1f9905e8cb07319ea15df73ac" "sleep" "infinity", kill_on_drop: false }`
[INFO] [stdout] f4260a273f24db0915208e874c8443d2fcf814ffb9b19d8168586e258ff5be5b
[INFO] running `Command { std: "docker" "start" "f4260a273f24db0915208e874c8443d2fcf814ffb9b19d8168586e258ff5be5b", kill_on_drop: false }`
[INFO] running `Command { std: "docker" "inspect" "f4260a273f24db0915208e874c8443d2fcf814ffb9b19d8168586e258ff5be5b", kill_on_drop: false }`
[INFO] running `Command { std: "docker" "exec" "-e" "SOURCE_DIR=/opt/rustwide/workdir" "-e" "CARGO_HOME=/opt/rustwide/cargo-home" "-e" "RUSTUP_HOME=/opt/rustwide/rustup-home" "-e" "CARGO_TARGET_DIR=/opt/rustwide/target" "-w" "/opt/rustwide/workdir" "--user" "0:0" "f4260a273f24db0915208e874c8443d2fcf814ffb9b19d8168586e258ff5be5b" "/opt/rustwide/cargo-home/bin/cargo" "+1.99.0-beta.8" "metadata" "--no-deps" "--format-version=1", kill_on_drop: false }`
[INFO] running `Command { std: "docker" "inspect" "f4260a273f24db0915208e874c8443d2fcf814ffb9b19d8168586e258ff5be5b", kill_on_drop: false }`
[INFO] running `Command { std: "docker" "exec" "-e" "SOURCE_DIR=/opt/rustwide/workdir" "-e" "CARGO_HOME=/opt/rustwide/cargo-home" "-e" "RUSTUP_HOME=/opt/rustwide/rustup-home" "-e" "CARGO_TARGET_DIR=/opt/rustwide/target" "-e" "CARGO_INCREMENTAL=0" "-e" "RUST_BACKTRACE=full" "-e" "RUSTFLAGS=--cap-lints=warn" "-e" "RUSTDOCFLAGS=--cap-lints=warn" "-w" "/opt/rustwide/workdir" "--user" "0:0" "f4260a273f24db0915208e874c8443d2fcf814ffb9b19d8168586e258ff5be5b" "/opt/rustwide/cargo-home/bin/cargo" "+1.99.0-beta.8" "build" "--frozen" "--message-format=json" "--release", kill_on_drop: false }`
[INFO] [stderr]    Compiling unicode-ident v1.0.26
[INFO] [stderr]    Compiling serde v1.0.229
[INFO] [stderr]    Compiling typenum v1.20.1
[INFO] [stderr]    Compiling libc v0.2.189
[INFO] [stderr]    Compiling equivalent v1.0.2
[INFO] [stderr]    Compiling getrandom v0.4.3
[INFO] [stderr]    Compiling bitflags v2.13.2
[INFO] [stderr]    Compiling rustix v1.1.5
[INFO] [stderr]    Compiling indexmap v2.14.2
[INFO] [stderr]    Compiling proc-macro2 v1.0.107
[INFO] [stderr]    Compiling rustix v0.38.44
[INFO] [stderr]    Compiling serde_json v1.0.151
[INFO] [stderr]    Compiling linux-raw-sys v0.12.1
[INFO] [stderr]    Compiling winnow v0.7.15
[INFO] [stderr]    Compiling toml_write v0.1.2
[INFO] [stderr]    Compiling linux-raw-sys v0.4.15
[INFO] [stderr]    Compiling quote v1.0.47
[INFO] [stderr]    Compiling syn v3.0.6
[INFO] [stderr]    Compiling syn v2.0.119
[INFO] [stderr]    Compiling generic-array v0.14.7
[INFO] [stderr]    Compiling fastrand v2.5.0
[INFO] [stderr]    Compiling crypto-common v0.1.7
[INFO] [stderr]    Compiling block-buffer v0.10.4
[INFO] [stderr]    Compiling digest v0.10.7
[INFO] [stderr]    Compiling sha2 v0.10.9
[INFO] [stderr]    Compiling tempfile v3.27.0
[INFO] [stderr]    Compiling serde_derive v1.0.229
[INFO] [stderr]    Compiling tracing-attributes v0.1.31
[INFO] [stderr]    Compiling thiserror-impl v1.0.69
[INFO] [stderr]    Compiling tracing v0.1.44
[INFO] [stderr]    Compiling thiserror v1.0.69
[INFO] [stderr]    Compiling toml_datetime v0.6.11
[INFO] [stderr]    Compiling serde_spanned v0.6.9
[INFO] [stderr]    Compiling toml_edit v0.22.27
[INFO] [stderr]    Compiling toml v0.8.23
[INFO] [stderr]    Compiling syntrop-modeld-core v0.3.1 (/opt/rustwide/workdir)
[INFO] [stderr]     Finished `release` profile [optimized] target(s) in 57.05s
[INFO] running `Command { std: "docker" "inspect" "f4260a273f24db0915208e874c8443d2fcf814ffb9b19d8168586e258ff5be5b", kill_on_drop: false }`
[INFO] running `Command { std: "docker" "exec" "-e" "SOURCE_DIR=/opt/rustwide/workdir" "-e" "CARGO_HOME=/opt/rustwide/cargo-home" "-e" "RUSTUP_HOME=/opt/rustwide/rustup-home" "-e" "CARGO_TARGET_DIR=/opt/rustwide/target" "-e" "CARGO_INCREMENTAL=0" "-e" "RUST_BACKTRACE=full" "-e" "RUSTFLAGS=--cap-lints=warn" "-e" "RUSTDOCFLAGS=--cap-lints=warn" "-w" "/opt/rustwide/workdir" "--user" "0:0" "f4260a273f24db0915208e874c8443d2fcf814ffb9b19d8168586e258ff5be5b" "/opt/rustwide/cargo-home/bin/cargo" "+1.99.0-beta.8" "test" "--frozen" "--no-run" "--message-format=json" "--release", kill_on_drop: false }`
[INFO] [stderr]    Compiling syntrop-modeld-core v0.3.1 (/opt/rustwide/workdir)
[INFO] [stderr]     Finished `release` profile [optimized] target(s) in 2.94s
[INFO] running `Command { std: "docker" "inspect" "f4260a273f24db0915208e874c8443d2fcf814ffb9b19d8168586e258ff5be5b", kill_on_drop: false }`
[INFO] running `Command { std: "docker" "exec" "-e" "SOURCE_DIR=/opt/rustwide/workdir" "-e" "CARGO_HOME=/opt/rustwide/cargo-home" "-e" "RUSTUP_HOME=/opt/rustwide/rustup-home" "-e" "CARGO_TARGET_DIR=/opt/rustwide/target" "-e" "CARGO_INCREMENTAL=0" "-e" "RUST_BACKTRACE=full" "-e" "RUSTFLAGS=--cap-lints=warn" "-e" "RUSTDOCFLAGS=--cap-lints=warn" "-w" "/opt/rustwide/workdir" "--user" "0:0" "f4260a273f24db0915208e874c8443d2fcf814ffb9b19d8168586e258ff5be5b" "/opt/rustwide/cargo-home/bin/cargo" "+1.99.0-beta.8" "test" "--frozen" "--release", kill_on_drop: false }`
[INFO] [stderr]     Finished `release` profile [optimized] target(s) in 0.11s
[INFO] [stderr]      Running unittests src/lib.rs (/opt/rustwide/target/release/deps/modeld_core-735f773f15de0a09)
[INFO] [stdout] 
[INFO] [stdout] running 18 tests
[INFO] [stdout] test cas::digest_format::tests::test_validate_digest_format_returns_err_for_traversal ... ok
[INFO] [stdout] test cas::digest_format::tests::test_is_digest_format_rejects_traversal_and_nul ... ok
[INFO] [stdout] test cas::tags::tests::test_validate_tag_segment_allows_safe_names ... ok
[INFO] [stdout] test cas::digest_format::tests::test_is_digest_format_rejects_wrong_length ... ok
[INFO] [stdout] test cas::tags::tests::test_validate_tag_segment_rejects_interior_nul ... ok
[INFO] [stdout] test cas::digest_format::tests::test_is_digest_format_rejects_uppercase ... ok
[INFO] [stdout] test cas::tags::tests::test_set_tag_blocks_traversal ... ok
[INFO] [stdout] test cas::digest_format::tests::test_is_digest_format_accepts_lowercase_hex ... ok
[INFO] [stdout] test cas::tags::tests::test_validate_tag_segment_rejects_shell_metacharacters ... ok
[INFO] [stdout] test cas::tags::tests::test_validate_tag_segment_rejects_traversal ... ok
[INFO] [stdout] test descriptor::sealed_fd::tests::test_create_sealed_memfd_from_file_handles_empty_source ... ok
[INFO] [stdout] test error::tests::test_display_messages_name_the_failure ... ok
[INFO] [stdout] test error::tests::test_io_converts_with_filesystem_context ... ok
[INFO] [stdout] test format::validator::tests::test_detect_safe_format_accepts_real_safetensors_head ... ok
[INFO] [stdout] test format::validator::tests::test_detect_safe_format_rejects_arbitrary_blob_misread_as_safetensors ... ok
[INFO] [stdout] test format::validator::tests::test_detect_safe_format_rejects_oversized_safetensors_header ... ok
[INFO] [stdout] test tests::test_facade_reexports_resolve ... ok
[INFO] [stdout] test descriptor::sealed_fd::tests::test_create_sealed_memfd_from_file_content_matches ... ok
[INFO] [stdout] 
[INFO] [stdout] test result: ok. 18 passed; 0 failed; 0 ignored; 0 measured; 0 filtered out; finished in 0.01s
[INFO] [stdout] 
[INFO] [stderr]      Running tests/page_rule.rs (/opt/rustwide/target/release/deps/page_rule-32620c4221ddc5c4)
[INFO] [stdout] 
[INFO] [stdout] running 3 tests
[INFO] [stdout] test tests::banned_names_match ... ok
[INFO] [stdout] test tests::shim_needs_wiring_only ... ok
[INFO] [stdout] test page_rule ... FAILED
[INFO] [stdout] 
[INFO] [stdout] failures:
[INFO] [stdout] 
[INFO] [stdout] ---- page_rule stdout ----
[INFO] [stdout] 
[INFO] [stdout] thread 'page_rule' (817) panicked at tests/page_rule.rs:34:13:
[INFO] [stdout] page rule: no .git above /opt/rustwide/workdir
[INFO] [stdout] stack backtrace:
[INFO] [stdout]    0:     0x575d5bd169f1 - <<std[70759c8f55707aa4]::sys::backtrace::BacktraceLock>::print::DisplayBacktrace as core[df12db4294e9bfd3]::fmt::Display>::fmt
[INFO] [stdout]    1:     0x575d5bd2b03a - core[df12db4294e9bfd3]::fmt::write
[INFO] [stdout]    2:     0x575d5bd1b17c - <alloc[2182bb758b4b3781]::vec::Vec<u8> as core[df12db4294e9bfd3]::io::write::Write>::write_fmt
[INFO] [stdout]    3:     0x575d5bcf2016 - std[70759c8f55707aa4]::panicking::default_hook::{closure#0}
[INFO] [stdout]    4:     0x575d5bd0ea59 - std[70759c8f55707aa4]::panicking::default_hook
[INFO] [stdout]    5:     0x575d5bca9fc0 - test[9d35eded1c95d3be]::test_main_inner::<test[9d35eded1c95d3be]::test_main_static::{closure#0}>::{closure#0}
[INFO] [stdout]    6:     0x575d5bd0ec12 - std[70759c8f55707aa4]::panicking::panic_with_hook
[INFO] [stdout]    7:     0x575d5bcf20f4 - std[70759c8f55707aa4]::panicking::panic_handler::{closure#0}
[INFO] [stdout]    8:     0x575d5bceac19 - std[70759c8f55707aa4]::sys::backtrace::__rust_end_short_backtrace::<std[70759c8f55707aa4]::panicking::panic_handler::{closure#0}, !>
[INFO] [stdout]    9:     0x575d5bcf2cbd - __rustc[8fa7c3cbc660c2b3]::rust_begin_unwind
[INFO] [stdout]   10:     0x575d5bd2b76c - core[df12db4294e9bfd3]::panicking::panic_fmt
[INFO] [stdout]   11:     0x575d5bc95b25 - <page_rule[c8b92e7a457b598b]::page_rule::{closure#0} as core[df12db4294e9bfd3]::ops::function::FnOnce<()>>::call_once
[INFO] [stdout]   12:     0x575d5bc9d2ab - test[9d35eded1c95d3be]::__rust_begin_short_backtrace::<core[df12db4294e9bfd3]::result::Result<(), alloc[2182bb758b4b3781]::string::String>, fn() -> core[df12db4294e9bfd3]::result::Result<(), alloc[2182bb758b4b3781]::string::String>>
[INFO] [stdout]   13:     0x575d5bcaa915 - test[9d35eded1c95d3be]::run_test::{closure#0}
[INFO] [stdout]   14:     0x575d5bca41d4 - std[70759c8f55707aa4]::sys::backtrace::__rust_begin_short_backtrace::<test[9d35eded1c95d3be]::run_test::{closure#1}, ()>
[INFO] [stdout]   15:     0x575d5bcada72 - <std[70759c8f55707aa4]::thread::lifecycle::spawn_unchecked<test[9d35eded1c95d3be]::run_test::{closure#1}, ()>::{closure#1} as core[df12db4294e9bfd3]::ops::function::FnOnce<()>>::call_once::{shim:vtable#0}
[INFO] [stdout]   16:     0x575d5bd15f59 - <std[70759c8f55707aa4]::sys::thread::unix::Thread>::new::thread_start
[INFO] [stdout]   17:     0x7a485f00cdfa - <unknown>
[INFO] [stdout]   18:     0x7a485f0a03d4 - clone
[INFO] [stdout]   19:                0x0 - <unknown>
[INFO] [stdout] 
[INFO] [stdout] 
[INFO] [stdout] failures:
[INFO] [stdout]     page_rule
[INFO] [stdout] 
[INFO] [stdout] test result: FAILED. 2 passed; 1 failed; 0 ignored; 0 measured; 0 filtered out; finished in 0.00s
[INFO] [stdout] 
[INFO] [stderr] error: test failed, to rerun pass `--test page_rule`
[INFO] running `Command { std: "docker" "inspect" "f4260a273f24db0915208e874c8443d2fcf814ffb9b19d8168586e258ff5be5b", kill_on_drop: false }`
[INFO] running `Command { std: "docker" "rm" "-f" "f4260a273f24db0915208e874c8443d2fcf814ffb9b19d8168586e258ff5be5b", kill_on_drop: false }`
[INFO] [stdout] f4260a273f24db0915208e874c8443d2fcf814ffb9b19d8168586e258ff5be5b
