[INFO] fetching crate sync_mv 0.1.3...
[INFO] testing sync_mv-0.1.3 against 1.100.0-beta.1+cargoflags=--release for beta-release-1.100-2
[INFO] extracting crate sync_mv 0.1.3 into /workspace/builds/worker-3-tc2/source
[INFO] started tweaking crates.io crate sync_mv 0.1.3
[INFO] finished tweaking crates.io crate sync_mv 0.1.3
[INFO] tweaked toml for crates.io crate sync_mv 0.1.3 written to /workspace/builds/worker-3-tc2/source/Cargo.toml
[INFO] validating manifest of crates.io crate sync_mv 0.1.3 on toolchain 1.100.0-beta.1
[INFO] running `Command { std: CARGO_HOME="/workspace/cargo-home" RUSTUP_HOME="/workspace/rustup-home" "/workspace/cargo-home/bin/cargo" "+1.100.0-beta.1" "metadata" "--manifest-path" "Cargo.toml" "--no-deps", kill_on_drop: false }`
[INFO] crate crates.io crate sync_mv 0.1.3 already has a lockfile, it will not be regenerated
[INFO] running `Command { std: CARGO_HOME="/workspace/cargo-home" RUSTUP_HOME="/workspace/rustup-home" "/workspace/cargo-home/bin/cargo" "+1.100.0-beta.1" "fetch" "--manifest-path" "Cargo.toml", kill_on_drop: false }`
[INFO] running `Command { std: "docker" "create" "-v" "/var/lib/crater-agent-workspace/builds/worker-3-tc2/source:/opt/rustwide/workdir:ro,Z" "-v" "/var/lib/crater-agent-workspace/builds/worker-3-tc2/target:/opt/rustwide/target:rw,Z" "-v" "/var/lib/crater-agent-workspace/cargo-home:/opt/rustwide/cargo-home:ro,Z" "-v" "/var/lib/crater-agent-workspace/rustup-home:/opt/rustwide/rustup-home:ro,Z" "-m" "1610612736" "--network" "none" "ghcr.io/rust-lang/crates-build-env/linux@sha256:77db811e55d90add9212f6832c23229e3de5f1c1f9905e8cb07319ea15df73ac" "sleep" "infinity", kill_on_drop: false }`
[INFO] [stdout] 42706864ea6f89f5ec609d6fcfff976cba6c0d0b51a78fd4bf3d0fbbcebad284
[INFO] running `Command { std: "docker" "start" "42706864ea6f89f5ec609d6fcfff976cba6c0d0b51a78fd4bf3d0fbbcebad284", kill_on_drop: false }`
[INFO] running `Command { std: "docker" "inspect" "42706864ea6f89f5ec609d6fcfff976cba6c0d0b51a78fd4bf3d0fbbcebad284", kill_on_drop: false }`
[INFO] running `Command { std: "docker" "exec" "-e" "SOURCE_DIR=/opt/rustwide/workdir" "-e" "CARGO_HOME=/opt/rustwide/cargo-home" "-e" "RUSTUP_HOME=/opt/rustwide/rustup-home" "-e" "CARGO_TARGET_DIR=/opt/rustwide/target" "-w" "/opt/rustwide/workdir" "--user" "0:0" "42706864ea6f89f5ec609d6fcfff976cba6c0d0b51a78fd4bf3d0fbbcebad284" "/opt/rustwide/cargo-home/bin/cargo" "+1.100.0-beta.1" "metadata" "--no-deps" "--format-version=1", kill_on_drop: false }`
[INFO] running `Command { std: "docker" "inspect" "42706864ea6f89f5ec609d6fcfff976cba6c0d0b51a78fd4bf3d0fbbcebad284", kill_on_drop: false }`
[INFO] running `Command { std: "docker" "exec" "-e" "SOURCE_DIR=/opt/rustwide/workdir" "-e" "CARGO_HOME=/opt/rustwide/cargo-home" "-e" "RUSTUP_HOME=/opt/rustwide/rustup-home" "-e" "CARGO_TARGET_DIR=/opt/rustwide/target" "-e" "CARGO_INCREMENTAL=0" "-e" "RUST_BACKTRACE=full" "-e" "RUSTFLAGS=--cap-lints=warn" "-e" "RUSTDOCFLAGS=--cap-lints=warn" "-w" "/opt/rustwide/workdir" "--user" "0:0" "42706864ea6f89f5ec609d6fcfff976cba6c0d0b51a78fd4bf3d0fbbcebad284" "/opt/rustwide/cargo-home/bin/cargo" "+1.100.0-beta.1" "build" "--frozen" "--message-format=json" "--release", kill_on_drop: false }`
[INFO] [stderr]    Compiling io-lifetimes v1.0.3
[INFO] [stderr]    Compiling rustix v0.36.5
[INFO] [stderr]    Compiling serde_derive v1.0.151
[INFO] [stderr]    Compiling serde v1.0.151
[INFO] [stderr]    Compiling serde_json v1.0.91
[INFO] [stderr]    Compiling heck v0.4.0
[INFO] [stderr]    Compiling termcolor v1.1.3
[INFO] [stderr]    Compiling syn v1.0.107
[INFO] [stderr]    Compiling clap_lex v0.3.0
[INFO] [stderr]    Compiling once_cell v1.16.0
[INFO] [stderr]    Compiling proc-macro-error-attr v1.0.4
[INFO] [stderr]    Compiling is-terminal v0.4.2
[INFO] [stderr]    Compiling proc-macro-error v1.0.4
[INFO] [stderr]    Compiling clap_derive v4.0.21
[INFO] [stderr]    Compiling clap v4.0.32
[INFO] [stderr]    Compiling sync_mv v0.1.3 (/opt/rustwide/workdir)
[INFO] [stderr]     Finished `release` profile [optimized] target(s) in 21.37s
[INFO] running `Command { std: "docker" "inspect" "42706864ea6f89f5ec609d6fcfff976cba6c0d0b51a78fd4bf3d0fbbcebad284", kill_on_drop: false }`
[INFO] running `Command { std: "docker" "exec" "-e" "SOURCE_DIR=/opt/rustwide/workdir" "-e" "CARGO_HOME=/opt/rustwide/cargo-home" "-e" "RUSTUP_HOME=/opt/rustwide/rustup-home" "-e" "CARGO_TARGET_DIR=/opt/rustwide/target" "-e" "CARGO_INCREMENTAL=0" "-e" "RUST_BACKTRACE=full" "-e" "RUSTFLAGS=--cap-lints=warn" "-e" "RUSTDOCFLAGS=--cap-lints=warn" "-w" "/opt/rustwide/workdir" "--user" "0:0" "42706864ea6f89f5ec609d6fcfff976cba6c0d0b51a78fd4bf3d0fbbcebad284" "/opt/rustwide/cargo-home/bin/cargo" "+1.100.0-beta.1" "test" "--frozen" "--no-run" "--message-format=json" "--release", kill_on_drop: false }`
[INFO] [stderr]    Compiling either v1.8.0
[INFO] [stderr]    Compiling predicates-core v1.0.5
[INFO] [stderr]    Compiling doc-comment v0.3.3
[INFO] [stderr]    Compiling termtree v0.4.0
[INFO] [stderr]    Compiling regex-automata v0.1.10
[INFO] [stderr]    Compiling wait-timeout v0.2.0
[INFO] [stderr]    Compiling temp-file v0.1.7
[INFO] [stderr]    Compiling predicates-tree v1.0.7
[INFO] [stderr]    Compiling itertools v0.10.5
[INFO] [stderr]    Compiling bstr v1.1.0
[INFO] [stderr]    Compiling predicates v2.1.4
[INFO] [stderr]    Compiling assert_cmd v2.0.7
[INFO] [stderr]    Compiling sync_mv v0.1.3 (/opt/rustwide/workdir)
[INFO] [stderr]     Finished `release` profile [optimized] target(s) in 5.78s
[INFO] running `Command { std: "docker" "inspect" "42706864ea6f89f5ec609d6fcfff976cba6c0d0b51a78fd4bf3d0fbbcebad284", kill_on_drop: false }`
[INFO] running `Command { std: "docker" "exec" "-e" "SOURCE_DIR=/opt/rustwide/workdir" "-e" "CARGO_HOME=/opt/rustwide/cargo-home" "-e" "RUSTUP_HOME=/opt/rustwide/rustup-home" "-e" "CARGO_TARGET_DIR=/opt/rustwide/target" "-e" "CARGO_INCREMENTAL=0" "-e" "RUST_BACKTRACE=full" "-e" "RUSTFLAGS=--cap-lints=warn" "-e" "RUSTDOCFLAGS=--cap-lints=warn" "-w" "/opt/rustwide/workdir" "--user" "0:0" "42706864ea6f89f5ec609d6fcfff976cba6c0d0b51a78fd4bf3d0fbbcebad284" "/opt/rustwide/cargo-home/bin/cargo" "+1.100.0-beta.1" "test" "--frozen" "--release", kill_on_drop: false }`
[INFO] [stderr]     Finished `release` profile [optimized] target(s) in 0.07s
[INFO] [stderr]      Running unittests src/main.rs (/opt/rustwide/target/release/build/sync_mv/7d8ba2de2634cb75/out/sync_mv-7d8ba2de2634cb75)
[INFO] [stdout] 
[INFO] [stdout] running 0 tests
[INFO] [stdout] 
[INFO] [stdout] test result: ok. 0 passed; 0 failed; 0 ignored; 0 measured; 0 filtered out; finished in 0.00s
[INFO] [stdout] 
[INFO] [stderr]      Running tests/sync.rs (/opt/rustwide/target/release/build/sync_mv/272a8c0f58b3dc72/out/sync-272a8c0f58b3dc72)
[INFO] [stdout] 
[INFO] [stdout] running 1 test
[INFO] [stdout] test sync ... FAILED
[INFO] [stdout] 
[INFO] [stdout] failures:
[INFO] [stdout] 
[INFO] [stdout] ---- sync stdout ----
[INFO] [stdout] 
[INFO] [stdout] thread 'sync' (808) panicked at /rustc/e3feeb59cd1bdd011a2bfcc0747b55125d9b8527/library/core/src/ops/function.rs:250:5:
[INFO] [stdout] Unexpected stdout, failed diff original var
[INFO] [stdout] ├── original: {
[INFO] [stdout] │     "base_dir": "tests/test_data/src/",
[INFO] [stdout] │     "min_file_bytes": 0,
[INFO] [stdout] │     "files": {
[INFO] [stdout] │       "1/1_.txt": {
[INFO] [stdout] │         "size": 2,
[INFO] [stdout] │         "modified": 1671944003613389535
[INFO] [stdout] │       },
[INFO] [stdout] │       "2_.txt": {
[INFO] [stdout] │         "size": 2,
[INFO] [stdout] │         "modified": 1671944011717239623
[INFO] [stdout] │       },
[INFO] [stdout] │       "3.txt": {
[INFO] [stdout] │         "size": 2,
[INFO] [stdout] │         "modified": 1672027351079920913
[INFO] [stdout] │       },
[INFO] [stdout] │       "3_.txt": {
[INFO] [stdout] │         "size": 2,
[INFO] [stdout] │         "modified": 1672027351079920913
[INFO] [stdout] │       },
[INFO] [stdout] │       "4.txt": {
[INFO] [stdout] │         "size": 2,
[INFO] [stdout] │         "modified": 1672027285744982980
[INFO] [stdout] │       }
[INFO] [stdout] │     }
[INFO] [stdout] │   }
[INFO] [stdout] ├── diff: 
[INFO] [stdout] │   --- 	orig
[INFO] [stdout] │   +++ 	var
[INFO] [stdout] │   @@ -7 +7 @@
[INFO] [stdout] │   -      "modified": 1671944003613389535
[INFO] [stdout] │   +      "modified": 1153704088000000000
[INFO] [stdout] │   @@ -11 +11 @@
[INFO] [stdout] │   -      "modified": 1671944011717239623
[INFO] [stdout] │   +      "modified": 1153704088000000000
[INFO] [stdout] │   @@ -15 +15 @@
[INFO] [stdout] │   -      "modified": 1672027351079920913
[INFO] [stdout] │   +      "modified": 1153704088000000000
[INFO] [stdout] │   @@ -19 +19 @@
[INFO] [stdout] │   -      "modified": 1672027351079920913
[INFO] [stdout] │   +      "modified": 1153704088000000000
[INFO] [stdout] │   @@ -23 +23 @@
[INFO] [stdout] │   -      "modified": 1672027285744982980
[INFO] [stdout] │   +      "modified": 1153704088000000000
[INFO] [stdout] └── var as str: {
[INFO] [stdout]       "base_dir": "tests/test_data/src/",
[INFO] [stdout]       "min_file_bytes": 0,
[INFO] [stdout]       "files": {
[INFO] [stdout]         "1/1_.txt": {
[INFO] [stdout]           "size": 2,
[INFO] [stdout]           "modified": 1153704088000000000
[INFO] [stdout]         },
[INFO] [stdout]         "2_.txt": {
[INFO] [stdout]           "size": 2,
[INFO] [stdout]           "modified": 1153704088000000000
[INFO] [stdout]         },
[INFO] [stdout]         "3.txt": {
[INFO] [stdout]           "size": 2,
[INFO] [stdout]           "modified": 1153704088000000000
[INFO] [stdout]         },
[INFO] [stdout]         "3_.txt": {
[INFO] [stdout]           "size": 2,
[INFO] [stdout]           "modified": 1153704088000000000
[INFO] [stdout]         },
[INFO] [stdout]         "4.txt": {
[INFO] [stdout]           "size": 2,
[INFO] [stdout]           "modified": 1153704088000000000
[INFO] [stdout]         }
[INFO] [stdout]       }
[INFO] [stdout]     }
[INFO] [stdout] 
[INFO] [stdout] command=`"/opt/rustwide/target/release/sync_mv" "--action" "digest" "--folder" "tests/test_data/src" "--min-file-size" "0"`
[INFO] [stdout] code=0
[INFO] [stdout] stdout="{\n  \"base_dir\": \"tests/test_data/src/\",\n  \"min_file_bytes\": 0,\n  \"files\": {\n    \"1/1_.txt\": {\n      \"size\": 2,\n      \"modified\": 1153704088000000000\n    },\n    \"2_.txt\": {\n      \"size\": 2,\n      \"modified\": 1153704088000000000\n    },\n    \"3.txt\": {\n      \"size\": 2,\n      \"modified\": 1153704088000000000\n    },\n    \"3_.txt\": {\n      \"size\": 2,\n      \"modified\": 1153704088000000000\n    },\n    \"4.txt\": {\n      \"size\": 2,\n      \"modified\": 1153704088000000000\n    }\n  }\n}\n"
[INFO] [stdout] stderr=""
[INFO] [stdout] 
[INFO] [stdout] stack backtrace:
[INFO] [stdout]    0:     0x627733b5ae11 - <<std[617be2ca0a6fd877]::sys::backtrace::BacktraceLock>::print::DisplayBacktrace as core[a373ad73a504971]::fmt::Display>::fmt
[INFO] [stdout]    1:     0x627733b7072a - core[a373ad73a504971]::fmt::write
[INFO] [stdout]    2:     0x627733b6043c - <alloc[2e1b2a31b91974c5]::vec::Vec<u8> as core[a373ad73a504971]::io::write::Write>::write_fmt
[INFO] [stdout]    3:     0x627733b364d6 - std[617be2ca0a6fd877]::panicking::default_hook::{closure#0}
[INFO] [stdout]    4:     0x627733b53169 - std[617be2ca0a6fd877]::panicking::default_hook
[INFO] [stdout]    5:     0x627733ad95a0 - test[aada8e7e76ba119b]::test_main_inner::{closure#0}
[INFO] [stdout]    6:     0x627733b53322 - std[617be2ca0a6fd877]::panicking::panic_with_hook
[INFO] [stdout]    7:     0x627733b36582 - std[617be2ca0a6fd877]::panicking::panic_handler::{closure#0}
[INFO] [stdout]    8:     0x627733b2f1e9 - std[617be2ca0a6fd877]::sys::backtrace::__rust_end_short_backtrace::<std[617be2ca0a6fd877]::panicking::panic_handler::{closure#0}, !>
[INFO] [stdout]    9:     0x627733b3718d - __rustc[ea4f61d10b84890b]::rust_begin_unwind
[INFO] [stdout]   10:     0x627733b70e5c - core[a373ad73a504971]::panicking::panic_fmt
[INFO] [stdout]   11:     0x627733acaf54 - <assert_cmd[f3a19d3972ca1d1e]::assert::AssertError>::panic::<assert_cmd[f3a19d3972ca1d1e]::assert::Assert>
[INFO] [stdout]   12:     0x627733acc789 - <sync[545fb9d123d6a8c5]::sync::{closure#0} as core[a373ad73a504971]::ops::function::FnOnce<()>>::call_once
[INFO] [stdout]   13:     0x627733acc9eb - test[aada8e7e76ba119b]::__rust_begin_short_backtrace::<core[a373ad73a504971]::result::Result<(), alloc[2e1b2a31b91974c5]::string::String>, fn() -> core[a373ad73a504971]::result::Result<(), alloc[2e1b2a31b91974c5]::string::String>>
[INFO] [stdout]   14:     0x627733ad9bc5 - test[aada8e7e76ba119b]::run_test::{closure#0}
[INFO] [stdout]   15:     0x627733ad34b4 - std[617be2ca0a6fd877]::sys::backtrace::__rust_begin_short_backtrace::<test[aada8e7e76ba119b]::run_test::{closure#1}, ()>
[INFO] [stdout]   16:     0x627733adcc52 - <std[617be2ca0a6fd877]::thread::lifecycle::spawn_unchecked<test[aada8e7e76ba119b]::run_test::{closure#1}, ()>::{closure#1} as core[a373ad73a504971]::ops::function::FnOnce<()>>::call_once::{shim:vtable#0}
[INFO] [stdout]   17:     0x627733b5a40f - <std[617be2ca0a6fd877]::sys::thread::unix::Thread>::new::thread_start
[INFO] [stdout]   18:     0x72b98549bdfa - <unknown>
[INFO] [stdout]   19:     0x72b98552f3d4 - clone
[INFO] [stdout]   20:                0x0 - <unknown>
[INFO] [stdout] 
[INFO] [stdout] 
[INFO] [stdout] failures:
[INFO] [stdout]     sync
[INFO] [stdout] 
[INFO] [stdout] test result: FAILED. 0 passed; 1 failed; 0 ignored; 0 measured; 0 filtered out; finished in 0.01s
[INFO] [stdout] 
[INFO] [stderr] error: test failed, to rerun pass `--test sync`
[INFO] running `Command { std: "docker" "inspect" "42706864ea6f89f5ec609d6fcfff976cba6c0d0b51a78fd4bf3d0fbbcebad284", kill_on_drop: false }`
[INFO] running `Command { std: "docker" "rm" "-f" "42706864ea6f89f5ec609d6fcfff976cba6c0d0b51a78fd4bf3d0fbbcebad284", kill_on_drop: false }`
[INFO] [stdout] 42706864ea6f89f5ec609d6fcfff976cba6c0d0b51a78fd4bf3d0fbbcebad284
