[INFO] fetching crate sync-lsp-derive 0.1.0...
[INFO] testing sync-lsp-derive-0.1.0 against 1.100.0-beta.1+cargoflags=--release for beta-release-1.100-2
[INFO] extracting crate sync-lsp-derive 0.1.0 into /workspace/builds/worker-5-tc2/source
[INFO] started tweaking crates.io crate sync-lsp-derive 0.1.0
[INFO] finished tweaking crates.io crate sync-lsp-derive 0.1.0
[INFO] tweaked toml for crates.io crate sync-lsp-derive 0.1.0 written to /workspace/builds/worker-5-tc2/source/Cargo.toml
[INFO] validating manifest of crates.io crate sync-lsp-derive 0.1.0 on toolchain 1.100.0-beta.1
[INFO] running `Command { std: CARGO_HOME="/workspace/cargo-home" RUSTUP_HOME="/workspace/rustup-home" "/workspace/cargo-home/bin/cargo" "+1.100.0-beta.1" "metadata" "--manifest-path" "Cargo.toml" "--no-deps", kill_on_drop: false }`
[INFO] running `Command { std: CARGO_HOME="/workspace/cargo-home" RUSTUP_HOME="/workspace/rustup-home" "/workspace/cargo-home/bin/cargo" "+1.100.0-beta.1" "generate-lockfile" "--manifest-path" "Cargo.toml", kill_on_drop: false }`
[INFO] [stderr]     Updating crates.io index
[INFO] [stderr]      Locking 4 packages to highest compatible versions
[INFO] [stderr]       Adding syn v2.0.119 (available: v3.0.9)
[INFO] running `Command { std: CARGO_HOME="/workspace/cargo-home" RUSTUP_HOME="/workspace/rustup-home" "/workspace/cargo-home/bin/cargo" "+1.100.0-beta.1" "fetch" "--manifest-path" "Cargo.toml", kill_on_drop: false }`
[INFO] running `Command { std: "docker" "create" "-v" "/var/lib/crater-agent-workspace/builds/worker-5-tc2/source:/opt/rustwide/workdir:ro,Z" "-v" "/var/lib/crater-agent-workspace/builds/worker-5-tc2/target:/opt/rustwide/target:rw,Z" "-v" "/var/lib/crater-agent-workspace/cargo-home:/opt/rustwide/cargo-home:ro,Z" "-v" "/var/lib/crater-agent-workspace/rustup-home:/opt/rustwide/rustup-home:ro,Z" "-m" "1610612736" "--network" "none" "ghcr.io/rust-lang/crates-build-env/linux@sha256:77db811e55d90add9212f6832c23229e3de5f1c1f9905e8cb07319ea15df73ac" "sleep" "infinity", kill_on_drop: false }`
[INFO] [stdout] ac68603113e26731beca648325e895280e615f47515ec0de32e9dfcd463f581b
[INFO] running `Command { std: "docker" "start" "ac68603113e26731beca648325e895280e615f47515ec0de32e9dfcd463f581b", kill_on_drop: false }`
[INFO] running `Command { std: "docker" "inspect" "ac68603113e26731beca648325e895280e615f47515ec0de32e9dfcd463f581b", kill_on_drop: false }`
[INFO] running `Command { std: "docker" "exec" "-e" "SOURCE_DIR=/opt/rustwide/workdir" "-e" "CARGO_HOME=/opt/rustwide/cargo-home" "-e" "RUSTUP_HOME=/opt/rustwide/rustup-home" "-e" "CARGO_TARGET_DIR=/opt/rustwide/target" "-w" "/opt/rustwide/workdir" "--user" "0:0" "ac68603113e26731beca648325e895280e615f47515ec0de32e9dfcd463f581b" "/opt/rustwide/cargo-home/bin/cargo" "+1.100.0-beta.1" "metadata" "--no-deps" "--format-version=1", kill_on_drop: false }`
[INFO] running `Command { std: "docker" "inspect" "ac68603113e26731beca648325e895280e615f47515ec0de32e9dfcd463f581b", kill_on_drop: false }`
[INFO] running `Command { std: "docker" "exec" "-e" "SOURCE_DIR=/opt/rustwide/workdir" "-e" "CARGO_HOME=/opt/rustwide/cargo-home" "-e" "RUSTUP_HOME=/opt/rustwide/rustup-home" "-e" "CARGO_TARGET_DIR=/opt/rustwide/target" "-e" "CARGO_INCREMENTAL=0" "-e" "RUST_BACKTRACE=full" "-e" "RUSTFLAGS=--cap-lints=warn" "-e" "RUSTDOCFLAGS=--cap-lints=warn" "-w" "/opt/rustwide/workdir" "--user" "0:0" "ac68603113e26731beca648325e895280e615f47515ec0de32e9dfcd463f581b" "/opt/rustwide/cargo-home/bin/cargo" "+1.100.0-beta.1" "build" "--frozen" "--message-format=json" "--release", kill_on_drop: false }`
[INFO] [stderr]    Compiling proc-macro2 v1.0.107
[INFO] [stderr]    Compiling quote v1.0.47
[INFO] [stderr]    Compiling unicode-ident v1.0.27
[INFO] [stderr]    Compiling syn v2.0.119
[INFO] [stderr]    Compiling sync-lsp-derive v0.1.0 (/opt/rustwide/workdir)
[INFO] [stderr]     Finished `release` profile [optimized] target(s) in 8.57s
[INFO] running `Command { std: "docker" "inspect" "ac68603113e26731beca648325e895280e615f47515ec0de32e9dfcd463f581b", kill_on_drop: false }`
[INFO] running `Command { std: "docker" "exec" "-e" "SOURCE_DIR=/opt/rustwide/workdir" "-e" "CARGO_HOME=/opt/rustwide/cargo-home" "-e" "RUSTUP_HOME=/opt/rustwide/rustup-home" "-e" "CARGO_TARGET_DIR=/opt/rustwide/target" "-e" "CARGO_INCREMENTAL=0" "-e" "RUST_BACKTRACE=full" "-e" "RUSTFLAGS=--cap-lints=warn" "-e" "RUSTDOCFLAGS=--cap-lints=warn" "-w" "/opt/rustwide/workdir" "--user" "0:0" "ac68603113e26731beca648325e895280e615f47515ec0de32e9dfcd463f581b" "/opt/rustwide/cargo-home/bin/cargo" "+1.100.0-beta.1" "test" "--frozen" "--no-run" "--message-format=json" "--release", kill_on_drop: false }`
[INFO] [stderr]    Compiling sync-lsp-derive v0.1.0 (/opt/rustwide/workdir)
[INFO] [stderr]     Finished `release` profile [optimized] target(s) in 0.57s
[INFO] running `Command { std: "docker" "inspect" "ac68603113e26731beca648325e895280e615f47515ec0de32e9dfcd463f581b", kill_on_drop: false }`
[INFO] running `Command { std: "docker" "exec" "-e" "SOURCE_DIR=/opt/rustwide/workdir" "-e" "CARGO_HOME=/opt/rustwide/cargo-home" "-e" "RUSTUP_HOME=/opt/rustwide/rustup-home" "-e" "CARGO_TARGET_DIR=/opt/rustwide/target" "-e" "CARGO_INCREMENTAL=0" "-e" "RUST_BACKTRACE=full" "-e" "RUSTFLAGS=--cap-lints=warn" "-e" "RUSTDOCFLAGS=--cap-lints=warn" "-w" "/opt/rustwide/workdir" "--user" "0:0" "ac68603113e26731beca648325e895280e615f47515ec0de32e9dfcd463f581b" "/opt/rustwide/cargo-home/bin/cargo" "+1.100.0-beta.1" "test" "--frozen" "--release", kill_on_drop: false }`
[INFO] [stderr]     Finished `release` profile [optimized] target(s) in 0.03s
[INFO] [stderr]      Running unittests src/lib.rs (/opt/rustwide/target/release/build/sync-lsp-derive/e35553ceae682310/out/sync_lsp_derive-e35553ceae682310)
[INFO] [stdout] 
[INFO] [stdout] running 0 tests
[INFO] [stdout] 
[INFO] [stdout] test result: ok. 0 passed; 0 failed; 0 ignored; 0 measured; 0 filtered out; finished in 0.00s
[INFO] [stdout] 
[INFO] [stderr]    Doc-tests sync_lsp_derive
[INFO] [stdout] 
[INFO] [stdout] running 3 tests
[INFO] [stdout] test src/lib.rs - command (line 141) ... FAILED
[INFO] [stdout] test src/lib.rs - type_provider (line 19) ... FAILED
[INFO] [stdout] test src/lib.rs - command (line 134) ... FAILED
[INFO] [stdout] 
[INFO] [stdout] failures:
[INFO] [stdout] 
[INFO] [stdout] ---- src/lib.rs - command (line 141) stdout ----
[INFO] [stdout] error[E0433]: cannot find module or crate `sync_lsp` in this scope
[INFO] [stdout]    --> src/lib.rs:142:5
[INFO] [stdout]     |
[INFO] [stdout] 142 | use sync_lsp::workspace::execute_command::Command;
[INFO] [stdout]     |     ^^^^^^^^ use of unresolved module or unlinked crate `sync_lsp`
[INFO] [stdout]     |
[INFO] [stdout]     = help: if you wanted to use a crate named `sync_lsp`, use `cargo add sync_lsp` to add it to your `Cargo.toml`
[INFO] [stdout] 
[INFO] [stdout] error: cannot find attribute `command` in this scope
[INFO] [stdout]    --> src/lib.rs:146:7
[INFO] [stdout]     |
[INFO] [stdout] 146 |     #[command(title = "My first command")]
[INFO] [stdout]     |       ^^^^^^^
[INFO] [stdout] 
[INFO] [stdout] error: cannot find attribute `command` in this scope
[INFO] [stdout]    --> src/lib.rs:148:7
[INFO] [stdout]     |
[INFO] [stdout] 148 |     #[command(title = "My command with arguments")]
[INFO] [stdout]     |       ^^^^^^^
[INFO] [stdout] 
[INFO] [stdout] error: aborting due to 3 previous errors
[INFO] [stdout] 
[INFO] [stdout] For more information about this error, try `rustc --explain E0433`.
[INFO] [stdout] Couldn't compile the test.
[INFO] [stdout] ---- src/lib.rs - type_provider (line 19) stdout ----
[INFO] [stdout] error[E0432]: unresolved import `sync_lsp`
[INFO] [stdout]   --> src/lib.rs:20:5
[INFO] [stdout]    |
[INFO] [stdout] 20 | use sync_lsp::{TypeProvider, type_provider};
[INFO] [stdout]    |     ^^^^^^^^ use of unresolved module or unlinked crate `sync_lsp`
[INFO] [stdout]    |
[INFO] [stdout]    = help: if you wanted to use a crate named `sync_lsp`, use `cargo add sync_lsp` to add it to your `Cargo.toml`
[INFO] [stdout] 
[INFO] [stdout] error: aborting due to 1 previous error
[INFO] [stdout] 
[INFO] [stdout] For more information about this error, try `rustc --explain E0432`.
[INFO] [stdout] Couldn't compile the test.
[INFO] [stdout] ---- src/lib.rs - command (line 134) stdout ----
[INFO] [stdout] error[E0433]: cannot find module or crate `sync_lsp` in this scope
[INFO] [stdout]    --> src/lib.rs:135:5
[INFO] [stdout]     |
[INFO] [stdout] 135 | use sync_lsp::workspace::execute_command::Command;
[INFO] [stdout]     |     ^^^^^^^^ use of unresolved module or unlinked crate `sync_lsp`
[INFO] [stdout]     |
[INFO] [stdout]     = help: if you wanted to use a crate named `sync_lsp`, use `cargo add sync_lsp` to add it to your `Cargo.toml`
[INFO] [stdout] 
[INFO] [stdout] error: cannot find attribute `command` in this scope
[INFO] [stdout]    --> src/lib.rs:138:3
[INFO] [stdout]     |
[INFO] [stdout] 138 | #[command(title = "My command without variants or arguments")]
[INFO] [stdout]     |   ^^^^^^^
[INFO] [stdout] 
[INFO] [stdout] error: aborting due to 2 previous errors
[INFO] [stdout] 
[INFO] [stdout] For more information about this error, try `rustc --explain E0433`.
[INFO] [stdout] Couldn't compile the test.
[INFO] [stdout] 
[INFO] [stdout] failures:
[INFO] [stdout]     src/lib.rs - command (line 134)
[INFO] [stdout]     src/lib.rs - command (line 141)
[INFO] [stdout]     src/lib.rs - type_provider (line 19)
[INFO] [stdout] 
[INFO] [stdout] test result: FAILED. 0 passed; 3 failed; 0 ignored; 0 measured; 0 filtered out; finished in 0.10s
[INFO] [stdout] 
[INFO] [stderr] error: doctest failed, to rerun pass `--doc`
[INFO] running `Command { std: "docker" "inspect" "ac68603113e26731beca648325e895280e615f47515ec0de32e9dfcd463f581b", kill_on_drop: false }`
[INFO] running `Command { std: "docker" "rm" "-f" "ac68603113e26731beca648325e895280e615f47515ec0de32e9dfcd463f581b", kill_on_drop: false }`
[INFO] [stdout] ac68603113e26731beca648325e895280e615f47515ec0de32e9dfcd463f581b
