[INFO] fetching crate sync-box 0.1.2...
[INFO] testing sync-box-0.1.2 against 1.100.0-beta.1+cargoflags=--release for beta-release-1.100-2
[INFO] extracting crate sync-box 0.1.2 into /workspace/builds/worker-7-tc2/source
[INFO] started tweaking crates.io crate sync-box 0.1.2
[INFO] removed 0 missing tests
[INFO] finished tweaking crates.io crate sync-box 0.1.2
[INFO] tweaked toml for crates.io crate sync-box 0.1.2 written to /workspace/builds/worker-7-tc2/source/Cargo.toml
[INFO] validating manifest of crates.io crate sync-box 0.1.2 on toolchain 1.100.0-beta.1
[INFO] running `Command { std: CARGO_HOME="/workspace/cargo-home" RUSTUP_HOME="/workspace/rustup-home" "/workspace/cargo-home/bin/cargo" "+1.100.0-beta.1" "metadata" "--manifest-path" "Cargo.toml" "--no-deps", kill_on_drop: false }`
[INFO] crate crates.io crate sync-box 0.1.2 already has a lockfile, it will not be regenerated
[INFO] running `Command { std: CARGO_HOME="/workspace/cargo-home" RUSTUP_HOME="/workspace/rustup-home" "/workspace/cargo-home/bin/cargo" "+1.100.0-beta.1" "fetch" "--manifest-path" "Cargo.toml", kill_on_drop: false }`
[INFO] running `Command { std: "docker" "create" "-v" "/var/lib/crater-agent-workspace/builds/worker-7-tc2/source:/opt/rustwide/workdir:ro,Z" "-v" "/var/lib/crater-agent-workspace/builds/worker-7-tc2/target:/opt/rustwide/target:rw,Z" "-v" "/var/lib/crater-agent-workspace/cargo-home:/opt/rustwide/cargo-home:ro,Z" "-v" "/var/lib/crater-agent-workspace/rustup-home:/opt/rustwide/rustup-home:ro,Z" "-m" "1610612736" "--network" "none" "ghcr.io/rust-lang/crates-build-env/linux@sha256:77db811e55d90add9212f6832c23229e3de5f1c1f9905e8cb07319ea15df73ac" "sleep" "infinity", kill_on_drop: false }`
[INFO] [stdout] 2da0e3e0fe0ff17c6ddb0d312b5950cfe8caac0650f16c3af7cd8bf2bf3debf7
[INFO] running `Command { std: "docker" "start" "2da0e3e0fe0ff17c6ddb0d312b5950cfe8caac0650f16c3af7cd8bf2bf3debf7", kill_on_drop: false }`
[INFO] running `Command { std: "docker" "inspect" "2da0e3e0fe0ff17c6ddb0d312b5950cfe8caac0650f16c3af7cd8bf2bf3debf7", kill_on_drop: false }`
[INFO] running `Command { std: "docker" "exec" "-e" "SOURCE_DIR=/opt/rustwide/workdir" "-e" "CARGO_HOME=/opt/rustwide/cargo-home" "-e" "RUSTUP_HOME=/opt/rustwide/rustup-home" "-e" "CARGO_TARGET_DIR=/opt/rustwide/target" "-w" "/opt/rustwide/workdir" "--user" "0:0" "2da0e3e0fe0ff17c6ddb0d312b5950cfe8caac0650f16c3af7cd8bf2bf3debf7" "/opt/rustwide/cargo-home/bin/cargo" "+1.100.0-beta.1" "metadata" "--no-deps" "--format-version=1", kill_on_drop: false }`
[INFO] running `Command { std: "docker" "inspect" "2da0e3e0fe0ff17c6ddb0d312b5950cfe8caac0650f16c3af7cd8bf2bf3debf7", kill_on_drop: false }`
[INFO] running `Command { std: "docker" "exec" "-e" "SOURCE_DIR=/opt/rustwide/workdir" "-e" "CARGO_HOME=/opt/rustwide/cargo-home" "-e" "RUSTUP_HOME=/opt/rustwide/rustup-home" "-e" "CARGO_TARGET_DIR=/opt/rustwide/target" "-e" "CARGO_INCREMENTAL=0" "-e" "RUST_BACKTRACE=full" "-e" "RUSTFLAGS=--cap-lints=warn" "-e" "RUSTDOCFLAGS=--cap-lints=warn" "-w" "/opt/rustwide/workdir" "--user" "0:0" "2da0e3e0fe0ff17c6ddb0d312b5950cfe8caac0650f16c3af7cd8bf2bf3debf7" "/opt/rustwide/cargo-home/bin/cargo" "+1.100.0-beta.1" "build" "--frozen" "--message-format=json" "--release", kill_on_drop: false }`
[INFO] [stderr]    Compiling libc v0.2.175
[INFO] [stderr]    Compiling memchr v2.7.5
[INFO] [stderr]    Compiling cfg-if v1.0.3
[INFO] [stderr]    Compiling serde_core v1.0.223
[INFO] [stderr]    Compiling parking_lot_core v0.9.11
[INFO] [stderr]    Compiling serde v1.0.223
[INFO] [stderr]    Compiling lock_api v0.4.13
[INFO] [stderr]    Compiling find-msvc-tools v0.1.1
[INFO] [stderr]    Compiling regex-syntax v0.8.6
[INFO] [stderr]    Compiling tracing-core v0.1.34
[INFO] [stderr]    Compiling futures-channel v0.3.31
[INFO] [stderr]    Compiling quote v1.0.40
[INFO] [stderr]    Compiling anstyle-query v1.1.4
[INFO] [stderr]    Compiling is_terminal_polyfill v1.70.1
[INFO] [stderr]    Compiling anstyle v1.0.11
[INFO] [stderr]    Compiling clap_lex v0.7.5
[INFO] [stderr]    Compiling thiserror v2.0.16
[INFO] [stderr]    Compiling anyhow v1.0.99
[INFO] [stderr]    Compiling unicode-width v0.2.1
[INFO] [stderr]    Compiling winnow v0.7.13
[INFO] [stderr]    Compiling cc v1.2.37
[INFO] [stderr]    Compiling deranged v0.5.3
[INFO] [stderr]    Compiling thread_local v1.1.9
[INFO] [stderr]    Compiling syn v2.0.106
[INFO] [stderr]    Compiling anstream v0.6.20
[INFO] [stderr]    Compiling notify-types v2.0.0
[INFO] [stderr]    Compiling time-core v0.1.6
[INFO] [stderr]    Compiling unit-prefix v0.5.1
[INFO] [stderr]    Compiling toml_writer v1.0.2
[INFO] [stderr]    Compiling nu-ansi-term v0.50.1
[INFO] [stderr]    Compiling num-format v0.4.4
[INFO] [stderr]    Compiling rayon v1.11.0
[INFO] [stderr]    Compiling clap_builder v4.5.47
[INFO] [stderr]    Compiling tracing-log v0.2.0
[INFO] [stderr]    Compiling aho-corasick v1.1.3
[INFO] [stderr]    Compiling mio v1.0.4
[INFO] [stderr]    Compiling socket2 v0.6.0
[INFO] [stderr]    Compiling signal-hook-registry v1.4.6
[INFO] [stderr]    Compiling inotify-sys v0.1.5
[INFO] [stderr]    Compiling blake3 v1.8.2
[INFO] [stderr]    Compiling inotify v0.11.0
[INFO] [stderr]    Compiling console v0.16.1
[INFO] [stderr]    Compiling parking_lot v0.12.4
[INFO] [stderr]    Compiling indicatif v0.18.0
[INFO] [stderr]    Compiling notify v8.2.0
[INFO] [stderr]    Compiling time v0.3.43
[INFO] [stderr]    Compiling toml_parser v1.0.2
[INFO] [stderr]    Compiling regex-automata v0.4.10
[INFO] [stderr]    Compiling serde_derive v1.0.223
[INFO] [stderr]    Compiling futures-macro v0.3.31
[INFO] [stderr]    Compiling tracing-attributes v0.1.30
[INFO] [stderr]    Compiling tokio-macros v2.5.0
[INFO] [stderr]    Compiling clap_derive v4.5.47
[INFO] [stderr]    Compiling thiserror-impl v2.0.16
[INFO] [stderr]    Compiling tokio v1.47.1
[INFO] [stderr]    Compiling futures-util v0.3.31
[INFO] [stderr]    Compiling tracing v0.1.41
[INFO] [stderr]    Compiling clap v4.5.47
[INFO] [stderr]    Compiling matchers v0.2.0
[INFO] [stderr]    Compiling regex v1.11.2
[INFO] [stderr]    Compiling tracing-subscriber v0.3.20
[INFO] [stderr]    Compiling serde_spanned v1.0.0
[INFO] [stderr]    Compiling toml_datetime v0.7.0
[INFO] [stderr]    Compiling toml v0.9.5
[INFO] [stderr]    Compiling futures-executor v0.3.31
[INFO] [stderr]    Compiling futures v0.3.31
[INFO] [stderr]    Compiling tokio-util v0.7.16
[INFO] [stderr]    Compiling sync-box v0.1.2 (/opt/rustwide/workdir)
[INFO] [stdout] warning: unused variable: `progress_cb`
[INFO] [stdout]    --> src/sync/sync_logic.rs:215:21
[INFO] [stdout]     |
[INFO] [stdout] 215 |                 let progress_cb = |bytes: u64| {
[INFO] [stdout]     |                     ^^^^^^^^^^^ help: if this is intentional, prefix it with an underscore: `_progress_cb`
[INFO] [stdout]     |
[INFO] [stdout]     = note: `#[warn(unused_variables)]` (part of `#[warn(unused)]`) on by default
[INFO] [stdout] 
[INFO] [stdout] 
[INFO] [stdout] warning: unused variable: `notify_clone`
[INFO] [stdout]    --> src/sync/sync_logic.rs:180:13
[INFO] [stdout]     |
[INFO] [stdout] 180 |         let notify_clone = notify.clone();
[INFO] [stdout]     |             ^^^^^^^^^^^^ help: if this is intentional, prefix it with an underscore: `_notify_clone`
[INFO] [stdout] 
[INFO] [stdout] 
[INFO] [stderr] warning: unused dependency `regex`
[INFO] [stderr]   --> Cargo.toml:42:15
[INFO] [stderr]    |
[INFO] [stderr] 42 | [dependencies.regex]
[INFO] [stderr]    |               ^^^^^^
[INFO] [stderr]    |
[INFO] [stderr]    = note: `cargo::unused_dependencies` is set to `warn` by default
[INFO] [stderr] help: consider removing the dependency on `regex`
[INFO] [stderr] warning: unused dependency `time`
[INFO] [stderr]   --> Cargo.toml:52:15
[INFO] [stderr]    |
[INFO] [stderr] 52 | [dependencies.time]
[INFO] [stderr]    |               ^^^^^
[INFO] [stderr]    |
[INFO] [stderr] help: consider removing the dependency on `time`
[INFO] [stderr] warning: unused dependency `tokio-util`
[INFO] [stderr]   --> Cargo.toml:59:15
[INFO] [stderr]    |
[INFO] [stderr] 59 | [dependencies.tokio-util]
[INFO] [stderr]    |               ^^^^^^^^^^^
[INFO] [stderr]    |
[INFO] [stderr] help: consider removing the dependency on `tokio-util`
[INFO] [stderr] warning: `sync-box` (manifest) generated 3 warnings
[INFO] [stderr]     Finished `release` profile [optimized] target(s) in 1m 18s
[INFO] running `Command { std: "docker" "inspect" "2da0e3e0fe0ff17c6ddb0d312b5950cfe8caac0650f16c3af7cd8bf2bf3debf7", kill_on_drop: false }`
[INFO] running `Command { std: "docker" "exec" "-e" "SOURCE_DIR=/opt/rustwide/workdir" "-e" "CARGO_HOME=/opt/rustwide/cargo-home" "-e" "RUSTUP_HOME=/opt/rustwide/rustup-home" "-e" "CARGO_TARGET_DIR=/opt/rustwide/target" "-e" "CARGO_INCREMENTAL=0" "-e" "RUST_BACKTRACE=full" "-e" "RUSTFLAGS=--cap-lints=warn" "-e" "RUSTDOCFLAGS=--cap-lints=warn" "-w" "/opt/rustwide/workdir" "--user" "0:0" "2da0e3e0fe0ff17c6ddb0d312b5950cfe8caac0650f16c3af7cd8bf2bf3debf7" "/opt/rustwide/cargo-home/bin/cargo" "+1.100.0-beta.1" "test" "--frozen" "--no-run" "--message-format=json" "--release", kill_on_drop: false }`
[INFO] [stderr]    Compiling tokio v1.47.1
[INFO] [stderr]    Compiling inotify v0.11.0
[INFO] [stderr]    Compiling getrandom v0.3.3
[INFO] [stderr]    Compiling async-stream-impl v0.3.6
[INFO] [stderr]    Compiling rustix v1.1.2
[INFO] [stderr]    Compiling notify v8.2.0
[INFO] [stderr]    Compiling async-stream v0.3.6
[INFO] [stderr]    Compiling tempfile v3.22.0
[INFO] [stderr]    Compiling tokio-util v0.7.16
[INFO] [stderr]    Compiling tokio-stream v0.1.17
[INFO] [stderr]    Compiling sync-box v0.1.2 (/opt/rustwide/workdir)
[INFO] [stderr]    Compiling tokio-test v0.4.4
[INFO] [stdout] warning: unused variable: `progress_cb`
[INFO] [stdout]    --> src/sync/sync_logic.rs:215:21
[INFO] [stdout]     |
[INFO] [stdout] 215 |                 let progress_cb = |bytes: u64| {
[INFO] [stdout]     |                     ^^^^^^^^^^^ help: if this is intentional, prefix it with an underscore: `_progress_cb`
[INFO] [stdout]     |
[INFO] [stdout]     = note: `#[warn(unused_variables)]` (part of `#[warn(unused)]`) on by default
[INFO] [stdout] 
[INFO] [stdout] 
[INFO] [stdout] warning: unused variable: `notify_clone`
[INFO] [stdout]    --> src/sync/sync_logic.rs:180:13
[INFO] [stdout]     |
[INFO] [stdout] 180 |         let notify_clone = notify.clone();
[INFO] [stdout]     |             ^^^^^^^^^^^^ help: if this is intentional, prefix it with an underscore: `_notify_clone`
[INFO] [stdout] 
[INFO] [stdout] 
[INFO] [stdout] warning: unused variable: `progress_cb`
[INFO] [stdout]    --> src/sync/sync_logic.rs:215:21
[INFO] [stdout]     |
[INFO] [stdout] 215 |                 let progress_cb = |bytes: u64| {
[INFO] [stdout]     |                     ^^^^^^^^^^^ help: if this is intentional, prefix it with an underscore: `_progress_cb`
[INFO] [stdout]     |
[INFO] [stdout]     = note: `#[warn(unused_variables)]` (part of `#[warn(unused)]`) on by default
[INFO] [stdout] 
[INFO] [stdout] 
[INFO] [stdout] warning: unused variable: `notify_clone`
[INFO] [stdout]    --> src/sync/sync_logic.rs:180:13
[INFO] [stdout]     |
[INFO] [stdout] 180 |         let notify_clone = notify.clone();
[INFO] [stdout]     |             ^^^^^^^^^^^^ help: if this is intentional, prefix it with an underscore: `_notify_clone`
[INFO] [stdout] 
[INFO] [stdout] 
[INFO] [stdout] warning: unused import: `std::path::Path`
[INFO] [stdout]  --> tests/integration/source_not_found.rs:1:5
[INFO] [stdout]   |
[INFO] [stdout] 1 | use std::path::Path;
[INFO] [stdout]   |     ^^^^^^^^^^^^^^^
[INFO] [stdout]   |
[INFO] [stdout]   = note: `#[warn(unused_imports)]` (part of `#[warn(unused)]`) on by default
[INFO] [stdout] 
[INFO] [stdout] 
[INFO] [stderr] warning: unused dependency `regex`
[INFO] [stderr]   --> Cargo.toml:42:15
[INFO] [stderr]    |
[INFO] [stderr] 42 | [dependencies.regex]
[INFO] [stderr]    |               ^^^^^^
[INFO] [stderr]    |
[INFO] [stderr]    = note: `cargo::unused_dependencies` is set to `warn` by default
[INFO] [stderr] help: consider removing the dependency on `regex`
[INFO] [stderr] warning: unused dependency `time`
[INFO] [stderr]   --> Cargo.toml:52:15
[INFO] [stderr]    |
[INFO] [stderr] 52 | [dependencies.time]
[INFO] [stderr]    |               ^^^^^
[INFO] [stderr]    |
[INFO] [stderr] help: consider removing the dependency on `time`
[INFO] [stderr] warning: unused dependency `tokio-util`
[INFO] [stderr]   --> Cargo.toml:59:15
[INFO] [stderr]    |
[INFO] [stderr] 59 | [dependencies.tokio-util]
[INFO] [stderr]    |               ^^^^^^^^^^^
[INFO] [stderr]    |
[INFO] [stderr] help: consider removing the dependency on `tokio-util`
[INFO] [stderr] warning: `sync-box` (manifest) generated 3 warnings
[INFO] [stderr]     Finished `release` profile [optimized] target(s) in 32.66s
[INFO] running `Command { std: "docker" "inspect" "2da0e3e0fe0ff17c6ddb0d312b5950cfe8caac0650f16c3af7cd8bf2bf3debf7", kill_on_drop: false }`
[INFO] running `Command { std: "docker" "exec" "-e" "SOURCE_DIR=/opt/rustwide/workdir" "-e" "CARGO_HOME=/opt/rustwide/cargo-home" "-e" "RUSTUP_HOME=/opt/rustwide/rustup-home" "-e" "CARGO_TARGET_DIR=/opt/rustwide/target" "-e" "CARGO_INCREMENTAL=0" "-e" "RUST_BACKTRACE=full" "-e" "RUSTFLAGS=--cap-lints=warn" "-e" "RUSTDOCFLAGS=--cap-lints=warn" "-w" "/opt/rustwide/workdir" "--user" "0:0" "2da0e3e0fe0ff17c6ddb0d312b5950cfe8caac0650f16c3af7cd8bf2bf3debf7" "/opt/rustwide/cargo-home/bin/cargo" "+1.100.0-beta.1" "test" "--frozen" "--release", kill_on_drop: false }`
[INFO] [stderr] warning: unused variable: `progress_cb`
[INFO] [stderr]    --> src/sync/sync_logic.rs:215:21
[INFO] [stderr]     |
[INFO] [stderr] 215 |                 let progress_cb = |bytes: u64| {
[INFO] [stderr]     |                     ^^^^^^^^^^^ help: if this is intentional, prefix it with an underscore: `_progress_cb`
[INFO] [stderr]     |
[INFO] [stderr]     = note: `#[warn(unused_variables)]` (part of `#[warn(unused)]`) on by default
[INFO] [stderr] 
[INFO] [stderr] warning: unused variable: `notify_clone`
[INFO] [stderr]    --> src/sync/sync_logic.rs:180:13
[INFO] [stderr]     |
[INFO] [stderr] 180 |         let notify_clone = notify.clone();
[INFO] [stderr]     |             ^^^^^^^^^^^^ help: if this is intentional, prefix it with an underscore: `_notify_clone`
[INFO] [stderr] 
[INFO] [stderr] warning: `sync-box` (lib) generated 2 warnings (run `cargo fix --lib -p sync-box` to apply 2 suggestions)
[INFO] [stderr] warning: unused import: `std::path::Path`
[INFO] [stderr]  --> tests/integration/source_not_found.rs:1:5
[INFO] [stderr]   |
[INFO] [stderr] 1 | use std::path::Path;
[INFO] [stderr]   |     ^^^^^^^^^^^^^^^
[INFO] [stderr]   |
[INFO] [stderr]   = note: `#[warn(unused_imports)]` (part of `#[warn(unused)]`) on by default
[INFO] [stderr] 
[INFO] [stderr] warning: `sync-box` (lib test) generated 2 warnings (2 duplicates)
[INFO] [stderr] warning: `sync-box` (test "integration") generated 1 warning (run `cargo fix --test "integration" -p sync-box` to apply 1 suggestion)
[INFO] [stderr] warning: unused dependency `regex`
[INFO] [stderr]   --> Cargo.toml:42:15
[INFO] [stderr]    |
[INFO] [stderr] 42 | [dependencies.regex]
[INFO] [stderr]    |               ^^^^^^
[INFO] [stderr]    |
[INFO] [stderr]    = note: `cargo::unused_dependencies` is set to `warn` by default
[INFO] [stderr] help: consider removing the dependency on `regex`
[INFO] [stderr] warning: unused dependency `time`
[INFO] [stderr]   --> Cargo.toml:52:15
[INFO] [stderr]    |
[INFO] [stderr] 52 | [dependencies.time]
[INFO] [stderr]    |               ^^^^^
[INFO] [stderr]    |
[INFO] [stderr] help: consider removing the dependency on `time`
[INFO] [stderr] warning: unused dependency `tokio-util`
[INFO] [stderr]   --> Cargo.toml:59:15
[INFO] [stderr]    |
[INFO] [stderr] 59 | [dependencies.tokio-util]
[INFO] [stderr]    |               ^^^^^^^^^^^
[INFO] [stderr]    |
[INFO] [stderr] help: consider removing the dependency on `tokio-util`
[INFO] [stderr] warning: `sync-box` (manifest) generated 3 warnings
[INFO] [stderr]     Finished `release` profile [optimized] target(s) in 0.22s
[INFO] [stderr]      Running unittests src/lib.rs (/opt/rustwide/target/release/build/sync-box/93e2bbeac7dbb449/out/syncbox-93e2bbeac7dbb449)
[INFO] [stdout] 
[INFO] [stdout] running 1 test
[INFO] [stderr]      Running unittests src/main.rs (/opt/rustwide/target/release/build/sync-box/cebd62949dbd9165/out/syncbox-cebd62949dbd9165)
[INFO] [stdout] test utils::format::tests::test_format_file_size ... ok
[INFO] [stdout] 
[INFO] [stdout] test result: ok. 1 passed; 0 failed; 0 ignored; 0 measured; 0 filtered out; finished in 0.00s
[INFO] [stdout] 
[INFO] [stdout] 
[INFO] [stdout] running 0 tests
[INFO] [stdout] 
[INFO] [stdout] test result: ok. 0 passed; 0 failed; 0 ignored; 0 measured; 0 filtered out; finished in 0.00s
[INFO] [stdout] 
[INFO] [stderr]      Running tests/integration.rs (/opt/rustwide/target/release/build/sync-box/c8f2d578728cba53/out/integration-c8f2d578728cba53)
[INFO] [stdout] 
[INFO] [stdout] running 4 tests
[INFO] [stdout] test integration::source_not_found::test_source_directory_not_found ... FAILED
[INFO] [stdout] test integration::target_not_writable::test_target_directory_not_writable ... FAILED
[INFO] [stdout] test integration::file_permission_denied::test_source_file_permission_denied ... FAILED
[INFO] [stdout] test integration::sync_success::test_sync_success ... ok
[INFO] [stdout] 
[INFO] [stdout] failures:
[INFO] [stdout] 
[INFO] [stdout] ---- integration::source_not_found::test_source_directory_not_found stdout ----
[INFO] [stdout] 当前时间戳1: 1792347042
[INFO] [stdout] 
[INFO] [stdout] thread 'integration::source_not_found::test_source_directory_not_found' (2013) panicked at tests/integration/source_not_found.rs:33:5:
[INFO] [stdout] assertion failed: format!("{:?}", err).contains("No such file or directory")
[INFO] [stdout] stack backtrace:
[INFO] [stdout]    0:     0x5b98656c6561 - <<std[617be2ca0a6fd877]::sys::backtrace::BacktraceLock>::print::DisplayBacktrace as core[a373ad73a504971]::fmt::Display>::fmt
[INFO] [stdout]    1:     0x5b98656dc94a - core[a373ad73a504971]::fmt::write
[INFO] [stdout]    2:     0x5b98656cb54c - <alloc[2e1b2a31b91974c5]::vec::Vec<u8> as core[a373ad73a504971]::io::write::Write>::write_fmt
[INFO] [stdout]    3:     0x5b986569f546 - std[617be2ca0a6fd877]::panicking::default_hook::{closure#0}
[INFO] [stdout]    4:     0x5b98656bd349 - std[617be2ca0a6fd877]::panicking::default_hook
[INFO] [stdout]    5:     0x5b98655d99c0 - test[aada8e7e76ba119b]::test_main_inner::{closure#0}
[INFO] [stdout]    6:     0x5b98656bd672 - std[617be2ca0a6fd877]::panicking::panic_with_hook
[INFO] [stdout]    7:     0x5b986569f624 - std[617be2ca0a6fd877]::panicking::panic_handler::{closure#0}
[INFO] [stdout]    8:     0x5b9865697a29 - std[617be2ca0a6fd877]::sys::backtrace::__rust_end_short_backtrace::<std[617be2ca0a6fd877]::panicking::panic_handler::{closure#0}, !>
[INFO] [stdout]    9:     0x5b98656a03cd - __rustc[ea4f61d10b84890b]::rust_begin_unwind
[INFO] [stdout]   10:     0x5b98656dd0ac - core[a373ad73a504971]::panicking::panic_fmt
[INFO] [stdout]   11:     0x5b98656dd072 - core[a373ad73a504971]::panicking::panic
[INFO] [stdout]   12:     0x5b98655a86ad - integration[3c1c5212bea18e7d]::integration::source_not_found::test_source_directory_not_found::{closure#0}
[INFO] [stdout]   13:     0x5b98655c27a8 - <tokio[3faba56dade250d1]::runtime::context::scoped::Scoped<tokio[3faba56dade250d1]::runtime::scheduler::Context>>::set::<<tokio[3faba56dade250d1]::runtime::scheduler::current_thread::CoreGuard>::enter<<tokio[3faba56dade250d1]::runtime::scheduler::current_thread::CoreGuard>::block_on<core[a373ad73a504971]::pin::Pin<&mut core[a373ad73a504971]::pin::Pin<&mut dyn core[a373ad73a504971]::future::future::Future<Output = ()>>>>::{closure#0}, core[a373ad73a504971]::option::Option<()>>::{closure#0}, (alloc[2e1b2a31b91974c5]::boxed::Box<tokio[3faba56dade250d1]::runtime::scheduler::current_thread::Core>, core[a373ad73a504971]::option::Option<()>)>
[INFO] [stdout]   14:     0x5b98655c2f24 - <tokio[3faba56dade250d1]::runtime::scheduler::current_thread::CurrentThread>::block_on::<core[a373ad73a504971]::pin::Pin<&mut dyn core[a373ad73a504971]::future::future::Future<Output = ()>>>
[INFO] [stdout]   15:     0x5b98655bfad2 - <tokio[3faba56dade250d1]::runtime::runtime::Runtime>::block_on::<core[a373ad73a504971]::pin::Pin<&mut dyn core[a373ad73a504971]::future::future::Future<Output = ()>>>
[INFO] [stdout]   16:     0x5b98655ae08e - <integration[3c1c5212bea18e7d]::integration::source_not_found::test_source_directory_not_found::{closure#0} as core[a373ad73a504971]::ops::function::FnOnce<()>>::call_once
[INFO] [stdout]   17:     0x5b98655cce0b - test[aada8e7e76ba119b]::__rust_begin_short_backtrace::<core[a373ad73a504971]::result::Result<(), alloc[2e1b2a31b91974c5]::string::String>, fn() -> core[a373ad73a504971]::result::Result<(), alloc[2e1b2a31b91974c5]::string::String>>
[INFO] [stdout]   18:     0x5b98655d9fe5 - test[aada8e7e76ba119b]::run_test::{closure#0}
[INFO] [stdout]   19:     0x5b98655d38d4 - std[617be2ca0a6fd877]::sys::backtrace::__rust_begin_short_backtrace::<test[aada8e7e76ba119b]::run_test::{closure#1}, ()>
[INFO] [stdout]   20:     0x5b98655dd072 - <std[617be2ca0a6fd877]::thread::lifecycle::spawn_unchecked<test[aada8e7e76ba119b]::run_test::{closure#1}, ()>::{closure#1} as core[a373ad73a504971]::ops::function::FnOnce<()>>::call_once::{shim:vtable#0}
[INFO] [stdout]   21:     0x5b98656c552f - <std[617be2ca0a6fd877]::sys::thread::unix::Thread>::new::thread_start
[INFO] [stdout]   22:     0x73dccab6edfa - <unknown>
[INFO] [stdout]   23:     0x73dccac023d4 - clone
[INFO] [stdout]   24:                0x0 - <unknown>
[INFO] [stdout] 
[INFO] [stdout] ---- integration::target_not_writable::test_target_directory_not_writable stdout ----
[INFO] [stdout] 当前时间戳1: 1792347042
[INFO] [stdout] 当前时间戳2: 1792347042
[INFO] [stdout] 
[INFO] [stdout] thread 'integration::target_not_writable::test_target_directory_not_writable' (2015) panicked at tests/integration/target_not_writable.rs:39:5:
[INFO] [stdout] assertion failed: result.is_err()
[INFO] [stdout] stack backtrace:
[INFO] [stdout]    0:     0x5b98656c6561 - <<std[617be2ca0a6fd877]::sys::backtrace::BacktraceLock>::print::DisplayBacktrace as core[a373ad73a504971]::fmt::Display>::fmt
[INFO] [stdout]    1:     0x5b98656dc94a - core[a373ad73a504971]::fmt::write
[INFO] [stdout]    2:     0x5b98656cb54c - <alloc[2e1b2a31b91974c5]::vec::Vec<u8> as core[a373ad73a504971]::io::write::Write>::write_fmt
[INFO] [stdout]    3:     0x5b986569f546 - std[617be2ca0a6fd877]::panicking::default_hook::{closure#0}
[INFO] [stdout]    4:     0x5b98656bd349 - std[617be2ca0a6fd877]::panicking::default_hook
[INFO] [stdout]    5:     0x5b98655d99c0 - test[aada8e7e76ba119b]::test_main_inner::{closure#0}
[INFO] [stdout]    6:     0x5b98656bd672 - std[617be2ca0a6fd877]::panicking::panic_with_hook
[INFO] [stdout]    7:     0x5b986569f624 - std[617be2ca0a6fd877]::panicking::panic_handler::{closure#0}
[INFO] [stdout]    8:     0x5b9865697a29 - std[617be2ca0a6fd877]::sys::backtrace::__rust_end_short_backtrace::<std[617be2ca0a6fd877]::panicking::panic_handler::{closure#0}, !>
[INFO] [stdout]    9:     0x5b98656a03cd - __rustc[ea4f61d10b84890b]::rust_begin_unwind
[INFO] [stdout]   10:     0x5b98656dd0ac - core[a373ad73a504971]::panicking::panic_fmt
[INFO] [stdout]   11:     0x5b98656dd072 - core[a373ad73a504971]::panicking::panic
[INFO] [stdout]   12:     0x5b98655a0e67 - integration[3c1c5212bea18e7d]::integration::target_not_writable::test_target_directory_not_writable::{closure#0}
[INFO] [stdout]   13:     0x5b98655c27a8 - <tokio[3faba56dade250d1]::runtime::context::scoped::Scoped<tokio[3faba56dade250d1]::runtime::scheduler::Context>>::set::<<tokio[3faba56dade250d1]::runtime::scheduler::current_thread::CoreGuard>::enter<<tokio[3faba56dade250d1]::runtime::scheduler::current_thread::CoreGuard>::block_on<core[a373ad73a504971]::pin::Pin<&mut core[a373ad73a504971]::pin::Pin<&mut dyn core[a373ad73a504971]::future::future::Future<Output = ()>>>>::{closure#0}, core[a373ad73a504971]::option::Option<()>>::{closure#0}, (alloc[2e1b2a31b91974c5]::boxed::Box<tokio[3faba56dade250d1]::runtime::scheduler::current_thread::Core>, core[a373ad73a504971]::option::Option<()>)>
[INFO] [stdout]   14:     0x5b98655c2f24 - <tokio[3faba56dade250d1]::runtime::scheduler::current_thread::CurrentThread>::block_on::<core[a373ad73a504971]::pin::Pin<&mut dyn core[a373ad73a504971]::future::future::Future<Output = ()>>>
[INFO] [stdout]   15:     0x5b98655bfad2 - <tokio[3faba56dade250d1]::runtime::runtime::Runtime>::block_on::<core[a373ad73a504971]::pin::Pin<&mut dyn core[a373ad73a504971]::future::future::Future<Output = ()>>>
[INFO] [stdout]   16:     0x5b98655a64ee - <integration[3c1c5212bea18e7d]::integration::target_not_writable::test_target_directory_not_writable::{closure#0} as core[a373ad73a504971]::ops::function::FnOnce<()>>::call_once
[INFO] [stdout]   17:     0x5b98655cce0b - test[aada8e7e76ba119b]::__rust_begin_short_backtrace::<core[a373ad73a504971]::result::Result<(), alloc[2e1b2a31b91974c5]::string::String>, fn() -> core[a373ad73a504971]::result::Result<(), alloc[2e1b2a31b91974c5]::string::String>>
[INFO] [stdout]   18:     0x5b98655d9fe5 - test[aada8e7e76ba119b]::run_test::{closure#0}
[INFO] [stdout]   19:     0x5b98655d38d4 - std[617be2ca0a6fd877]::sys::backtrace::__rust_begin_short_backtrace::<test[aada8e7e76ba119b]::run_test::{closure#1}, ()>
[INFO] [stdout]   20:     0x5b98655dd072 - <std[617be2ca0a6fd877]::thread::lifecycle::spawn_unchecked<test[aada8e7e76ba119b]::run_test::{closure#1}, ()>::{closure#1} as core[a373ad73a504971]::ops::function::FnOnce<()>>::call_once::{shim:vtable#0}
[INFO] [stdout]   21:     0x5b98656c552f - <std[617be2ca0a6fd877]::sys::thread::unix::Thread>::new::thread_start
[INFO] [stdout]   22:     0x73dccab6edfa - <unknown>
[INFO] [stdout]   23:     0x73dccac023d4 - clone
[INFO] [stdout]   24:                0x0 - <unknown>
[INFO] [stdout] 
[INFO] [stdout] ---- integration::file_permission_denied::test_source_file_permission_denied stdout ----
[INFO] [stdout] 当前时间戳1: 1792347042
[INFO] [stdout] 当前时间戳2: 1792347042
[INFO] [stdout] 
[INFO] [stdout] thread 'integration::file_permission_denied::test_source_file_permission_denied' (2012) panicked at tests/integration/file_permission_denied.rs:37:5:
[INFO] [stdout] assertion failed: result.is_err()
[INFO] [stdout] stack backtrace:
[INFO] [stdout]    0:     0x5b98656c6561 - <<std[617be2ca0a6fd877]::sys::backtrace::BacktraceLock>::print::DisplayBacktrace as core[a373ad73a504971]::fmt::Display>::fmt
[INFO] [stdout]    1:     0x5b98656dc94a - core[a373ad73a504971]::fmt::write
[INFO] [stdout]    2:     0x5b98656cb54c - <alloc[2e1b2a31b91974c5]::vec::Vec<u8> as core[a373ad73a504971]::io::write::Write>::write_fmt
[INFO] [stdout]    3:     0x5b986569f546 - std[617be2ca0a6fd877]::panicking::default_hook::{closure#0}
[INFO] [stdout]    4:     0x5b98656bd349 - std[617be2ca0a6fd877]::panicking::default_hook
[INFO] [stdout]    5:     0x5b98655d99c0 - test[aada8e7e76ba119b]::test_main_inner::{closure#0}
[INFO] [stdout]    6:     0x5b98656bd672 - std[617be2ca0a6fd877]::panicking::panic_with_hook
[INFO] [stdout]    7:     0x5b986569f624 - std[617be2ca0a6fd877]::panicking::panic_handler::{closure#0}
[INFO] [stdout]    8:     0x5b9865697a29 - std[617be2ca0a6fd877]::sys::backtrace::__rust_end_short_backtrace::<std[617be2ca0a6fd877]::panicking::panic_handler::{closure#0}, !>
[INFO] [stdout]    9:     0x5b98656a03cd - __rustc[ea4f61d10b84890b]::rust_begin_unwind
[INFO] [stdout]   10:     0x5b98656dd0ac - core[a373ad73a504971]::panicking::panic_fmt
[INFO] [stdout]   11:     0x5b98656dd072 - core[a373ad73a504971]::panicking::panic
[INFO] [stdout]   12:     0x5b9865599028 - integration[3c1c5212bea18e7d]::integration::file_permission_denied::test_source_file_permission_denied::{closure#0}
[INFO] [stdout]   13:     0x5b98655c27a8 - <tokio[3faba56dade250d1]::runtime::context::scoped::Scoped<tokio[3faba56dade250d1]::runtime::scheduler::Context>>::set::<<tokio[3faba56dade250d1]::runtime::scheduler::current_thread::CoreGuard>::enter<<tokio[3faba56dade250d1]::runtime::scheduler::current_thread::CoreGuard>::block_on<core[a373ad73a504971]::pin::Pin<&mut core[a373ad73a504971]::pin::Pin<&mut dyn core[a373ad73a504971]::future::future::Future<Output = ()>>>>::{closure#0}, core[a373ad73a504971]::option::Option<()>>::{closure#0}, (alloc[2e1b2a31b91974c5]::boxed::Box<tokio[3faba56dade250d1]::runtime::scheduler::current_thread::Core>, core[a373ad73a504971]::option::Option<()>)>
[INFO] [stdout]   14:     0x5b98655c2f24 - <tokio[3faba56dade250d1]::runtime::scheduler::current_thread::CurrentThread>::block_on::<core[a373ad73a504971]::pin::Pin<&mut dyn core[a373ad73a504971]::future::future::Future<Output = ()>>>
[INFO] [stdout]   15:     0x5b98655bfad2 - <tokio[3faba56dade250d1]::runtime::runtime::Runtime>::block_on::<core[a373ad73a504971]::pin::Pin<&mut dyn core[a373ad73a504971]::future::future::Future<Output = ()>>>
[INFO] [stdout]   16:     0x5b986559e6be - <integration[3c1c5212bea18e7d]::integration::file_permission_denied::test_source_file_permission_denied::{closure#0} as core[a373ad73a504971]::ops::function::FnOnce<()>>::call_once
[INFO] [stdout]   17:     0x5b98655cce0b - test[aada8e7e76ba119b]::__rust_begin_short_backtrace::<core[a373ad73a504971]::result::Result<(), alloc[2e1b2a31b91974c5]::string::String>, fn() -> core[a373ad73a504971]::result::Result<(), alloc[2e1b2a31b91974c5]::string::String>>
[INFO] [stdout]   18:     0x5b98655d9fe5 - test[aada8e7e76ba119b]::run_test::{closure#0}
[INFO] [stdout]   19:     0x5b98655d38d4 - std[617be2ca0a6fd877]::sys::backtrace::__rust_begin_short_backtrace::<test[aada8e7e76ba119b]::run_test::{closure#1}, ()>
[INFO] [stdout]   20:     0x5b98655dd072 - <std[617be2ca0a6fd877]::thread::lifecycle::spawn_unchecked<test[aada8e7e76ba119b]::run_test::{closure#1}, ()>::{closure#1} as core[a373ad73a504971]::ops::function::FnOnce<()>>::call_once::{shim:vtable#0}
[INFO] [stdout]   21:     0x5b98656c552f - <std[617be2ca0a6fd877]::sys::thread::unix::Thread>::new::thread_start
[INFO] [stdout]   22:     0x73dccab6edfa - <unknown>
[INFO] [stdout]   23:     0x73dccac023d4 - clone
[INFO] [stdout]   24:                0x0 - <unknown>
[INFO] [stdout] 
[INFO] [stdout] 
[INFO] [stdout] failures:
[INFO] [stdout]     integration::file_permission_denied::test_source_file_permission_denied
[INFO] [stdout]     integration::source_not_found::test_source_directory_not_found
[INFO] [stdout]     integration::target_not_writable::test_target_directory_not_writable
[INFO] [stdout] 
[INFO] [stdout] test result: FAILED. 1 passed; 3 failed; 0 ignored; 0 measured; 0 filtered out; finished in 0.13s
[INFO] [stdout] 
[INFO] [stderr] error: test failed, to rerun pass `--test integration`
[INFO] running `Command { std: "docker" "inspect" "2da0e3e0fe0ff17c6ddb0d312b5950cfe8caac0650f16c3af7cd8bf2bf3debf7", kill_on_drop: false }`
[INFO] running `Command { std: "docker" "rm" "-f" "2da0e3e0fe0ff17c6ddb0d312b5950cfe8caac0650f16c3af7cd8bf2bf3debf7", kill_on_drop: false }`
[INFO] [stdout] 2da0e3e0fe0ff17c6ddb0d312b5950cfe8caac0650f16c3af7cd8bf2bf3debf7
