[INFO] fetching crate symspell_complete_rapid 0.0.2...
[INFO] testing symspell_complete_rapid-0.0.2 against 1.100.0-beta.1+cargoflags=--release for beta-release-1.100-2
[INFO] extracting crate symspell_complete_rapid 0.0.2 into /workspace/builds/worker-3-tc2/source
[INFO] started tweaking crates.io crate symspell_complete_rapid 0.0.2
[INFO] finished tweaking crates.io crate symspell_complete_rapid 0.0.2
[INFO] tweaked toml for crates.io crate symspell_complete_rapid 0.0.2 written to /workspace/builds/worker-3-tc2/source/Cargo.toml
[INFO] validating manifest of crates.io crate symspell_complete_rapid 0.0.2 on toolchain 1.100.0-beta.1
[INFO] running `Command { std: CARGO_HOME="/workspace/cargo-home" RUSTUP_HOME="/workspace/rustup-home" "/workspace/cargo-home/bin/cargo" "+1.100.0-beta.1" "metadata" "--manifest-path" "Cargo.toml" "--no-deps", kill_on_drop: false }`
[INFO] crate crates.io crate symspell_complete_rapid 0.0.2 already has a lockfile, it will not be regenerated
[INFO] running `Command { std: CARGO_HOME="/workspace/cargo-home" RUSTUP_HOME="/workspace/rustup-home" "/workspace/cargo-home/bin/cargo" "+1.100.0-beta.1" "fetch" "--manifest-path" "Cargo.toml", kill_on_drop: false }`
[INFO] [stderr] warning: `package.homepage` is redundant with `package.repository`
[INFO] [stderr]   --> Cargo.toml:56:12
[INFO] [stderr]    |
[INFO] [stderr] 56 | homepage = "https://github.com/rainrambler/symspell_complete_rs"
[INFO] [stderr]    |            ^^^^^^^^^^^^^^^^^^^^^^^^^^^^^^^^^^^^^^^^^^^^^^^^^^^^^
[INFO] [stderr] ...
[INFO] [stderr] 61 | repository = "https://github.com/rainrambler/symspell_complete_rs"
[INFO] [stderr]    |              -----------------------------------------------------
[INFO] [stderr]    |
[INFO] [stderr]    = note: `cargo::redundant_homepage` is set to `warn` by default
[INFO] [stderr] help: consider removing `package.homepage`
[INFO] [stderr] warning: `symspell_complete_rapid` (manifest) generated 1 warning
[INFO] running `Command { std: "docker" "create" "-v" "/var/lib/crater-agent-workspace/builds/worker-3-tc2/source:/opt/rustwide/workdir:ro,Z" "-v" "/var/lib/crater-agent-workspace/builds/worker-3-tc2/target:/opt/rustwide/target:rw,Z" "-v" "/var/lib/crater-agent-workspace/cargo-home:/opt/rustwide/cargo-home:ro,Z" "-v" "/var/lib/crater-agent-workspace/rustup-home:/opt/rustwide/rustup-home:ro,Z" "-m" "1610612736" "--network" "none" "ghcr.io/rust-lang/crates-build-env/linux@sha256:77db811e55d90add9212f6832c23229e3de5f1c1f9905e8cb07319ea15df73ac" "sleep" "infinity", kill_on_drop: false }`
[INFO] [stdout] ead190ca7d9992e106bc091d276e61065ea81f0c6ee077b647fd29cc04644df5
[INFO] running `Command { std: "docker" "start" "ead190ca7d9992e106bc091d276e61065ea81f0c6ee077b647fd29cc04644df5", kill_on_drop: false }`
[INFO] running `Command { std: "docker" "inspect" "ead190ca7d9992e106bc091d276e61065ea81f0c6ee077b647fd29cc04644df5", kill_on_drop: false }`
[INFO] running `Command { std: "docker" "exec" "-e" "SOURCE_DIR=/opt/rustwide/workdir" "-e" "CARGO_HOME=/opt/rustwide/cargo-home" "-e" "RUSTUP_HOME=/opt/rustwide/rustup-home" "-e" "CARGO_TARGET_DIR=/opt/rustwide/target" "-w" "/opt/rustwide/workdir" "--user" "0:0" "ead190ca7d9992e106bc091d276e61065ea81f0c6ee077b647fd29cc04644df5" "/opt/rustwide/cargo-home/bin/cargo" "+1.100.0-beta.1" "metadata" "--no-deps" "--format-version=1", kill_on_drop: false }`
[INFO] running `Command { std: "docker" "inspect" "ead190ca7d9992e106bc091d276e61065ea81f0c6ee077b647fd29cc04644df5", kill_on_drop: false }`
[INFO] running `Command { std: "docker" "exec" "-e" "SOURCE_DIR=/opt/rustwide/workdir" "-e" "CARGO_HOME=/opt/rustwide/cargo-home" "-e" "RUSTUP_HOME=/opt/rustwide/rustup-home" "-e" "CARGO_TARGET_DIR=/opt/rustwide/target" "-e" "CARGO_INCREMENTAL=0" "-e" "RUST_BACKTRACE=full" "-e" "RUSTFLAGS=--cap-lints=warn" "-e" "RUSTDOCFLAGS=--cap-lints=warn" "-w" "/opt/rustwide/workdir" "--user" "0:0" "ead190ca7d9992e106bc091d276e61065ea81f0c6ee077b647fd29cc04644df5" "/opt/rustwide/cargo-home/bin/cargo" "+1.100.0-beta.1" "build" "--frozen" "--message-format=json" "--release", kill_on_drop: false }`
[INFO] [stderr] warning: `package.homepage` is redundant with `package.repository`
[INFO] [stderr]   --> Cargo.toml:56:12
[INFO] [stderr]    |
[INFO] [stderr] 56 | homepage = "https://github.com/rainrambler/symspell_complete_rs"
[INFO] [stderr]    |            ^^^^^^^^^^^^^^^^^^^^^^^^^^^^^^^^^^^^^^^^^^^^^^^^^^^^^
[INFO] [stderr] ...
[INFO] [stderr] 61 | repository = "https://github.com/rainrambler/symspell_complete_rs"
[INFO] [stderr]    |              -----------------------------------------------------
[INFO] [stderr]    |
[INFO] [stderr]    = note: `cargo::redundant_homepage` is set to `warn` by default
[INFO] [stderr] help: consider removing `package.homepage`
[INFO] [stderr] warning: `symspell_complete_rapid` (manifest) generated 1 warning
[INFO] [stderr]    Compiling rustversion v1.0.22
[INFO] [stderr]    Compiling libc v0.2.180
[INFO] [stderr]    Compiling serde_core v1.0.228
[INFO] [stderr]    Compiling zerocopy v0.8.33
[INFO] [stderr]    Compiling serde v1.0.228
[INFO] [stderr]    Compiling version_check v0.9.5
[INFO] [stderr]    Compiling memchr v2.7.6
[INFO] [stderr]    Compiling getrandom v0.3.4
[INFO] [stderr]    Compiling cfg-if v1.0.4
[INFO] [stderr]    Compiling regex-syntax v0.8.8
[INFO] [stderr]    Compiling tinyvec_macros v0.1.1
[INFO] [stderr]    Compiling once_cell v1.21.3
[INFO] [stderr]    Compiling either v1.15.0
[INFO] [stderr]    Compiling itoa v1.0.17
[INFO] [stderr]    Compiling ryu v1.0.22
[INFO] [stderr]    Compiling static_assertions v1.1.0
[INFO] [stderr]    Compiling tinyvec v1.10.0
[INFO] [stderr]    Compiling smallvec v1.15.1
[INFO] [stderr]    Compiling strsim v0.11.1
[INFO] [stderr]    Compiling itertools v0.14.0
[INFO] [stderr]    Compiling ahash v0.8.12
[INFO] [stderr]    Compiling aho-corasick v1.1.4
[INFO] [stderr]    Compiling castaway v0.2.4
[INFO] [stderr]    Compiling rapidhash v4.2.1
[INFO] [stderr]    Compiling compact_str v0.9.0
[INFO] [stderr]    Compiling unicode-normalization v0.1.25
[INFO] [stderr]    Compiling regex-automata v0.4.13
[INFO] [stderr]    Compiling regex v1.12.2
[INFO] [stderr]    Compiling symspell_complete_rapid v0.0.2 (/opt/rustwide/workdir)
[INFO] [stdout] warning: unused import: `std::hash::BuildHasher`
[INFO] [stdout]   --> src/symspell.rs:19:5
[INFO] [stdout]    |
[INFO] [stdout] 19 | use std::hash::BuildHasher;
[INFO] [stdout]    |     ^^^^^^^^^^^^^^^^^^^^^^
[INFO] [stdout]    |
[INFO] [stdout]    = note: `#[warn(unused_imports)]` (part of `#[warn(unused)]`) on by default
[INFO] [stdout] 
[INFO] [stdout] 
[INFO] [stdout] warning: static `RAPID_HASHER` is never used
[INFO] [stdout]   --> src/symspell.rs:22:8
[INFO] [stdout]    |
[INFO] [stdout] 22 | static RAPID_HASHER: LazyLock<SeedableState> = LazyLock::new(|| SeedableState::new(1234));
[INFO] [stdout]    |        ^^^^^^^^^^^^
[INFO] [stdout]    |
[INFO] [stdout]    = note: `#[warn(dead_code)]` (part of `#[warn(unused)]`) on by default
[INFO] [stdout] 
[INFO] [stdout] 
[INFO] [stderr] warning: unused dependency `regex`
[INFO] [stderr]   --> Cargo.toml:14:15
[INFO] [stderr]    |
[INFO] [stderr] 14 | [dependencies.regex]
[INFO] [stderr]    |               ^^^^^^
[INFO] [stderr]    |
[INFO] [stderr]    = note: `cargo::unused_dependencies` is set to `warn` by default
[INFO] [stderr] help: consider removing the dependency on `regex`
[INFO] [stderr] warning: unused dependency `strsim`
[INFO] [stderr]   --> Cargo.toml:25:15
[INFO] [stderr]    |
[INFO] [stderr] 25 | [dependencies.strsim]
[INFO] [stderr]    |               ^^^^^^^
[INFO] [stderr]    |
[INFO] [stderr] help: consider removing the dependency on `strsim`
[INFO] [stderr] warning: `symspell_complete_rapid` (manifest) generated 2 warnings
[INFO] [stderr]     Finished `release` profile [optimized] target(s) in 25.27s
[INFO] running `Command { std: "docker" "inspect" "ead190ca7d9992e106bc091d276e61065ea81f0c6ee077b647fd29cc04644df5", kill_on_drop: false }`
[INFO] running `Command { std: "docker" "exec" "-e" "SOURCE_DIR=/opt/rustwide/workdir" "-e" "CARGO_HOME=/opt/rustwide/cargo-home" "-e" "RUSTUP_HOME=/opt/rustwide/rustup-home" "-e" "CARGO_TARGET_DIR=/opt/rustwide/target" "-e" "CARGO_INCREMENTAL=0" "-e" "RUST_BACKTRACE=full" "-e" "RUSTFLAGS=--cap-lints=warn" "-e" "RUSTDOCFLAGS=--cap-lints=warn" "-w" "/opt/rustwide/workdir" "--user" "0:0" "ead190ca7d9992e106bc091d276e61065ea81f0c6ee077b647fd29cc04644df5" "/opt/rustwide/cargo-home/bin/cargo" "+1.100.0-beta.1" "test" "--frozen" "--no-run" "--message-format=json" "--release", kill_on_drop: false }`
[INFO] [stderr] warning: `package.homepage` is redundant with `package.repository`
[INFO] [stderr]   --> Cargo.toml:56:12
[INFO] [stderr]    |
[INFO] [stderr] 56 | homepage = "https://github.com/rainrambler/symspell_complete_rs"
[INFO] [stderr]    |            ^^^^^^^^^^^^^^^^^^^^^^^^^^^^^^^^^^^^^^^^^^^^^^^^^^^^^
[INFO] [stderr] ...
[INFO] [stderr] 61 | repository = "https://github.com/rainrambler/symspell_complete_rs"
[INFO] [stderr]    |              -----------------------------------------------------
[INFO] [stderr]    |
[INFO] [stderr]    = note: `cargo::redundant_homepage` is set to `warn` by default
[INFO] [stderr] help: consider removing `package.homepage`
[INFO] [stderr] warning: `symspell_complete_rapid` (manifest) generated 1 warning
[INFO] [stderr]    Compiling cfg-if v1.0.4
[INFO] [stderr]    Compiling memchr v2.7.6
[INFO] [stderr]    Compiling serde_core v1.0.228
[INFO] [stderr]    Compiling libc v0.2.180
[INFO] [stderr]    Compiling regex-syntax v0.8.8
[INFO] [stderr]    Compiling tinyvec_macros v0.1.1
[INFO] [stderr]    Compiling castaway v0.2.4
[INFO] [stderr]    Compiling itoa v1.0.17
[INFO] [stderr]    Compiling ryu v1.0.22
[INFO] [stderr]    Compiling static_assertions v1.1.0
[INFO] [stderr]    Compiling once_cell v1.21.3
[INFO] [stderr]    Compiling either v1.15.0
[INFO] [stderr]    Compiling zerocopy v0.8.33
[INFO] [stderr]    Compiling rapidhash v4.2.1
[INFO] [stderr]    Compiling strsim v0.11.1
[INFO] [stderr]    Compiling smallvec v1.15.1
[INFO] [stderr]    Compiling tinyvec v1.10.0
[INFO] [stderr]    Compiling compact_str v0.9.0
[INFO] [stderr]    Compiling itertools v0.14.0
[INFO] [stderr]    Compiling unicode-normalization v0.1.25
[INFO] [stderr]    Compiling aho-corasick v1.1.4
[INFO] [stderr]    Compiling getrandom v0.3.4
[INFO] [stderr]    Compiling regex-automata v0.4.13
[INFO] [stderr]    Compiling serde v1.0.228
[INFO] [stderr]    Compiling ahash v0.8.12
[INFO] [stderr]    Compiling regex v1.12.2
[INFO] [stderr]    Compiling symspell_complete_rapid v0.0.2 (/opt/rustwide/workdir)
[INFO] [stdout] warning: unused import: `std::hash::BuildHasher`
[INFO] [stdout]   --> src/symspell.rs:19:5
[INFO] [stdout]    |
[INFO] [stdout] 19 | use std::hash::BuildHasher;
[INFO] [stdout]    |     ^^^^^^^^^^^^^^^^^^^^^^
[INFO] [stdout]    |
[INFO] [stdout]    = note: `#[warn(unused_imports)]` (part of `#[warn(unused)]`) on by default
[INFO] [stdout] 
[INFO] [stdout] 
[INFO] [stdout] warning: static `RAPID_HASHER` is never used
[INFO] [stdout]   --> src/symspell.rs:22:8
[INFO] [stdout]    |
[INFO] [stdout] 22 | static RAPID_HASHER: LazyLock<SeedableState> = LazyLock::new(|| SeedableState::new(1234));
[INFO] [stdout]    |        ^^^^^^^^^^^^
[INFO] [stdout]    |
[INFO] [stdout]    = note: `#[warn(dead_code)]` (part of `#[warn(unused)]`) on by default
[INFO] [stdout] 
[INFO] [stdout] 
[INFO] [stdout] warning: unused import: `std::hash::BuildHasher`
[INFO] [stdout]   --> src/symspell.rs:19:5
[INFO] [stdout]    |
[INFO] [stdout] 19 | use std::hash::BuildHasher;
[INFO] [stdout]    |     ^^^^^^^^^^^^^^^^^^^^^^
[INFO] [stdout]    |
[INFO] [stdout]    = note: `#[warn(unused_imports)]` (part of `#[warn(unused)]`) on by default
[INFO] [stdout] 
[INFO] [stdout] 
[INFO] [stdout] warning: static `RAPID_HASHER` is never used
[INFO] [stdout]   --> src/symspell.rs:22:8
[INFO] [stdout]    |
[INFO] [stdout] 22 | static RAPID_HASHER: LazyLock<SeedableState> = LazyLock::new(|| SeedableState::new(1234));
[INFO] [stdout]    |        ^^^^^^^^^^^^
[INFO] [stdout]    |
[INFO] [stdout]    = note: `#[warn(dead_code)]` (part of `#[warn(unused)]`) on by default
[INFO] [stdout] 
[INFO] [stdout] 
[INFO] [stderr] warning: unused dependency `regex`
[INFO] [stderr]   --> Cargo.toml:14:15
[INFO] [stderr]    |
[INFO] [stderr] 14 | [dependencies.regex]
[INFO] [stderr]    |               ^^^^^^
[INFO] [stderr]    |
[INFO] [stderr]    = note: `cargo::unused_dependencies` is set to `warn` by default
[INFO] [stderr] help: consider removing the dependency on `regex`
[INFO] [stderr] warning: unused dependency `strsim`
[INFO] [stderr]   --> Cargo.toml:25:15
[INFO] [stderr]    |
[INFO] [stderr] 25 | [dependencies.strsim]
[INFO] [stderr]    |               ^^^^^^^
[INFO] [stderr]    |
[INFO] [stderr] help: consider removing the dependency on `strsim`
[INFO] [stderr] warning: `symspell_complete_rapid` (manifest) generated 2 warnings
[INFO] [stderr]     Finished `release` profile [optimized] target(s) in 40.12s
[INFO] running `Command { std: "docker" "inspect" "ead190ca7d9992e106bc091d276e61065ea81f0c6ee077b647fd29cc04644df5", kill_on_drop: false }`
[INFO] running `Command { std: "docker" "exec" "-e" "SOURCE_DIR=/opt/rustwide/workdir" "-e" "CARGO_HOME=/opt/rustwide/cargo-home" "-e" "RUSTUP_HOME=/opt/rustwide/rustup-home" "-e" "CARGO_TARGET_DIR=/opt/rustwide/target" "-e" "CARGO_INCREMENTAL=0" "-e" "RUST_BACKTRACE=full" "-e" "RUSTFLAGS=--cap-lints=warn" "-e" "RUSTDOCFLAGS=--cap-lints=warn" "-w" "/opt/rustwide/workdir" "--user" "0:0" "ead190ca7d9992e106bc091d276e61065ea81f0c6ee077b647fd29cc04644df5" "/opt/rustwide/cargo-home/bin/cargo" "+1.100.0-beta.1" "test" "--frozen" "--release", kill_on_drop: false }`
[INFO] [stderr] warning: `package.homepage` is redundant with `package.repository`
[INFO] [stderr]   --> Cargo.toml:56:12
[INFO] [stderr]    |
[INFO] [stderr] 56 | homepage = "https://github.com/rainrambler/symspell_complete_rs"
[INFO] [stderr]    |            ^^^^^^^^^^^^^^^^^^^^^^^^^^^^^^^^^^^^^^^^^^^^^^^^^^^^^
[INFO] [stderr] ...
[INFO] [stderr] 61 | repository = "https://github.com/rainrambler/symspell_complete_rs"
[INFO] [stderr]    |              -----------------------------------------------------
[INFO] [stderr]    |
[INFO] [stderr]    = note: `cargo::redundant_homepage` is set to `warn` by default
[INFO] [stderr] help: consider removing `package.homepage`
[INFO] [stderr] warning: `symspell_complete_rapid` (manifest) generated 1 warning
[INFO] [stderr] warning: unused import: `std::hash::BuildHasher`
[INFO] [stderr]   --> src/symspell.rs:19:5
[INFO] [stderr]    |
[INFO] [stderr] 19 | use std::hash::BuildHasher;
[INFO] [stderr]    |     ^^^^^^^^^^^^^^^^^^^^^^
[INFO] [stderr]    |
[INFO] [stderr]    = note: `#[warn(unused_imports)]` (part of `#[warn(unused)]`) on by default
[INFO] [stderr] 
[INFO] [stderr] warning: static `RAPID_HASHER` is never used
[INFO] [stderr]   --> src/symspell.rs:22:8
[INFO] [stderr]    |
[INFO] [stderr] 22 | static RAPID_HASHER: LazyLock<SeedableState> = LazyLock::new(|| SeedableState::new(1234));
[INFO] [stderr]    |        ^^^^^^^^^^^^
[INFO] [stderr]    |
[INFO] [stderr]    = note: `#[warn(dead_code)]` (part of `#[warn(unused)]`) on by default
[INFO] [stderr] 
[INFO] [stderr] warning: `symspell_complete_rapid` (lib) generated 2 warnings
[INFO] [stderr] warning: `symspell_complete_rapid` (lib test) generated 2 warnings (2 duplicates)
[INFO] [stderr] warning: unused dependency `regex`
[INFO] [stderr]   --> Cargo.toml:14:15
[INFO] [stderr]    |
[INFO] [stderr] 14 | [dependencies.regex]
[INFO] [stderr]    |               ^^^^^^
[INFO] [stderr]    |
[INFO] [stderr]    = note: `cargo::unused_dependencies` is set to `warn` by default
[INFO] [stderr] help: consider removing the dependency on `regex`
[INFO] [stderr] warning: unused dependency `strsim`
[INFO] [stderr]   --> Cargo.toml:25:15
[INFO] [stderr]    |
[INFO] [stderr] 25 | [dependencies.strsim]
[INFO] [stderr]    |               ^^^^^^^
[INFO] [stderr]    |
[INFO] [stderr] help: consider removing the dependency on `strsim`
[INFO] [stderr] warning: `symspell_complete_rapid` (manifest) generated 2 warnings
[INFO] [stderr]     Finished `release` profile [optimized] target(s) in 0.05s
[INFO] [stderr]      Running unittests src/lib.rs (/opt/rustwide/target/release/build/symspell_complete_rapid/67fb175f49ad16bc/out/symspell_complete_rs-67fb175f49ad16bc)
[INFO] [stdout] 
[INFO] [stdout] running 9 tests
[INFO] [stdout] test test::tests::test_normalization ... ok
[INFO] [stdout] test test::tests::test_lookup_threshold ... FAILED
[INFO] [stdout] test test::tests::test_transfer_case ... ok
[INFO] [stdout] test test::tests::test_chinese_word_segmentation ... FAILED
[INFO] [stdout] test test::tests::test_lookup_compound ... FAILED
[INFO] [stdout] test test::tests::test_lookup_compound_vec ... FAILED
[INFO] [stdout] test test::tests::test_pruning_radix_trie ... FAILED
[INFO] [stdout] test test::tests::test_word_segmentation ... FAILED
[INFO] [stdout] test test::tests::test_lookup ... FAILED
[INFO] [stdout] 
[INFO] [stdout] failures:
[INFO] [stdout] 
[INFO] [stdout] ---- test::tests::test_lookup_threshold stdout ----
[INFO] [stdout] 
[INFO] [stdout] thread 'test::tests::test_lookup_threshold' (1165) panicked at src/test.rs:85:9:
[INFO] [stdout] assertion `left == right` failed
[INFO] [stdout]   left: 1
[INFO] [stdout]  right: 0
[INFO] [stdout] stack backtrace:
[INFO] [stdout]    0:     0x60c7c56705b7 - <<std[617be2ca0a6fd877]::sys::backtrace::BacktraceLock>::print::DisplayBacktrace as core[a373ad73a504971]::fmt::Display>::fmt
[INFO] [stdout]    1:     0x60c7c565792a - core[a373ad73a504971]::fmt::write
[INFO] [stdout]    2:     0x60c7c566fb6b - <alloc[2e1b2a31b91974c5]::vec::Vec<u8> as core[a373ad73a504971]::io::write::Write>::write_fmt
[INFO] [stdout]    3:     0x60c7c566f64f - std[617be2ca0a6fd877]::panicking::default_hook::{closure#0}
[INFO] [stdout]    4:     0x60c7c566f27a - std[617be2ca0a6fd877]::panicking::default_hook
[INFO] [stdout]    5:     0x60c7c566edb5 - std[617be2ca0a6fd877]::panicking::panic_with_hook
[INFO] [stdout]    6:     0x60c7c5695b61 - std[617be2ca0a6fd877]::panicking::panic_handler::{closure#0}
[INFO] [stdout]    7:     0x60c7c5695b19 - std[617be2ca0a6fd877]::sys::backtrace::__rust_end_short_backtrace::<std[617be2ca0a6fd877]::panicking::panic_handler::{closure#0}, !>
[INFO] [stdout]    8:     0x60c7c569601c - __rustc[ea4f61d10b84890b]::rust_begin_unwind
[INFO] [stdout]    9:     0x60c7c56577bb - core[a373ad73a504971]::panicking::panic_fmt
[INFO] [stdout]   10:     0x60c7c56576de - core[a373ad73a504971]::panicking::assert_failed_inner
[INFO] [stdout]   11:     0x60c7c5658a6a - core[a373ad73a504971]::panicking::assert_failed::<usize, usize>
[INFO] [stdout]   12:     0x60c7c56b1686 - <symspell_complete_rs[ae52d09260af47b2]::test::tests::test_lookup_threshold::{closure#0} as core[a373ad73a504971]::ops::function::FnOnce<()>>::call_once
[INFO] [stdout]   13:     0x60c7c56bd39b - test[aada8e7e76ba119b]::__rust_begin_short_backtrace::<core[a373ad73a504971]::result::Result<(), alloc[2e1b2a31b91974c5]::string::String>, fn() -> core[a373ad73a504971]::result::Result<(), alloc[2e1b2a31b91974c5]::string::String>>
[INFO] [stdout]   14:     0x60c7c56b87ff - test[aada8e7e76ba119b]::run_test::{closure#0}
[INFO] [stdout]   15:     0x60c7c56b827c - std[617be2ca0a6fd877]::sys::backtrace::__rust_begin_short_backtrace::<test[aada8e7e76ba119b]::run_test::{closure#1}, ()>
[INFO] [stdout]   16:     0x60c7c56d851c - <std[617be2ca0a6fd877]::thread::lifecycle::spawn_unchecked<test[aada8e7e76ba119b]::run_test::{closure#1}, ()>::{closure#1} as core[a373ad73a504971]::ops::function::FnOnce<()>>::call_once::{shim:vtable#0}
[INFO] [stdout]   17:     0x60c7c56977f4 - <std[617be2ca0a6fd877]::sys::thread::unix::Thread>::new::thread_start
[INFO] [stdout]   18:     0x7d15a9845dfa - <unknown>
[INFO] [stdout]   19:     0x7d15a98d93d4 - clone
[INFO] [stdout]   20:                0x0 - <unknown>
[INFO] [stdout] 
[INFO] [stdout] ---- test::tests::test_chinese_word_segmentation stdout ----
[INFO] [stdout] 
[INFO] [stdout] thread 'test::tests::test_chinese_word_segmentation' (1161) panicked at src/test.rs:310:9:
[INFO] [stdout] assertion `left == right` failed
[INFO] [stdout]   left: "部分 居民 生活 水平"
[INFO] [stdout]  right: ""
[INFO] [stdout] stack backtrace:
[INFO] [stdout]    0:     0x60c7c56705b7 - <<std[617be2ca0a6fd877]::sys::backtrace::BacktraceLock>::print::DisplayBacktrace as core[a373ad73a504971]::fmt::Display>::fmt
[INFO] [stdout]    1:     0x60c7c565792a - core[a373ad73a504971]::fmt::write
[INFO] [stdout]    2:     0x60c7c566fb6b - <alloc[2e1b2a31b91974c5]::vec::Vec<u8> as core[a373ad73a504971]::io::write::Write>::write_fmt
[INFO] [stdout]    3:     0x60c7c566f64f - std[617be2ca0a6fd877]::panicking::default_hook::{closure#0}
[INFO] [stdout]    4:     0x60c7c566f27a - std[617be2ca0a6fd877]::panicking::default_hook
[INFO] [stdout]    5:     0x60c7c566edb5 - std[617be2ca0a6fd877]::panicking::panic_with_hook
[INFO] [stdout]    6:     0x60c7c5695b61 - std[617be2ca0a6fd877]::panicking::panic_handler::{closure#0}
[INFO] [stdout]    7:     0x60c7c5695b19 - std[617be2ca0a6fd877]::sys::backtrace::__rust_end_short_backtrace::<std[617be2ca0a6fd877]::panicking::panic_handler::{closure#0}, !>
[INFO] [stdout]    8:     0x60c7c569601c - __rustc[ea4f61d10b84890b]::rust_begin_unwind
[INFO] [stdout]    9:     0x60c7c56577bb - core[a373ad73a504971]::panicking::panic_fmt
[INFO] [stdout]   10:     0x60c7c56576de - core[a373ad73a504971]::panicking::assert_failed_inner
[INFO] [stdout]   11:     0x60c7c56ade71 - core[a373ad73a504971]::panicking::assert_failed::<&str, alloc[2e1b2a31b91974c5]::string::String>
[INFO] [stdout]   12:     0x60c7c56b3692 - <symspell_complete_rs[ae52d09260af47b2]::test::tests::test_chinese_word_segmentation::{closure#0} as core[a373ad73a504971]::ops::function::FnOnce<()>>::call_once
[INFO] [stdout]   13:     0x60c7c56bd39b - test[aada8e7e76ba119b]::__rust_begin_short_backtrace::<core[a373ad73a504971]::result::Result<(), alloc[2e1b2a31b91974c5]::string::String>, fn() -> core[a373ad73a504971]::result::Result<(), alloc[2e1b2a31b91974c5]::string::String>>
[INFO] [stdout]   14:     0x60c7c56b87ff - test[aada8e7e76ba119b]::run_test::{closure#0}
[INFO] [stdout]   15:     0x60c7c56b827c - std[617be2ca0a6fd877]::sys::backtrace::__rust_begin_short_backtrace::<test[aada8e7e76ba119b]::run_test::{closure#1}, ()>
[INFO] [stdout]   16:     0x60c7c56d851c - <std[617be2ca0a6fd877]::thread::lifecycle::spawn_unchecked<test[aada8e7e76ba119b]::run_test::{closure#1}, ()>::{closure#1} as core[a373ad73a504971]::ops::function::FnOnce<()>>::call_once::{shim:vtable#0}
[INFO] [stdout]   17:     0x60c7c56977f4 - <std[617be2ca0a6fd877]::sys::thread::unix::Thread>::new::thread_start
[INFO] [stdout]   18:     0x7d15a9845dfa - <unknown>
[INFO] [stdout]   19:     0x7d15a98d93d4 - clone
[INFO] [stdout]   20:                0x0 - <unknown>
[INFO] [stdout] 
[INFO] [stdout] ---- test::tests::test_lookup_compound stdout ----
[INFO] [stdout] 
[INFO] [stdout] thread 'test::tests::test_lookup_compound' (1163) panicked at src/test.rs:170:9:
[INFO] [stdout] assertion `left == right` failed
[INFO] [stdout]   left: "where is the love"
[INFO] [stdout]  right: "whereis th elove"
[INFO] [stdout] stack backtrace:
[INFO] [stdout]    0:     0x60c7c56705b7 - <<std[617be2ca0a6fd877]::sys::backtrace::BacktraceLock>::print::DisplayBacktrace as core[a373ad73a504971]::fmt::Display>::fmt
[INFO] [stdout]    1:     0x60c7c565792a - core[a373ad73a504971]::fmt::write
[INFO] [stdout]    2:     0x60c7c566fb6b - <alloc[2e1b2a31b91974c5]::vec::Vec<u8> as core[a373ad73a504971]::io::write::Write>::write_fmt
[INFO] [stdout]    3:     0x60c7c566f64f - std[617be2ca0a6fd877]::panicking::default_hook::{closure#0}
[INFO] [stdout]    4:     0x60c7c566f27a - std[617be2ca0a6fd877]::panicking::default_hook
[INFO] [stdout]    5:     0x60c7c566edb5 - std[617be2ca0a6fd877]::panicking::panic_with_hook
[INFO] [stdout]    6:     0x60c7c5695b61 - std[617be2ca0a6fd877]::panicking::panic_handler::{closure#0}
[INFO] [stdout]    7:     0x60c7c5695b19 - std[617be2ca0a6fd877]::sys::backtrace::__rust_end_short_backtrace::<std[617be2ca0a6fd877]::panicking::panic_handler::{closure#0}, !>
[INFO] [stdout]    8:     0x60c7c569601c - __rustc[ea4f61d10b84890b]::rust_begin_unwind
[INFO] [stdout]    9:     0x60c7c56577bb - core[a373ad73a504971]::panicking::panic_fmt
[INFO] [stdout]   10:     0x60c7c56576de - core[a373ad73a504971]::panicking::assert_failed_inner
[INFO] [stdout]   11:     0x60c7c56ade71 - core[a373ad73a504971]::panicking::assert_failed::<&str, alloc[2e1b2a31b91974c5]::string::String>
[INFO] [stdout]   12:     0x60c7c56b0d3a - <symspell_complete_rs[ae52d09260af47b2]::test::tests::test_lookup_compound::{closure#0} as core[a373ad73a504971]::ops::function::FnOnce<()>>::call_once
[INFO] [stdout]   13:     0x60c7c56bd39b - test[aada8e7e76ba119b]::__rust_begin_short_backtrace::<core[a373ad73a504971]::result::Result<(), alloc[2e1b2a31b91974c5]::string::String>, fn() -> core[a373ad73a504971]::result::Result<(), alloc[2e1b2a31b91974c5]::string::String>>
[INFO] [stdout]   14:     0x60c7c56b87ff - test[aada8e7e76ba119b]::run_test::{closure#0}
[INFO] [stdout]   15:     0x60c7c56b827c - std[617be2ca0a6fd877]::sys::backtrace::__rust_begin_short_backtrace::<test[aada8e7e76ba119b]::run_test::{closure#1}, ()>
[INFO] [stdout]   16:     0x60c7c56d851c - <std[617be2ca0a6fd877]::thread::lifecycle::spawn_unchecked<test[aada8e7e76ba119b]::run_test::{closure#1}, ()>::{closure#1} as core[a373ad73a504971]::ops::function::FnOnce<()>>::call_once::{shim:vtable#0}
[INFO] [stdout]   17:     0x60c7c56977f4 - <std[617be2ca0a6fd877]::sys::thread::unix::Thread>::new::thread_start
[INFO] [stdout]   18:     0x7d15a9845dfa - <unknown>
[INFO] [stdout]   19:     0x7d15a98d93d4 - clone
[INFO] [stdout]   20:                0x0 - <unknown>
[INFO] [stdout] 
[INFO] [stdout] ---- test::tests::test_lookup_compound_vec stdout ----
[INFO] [stdout] 
[INFO] [stdout] thread 'test::tests::test_lookup_compound_vec' (1164) panicked at src/test.rs:359:9:
[INFO] [stdout] assertion `left == right` failed
[INFO] [stdout]   left: "where is the love"
[INFO] [stdout]  right: "whereis th elove"
[INFO] [stdout] stack backtrace:
[INFO] [stdout]    0:     0x60c7c56705b7 - <<std[617be2ca0a6fd877]::sys::backtrace::BacktraceLock>::print::DisplayBacktrace as core[a373ad73a504971]::fmt::Display>::fmt
[INFO] [stdout]    1:     0x60c7c565792a - core[a373ad73a504971]::fmt::write
[INFO] [stdout]    2:     0x60c7c566fb6b - <alloc[2e1b2a31b91974c5]::vec::Vec<u8> as core[a373ad73a504971]::io::write::Write>::write_fmt
[INFO] [stdout]    3:     0x60c7c566f64f - std[617be2ca0a6fd877]::panicking::default_hook::{closure#0}
[INFO] [stdout]    4:     0x60c7c566f27a - std[617be2ca0a6fd877]::panicking::default_hook
[INFO] [stdout]    5:     0x60c7c566edb5 - std[617be2ca0a6fd877]::panicking::panic_with_hook
[INFO] [stdout]    6:     0x60c7c5695b61 - std[617be2ca0a6fd877]::panicking::panic_handler::{closure#0}
[INFO] [stdout]    7:     0x60c7c5695b19 - std[617be2ca0a6fd877]::sys::backtrace::__rust_end_short_backtrace::<std[617be2ca0a6fd877]::panicking::panic_handler::{closure#0}, !>
[INFO] [stdout]    8:     0x60c7c569601c - __rustc[ea4f61d10b84890b]::rust_begin_unwind
[INFO] [stdout]    9:     0x60c7c56577bb - core[a373ad73a504971]::panicking::panic_fmt
[INFO] [stdout]   10:     0x60c7c56576de - core[a373ad73a504971]::panicking::assert_failed_inner
[INFO] [stdout]   11:     0x60c7c56ade71 - core[a373ad73a504971]::panicking::assert_failed::<&str, alloc[2e1b2a31b91974c5]::string::String>
[INFO] [stdout]   12:     0x60c7c56b3435 - <symspell_complete_rs[ae52d09260af47b2]::test::tests::test_lookup_compound_vec::{closure#0} as core[a373ad73a504971]::ops::function::FnOnce<()>>::call_once
[INFO] [stdout]   13:     0x60c7c56bd39b - test[aada8e7e76ba119b]::__rust_begin_short_backtrace::<core[a373ad73a504971]::result::Result<(), alloc[2e1b2a31b91974c5]::string::String>, fn() -> core[a373ad73a504971]::result::Result<(), alloc[2e1b2a31b91974c5]::string::String>>
[INFO] [stdout]   14:     0x60c7c56b87ff - test[aada8e7e76ba119b]::run_test::{closure#0}
[INFO] [stdout]   15:     0x60c7c56b827c - std[617be2ca0a6fd877]::sys::backtrace::__rust_begin_short_backtrace::<test[aada8e7e76ba119b]::run_test::{closure#1}, ()>
[INFO] [stdout]   16:     0x60c7c56d851c - <std[617be2ca0a6fd877]::thread::lifecycle::spawn_unchecked<test[aada8e7e76ba119b]::run_test::{closure#1}, ()>::{closure#1} as core[a373ad73a504971]::ops::function::FnOnce<()>>::call_once::{shim:vtable#0}
[INFO] [stdout]   17:     0x60c7c56977f4 - <std[617be2ca0a6fd877]::sys::thread::unix::Thread>::new::thread_start
[INFO] [stdout]   18:     0x7d15a9845dfa - <unknown>
[INFO] [stdout]   19:     0x7d15a98d93d4 - clone
[INFO] [stdout]   20:                0x0 - <unknown>
[INFO] [stdout] 
[INFO] [stdout] ---- test::tests::test_pruning_radix_trie stdout ----
[INFO] [stdout] 
[INFO] [stdout] thread 'test::tests::test_pruning_radix_trie' (1167) panicked at src/test.rs:373:9:
[INFO] [stdout] assertion `left == right` failed
[INFO] [stdout]   left: 82834
[INFO] [stdout]  right: 0
[INFO] [stdout] stack backtrace:
[INFO] [stdout]    0:     0x60c7c56705b7 - <<std[617be2ca0a6fd877]::sys::backtrace::BacktraceLock>::print::DisplayBacktrace as core[a373ad73a504971]::fmt::Display>::fmt
[INFO] [stdout]    1:     0x60c7c565792a - core[a373ad73a504971]::fmt::write
[INFO] [stdout]    2:     0x60c7c566fb6b - <alloc[2e1b2a31b91974c5]::vec::Vec<u8> as core[a373ad73a504971]::io::write::Write>::write_fmt
[INFO] [stdout]    3:     0x60c7c566f64f - std[617be2ca0a6fd877]::panicking::default_hook::{closure#0}
[INFO] [stdout]    4:     0x60c7c566f27a - std[617be2ca0a6fd877]::panicking::default_hook
[INFO] [stdout]    5:     0x60c7c566edb5 - std[617be2ca0a6fd877]::panicking::panic_with_hook
[INFO] [stdout]    6:     0x60c7c5695b61 - std[617be2ca0a6fd877]::panicking::panic_handler::{closure#0}
[INFO] [stdout]    7:     0x60c7c5695b19 - std[617be2ca0a6fd877]::sys::backtrace::__rust_end_short_backtrace::<std[617be2ca0a6fd877]::panicking::panic_handler::{closure#0}, !>
[INFO] [stdout]    8:     0x60c7c569601c - __rustc[ea4f61d10b84890b]::rust_begin_unwind
[INFO] [stdout]    9:     0x60c7c56577bb - core[a373ad73a504971]::panicking::panic_fmt
[INFO] [stdout]   10:     0x60c7c56576de - core[a373ad73a504971]::panicking::assert_failed_inner
[INFO] [stdout]   11:     0x60c7c5658a6a - core[a373ad73a504971]::panicking::assert_failed::<usize, usize>
[INFO] [stdout]   12:     0x60c7c56b2b53 - <symspell_complete_rs[ae52d09260af47b2]::test::tests::test_pruning_radix_trie::{closure#0} as core[a373ad73a504971]::ops::function::FnOnce<()>>::call_once
[INFO] [stdout]   13:     0x60c7c56bd39b - test[aada8e7e76ba119b]::__rust_begin_short_backtrace::<core[a373ad73a504971]::result::Result<(), alloc[2e1b2a31b91974c5]::string::String>, fn() -> core[a373ad73a504971]::result::Result<(), alloc[2e1b2a31b91974c5]::string::String>>
[INFO] [stdout]   14:     0x60c7c56b87ff - test[aada8e7e76ba119b]::run_test::{closure#0}
[INFO] [stdout]   15:     0x60c7c56b827c - std[617be2ca0a6fd877]::sys::backtrace::__rust_begin_short_backtrace::<test[aada8e7e76ba119b]::run_test::{closure#1}, ()>
[INFO] [stdout]   16:     0x60c7c56d851c - <std[617be2ca0a6fd877]::thread::lifecycle::spawn_unchecked<test[aada8e7e76ba119b]::run_test::{closure#1}, ()>::{closure#1} as core[a373ad73a504971]::ops::function::FnOnce<()>>::call_once::{shim:vtable#0}
[INFO] [stdout]   17:     0x60c7c56977f4 - <std[617be2ca0a6fd877]::sys::thread::unix::Thread>::new::thread_start
[INFO] [stdout]   18:     0x7d15a9845dfa - <unknown>
[INFO] [stdout]   19:     0x7d15a98d93d4 - clone
[INFO] [stdout]   20:                0x0 - <unknown>
[INFO] [stdout] 
[INFO] [stdout] ---- test::tests::test_word_segmentation stdout ----
[INFO] [stdout] 
[INFO] [stdout] thread 'test::tests::test_word_segmentation' (1169) panicked at src/test.rs:246:9:
[INFO] [stdout] assertion `left == right` failed
[INFO] [stdout]   left: "the quick brown fox jumps over the lazy dog"
[INFO] [stdout]  right: ""
[INFO] [stdout] stack backtrace:
[INFO] [stdout]    0:     0x60c7c56705b7 - <<std[617be2ca0a6fd877]::sys::backtrace::BacktraceLock>::print::DisplayBacktrace as core[a373ad73a504971]::fmt::Display>::fmt
[INFO] [stdout]    1:     0x60c7c565792a - core[a373ad73a504971]::fmt::write
[INFO] [stdout]    2:     0x60c7c566fb6b - <alloc[2e1b2a31b91974c5]::vec::Vec<u8> as core[a373ad73a504971]::io::write::Write>::write_fmt
[INFO] [stdout]    3:     0x60c7c566f64f - std[617be2ca0a6fd877]::panicking::default_hook::{closure#0}
[INFO] [stdout]    4:     0x60c7c566f27a - std[617be2ca0a6fd877]::panicking::default_hook
[INFO] [stdout]    5:     0x60c7c566edb5 - std[617be2ca0a6fd877]::panicking::panic_with_hook
[INFO] [stdout]    6:     0x60c7c5695b61 - std[617be2ca0a6fd877]::panicking::panic_handler::{closure#0}
[INFO] [stdout]    7:     0x60c7c5695b19 - std[617be2ca0a6fd877]::sys::backtrace::__rust_end_short_backtrace::<std[617be2ca0a6fd877]::panicking::panic_handler::{closure#0}, !>
[INFO] [stdout]    8:     0x60c7c569601c - __rustc[ea4f61d10b84890b]::rust_begin_unwind
[INFO] [stdout]    9:     0x60c7c56577bb - core[a373ad73a504971]::panicking::panic_fmt
[INFO] [stdout]   10:     0x60c7c56576de - core[a373ad73a504971]::panicking::assert_failed_inner
[INFO] [stdout]   11:     0x60c7c56ade71 - core[a373ad73a504971]::panicking::assert_failed::<&str, alloc[2e1b2a31b91974c5]::string::String>
[INFO] [stdout]   12:     0x60c7c56b1d6f - <symspell_complete_rs[ae52d09260af47b2]::test::tests::test_word_segmentation::{closure#0} as core[a373ad73a504971]::ops::function::FnOnce<()>>::call_once
[INFO] [stdout]   13:     0x60c7c56bd39b - test[aada8e7e76ba119b]::__rust_begin_short_backtrace::<core[a373ad73a504971]::result::Result<(), alloc[2e1b2a31b91974c5]::string::String>, fn() -> core[a373ad73a504971]::result::Result<(), alloc[2e1b2a31b91974c5]::string::String>>
[INFO] [stdout]   14:     0x60c7c56b87ff - test[aada8e7e76ba119b]::run_test::{closure#0}
[INFO] [stdout]   15:     0x60c7c56b827c - std[617be2ca0a6fd877]::sys::backtrace::__rust_begin_short_backtrace::<test[aada8e7e76ba119b]::run_test::{closure#1}, ()>
[INFO] [stdout]   16:     0x60c7c56d851c - <std[617be2ca0a6fd877]::thread::lifecycle::spawn_unchecked<test[aada8e7e76ba119b]::run_test::{closure#1}, ()>::{closure#1} as core[a373ad73a504971]::ops::function::FnOnce<()>>::call_once::{shim:vtable#0}
[INFO] [stdout]   17:     0x60c7c56977f4 - <std[617be2ca0a6fd877]::sys::thread::unix::Thread>::new::thread_start
[INFO] [stdout]   18:     0x7d15a9845dfa - <unknown>
[INFO] [stdout]   19:     0x7d15a98d93d4 - clone
[INFO] [stdout]   20:                0x0 - <unknown>
[INFO] [stdout] 
[INFO] [stdout] ---- test::tests::test_lookup stdout ----
[INFO] [stdout] 
[INFO] [stdout] thread 'test::tests::test_lookup' (1162) panicked at src/test.rs:24:9:
[INFO] [stdout] assertion `left == right` failed
[INFO] [stdout]   left: 1
[INFO] [stdout]  right: 0
[INFO] [stdout] stack backtrace:
[INFO] [stdout]    0:     0x60c7c56705b7 - <<std[617be2ca0a6fd877]::sys::backtrace::BacktraceLock>::print::DisplayBacktrace as core[a373ad73a504971]::fmt::Display>::fmt
[INFO] [stdout]    1:     0x60c7c565792a - core[a373ad73a504971]::fmt::write
[INFO] [stdout]    2:     0x60c7c566fb6b - <alloc[2e1b2a31b91974c5]::vec::Vec<u8> as core[a373ad73a504971]::io::write::Write>::write_fmt
[INFO] [stdout]    3:     0x60c7c566f64f - std[617be2ca0a6fd877]::panicking::default_hook::{closure#0}
[INFO] [stdout]    4:     0x60c7c566f27a - std[617be2ca0a6fd877]::panicking::default_hook
[INFO] [stdout]    5:     0x60c7c566edb5 - std[617be2ca0a6fd877]::panicking::panic_with_hook
[INFO] [stdout]    6:     0x60c7c5695b61 - std[617be2ca0a6fd877]::panicking::panic_handler::{closure#0}
[INFO] [stdout]    7:     0x60c7c5695b19 - std[617be2ca0a6fd877]::sys::backtrace::__rust_end_short_backtrace::<std[617be2ca0a6fd877]::panicking::panic_handler::{closure#0}, !>
[INFO] [stdout]    8:     0x60c7c569601c - __rustc[ea4f61d10b84890b]::rust_begin_unwind
[INFO] [stdout]    9:     0x60c7c56577bb - core[a373ad73a504971]::panicking::panic_fmt
[INFO] [stdout]   10:     0x60c7c56576de - core[a373ad73a504971]::panicking::assert_failed_inner
[INFO] [stdout]   11:     0x60c7c5658a6a - core[a373ad73a504971]::panicking::assert_failed::<usize, usize>
[INFO] [stdout]   12:     0x60c7c56b0093 - <symspell_complete_rs[ae52d09260af47b2]::test::tests::test_lookup::{closure#0} as core[a373ad73a504971]::ops::function::FnOnce<()>>::call_once
[INFO] [stdout]   13:     0x60c7c56bd39b - test[aada8e7e76ba119b]::__rust_begin_short_backtrace::<core[a373ad73a504971]::result::Result<(), alloc[2e1b2a31b91974c5]::string::String>, fn() -> core[a373ad73a504971]::result::Result<(), alloc[2e1b2a31b91974c5]::string::String>>
[INFO] [stdout]   14:     0x60c7c56b87ff - test[aada8e7e76ba119b]::run_test::{closure#0}
[INFO] [stdout]   15:     0x60c7c56b827c - std[617be2ca0a6fd877]::sys::backtrace::__rust_begin_short_backtrace::<test[aada8e7e76ba119b]::run_test::{closure#1}, ()>
[INFO] [stdout]   16:     0x60c7c56d851c - <std[617be2ca0a6fd877]::thread::lifecycle::spawn_unchecked<test[aada8e7e76ba119b]::run_test::{closure#1}, ()>::{closure#1} as core[a373ad73a504971]::ops::function::FnOnce<()>>::call_once::{shim:vtable#0}
[INFO] [stdout]   17:     0x60c7c56977f4 - <std[617be2ca0a6fd877]::sys::thread::unix::Thread>::new::thread_start
[INFO] [stdout]   18:     0x7d15a9845dfa - <unknown>
[INFO] [stdout]   19:     0x7d15a98d93d4 - clone
[INFO] [stdout]   20:                0x0 - <unknown>
[INFO] [stdout] 
[INFO] [stdout] 
[INFO] [stdout] failures:
[INFO] [stdout]     test::tests::test_chinese_word_segmentation
[INFO] [stdout]     test::tests::test_lookup
[INFO] [stdout]     test::tests::test_lookup_compound
[INFO] [stdout]     test::tests::test_lookup_compound_vec
[INFO] [stdout]     test::tests::test_lookup_threshold
[INFO] [stdout]     test::tests::test_pruning_radix_trie
[INFO] [stdout]     test::tests::test_word_segmentation
[INFO] [stdout] 
[INFO] [stdout] test result: FAILED. 2 passed; 7 failed; 0 ignored; 0 measured; 0 filtered out; finished in 0.01s
[INFO] [stdout] 
[INFO] [stderr] error: test failed, to rerun pass `--lib`
[INFO] running `Command { std: "docker" "inspect" "ead190ca7d9992e106bc091d276e61065ea81f0c6ee077b647fd29cc04644df5", kill_on_drop: false }`
[INFO] running `Command { std: "docker" "rm" "-f" "ead190ca7d9992e106bc091d276e61065ea81f0c6ee077b647fd29cc04644df5", kill_on_drop: false }`
[INFO] [stdout] ead190ca7d9992e106bc091d276e61065ea81f0c6ee077b647fd29cc04644df5
